{"id":75757,"date":"2026-04-27T04:43:53","date_gmt":"2026-04-27T04:43:53","guid":{"rendered":""},"modified":"2026-04-27T04:43:53","modified_gmt":"2026-04-27T04:43:53","slug":"akce-klimas-wkret-met-sr-samorez-sendvicovy-beton-drevo-6-3x115-75757","status":"publish","type":"product","link":"https:\/\/www.domkraftpro.com\/index.php\/produkt\/akce-klimas-wkret-met-sr-samorez-sendvicovy-beton-drevo-6-3x115-75757\/","title":{"rendered":"Akce Klimas Wkr\u0119t-met \u0160R. SAMO\u0158EZ. SENDVI\u010cOV\u00dd BETON\/D\u0158EVO 6,3X115"},"content":{"rendered":"<div class=\"detail-description__right\">\n<div class=\"parameters\">\n<div class=\"table table--simple\">\n<table>\n<tbody>\n<tr>\n<td colspan=\"2\">\n<h4>Vlastnosti<\/h4>\n<\/td>\n<\/tr>\n<tr>\n<td>Rozm\u011br<\/td>\n<td>6,3\u00d7115 mm<\/td>\n<\/tr>\n<tr>\n<td colspan=\"2\">\n<h4>Parametry<\/h4>\n<\/td>\n<\/tr>\n<tr>\n<td>Z\u00e1ruka<\/td>\n<td>24 m\u011bs\u00edc\u016f<\/td>\n<\/tr>\n<tr>\n<td>Zna\u010dka<\/td>\n<td>Klimas Wkr\u0119t-met<\/td>\n<\/tr>\n<\/tbody>\n<\/table><\/div>\n<\/div><\/div>\n<div class=\"detail-description__top\">\t\t\t\t<\/div>\n<div class=\"detail-description__left\">\n<div class=\"detail-description__left__overflow\">\n<div class=\"detail-description__left__head\">\t\t\t\t\t\tPopis:\t\t\t\t\t<\/div>\n<div class=\"ul-style ul-style--check\">\n<p>Wkr\u0119t samogwintuj\u0105cy z\u00a0podk\u0142adk\u0105 EPDM, zabezpieczony pow\u0142ok\u0105ceramiczn\u0105, do mocowania p\u0142yt warstwowych w pod\u0142o\u017cu betonowymi\u00a0drewnianym<\/p>\n<\/div>\n<div class=\"detail-description__left__more\">\t\t\t\t\t\t<span> <\/span><span> <\/span>\t\t\t\t\t<\/div>\n<\/p><\/div>\n<\/p><\/div>\n<div class=\"detail-description__more\"><span> <\/span><span> <\/span><\/div>\n<\/p><\/div>\n<\/p><\/div>\n","protected":false},"excerpt":{"rendered":"<p>Vlastnosti Rozm\u011br 6,3\u00d7115 mm Parametry Z\u00e1ruka 24 m\u011bs\u00edc\u016f Zna\u010dka Klimas Wkr\u0119t-met Popis: Wkr\u0119t samogwintuj\u0105cy z\u00a0podk\u0142adk\u0105 EPDM, zabezpieczony pow\u0142ok\u0105ceramiczn\u0105, do mocowania p\u0142yt warstwowych w pod\u0142o\u017cu betonowymi\u00a0drewnianym<\/p>\n","protected":false},"featured_media":75857,"comment_status":"open","ping_status":"open","template":"","meta":[],"product_brand":[],"product_cat":[44],"product_tag":[],"class_list":{"0":"post-75757","1":"product","2":"type-product","3":"status-publish","4":"has-post-thumbnail","6":"product_cat-stavba","8":"first","9":"instock","10":"sale","11":"shipping-taxable","12":"purchasable","13":"product-type-simple"},"yoast_head":"<!-- This site is optimized with the Yoast SEO plugin v26.8 - https:\/\/yoast.com\/product\/yoast-seo-wordpress\/ -->\n<title>Akce Klimas Wkr\u0119t-met \u0160R. SAMO\u0158EZ. SENDVI\u010cOV\u00dd BETON\/D\u0158EVO 6,3X115 -<\/title>\n<meta name=\"robots\" content=\"index, follow, max-snippet:-1, max-image-preview:large, max-video-preview:-1\" \/>\n<link rel=\"canonical\" href=\"https:\/\/www.domkraftpro.com\/index.php\/produkt\/akce-klimas-wkret-met-sr-samorez-sendvicovy-beton-drevo-6-3x115-75757\/\" \/>\n<meta property=\"og:locale\" content=\"cs_CZ\" \/>\n<meta property=\"og:type\" content=\"article\" \/>\n<meta property=\"og:title\" content=\"Akce Klimas Wkr\u0119t-met \u0160R. SAMO\u0158EZ. SENDVI\u010cOV\u00dd BETON\/D\u0158EVO 6,3X115 -\" \/>\n<meta property=\"og:description\" content=\"Vlastnosti Rozm\u011br 6,3\u00d7115 mm Parametry Z\u00e1ruka 24 m\u011bs\u00edc\u016f Zna\u010dka Klimas Wkr\u0119t-met Popis: Wkr\u0119t samogwintuj\u0105cy z\u00a0podk\u0142adk\u0105 EPDM, zabezpieczony pow\u0142ok\u0105ceramiczn\u0105, do mocowania p\u0142yt warstwowych w pod\u0142o\u017cu betonowymi\u00a0drewnianym\" \/>\n<meta property=\"og:url\" content=\"https:\/\/www.domkraftpro.com\/index.php\/produkt\/akce-klimas-wkret-met-sr-samorez-sendvicovy-beton-drevo-6-3x115-75757\/\" \/>\n<meta property=\"og:image\" content=\"https:\/\/www.domkraftpro.com\/wp-content\/uploads\/2026\/SK0012361-CZ20260425-091936-0-1777079982-sr-samorez-sendvicovy-beton-drevo-6-3x115-klimas-wkret-met-.webp\" \/>\n\t<meta property=\"og:image:width\" content=\"1000\" \/>\n\t<meta property=\"og:image:height\" content=\"523\" \/>\n\t<meta property=\"og:image:type\" content=\"image\/webp\" \/>\n<meta name=\"twitter:card\" content=\"summary_large_image\" \/>\n<script type=\"application\/ld+json\" class=\"yoast-schema-graph\">{\"@context\":\"https:\/\/schema.org\",\"@graph\":[{\"@type\":\"WebPage\",\"@id\":\"https:\/\/www.domkraftpro.com\/index.php\/produkt\/akce-klimas-wkret-met-sr-samorez-sendvicovy-beton-drevo-6-3x115-75757\/\",\"url\":\"https:\/\/www.domkraftpro.com\/index.php\/produkt\/akce-klimas-wkret-met-sr-samorez-sendvicovy-beton-drevo-6-3x115-75757\/\",\"name\":\"Akce Klimas Wkr\u0119t-met \u0160R. SAMO\u0158EZ. SENDVI\u010cOV\u00dd BETON\/D\u0158EVO 6,3X115 -\",\"isPartOf\":{\"@id\":\"https:\/\/www.domkraftpro.com\/#website\"},\"primaryImageOfPage\":{\"@id\":\"https:\/\/www.domkraftpro.com\/index.php\/produkt\/akce-klimas-wkret-met-sr-samorez-sendvicovy-beton-drevo-6-3x115-75757\/#primaryimage\"},\"image\":{\"@id\":\"https:\/\/www.domkraftpro.com\/index.php\/produkt\/akce-klimas-wkret-met-sr-samorez-sendvicovy-beton-drevo-6-3x115-75757\/#primaryimage\"},\"thumbnailUrl\":\"https:\/\/www.domkraftpro.com\/wp-content\/uploads\/2026\/SK0012361-CZ20260425-091936-0-1777079982-sr-samorez-sendvicovy-beton-drevo-6-3x115-klimas-wkret-met-.webp\",\"datePublished\":\"2026-04-27T04:43:53+00:00\",\"breadcrumb\":{\"@id\":\"https:\/\/www.domkraftpro.com\/index.php\/produkt\/akce-klimas-wkret-met-sr-samorez-sendvicovy-beton-drevo-6-3x115-75757\/#breadcrumb\"},\"inLanguage\":\"cs\",\"potentialAction\":[{\"@type\":\"ReadAction\",\"target\":[\"https:\/\/www.domkraftpro.com\/index.php\/produkt\/akce-klimas-wkret-met-sr-samorez-sendvicovy-beton-drevo-6-3x115-75757\/\"]}]},{\"@type\":\"ImageObject\",\"inLanguage\":\"cs\",\"@id\":\"https:\/\/www.domkraftpro.com\/index.php\/produkt\/akce-klimas-wkret-met-sr-samorez-sendvicovy-beton-drevo-6-3x115-75757\/#primaryimage\",\"url\":\"https:\/\/www.domkraftpro.com\/wp-content\/uploads\/2026\/SK0012361-CZ20260425-091936-0-1777079982-sr-samorez-sendvicovy-beton-drevo-6-3x115-klimas-wkret-met-.webp\",\"contentUrl\":\"https:\/\/www.domkraftpro.com\/wp-content\/uploads\/2026\/SK0012361-CZ20260425-091936-0-1777079982-sr-samorez-sendvicovy-beton-drevo-6-3x115-klimas-wkret-met-.webp\",\"width\":1000,\"height\":523},{\"@type\":\"BreadcrumbList\",\"@id\":\"https:\/\/www.domkraftpro.com\/index.php\/produkt\/akce-klimas-wkret-met-sr-samorez-sendvicovy-beton-drevo-6-3x115-75757\/#breadcrumb\",\"itemListElement\":[{\"@type\":\"ListItem\",\"position\":1,\"name\":\"Home\",\"item\":\"https:\/\/www.domkraftpro.com\/\"},{\"@type\":\"ListItem\",\"position\":2,\"name\":\"Products\",\"item\":\"https:\/\/www.domkraftpro.com\/index.php\/products\/\"},{\"@type\":\"ListItem\",\"position\":3,\"name\":\"Akce Klimas Wkr\u0119t-met \u0160R. SAMO\u0158EZ. SENDVI\u010cOV\u00dd BETON\/D\u0158EVO 6,3X115\"}]},{\"@type\":\"WebSite\",\"@id\":\"https:\/\/www.domkraftpro.com\/#website\",\"url\":\"https:\/\/www.domkraftpro.com\/\",\"name\":\"\",\"description\":\"\",\"potentialAction\":[{\"@type\":\"SearchAction\",\"target\":{\"@type\":\"EntryPoint\",\"urlTemplate\":\"https:\/\/www.domkraftpro.com\/?s={search_term_string}\"},\"query-input\":{\"@type\":\"PropertyValueSpecification\",\"valueRequired\":true,\"valueName\":\"search_term_string\"}}],\"inLanguage\":\"cs\"}]}<\/script>\n<!-- \/ Yoast SEO plugin. -->","yoast_head_json":{"title":"Akce Klimas Wkr\u0119t-met \u0160R. SAMO\u0158EZ. SENDVI\u010cOV\u00dd BETON\/D\u0158EVO 6,3X115 -","robots":{"index":"index","follow":"follow","max-snippet":"max-snippet:-1","max-image-preview":"max-image-preview:large","max-video-preview":"max-video-preview:-1"},"canonical":"https:\/\/www.domkraftpro.com\/index.php\/produkt\/akce-klimas-wkret-met-sr-samorez-sendvicovy-beton-drevo-6-3x115-75757\/","og_locale":"cs_CZ","og_type":"article","og_title":"Akce Klimas Wkr\u0119t-met \u0160R. SAMO\u0158EZ. SENDVI\u010cOV\u00dd BETON\/D\u0158EVO 6,3X115 -","og_description":"Vlastnosti Rozm\u011br 6,3\u00d7115 mm Parametry Z\u00e1ruka 24 m\u011bs\u00edc\u016f Zna\u010dka Klimas Wkr\u0119t-met Popis: Wkr\u0119t samogwintuj\u0105cy z\u00a0podk\u0142adk\u0105 EPDM, zabezpieczony pow\u0142ok\u0105ceramiczn\u0105, do mocowania p\u0142yt warstwowych w pod\u0142o\u017cu betonowymi\u00a0drewnianym","og_url":"https:\/\/www.domkraftpro.com\/index.php\/produkt\/akce-klimas-wkret-met-sr-samorez-sendvicovy-beton-drevo-6-3x115-75757\/","og_image":[{"width":1000,"height":523,"url":"https:\/\/www.domkraftpro.com\/wp-content\/uploads\/2026\/SK0012361-CZ20260425-091936-0-1777079982-sr-samorez-sendvicovy-beton-drevo-6-3x115-klimas-wkret-met-.webp","type":"image\/webp"}],"twitter_card":"summary_large_image","schema":{"@context":"https:\/\/schema.org","@graph":[{"@type":"WebPage","@id":"https:\/\/www.domkraftpro.com\/index.php\/produkt\/akce-klimas-wkret-met-sr-samorez-sendvicovy-beton-drevo-6-3x115-75757\/","url":"https:\/\/www.domkraftpro.com\/index.php\/produkt\/akce-klimas-wkret-met-sr-samorez-sendvicovy-beton-drevo-6-3x115-75757\/","name":"Akce Klimas Wkr\u0119t-met \u0160R. SAMO\u0158EZ. SENDVI\u010cOV\u00dd BETON\/D\u0158EVO 6,3X115 -","isPartOf":{"@id":"https:\/\/www.domkraftpro.com\/#website"},"primaryImageOfPage":{"@id":"https:\/\/www.domkraftpro.com\/index.php\/produkt\/akce-klimas-wkret-met-sr-samorez-sendvicovy-beton-drevo-6-3x115-75757\/#primaryimage"},"image":{"@id":"https:\/\/www.domkraftpro.com\/index.php\/produkt\/akce-klimas-wkret-met-sr-samorez-sendvicovy-beton-drevo-6-3x115-75757\/#primaryimage"},"thumbnailUrl":"https:\/\/www.domkraftpro.com\/wp-content\/uploads\/2026\/SK0012361-CZ20260425-091936-0-1777079982-sr-samorez-sendvicovy-beton-drevo-6-3x115-klimas-wkret-met-.webp","datePublished":"2026-04-27T04:43:53+00:00","breadcrumb":{"@id":"https:\/\/www.domkraftpro.com\/index.php\/produkt\/akce-klimas-wkret-met-sr-samorez-sendvicovy-beton-drevo-6-3x115-75757\/#breadcrumb"},"inLanguage":"cs","potentialAction":[{"@type":"ReadAction","target":["https:\/\/www.domkraftpro.com\/index.php\/produkt\/akce-klimas-wkret-met-sr-samorez-sendvicovy-beton-drevo-6-3x115-75757\/"]}]},{"@type":"ImageObject","inLanguage":"cs","@id":"https:\/\/www.domkraftpro.com\/index.php\/produkt\/akce-klimas-wkret-met-sr-samorez-sendvicovy-beton-drevo-6-3x115-75757\/#primaryimage","url":"https:\/\/www.domkraftpro.com\/wp-content\/uploads\/2026\/SK0012361-CZ20260425-091936-0-1777079982-sr-samorez-sendvicovy-beton-drevo-6-3x115-klimas-wkret-met-.webp","contentUrl":"https:\/\/www.domkraftpro.com\/wp-content\/uploads\/2026\/SK0012361-CZ20260425-091936-0-1777079982-sr-samorez-sendvicovy-beton-drevo-6-3x115-klimas-wkret-met-.webp","width":1000,"height":523},{"@type":"BreadcrumbList","@id":"https:\/\/www.domkraftpro.com\/index.php\/produkt\/akce-klimas-wkret-met-sr-samorez-sendvicovy-beton-drevo-6-3x115-75757\/#breadcrumb","itemListElement":[{"@type":"ListItem","position":1,"name":"Home","item":"https:\/\/www.domkraftpro.com\/"},{"@type":"ListItem","position":2,"name":"Products","item":"https:\/\/www.domkraftpro.com\/index.php\/products\/"},{"@type":"ListItem","position":3,"name":"Akce Klimas Wkr\u0119t-met \u0160R. SAMO\u0158EZ. SENDVI\u010cOV\u00dd BETON\/D\u0158EVO 6,3X115"}]},{"@type":"WebSite","@id":"https:\/\/www.domkraftpro.com\/#website","url":"https:\/\/www.domkraftpro.com\/","name":"","description":"","potentialAction":[{"@type":"SearchAction","target":{"@type":"EntryPoint","urlTemplate":"https:\/\/www.domkraftpro.com\/?s={search_term_string}"},"query-input":{"@type":"PropertyValueSpecification","valueRequired":true,"valueName":"search_term_string"}}],"inLanguage":"cs"}]}},"_links":{"self":[{"href":"https:\/\/www.domkraftpro.com\/index.php\/wp-json\/wp\/v2\/product\/75757","targetHints":{"allow":["GET"]}}],"collection":[{"href":"https:\/\/www.domkraftpro.com\/index.php\/wp-json\/wp\/v2\/product"}],"about":[{"href":"https:\/\/www.domkraftpro.com\/index.php\/wp-json\/wp\/v2\/types\/product"}],"replies":[{"embeddable":true,"href":"https:\/\/www.domkraftpro.com\/index.php\/wp-json\/wp\/v2\/comments?post=75757"}],"wp:featuredmedia":[{"embeddable":true,"href":"https:\/\/www.domkraftpro.com\/index.php\/wp-json\/wp\/v2\/media\/75857"}],"wp:attachment":[{"href":"https:\/\/www.domkraftpro.com\/index.php\/wp-json\/wp\/v2\/media?parent=75757"}],"wp:term":[{"taxonomy":"product_brand","embeddable":true,"href":"https:\/\/www.domkraftpro.com\/index.php\/wp-json\/wp\/v2\/product_brand?post=75757"},{"taxonomy":"product_cat","embeddable":true,"href":"https:\/\/www.domkraftpro.com\/index.php\/wp-json\/wp\/v2\/product_cat?post=75757"},{"taxonomy":"product_tag","embeddable":true,"href":"https:\/\/www.domkraftpro.com\/index.php\/wp-json\/wp\/v2\/product_tag?post=75757"}],"curies":[{"name":"wp","href":"https:\/\/api.w.org\/{rel}","templated":true}]}}

Akce Klimas Wkręt-met ŠR. SAMOŘEZ. SENDVIČOVÝ BETON/DŘEVO 6,3X115

<div class="detail-description__right">
<div class="parameters">
<div class="table table--simple">
<table>
<tbody>
<tr>
<td colspan="2">
<h4>Vlastnosti</h4>
</td>
</tr>
<tr>
<td>Rozměr</td>
<td>6,3×115 mm</td>
</tr>
<tr>
<td colspan="2">
<h4>Parametry</h4>
</td>
</tr>
<tr>
<td>Záruka</td>
<td>24 měsíců</td>
</tr>
<tr>
<td>Značka</td>
<td>Klimas Wkręt-met</td>
</tr>
</tbody>
</table></div>
</div></div>
<div class="detail-description__top">				</div>
<div class="detail-description__left">
<div class="detail-description__left__overflow">
<div class="detail-description__left__head">						Popis:					</div>
<div class="ul-style ul-style--check">
<p>Wkręt samogwintujący z podkładką EPDM, zabezpieczony powłokąceramiczną, do mocowania płyt warstwowych w podłożu betonowymi drewnianym</p>
</div>
<div class="detail-description__left__more">						<span> </span><span> </span>					</div>
</p></div>
</p></div>
<div class="detail-description__more"><span> </span><span> </span></div>
</p></div>
</p></div>

<p>Vlastnosti Rozměr 6,3×115 mm Parametry Záruka 24 měsíců Značka Klimas Wkręt-met Popis: Wkręt samogwintujący z podkładką EPDM, zabezpieczony powłokąceramiczną, do mocowania płyt warstwowych w podłożu betonowymi drewnianym</p>

<!-- This site is optimized with the Yoast SEO plugin v26.8 - https://yoast.com/product/yoast-seo-wordpress/ -->
<title>Akce Klimas Wkręt-met ŠR. SAMOŘEZ. SENDVIČOVÝ BETON/DŘEVO 6,3X115 -</title>
<meta name="robots" content="index, follow, max-snippet:-1, max-image-preview:large, max-video-preview:-1" />
<link rel="canonical" href="https://www.domkraftpro.com/index.php/produkt/akce-klimas-wkret-met-sr-samorez-sendvicovy-beton-drevo-6-3x115-75757/" />
<meta property="og:locale" content="cs_CZ" />
<meta property="og:type" content="article" />
<meta property="og:title" content="Akce Klimas Wkręt-met ŠR. SAMOŘEZ. SENDVIČOVÝ BETON/DŘEVO 6,3X115 -" />
<meta property="og:description" content="Vlastnosti Rozměr 6,3×115 mm Parametry Záruka 24 měsíců Značka Klimas Wkręt-met Popis: Wkręt samogwintujący z podkładką EPDM, zabezpieczony powłokąceramiczną, do mocowania płyt warstwowych w podłożu betonowymi drewnianym" />
<meta property="og:url" content="https://www.domkraftpro.com/index.php/produkt/akce-klimas-wkret-met-sr-samorez-sendvicovy-beton-drevo-6-3x115-75757/" />
<meta property="og:image" content="https://www.domkraftpro.com/wp-content/uploads/2026/SK0012361-CZ20260425-091936-0-1777079982-sr-samorez-sendvicovy-beton-drevo-6-3x115-klimas-wkret-met-.webp" />
	<meta property="og:image:width" content="1000" />
	<meta property="og:image:height" content="523" />
	<meta property="og:image:type" content="image/webp" />
<meta name="twitter:card" content="summary_large_image" />
<script type="application/ld+json" class="yoast-schema-graph">{"@context":"https://schema.org","@graph":[{"@type":"WebPage","@id":"https://www.domkraftpro.com/index.php/produkt/akce-klimas-wkret-met-sr-samorez-sendvicovy-beton-drevo-6-3x115-75757/","url":"https://www.domkraftpro.com/index.php/produkt/akce-klimas-wkret-met-sr-samorez-sendvicovy-beton-drevo-6-3x115-75757/","name":"Akce Klimas Wkręt-met ŠR. SAMOŘEZ. SENDVIČOVÝ BETON/DŘEVO 6,3X115 -","isPartOf":{"@id":"https://www.domkraftpro.com/#website"},"primaryImageOfPage":{"@id":"https://www.domkraftpro.com/index.php/produkt/akce-klimas-wkret-met-sr-samorez-sendvicovy-beton-drevo-6-3x115-75757/#primaryimage"},"image":{"@id":"https://www.domkraftpro.com/index.php/produkt/akce-klimas-wkret-met-sr-samorez-sendvicovy-beton-drevo-6-3x115-75757/#primaryimage"},"thumbnailUrl":"https://www.domkraftpro.com/wp-content/uploads/2026/SK0012361-CZ20260425-091936-0-1777079982-sr-samorez-sendvicovy-beton-drevo-6-3x115-klimas-wkret-met-.webp","datePublished":"2026-04-27T04:43:53+00:00","breadcrumb":{"@id":"https://www.domkraftpro.com/index.php/produkt/akce-klimas-wkret-met-sr-samorez-sendvicovy-beton-drevo-6-3x115-75757/#breadcrumb"},"inLanguage":"cs","potentialAction":[{"@type":"ReadAction","target":["https://www.domkraftpro.com/index.php/produkt/akce-klimas-wkret-met-sr-samorez-sendvicovy-beton-drevo-6-3x115-75757/"]}]},{"@type":"ImageObject","inLanguage":"cs","@id":"https://www.domkraftpro.com/index.php/produkt/akce-klimas-wkret-met-sr-samorez-sendvicovy-beton-drevo-6-3x115-75757/#primaryimage","url":"https://www.domkraftpro.com/wp-content/uploads/2026/SK0012361-CZ20260425-091936-0-1777079982-sr-samorez-sendvicovy-beton-drevo-6-3x115-klimas-wkret-met-.webp","contentUrl":"https://www.domkraftpro.com/wp-content/uploads/2026/SK0012361-CZ20260425-091936-0-1777079982-sr-samorez-sendvicovy-beton-drevo-6-3x115-klimas-wkret-met-.webp","width":1000,"height":523},{"@type":"BreadcrumbList","@id":"https://www.domkraftpro.com/index.php/produkt/akce-klimas-wkret-met-sr-samorez-sendvicovy-beton-drevo-6-3x115-75757/#breadcrumb","itemListElement":[{"@type":"ListItem","position":1,"name":"Home","item":"https://www.domkraftpro.com/"},{"@type":"ListItem","position":2,"name":"Products","item":"https://www.domkraftpro.com/index.php/products/"},{"@type":"ListItem","position":3,"name":"Akce Klimas Wkręt-met ŠR. SAMOŘEZ. SENDVIČOVÝ BETON/DŘEVO 6,3X115"}]},{"@type":"WebSite","@id":"https://www.domkraftpro.com/#website","url":"https://www.domkraftpro.com/","name":"","description":"","potentialAction":[{"@type":"SearchAction","target":{"@type":"EntryPoint","urlTemplate":"https://www.domkraftpro.com/?s={search_term_string}"},"query-input":{"@type":"PropertyValueSpecification","valueRequired":true,"valueName":"search_term_string"}}],"inLanguage":"cs"}]}</script>
<!-- / Yoast SEO plugin. -->

Akce Klimas Wkręt-met ŠR. SAMOŘEZ. SENDVIČOVÝ BETON/DŘEVO 6,3X115 -

Vlastnosti Rozměr 6,3×115 mm Parametry Záruka 24 měsíců Značka Klimas Wkręt-met Popis: Wkręt samogwintujący z podkładką EPDM, zabezpieczony powłokąceramiczną, do mocowania płyt warstwowych w podłożu betonowymi drewnianym
