{"id":75123,"date":"2026-04-27T04:43:51","date_gmt":"2026-04-27T04:43:51","guid":{"rendered":""},"modified":"2026-04-27T04:43:51","modified_gmt":"2026-04-27T04:43:51","slug":"znackovy-gutta-guttaprofil-alu-u-16-mm-1200-mm-bila-75123","status":"publish","type":"product","link":"https:\/\/www.domkraftpro.com\/index.php\/produkt\/znackovy-gutta-guttaprofil-alu-u-16-mm-1200-mm-bila-75123\/","title":{"rendered":"Zna\u010dkov\u00fd Gutta Guttaprofil ALU-U 16 mm 1200 mm b\u00edl\u00e1"},"content":{"rendered":"<div class=\"detail-description__right\">\n<div class=\"parameters\">\n<div class=\"table table--simple\">\n<table>\n<tbody>\n<tr>\n<td colspan=\"2\">\n<h4>Vlastnosti<\/h4>\n<\/td>\n<\/tr>\n<tr>\n<td>Materi\u00e1l<\/td>\n<td>hlin\u00edk<\/td>\n<\/tr>\n<tr>\n<td>Povrchov\u00e1 \u00faprava<\/td>\n<td>eloxov\u00e1n\u00ed<\/td>\n<\/tr>\n<tr data-perex=\"1\">\n<td>D\u00e9lka<\/td>\n<td>1200\u00a0\u2013 6000\u00a0mm<\/td>\n<\/tr>\n<tr data-perex=\"1\">\n<td>Pou\u017eit\u00ed<\/td>\n<td>pro horn\u00ed hranu<\/td>\n<\/tr>\n<tr>\n<td>Barva<\/td>\n<td>st\u0159\u00edbrn\u00e1, b\u00edl\u00e1<\/td>\n<\/tr>\n<tr>\n<td>UV ochrana<\/td>\n<td>ano<\/td>\n<\/tr>\n<tr>\n<td colspan=\"2\">\n<h4>Parametry<\/h4>\n<\/td>\n<\/tr>\n<tr>\n<td>P\u016fvod<\/td>\n<td>Vyrobeno v\u00a0DE<\/td>\n<\/tr>\n<tr>\n<td>Z\u00e1ruka<\/td>\n<td>2 roky<\/td>\n<\/tr>\n<tr>\n<td>Zna\u010dka<\/td>\n<td>Gutta<\/td>\n<\/tr>\n<\/tbody>\n<\/table><\/div>\n<\/div><\/div>\n<div class=\"detail-description__top\">\t\t\t\t<\/div>\n<div class=\"detail-description__left\">\n<div class=\"detail-description__left__overflow\">\n<div class=\"detail-description__left__head\">\t\t\t\t\t\tPopis:\t\t\t\t\t<\/div>\n<div class=\"ul-style ul-style--check\">\n<p>Ukon\u010dovac\u00ed hlin\u00edkov\u00e1 li\u0161ta eloxovan\u00e1. Eloxovan\u00e1 povrchov\u00e1 \u00faprava spo\u010d\u00edv\u00e1 ve vytvo\u0159en\u00ed ochrann\u00e9 vrstvy oxidu hlin\u00edku na upravovan\u00e9m povrchu. Tato vrstva ji\u017e d\u00e1le neoxiduje, a t\u00edm p\u0159ed oxidac\u00ed chr\u00e1n\u00ed i samotn\u00fd hlin\u00edk. Pou\u017e\u00edv\u00e1 se tam, kde je hlin\u00edk pou\u017eit v exteri\u00e9ru, nap\u0159. u hlin\u00edkov\u00fdch oken atd.<\/p>\n<p>V\u00fdhodou je, \u017ee tato vrstva se po ur\u010dit\u00e9 dob\u011b vytvo\u0159\u00ed sama. V podstat\u011b se jedn\u00e1 o stejn\u00fd proces jako rezav\u011bn\u00ed \u017eeleza, s t\u00edm rozd\u00edlem, \u017ee po vytvo\u0159en\u00ed tenou\u010dk\u00e9 vrstvy ji\u017e koroze d\u00e1l nepokra\u010duje a materi\u00e1l je chr\u00e1n\u011bn proti pov\u011btrnostn\u00edm vliv\u016fm.<\/p>\n<\/div>\n<div class=\"detail-description__left__more\">\t\t\t\t\t\t<span> <\/span><span> <\/span>\t\t\t\t\t<\/div>\n<\/p><\/div>\n<div class=\"extra-note\">\n<p>V\u00e1\u017een\u00ed z\u00e1kazn\u00edci, voln\u011b prod\u00e1v\u00e1me pouze li\u0161ty a profily do 2,5 m v\u010detn\u011b, v\u0161echny ostatn\u00ed pouze s odpov\u00eddaj\u00edc\u00edmi deskami.<\/p>\n<\/p><\/div>\n<\/p><\/div>\n<div class=\"detail-description__more\"><span> <\/span><span> <\/span><\/div>\n<\/p><\/div>\n<\/p><\/div>\n","protected":false},"excerpt":{"rendered":"<p>Vlastnosti Materi\u00e1l hlin\u00edk Povrchov\u00e1 \u00faprava eloxov\u00e1n\u00ed D\u00e9lka 1200\u00a0\u2013 6000\u00a0mm Pou\u017eit\u00ed pro horn\u00ed hranu Barva st\u0159\u00edbrn\u00e1, b\u00edl\u00e1 UV ochrana ano Parametry P\u016fvod Vyrobeno v\u00a0DE Z\u00e1ruka 2 roky Zna\u010dka Gutta Popis: Ukon\u010dovac\u00ed hlin\u00edkov\u00e1 li\u0161ta eloxovan\u00e1. Eloxovan\u00e1 povrchov\u00e1 \u00faprava spo\u010d\u00edv\u00e1 ve vytvo\u0159en\u00ed ochrann\u00e9 vrstvy oxidu hlin\u00edku na upravovan\u00e9m povrchu. Tato vrstva ji\u017e d\u00e1le neoxiduje, a t\u00edm p\u0159ed oxidac\u00ed [&hellip;]<\/p>\n","protected":false},"featured_media":75223,"comment_status":"open","ping_status":"open","template":"","meta":[],"product_brand":[],"product_cat":[51],"product_tag":[],"class_list":{"0":"post-75123","1":"product","2":"type-product","3":"status-publish","4":"has-post-thumbnail","6":"product_cat-plasty","8":"first","9":"instock","10":"sale","11":"shipping-taxable","12":"purchasable","13":"product-type-simple"},"yoast_head":"<!-- This site is optimized with the Yoast SEO plugin v26.8 - https:\/\/yoast.com\/product\/yoast-seo-wordpress\/ -->\n<title>Zna\u010dkov\u00fd Gutta Guttaprofil ALU-U 16 mm 1200 mm b\u00edl\u00e1 -<\/title>\n<meta name=\"robots\" content=\"index, follow, max-snippet:-1, max-image-preview:large, max-video-preview:-1\" \/>\n<link rel=\"canonical\" href=\"https:\/\/www.domkraftpro.com\/index.php\/produkt\/znackovy-gutta-guttaprofil-alu-u-16-mm-1200-mm-bila-75123\/\" \/>\n<meta property=\"og:locale\" content=\"cs_CZ\" \/>\n<meta property=\"og:type\" content=\"article\" \/>\n<meta property=\"og:title\" content=\"Zna\u010dkov\u00fd Gutta Guttaprofil ALU-U 16 mm 1200 mm b\u00edl\u00e1 -\" \/>\n<meta property=\"og:description\" content=\"Vlastnosti Materi\u00e1l hlin\u00edk Povrchov\u00e1 \u00faprava eloxov\u00e1n\u00ed D\u00e9lka 1200\u00a0\u2013 6000\u00a0mm Pou\u017eit\u00ed pro horn\u00ed hranu Barva st\u0159\u00edbrn\u00e1, b\u00edl\u00e1 UV ochrana ano Parametry P\u016fvod Vyrobeno v\u00a0DE Z\u00e1ruka 2 roky Zna\u010dka Gutta Popis: Ukon\u010dovac\u00ed hlin\u00edkov\u00e1 li\u0161ta eloxovan\u00e1. Eloxovan\u00e1 povrchov\u00e1 \u00faprava spo\u010d\u00edv\u00e1 ve vytvo\u0159en\u00ed ochrann\u00e9 vrstvy oxidu hlin\u00edku na upravovan\u00e9m povrchu. Tato vrstva ji\u017e d\u00e1le neoxiduje, a t\u00edm p\u0159ed oxidac\u00ed [&hellip;]\" \/>\n<meta property=\"og:url\" content=\"https:\/\/www.domkraftpro.com\/index.php\/produkt\/znackovy-gutta-guttaprofil-alu-u-16-mm-1200-mm-bila-75123\/\" \/>\n<meta property=\"og:image\" content=\"https:\/\/www.domkraftpro.com\/wp-content\/uploads\/2026\/SK0012026-CZ20260425-091936-0-1777079982-ukoncovaci-lista-gutta-guttaprofil-alu-u-16-mm-3000-mm-stri.webp\" \/>\n\t<meta property=\"og:image:width\" content=\"1000\" \/>\n\t<meta property=\"og:image:height\" content=\"523\" \/>\n\t<meta property=\"og:image:type\" content=\"image\/webp\" \/>\n<meta name=\"twitter:card\" content=\"summary_large_image\" \/>\n<meta name=\"twitter:label1\" content=\"Odhadovan\u00e1 doba \u010dten\u00ed\" \/>\n\t<meta name=\"twitter:data1\" content=\"1 minuta\" \/>\n<script type=\"application\/ld+json\" class=\"yoast-schema-graph\">{\"@context\":\"https:\/\/schema.org\",\"@graph\":[{\"@type\":\"WebPage\",\"@id\":\"https:\/\/www.domkraftpro.com\/index.php\/produkt\/znackovy-gutta-guttaprofil-alu-u-16-mm-1200-mm-bila-75123\/\",\"url\":\"https:\/\/www.domkraftpro.com\/index.php\/produkt\/znackovy-gutta-guttaprofil-alu-u-16-mm-1200-mm-bila-75123\/\",\"name\":\"Zna\u010dkov\u00fd Gutta Guttaprofil ALU-U 16 mm 1200 mm b\u00edl\u00e1 -\",\"isPartOf\":{\"@id\":\"https:\/\/www.domkraftpro.com\/#website\"},\"primaryImageOfPage\":{\"@id\":\"https:\/\/www.domkraftpro.com\/index.php\/produkt\/znackovy-gutta-guttaprofil-alu-u-16-mm-1200-mm-bila-75123\/#primaryimage\"},\"image\":{\"@id\":\"https:\/\/www.domkraftpro.com\/index.php\/produkt\/znackovy-gutta-guttaprofil-alu-u-16-mm-1200-mm-bila-75123\/#primaryimage\"},\"thumbnailUrl\":\"https:\/\/www.domkraftpro.com\/wp-content\/uploads\/2026\/SK0012026-CZ20260425-091936-0-1777079982-ukoncovaci-lista-gutta-guttaprofil-alu-u-16-mm-3000-mm-stri.webp\",\"datePublished\":\"2026-04-27T04:43:51+00:00\",\"breadcrumb\":{\"@id\":\"https:\/\/www.domkraftpro.com\/index.php\/produkt\/znackovy-gutta-guttaprofil-alu-u-16-mm-1200-mm-bila-75123\/#breadcrumb\"},\"inLanguage\":\"cs\",\"potentialAction\":[{\"@type\":\"ReadAction\",\"target\":[\"https:\/\/www.domkraftpro.com\/index.php\/produkt\/znackovy-gutta-guttaprofil-alu-u-16-mm-1200-mm-bila-75123\/\"]}]},{\"@type\":\"ImageObject\",\"inLanguage\":\"cs\",\"@id\":\"https:\/\/www.domkraftpro.com\/index.php\/produkt\/znackovy-gutta-guttaprofil-alu-u-16-mm-1200-mm-bila-75123\/#primaryimage\",\"url\":\"https:\/\/www.domkraftpro.com\/wp-content\/uploads\/2026\/SK0012026-CZ20260425-091936-0-1777079982-ukoncovaci-lista-gutta-guttaprofil-alu-u-16-mm-3000-mm-stri.webp\",\"contentUrl\":\"https:\/\/www.domkraftpro.com\/wp-content\/uploads\/2026\/SK0012026-CZ20260425-091936-0-1777079982-ukoncovaci-lista-gutta-guttaprofil-alu-u-16-mm-3000-mm-stri.webp\",\"width\":1000,\"height\":523},{\"@type\":\"BreadcrumbList\",\"@id\":\"https:\/\/www.domkraftpro.com\/index.php\/produkt\/znackovy-gutta-guttaprofil-alu-u-16-mm-1200-mm-bila-75123\/#breadcrumb\",\"itemListElement\":[{\"@type\":\"ListItem\",\"position\":1,\"name\":\"Home\",\"item\":\"https:\/\/www.domkraftpro.com\/\"},{\"@type\":\"ListItem\",\"position\":2,\"name\":\"Products\",\"item\":\"https:\/\/www.domkraftpro.com\/index.php\/products\/\"},{\"@type\":\"ListItem\",\"position\":3,\"name\":\"Zna\u010dkov\u00fd Gutta Guttaprofil ALU-U 16 mm 1200 mm b\u00edl\u00e1\"}]},{\"@type\":\"WebSite\",\"@id\":\"https:\/\/www.domkraftpro.com\/#website\",\"url\":\"https:\/\/www.domkraftpro.com\/\",\"name\":\"\",\"description\":\"\",\"potentialAction\":[{\"@type\":\"SearchAction\",\"target\":{\"@type\":\"EntryPoint\",\"urlTemplate\":\"https:\/\/www.domkraftpro.com\/?s={search_term_string}\"},\"query-input\":{\"@type\":\"PropertyValueSpecification\",\"valueRequired\":true,\"valueName\":\"search_term_string\"}}],\"inLanguage\":\"cs\"}]}<\/script>\n<!-- \/ Yoast SEO plugin. -->","yoast_head_json":{"title":"Zna\u010dkov\u00fd Gutta Guttaprofil ALU-U 16 mm 1200 mm b\u00edl\u00e1 -","robots":{"index":"index","follow":"follow","max-snippet":"max-snippet:-1","max-image-preview":"max-image-preview:large","max-video-preview":"max-video-preview:-1"},"canonical":"https:\/\/www.domkraftpro.com\/index.php\/produkt\/znackovy-gutta-guttaprofil-alu-u-16-mm-1200-mm-bila-75123\/","og_locale":"cs_CZ","og_type":"article","og_title":"Zna\u010dkov\u00fd Gutta Guttaprofil ALU-U 16 mm 1200 mm b\u00edl\u00e1 -","og_description":"Vlastnosti Materi\u00e1l hlin\u00edk Povrchov\u00e1 \u00faprava eloxov\u00e1n\u00ed D\u00e9lka 1200\u00a0\u2013 6000\u00a0mm Pou\u017eit\u00ed pro horn\u00ed hranu Barva st\u0159\u00edbrn\u00e1, b\u00edl\u00e1 UV ochrana ano Parametry P\u016fvod Vyrobeno v\u00a0DE Z\u00e1ruka 2 roky Zna\u010dka Gutta Popis: Ukon\u010dovac\u00ed hlin\u00edkov\u00e1 li\u0161ta eloxovan\u00e1. Eloxovan\u00e1 povrchov\u00e1 \u00faprava spo\u010d\u00edv\u00e1 ve vytvo\u0159en\u00ed ochrann\u00e9 vrstvy oxidu hlin\u00edku na upravovan\u00e9m povrchu. Tato vrstva ji\u017e d\u00e1le neoxiduje, a t\u00edm p\u0159ed oxidac\u00ed [&hellip;]","og_url":"https:\/\/www.domkraftpro.com\/index.php\/produkt\/znackovy-gutta-guttaprofil-alu-u-16-mm-1200-mm-bila-75123\/","og_image":[{"width":1000,"height":523,"url":"https:\/\/www.domkraftpro.com\/wp-content\/uploads\/2026\/SK0012026-CZ20260425-091936-0-1777079982-ukoncovaci-lista-gutta-guttaprofil-alu-u-16-mm-3000-mm-stri.webp","type":"image\/webp"}],"twitter_card":"summary_large_image","twitter_misc":{"Odhadovan\u00e1 doba \u010dten\u00ed":"1 minuta"},"schema":{"@context":"https:\/\/schema.org","@graph":[{"@type":"WebPage","@id":"https:\/\/www.domkraftpro.com\/index.php\/produkt\/znackovy-gutta-guttaprofil-alu-u-16-mm-1200-mm-bila-75123\/","url":"https:\/\/www.domkraftpro.com\/index.php\/produkt\/znackovy-gutta-guttaprofil-alu-u-16-mm-1200-mm-bila-75123\/","name":"Zna\u010dkov\u00fd Gutta Guttaprofil ALU-U 16 mm 1200 mm b\u00edl\u00e1 -","isPartOf":{"@id":"https:\/\/www.domkraftpro.com\/#website"},"primaryImageOfPage":{"@id":"https:\/\/www.domkraftpro.com\/index.php\/produkt\/znackovy-gutta-guttaprofil-alu-u-16-mm-1200-mm-bila-75123\/#primaryimage"},"image":{"@id":"https:\/\/www.domkraftpro.com\/index.php\/produkt\/znackovy-gutta-guttaprofil-alu-u-16-mm-1200-mm-bila-75123\/#primaryimage"},"thumbnailUrl":"https:\/\/www.domkraftpro.com\/wp-content\/uploads\/2026\/SK0012026-CZ20260425-091936-0-1777079982-ukoncovaci-lista-gutta-guttaprofil-alu-u-16-mm-3000-mm-stri.webp","datePublished":"2026-04-27T04:43:51+00:00","breadcrumb":{"@id":"https:\/\/www.domkraftpro.com\/index.php\/produkt\/znackovy-gutta-guttaprofil-alu-u-16-mm-1200-mm-bila-75123\/#breadcrumb"},"inLanguage":"cs","potentialAction":[{"@type":"ReadAction","target":["https:\/\/www.domkraftpro.com\/index.php\/produkt\/znackovy-gutta-guttaprofil-alu-u-16-mm-1200-mm-bila-75123\/"]}]},{"@type":"ImageObject","inLanguage":"cs","@id":"https:\/\/www.domkraftpro.com\/index.php\/produkt\/znackovy-gutta-guttaprofil-alu-u-16-mm-1200-mm-bila-75123\/#primaryimage","url":"https:\/\/www.domkraftpro.com\/wp-content\/uploads\/2026\/SK0012026-CZ20260425-091936-0-1777079982-ukoncovaci-lista-gutta-guttaprofil-alu-u-16-mm-3000-mm-stri.webp","contentUrl":"https:\/\/www.domkraftpro.com\/wp-content\/uploads\/2026\/SK0012026-CZ20260425-091936-0-1777079982-ukoncovaci-lista-gutta-guttaprofil-alu-u-16-mm-3000-mm-stri.webp","width":1000,"height":523},{"@type":"BreadcrumbList","@id":"https:\/\/www.domkraftpro.com\/index.php\/produkt\/znackovy-gutta-guttaprofil-alu-u-16-mm-1200-mm-bila-75123\/#breadcrumb","itemListElement":[{"@type":"ListItem","position":1,"name":"Home","item":"https:\/\/www.domkraftpro.com\/"},{"@type":"ListItem","position":2,"name":"Products","item":"https:\/\/www.domkraftpro.com\/index.php\/products\/"},{"@type":"ListItem","position":3,"name":"Zna\u010dkov\u00fd Gutta Guttaprofil ALU-U 16 mm 1200 mm b\u00edl\u00e1"}]},{"@type":"WebSite","@id":"https:\/\/www.domkraftpro.com\/#website","url":"https:\/\/www.domkraftpro.com\/","name":"","description":"","potentialAction":[{"@type":"SearchAction","target":{"@type":"EntryPoint","urlTemplate":"https:\/\/www.domkraftpro.com\/?s={search_term_string}"},"query-input":{"@type":"PropertyValueSpecification","valueRequired":true,"valueName":"search_term_string"}}],"inLanguage":"cs"}]}},"_links":{"self":[{"href":"https:\/\/www.domkraftpro.com\/index.php\/wp-json\/wp\/v2\/product\/75123","targetHints":{"allow":["GET"]}}],"collection":[{"href":"https:\/\/www.domkraftpro.com\/index.php\/wp-json\/wp\/v2\/product"}],"about":[{"href":"https:\/\/www.domkraftpro.com\/index.php\/wp-json\/wp\/v2\/types\/product"}],"replies":[{"embeddable":true,"href":"https:\/\/www.domkraftpro.com\/index.php\/wp-json\/wp\/v2\/comments?post=75123"}],"wp:featuredmedia":[{"embeddable":true,"href":"https:\/\/www.domkraftpro.com\/index.php\/wp-json\/wp\/v2\/media\/75223"}],"wp:attachment":[{"href":"https:\/\/www.domkraftpro.com\/index.php\/wp-json\/wp\/v2\/media?parent=75123"}],"wp:term":[{"taxonomy":"product_brand","embeddable":true,"href":"https:\/\/www.domkraftpro.com\/index.php\/wp-json\/wp\/v2\/product_brand?post=75123"},{"taxonomy":"product_cat","embeddable":true,"href":"https:\/\/www.domkraftpro.com\/index.php\/wp-json\/wp\/v2\/product_cat?post=75123"},{"taxonomy":"product_tag","embeddable":true,"href":"https:\/\/www.domkraftpro.com\/index.php\/wp-json\/wp\/v2\/product_tag?post=75123"}],"curies":[{"name":"wp","href":"https:\/\/api.w.org\/{rel}","templated":true}]}}