{"id":67342,"date":"2026-04-27T04:43:28","date_gmt":"2026-04-27T04:43:28","guid":{"rendered":""},"modified":"2026-04-27T04:43:28","modified_gmt":"2026-04-27T04:43:28","slug":"znackovy-roth-flat-stone-effect-sprchova-vanicka-obdelnikova-120x100-cm-67342","status":"publish","type":"product","link":"https:\/\/www.domkraftpro.com\/index.php\/produkt\/znackovy-roth-flat-stone-effect-sprchova-vanicka-obdelnikova-120x100-cm-67342\/","title":{"rendered":"Zna\u010dkov\u00fd Roth Flat Stone Effect, Sprchov\u00e1 vani\u010dka obd\u00e9ln\u00edkov\u00e1 120&#215;100 cm"},"content":{"rendered":"<div class=\"basic-description\">\n<h3>Detailn\u00ed popis produktu<\/h3>\n<p><strong>Imitace p\u0159\u00edrodn\u00edho kamene<\/strong><span>&nbsp;<\/span>ve dvou barevn\u00fdch variant\u00e1ch v&nbsp;podob\u011b sanit\u00e1rn\u00ed<span>&nbsp;<\/span><strong>b\u00edl\u00e9<\/strong><span>&nbsp;<\/span>a modern\u00ed<span>&nbsp;<\/span><strong>antracit<\/strong>.<\/p>\n<p>Rozmanitost nab\u00edzen\u00edch rozm\u011br\u016f je \u0161irok\u00e1, od obd\u00e9ln\u00edku r\u016fzn\u00fdch rozm\u011br\u016f a\u017e po tvar \u010dtverce.<\/p>\n<p>Vani\u010dky jsou vyrobeny ze strukturovan\u00e9ho akryl\u00e1tu s velmi p\u0159\u00edjemn\u00fdm povrchem na dotek.<\/p>\n<p>Spole\u010dn\u011b se sprchovou z\u00e1st\u011bnou tvo\u0159\u00ed dokonal\u00fd p\u00e1r.<\/p>\n<h2 fira=\"\">Technick\u00e9 proveden\u00ed<\/h2>\n<p><strong>POZOR!<\/strong>&nbsp;Sou\u010d\u00e1st\u00ed vani\u010dky&nbsp;<span>nen\u00ed<\/span>&nbsp;sifon, a&nbsp;tud\u00ed\u017e si ho mus\u00edte&nbsp;<span>doobjednat<\/span>.&nbsp;Objedn\u00e1vejte v\u0161ak pouze sifony&nbsp;<span>o&nbsp;pr\u016fm\u011bru 90 mm.<\/span><\/p>\n<h2 fira=\"\">Mo\u017enost\u00ed instalace je v\u00edc<\/h2>\n<div>\n<p>M\u00e1te mo\u017enost vybrat si rovnou ze 2<span>&nbsp;typ\u016f&nbsp;<\/span>instalace:<\/p>\n<ul>\n<li>p\u0159\u00edmo na podlahu<\/li>\n<li>instalace podezd\u011bn\u00edm<\/li>\n<\/ul>\n<p>Pokud se rozhodnete pro mont\u00e1\u017e na&nbsp;<span>hotov\u00fd obklad<\/span><span>&nbsp;<\/span>pomoc\u00ed&nbsp;speci\u00e1ln\u00edch no\u017ei\u010dek, mus\u00edme v\u00e1s upozornit, \u017ee no\u017ei\u010dky nejsou sou\u010d\u00e1st\u00ed vani\u010dky a&nbsp;mus\u00edte si je&nbsp;<strong>objednat zvl\u00e1\u0161\u0165<\/strong><\/p>\n<\/div>\n<p><strong>Upozorn\u011bn\u00ed pro z\u00e1kazn\u00edky ke koupi produkt\u016f na objedn\u00e1n\u00ed:<\/strong><span>&nbsp;Toto zbo\u017e\u00ed nen\u00ed standardn\u00edm s\u00e9riov\u00fdm v\u00fdrobkem. Bude vyrobeno na p\u0159\u00e1n\u00ed z\u00e1kazn\u00edka a proto jej&nbsp;<\/span><strong>nelze dodavateli v z\u00e1konn\u00e9 lh\u016ft\u011b vr\u00e1tit<\/strong><span>. (viz \u00a71837 odst.d, ob\u010dansk\u00e9ho z\u00e1kon\u00edku). V tomto p\u0159\u00edpad\u011b m\u016f\u017eeme po\u017eadovat nevratnou z\u00e1lohu a\u017e do v\u00fd\u0161e 100 % z ceny v\u00fdrobku.<\/span><\/p>\n<\/p><\/div>\n","protected":false},"excerpt":{"rendered":"<p>Detailn\u00ed popis produktu Imitace p\u0159\u00edrodn\u00edho kamene&nbsp;ve dvou barevn\u00fdch variant\u00e1ch v&nbsp;podob\u011b sanit\u00e1rn\u00ed&nbsp;b\u00edl\u00e9&nbsp;a modern\u00ed&nbsp;antracit. Rozmanitost nab\u00edzen\u00edch rozm\u011br\u016f je \u0161irok\u00e1, od obd\u00e9ln\u00edku r\u016fzn\u00fdch rozm\u011br\u016f a\u017e po tvar \u010dtverce. Vani\u010dky jsou vyrobeny ze strukturovan\u00e9ho akryl\u00e1tu s velmi p\u0159\u00edjemn\u00fdm povrchem na dotek. Spole\u010dn\u011b se sprchovou z\u00e1st\u011bnou tvo\u0159\u00ed dokonal\u00fd p\u00e1r. Technick\u00e9 proveden\u00ed POZOR!&nbsp;Sou\u010d\u00e1st\u00ed vani\u010dky&nbsp;nen\u00ed&nbsp;sifon, a&nbsp;tud\u00ed\u017e si ho mus\u00edte&nbsp;doobjednat.&nbsp;Objedn\u00e1vejte v\u0161ak pouze sifony&nbsp;o&nbsp;pr\u016fm\u011bru [&hellip;]<\/p>\n","protected":false},"featured_media":67442,"comment_status":"open","ping_status":"open","template":"","meta":[],"product_brand":[],"product_cat":[67],"product_tag":[],"class_list":{"0":"post-67342","1":"product","2":"type-product","3":"status-publish","4":"has-post-thumbnail","6":"product_cat-sprchove-kouty","8":"first","9":"instock","10":"sale","11":"shipping-taxable","12":"purchasable","13":"product-type-simple"},"yoast_head":"<!-- This site is optimized with the Yoast SEO plugin v26.8 - https:\/\/yoast.com\/product\/yoast-seo-wordpress\/ -->\n<title>Zna\u010dkov\u00fd Roth Flat Stone Effect, Sprchov\u00e1 vani\u010dka obd\u00e9ln\u00edkov\u00e1 120x100 cm -<\/title>\n<meta name=\"robots\" content=\"index, follow, max-snippet:-1, max-image-preview:large, max-video-preview:-1\" \/>\n<link rel=\"canonical\" href=\"https:\/\/www.domkraftpro.com\/index.php\/produkt\/znackovy-roth-flat-stone-effect-sprchova-vanicka-obdelnikova-120x100-cm-67342\/\" \/>\n<meta property=\"og:locale\" content=\"cs_CZ\" \/>\n<meta property=\"og:type\" content=\"article\" \/>\n<meta property=\"og:title\" content=\"Zna\u010dkov\u00fd Roth Flat Stone Effect, Sprchov\u00e1 vani\u010dka obd\u00e9ln\u00edkov\u00e1 120x100 cm -\" \/>\n<meta property=\"og:description\" content=\"Detailn\u00ed popis produktu Imitace p\u0159\u00edrodn\u00edho kamene&nbsp;ve dvou barevn\u00fdch variant\u00e1ch v&nbsp;podob\u011b sanit\u00e1rn\u00ed&nbsp;b\u00edl\u00e9&nbsp;a modern\u00ed&nbsp;antracit. Rozmanitost nab\u00edzen\u00edch rozm\u011br\u016f je \u0161irok\u00e1, od obd\u00e9ln\u00edku r\u016fzn\u00fdch rozm\u011br\u016f a\u017e po tvar \u010dtverce. Vani\u010dky jsou vyrobeny ze strukturovan\u00e9ho akryl\u00e1tu s velmi p\u0159\u00edjemn\u00fdm povrchem na dotek. Spole\u010dn\u011b se sprchovou z\u00e1st\u011bnou tvo\u0159\u00ed dokonal\u00fd p\u00e1r. Technick\u00e9 proveden\u00ed POZOR!&nbsp;Sou\u010d\u00e1st\u00ed vani\u010dky&nbsp;nen\u00ed&nbsp;sifon, a&nbsp;tud\u00ed\u017e si ho mus\u00edte&nbsp;doobjednat.&nbsp;Objedn\u00e1vejte v\u0161ak pouze sifony&nbsp;o&nbsp;pr\u016fm\u011bru [&hellip;]\" \/>\n<meta property=\"og:url\" content=\"https:\/\/www.domkraftpro.com\/index.php\/produkt\/znackovy-roth-flat-stone-effect-sprchova-vanicka-obdelnikova-120x100-cm-67342\/\" \/>\n<meta property=\"og:image\" content=\"https:\/\/www.domkraftpro.com\/wp-content\/uploads\/2026\/SK0007742-CZ20260425-093631-0-1777080994-236328_filename-2555-l.webp\" \/>\n\t<meta property=\"og:image:width\" content=\"1000\" \/>\n\t<meta property=\"og:image:height\" content=\"750\" \/>\n\t<meta property=\"og:image:type\" content=\"image\/webp\" \/>\n<meta name=\"twitter:card\" content=\"summary_large_image\" \/>\n<meta name=\"twitter:label1\" content=\"Odhadovan\u00e1 doba \u010dten\u00ed\" \/>\n\t<meta name=\"twitter:data1\" content=\"1 minuta\" \/>\n<script type=\"application\/ld+json\" class=\"yoast-schema-graph\">{\"@context\":\"https:\/\/schema.org\",\"@graph\":[{\"@type\":\"WebPage\",\"@id\":\"https:\/\/www.domkraftpro.com\/index.php\/produkt\/znackovy-roth-flat-stone-effect-sprchova-vanicka-obdelnikova-120x100-cm-67342\/\",\"url\":\"https:\/\/www.domkraftpro.com\/index.php\/produkt\/znackovy-roth-flat-stone-effect-sprchova-vanicka-obdelnikova-120x100-cm-67342\/\",\"name\":\"Zna\u010dkov\u00fd Roth Flat Stone Effect, Sprchov\u00e1 vani\u010dka obd\u00e9ln\u00edkov\u00e1 120x100 cm -\",\"isPartOf\":{\"@id\":\"https:\/\/www.domkraftpro.com\/#website\"},\"primaryImageOfPage\":{\"@id\":\"https:\/\/www.domkraftpro.com\/index.php\/produkt\/znackovy-roth-flat-stone-effect-sprchova-vanicka-obdelnikova-120x100-cm-67342\/#primaryimage\"},\"image\":{\"@id\":\"https:\/\/www.domkraftpro.com\/index.php\/produkt\/znackovy-roth-flat-stone-effect-sprchova-vanicka-obdelnikova-120x100-cm-67342\/#primaryimage\"},\"thumbnailUrl\":\"https:\/\/www.domkraftpro.com\/wp-content\/uploads\/2026\/SK0007742-CZ20260425-093631-0-1777080994-236328_filename-2555-l.webp\",\"datePublished\":\"2026-04-27T04:43:28+00:00\",\"breadcrumb\":{\"@id\":\"https:\/\/www.domkraftpro.com\/index.php\/produkt\/znackovy-roth-flat-stone-effect-sprchova-vanicka-obdelnikova-120x100-cm-67342\/#breadcrumb\"},\"inLanguage\":\"cs\",\"potentialAction\":[{\"@type\":\"ReadAction\",\"target\":[\"https:\/\/www.domkraftpro.com\/index.php\/produkt\/znackovy-roth-flat-stone-effect-sprchova-vanicka-obdelnikova-120x100-cm-67342\/\"]}]},{\"@type\":\"ImageObject\",\"inLanguage\":\"cs\",\"@id\":\"https:\/\/www.domkraftpro.com\/index.php\/produkt\/znackovy-roth-flat-stone-effect-sprchova-vanicka-obdelnikova-120x100-cm-67342\/#primaryimage\",\"url\":\"https:\/\/www.domkraftpro.com\/wp-content\/uploads\/2026\/SK0007742-CZ20260425-093631-0-1777080994-236328_filename-2555-l.webp\",\"contentUrl\":\"https:\/\/www.domkraftpro.com\/wp-content\/uploads\/2026\/SK0007742-CZ20260425-093631-0-1777080994-236328_filename-2555-l.webp\",\"width\":1000,\"height\":750},{\"@type\":\"BreadcrumbList\",\"@id\":\"https:\/\/www.domkraftpro.com\/index.php\/produkt\/znackovy-roth-flat-stone-effect-sprchova-vanicka-obdelnikova-120x100-cm-67342\/#breadcrumb\",\"itemListElement\":[{\"@type\":\"ListItem\",\"position\":1,\"name\":\"Home\",\"item\":\"https:\/\/www.domkraftpro.com\/\"},{\"@type\":\"ListItem\",\"position\":2,\"name\":\"Products\",\"item\":\"https:\/\/www.domkraftpro.com\/index.php\/products\/\"},{\"@type\":\"ListItem\",\"position\":3,\"name\":\"Zna\u010dkov\u00fd Roth Flat Stone Effect, Sprchov\u00e1 vani\u010dka obd\u00e9ln\u00edkov\u00e1 120&#215;100 cm\"}]},{\"@type\":\"WebSite\",\"@id\":\"https:\/\/www.domkraftpro.com\/#website\",\"url\":\"https:\/\/www.domkraftpro.com\/\",\"name\":\"\",\"description\":\"\",\"potentialAction\":[{\"@type\":\"SearchAction\",\"target\":{\"@type\":\"EntryPoint\",\"urlTemplate\":\"https:\/\/www.domkraftpro.com\/?s={search_term_string}\"},\"query-input\":{\"@type\":\"PropertyValueSpecification\",\"valueRequired\":true,\"valueName\":\"search_term_string\"}}],\"inLanguage\":\"cs\"}]}<\/script>\n<!-- \/ Yoast SEO plugin. -->","yoast_head_json":{"title":"Zna\u010dkov\u00fd Roth Flat Stone Effect, Sprchov\u00e1 vani\u010dka obd\u00e9ln\u00edkov\u00e1 120x100 cm -","robots":{"index":"index","follow":"follow","max-snippet":"max-snippet:-1","max-image-preview":"max-image-preview:large","max-video-preview":"max-video-preview:-1"},"canonical":"https:\/\/www.domkraftpro.com\/index.php\/produkt\/znackovy-roth-flat-stone-effect-sprchova-vanicka-obdelnikova-120x100-cm-67342\/","og_locale":"cs_CZ","og_type":"article","og_title":"Zna\u010dkov\u00fd Roth Flat Stone Effect, Sprchov\u00e1 vani\u010dka obd\u00e9ln\u00edkov\u00e1 120x100 cm -","og_description":"Detailn\u00ed popis produktu Imitace p\u0159\u00edrodn\u00edho kamene&nbsp;ve dvou barevn\u00fdch variant\u00e1ch v&nbsp;podob\u011b sanit\u00e1rn\u00ed&nbsp;b\u00edl\u00e9&nbsp;a modern\u00ed&nbsp;antracit. Rozmanitost nab\u00edzen\u00edch rozm\u011br\u016f je \u0161irok\u00e1, od obd\u00e9ln\u00edku r\u016fzn\u00fdch rozm\u011br\u016f a\u017e po tvar \u010dtverce. Vani\u010dky jsou vyrobeny ze strukturovan\u00e9ho akryl\u00e1tu s velmi p\u0159\u00edjemn\u00fdm povrchem na dotek. Spole\u010dn\u011b se sprchovou z\u00e1st\u011bnou tvo\u0159\u00ed dokonal\u00fd p\u00e1r. Technick\u00e9 proveden\u00ed POZOR!&nbsp;Sou\u010d\u00e1st\u00ed vani\u010dky&nbsp;nen\u00ed&nbsp;sifon, a&nbsp;tud\u00ed\u017e si ho mus\u00edte&nbsp;doobjednat.&nbsp;Objedn\u00e1vejte v\u0161ak pouze sifony&nbsp;o&nbsp;pr\u016fm\u011bru [&hellip;]","og_url":"https:\/\/www.domkraftpro.com\/index.php\/produkt\/znackovy-roth-flat-stone-effect-sprchova-vanicka-obdelnikova-120x100-cm-67342\/","og_image":[{"width":1000,"height":750,"url":"https:\/\/www.domkraftpro.com\/wp-content\/uploads\/2026\/SK0007742-CZ20260425-093631-0-1777080994-236328_filename-2555-l.webp","type":"image\/webp"}],"twitter_card":"summary_large_image","twitter_misc":{"Odhadovan\u00e1 doba \u010dten\u00ed":"1 minuta"},"schema":{"@context":"https:\/\/schema.org","@graph":[{"@type":"WebPage","@id":"https:\/\/www.domkraftpro.com\/index.php\/produkt\/znackovy-roth-flat-stone-effect-sprchova-vanicka-obdelnikova-120x100-cm-67342\/","url":"https:\/\/www.domkraftpro.com\/index.php\/produkt\/znackovy-roth-flat-stone-effect-sprchova-vanicka-obdelnikova-120x100-cm-67342\/","name":"Zna\u010dkov\u00fd Roth Flat Stone Effect, Sprchov\u00e1 vani\u010dka obd\u00e9ln\u00edkov\u00e1 120x100 cm -","isPartOf":{"@id":"https:\/\/www.domkraftpro.com\/#website"},"primaryImageOfPage":{"@id":"https:\/\/www.domkraftpro.com\/index.php\/produkt\/znackovy-roth-flat-stone-effect-sprchova-vanicka-obdelnikova-120x100-cm-67342\/#primaryimage"},"image":{"@id":"https:\/\/www.domkraftpro.com\/index.php\/produkt\/znackovy-roth-flat-stone-effect-sprchova-vanicka-obdelnikova-120x100-cm-67342\/#primaryimage"},"thumbnailUrl":"https:\/\/www.domkraftpro.com\/wp-content\/uploads\/2026\/SK0007742-CZ20260425-093631-0-1777080994-236328_filename-2555-l.webp","datePublished":"2026-04-27T04:43:28+00:00","breadcrumb":{"@id":"https:\/\/www.domkraftpro.com\/index.php\/produkt\/znackovy-roth-flat-stone-effect-sprchova-vanicka-obdelnikova-120x100-cm-67342\/#breadcrumb"},"inLanguage":"cs","potentialAction":[{"@type":"ReadAction","target":["https:\/\/www.domkraftpro.com\/index.php\/produkt\/znackovy-roth-flat-stone-effect-sprchova-vanicka-obdelnikova-120x100-cm-67342\/"]}]},{"@type":"ImageObject","inLanguage":"cs","@id":"https:\/\/www.domkraftpro.com\/index.php\/produkt\/znackovy-roth-flat-stone-effect-sprchova-vanicka-obdelnikova-120x100-cm-67342\/#primaryimage","url":"https:\/\/www.domkraftpro.com\/wp-content\/uploads\/2026\/SK0007742-CZ20260425-093631-0-1777080994-236328_filename-2555-l.webp","contentUrl":"https:\/\/www.domkraftpro.com\/wp-content\/uploads\/2026\/SK0007742-CZ20260425-093631-0-1777080994-236328_filename-2555-l.webp","width":1000,"height":750},{"@type":"BreadcrumbList","@id":"https:\/\/www.domkraftpro.com\/index.php\/produkt\/znackovy-roth-flat-stone-effect-sprchova-vanicka-obdelnikova-120x100-cm-67342\/#breadcrumb","itemListElement":[{"@type":"ListItem","position":1,"name":"Home","item":"https:\/\/www.domkraftpro.com\/"},{"@type":"ListItem","position":2,"name":"Products","item":"https:\/\/www.domkraftpro.com\/index.php\/products\/"},{"@type":"ListItem","position":3,"name":"Zna\u010dkov\u00fd Roth Flat Stone Effect, Sprchov\u00e1 vani\u010dka obd\u00e9ln\u00edkov\u00e1 120&#215;100 cm"}]},{"@type":"WebSite","@id":"https:\/\/www.domkraftpro.com\/#website","url":"https:\/\/www.domkraftpro.com\/","name":"","description":"","potentialAction":[{"@type":"SearchAction","target":{"@type":"EntryPoint","urlTemplate":"https:\/\/www.domkraftpro.com\/?s={search_term_string}"},"query-input":{"@type":"PropertyValueSpecification","valueRequired":true,"valueName":"search_term_string"}}],"inLanguage":"cs"}]}},"_links":{"self":[{"href":"https:\/\/www.domkraftpro.com\/index.php\/wp-json\/wp\/v2\/product\/67342","targetHints":{"allow":["GET"]}}],"collection":[{"href":"https:\/\/www.domkraftpro.com\/index.php\/wp-json\/wp\/v2\/product"}],"about":[{"href":"https:\/\/www.domkraftpro.com\/index.php\/wp-json\/wp\/v2\/types\/product"}],"replies":[{"embeddable":true,"href":"https:\/\/www.domkraftpro.com\/index.php\/wp-json\/wp\/v2\/comments?post=67342"}],"wp:featuredmedia":[{"embeddable":true,"href":"https:\/\/www.domkraftpro.com\/index.php\/wp-json\/wp\/v2\/media\/67442"}],"wp:attachment":[{"href":"https:\/\/www.domkraftpro.com\/index.php\/wp-json\/wp\/v2\/media?parent=67342"}],"wp:term":[{"taxonomy":"product_brand","embeddable":true,"href":"https:\/\/www.domkraftpro.com\/index.php\/wp-json\/wp\/v2\/product_brand?post=67342"},{"taxonomy":"product_cat","embeddable":true,"href":"https:\/\/www.domkraftpro.com\/index.php\/wp-json\/wp\/v2\/product_cat?post=67342"},{"taxonomy":"product_tag","embeddable":true,"href":"https:\/\/www.domkraftpro.com\/index.php\/wp-json\/wp\/v2\/product_tag?post=67342"}],"curies":[{"name":"wp","href":"https:\/\/api.w.org\/{rel}","templated":true}]}}