{"id":67313,"date":"2026-04-27T04:43:28","date_gmt":"2026-04-27T04:43:28","guid":{"rendered":""},"modified":"2026-04-27T04:43:28","modified_gmt":"2026-04-27T04:43:28","slug":"akce-roth-prestol-sprchova-vanicka-obdelnikova-120x80-cm-8000300-67313","status":"publish","type":"product","link":"https:\/\/www.domkraftpro.com\/index.php\/produkt\/akce-roth-prestol-sprchova-vanicka-obdelnikova-120x80-cm-8000300-67313\/","title":{"rendered":"Akce Roth Prestol, Sprchov\u00e1 vani\u010dka obd\u00e9ln\u00edkov\u00e1 120&#215;80 cm 8000300"},"content":{"rendered":"<div class=\"basic-description\">\n<h3>Detailn\u00ed popis produktu<\/h3>\n<p><strong>Lit\u00fd mramor je velmi odoln\u00fd a&nbsp;barevn\u011b st\u00e1l\u00fd<\/strong>, tak\u017ee jde o&nbsp;ide\u00e1ln\u00ed materi\u00e1l pro v\u00fdrobu vybaven\u00ed koupelny. D\u00edky n\u011bmu si m\u016f\u017eete do sv\u00e9 koupelny po\u0159\u00eddit zaj\u00edmav\u00e9 designov\u00e9 kousky, jako je t\u0159eba sprchov\u00e1 vani\u010dka PRESTOL. Velmi hladk\u00fd povrch vani\u010dky je nejen elegantn\u00ed a&nbsp;<strong>p\u0159\u00edjemn\u00fd na dotek, ale tak\u00e9 se velmi snadno udr\u017euje<\/strong>, proto\u017ee na n\u011bm neulp\u00edvaj\u00ed ne\u010distoty. Hladk\u00fd povrch tak\u00e9 dob\u0159e p\u0159ilne k&nbsp;t\u011bsn\u011bn\u00ed z\u00e1st\u011bn a&nbsp;dve\u0159\u00ed.<\/p>\n<p>Tato unik\u00e1tn\u011b \u0159e\u0161en\u00e1 obd\u00e9ln\u00edkov\u00e1 vani\u010dka&nbsp;<strong>s&nbsp;integrovan\u00fdm dvojit\u00fdm sifonem<\/strong><span>&nbsp;<\/span>a&nbsp;krytem sifon\u016f vyroben\u00fdm z&nbsp;le\u0161t\u011bn\u00e9 nerez oceli v\u00e1m nab\u00edz\u00ed<span>&nbsp;<\/span><strong>velk\u00e9 mno\u017estv\u00ed velikostn\u00edch variant<\/strong>.&nbsp;Dvojit\u00fd sifon je z\u00e1rukou lep\u0161\u00ed rychlosti odvodn\u011bn\u00ed, kter\u00e1 zajist\u00ed, \u017ee se p\u0159i sprchov\u00e1n\u00ed nebude voda hromadit v&nbsp;\u017e\u00e1dn\u00e9 \u010d\u00e1sti vani\u010dky.<\/p>\n<p>Ceny produktu jsou uvedeny<span>&nbsp;<\/span><strong>v\u010detn\u011b 6 ks<\/strong><span>&nbsp;<\/span>nastaviteln\u00fdch<span>&nbsp;<\/span><strong>no\u017ei\u010dek<\/strong><span>&nbsp;<\/span>a nerezov\u00e9ho<span>&nbsp;<\/span><strong>krytu<\/strong>. Dvojit\u00fd sifon <strong>nutno<\/strong> <strong>dokoupit zvl\u00e1\u0161\u0165!<\/strong><\/p>\n<p>Na vani\u010dku v\u00e1m poskytneme<span>&nbsp;<\/span><strong>z\u00e1ruku 5&nbsp;let<\/strong>, proto\u017ee v\u00edme, o&nbsp;jak kvalitn\u00ed v\u00fdrobek se jedn\u00e1.<\/p>\n<h3><span>Mo\u017enost\u00ed instalace je v\u00edc<\/span><\/h3>\n<p>U&nbsp;t\u00e9to sprchov\u00e9 vani\u010dky m\u00e1te mo\u017enost vybrat si rovnou ze&nbsp;<span>3&nbsp;typ\u016f&nbsp;<\/span>instalace:<\/p>\n<ul>\n<li>p\u0159\u00edmo na podlahu<\/li>\n<li>na hotov\u00fd obklad pomoc\u00ed speci\u00e1ln\u00edch no\u017ei\u010dek<\/li>\n<li>instalace podezd\u011bn\u00edm<\/li>\n<\/ul>\n<p>Oslovila v\u00e1s mont\u00e1\u017e na<span>&nbsp;<strong>hotov\u00fd obklad<\/strong>&nbsp;<\/span>pomoc\u00ed&nbsp;speci\u00e1ln\u00edch no\u017ei\u010dek?&nbsp;Pak v\u00e1s r\u00e1di informujeme, \u017ee no\u017ei\u010dky jsou zahrnuty v cen\u011b vani\u010dky.&nbsp;No\u017ei\u010dky&nbsp;jsou nastaviteln\u00e9.&nbsp;D\u00edky tomu dok\u00e1\u017eete&nbsp;<span><strong>eliminovat<\/strong>&nbsp;<\/span>drobn\u00e9&nbsp;<span><strong>nerovnosti<\/strong>&nbsp;<\/span>na podlaze a&nbsp;vani\u010dka bude st\u00e1t hezky<span>&nbsp;<strong>v&nbsp;rovin\u011b<\/strong><\/span>.<\/p>\n<p>Zvol\u00edte-li instalaci<span>&nbsp;<strong>podezd\u011bn\u00edm<\/strong><\/span>, doporu\u010dujeme vani\u010dku n\u00e1sledn\u011b&nbsp;<strong>oblo\u017eit<\/strong>.<\/p>\n<h3><span>Vani\u010dka z lit\u00e9ho mramoru? Jednozna\u010dn\u011b ano!<\/span><\/h3>\n<p>Co je&nbsp;<strong>lit\u00fd mramor<\/strong>?&nbsp;Tento materi\u00e1l se vyr\u00e1b\u00ed ze&nbsp;<span>sm\u011bsi&nbsp;<\/span>dolomitu, skl\u00e1\u0159sk\u00e9ho p\u00edsku, polyesterov\u00e9 prysky\u0159ice a&nbsp;barviva.&nbsp;Vani\u010dky z&nbsp;lit\u00e9ho mramoru&nbsp;<span>odl\u00e9v\u00e1me&nbsp;<\/span>ve form\u011b, \u010d\u00edm\u017e dos\u00e1hneme&nbsp;<span>stejnorodosti&nbsp;<\/span>materi\u00e1lu ve v\u0161ech \u010d\u00e1stech vani\u010dky. D\u00edky hladk\u00e9mu povrchu vyhovuje p\u0159\u00edsn\u00fdm<span>&nbsp;hygienick\u00fdm norm\u00e1m<\/span>, a&nbsp;tak\u00e9 je nen\u00e1ro\u010dn\u00fd na \u00fadr\u017ebu. Lit\u00fd mramor disponuje&nbsp;<span>skv\u011bl\u00fdmi izola\u010dn\u00edmi&nbsp;<\/span>schopnostmi, co\u017e zaji\u0161\u0165uje, \u017ee voda ve vani\u010dce, i&nbsp;vani\u010dka samotn\u00e1, z\u016fst\u00e1v\u00e1&nbsp;<strong>d\u00e9le tepl\u00e1<\/strong>.&nbsp;I&nbsp;p\u0159esto, \u017ee je materi\u00e1l tenk\u00fd, m\u00e1 vani\u010dka&nbsp;<strong>nosnost<\/strong>&nbsp;a\u017e neuv\u011b\u0159iteln\u00fdch&nbsp;<span><strong>300 kg<\/strong>!<\/span>&nbsp;Nen\u00ed v\u0161ak nezni\u010diteln\u00e1. Pou\u017eit\u00fd materi\u00e1l je velmi kvalitn\u00ed, a&nbsp;d\u00edky tomu jsou vani\u010dky&nbsp;<strong>odoln\u00e9<\/strong>&nbsp;v\u016f\u010di mechanick\u00e9mu<span>&nbsp;<strong>po\u0161kr\u00e1b\u00e1n\u00ed&nbsp;<\/strong><\/span><strong>\u010di&nbsp;opot\u0159eben\u00ed<\/strong>.&nbsp;Mramorov\u00e9 vani\u010dky je mo\u017en\u00e9&nbsp;<span>t\u00f3novat<\/span>&nbsp;do r\u016fzn\u00fdch barevn\u00fdch odst\u00edn\u016f.&nbsp;U\u017e se v\u00edce nerozm\u00fd\u0161lejte, mramor je&nbsp;<span>to prav\u00e9<\/span>&nbsp;o\u0159echov\u00e9!<\/p>\n<p><strong>Upozorn\u011bn\u00ed pro z\u00e1kazn\u00edky ke koupi produkt\u016f na objedn\u00e1n\u00ed:<\/strong><span>&nbsp;Toto zbo\u017e\u00ed nen\u00ed standardn\u00edm s\u00e9riov\u00fdm v\u00fdrobkem. Bude vyrobeno na p\u0159\u00e1n\u00ed z\u00e1kazn\u00edka a proto jej&nbsp;<\/span><strong>nelze dodavateli v z\u00e1konn\u00e9 lh\u016ft\u011b vr\u00e1tit<\/strong><span>. (viz \u00a71837 odst.d, ob\u010dansk\u00e9ho z\u00e1kon\u00edku). V tomto p\u0159\u00edpad\u011b m\u016f\u017eeme po\u017eadovat nevratnou z\u00e1lohu a\u017e do v\u00fd\u0161e 100 % z ceny v\u00fdrobku.<\/span><\/p>\n<\/p><\/div>\n","protected":false},"excerpt":{"rendered":"<p>Detailn\u00ed popis produktu Lit\u00fd mramor je velmi odoln\u00fd a&nbsp;barevn\u011b st\u00e1l\u00fd, tak\u017ee jde o&nbsp;ide\u00e1ln\u00ed materi\u00e1l pro v\u00fdrobu vybaven\u00ed koupelny. D\u00edky n\u011bmu si m\u016f\u017eete do sv\u00e9 koupelny po\u0159\u00eddit zaj\u00edmav\u00e9 designov\u00e9 kousky, jako je t\u0159eba sprchov\u00e1 vani\u010dka PRESTOL. Velmi hladk\u00fd povrch vani\u010dky je nejen elegantn\u00ed a&nbsp;p\u0159\u00edjemn\u00fd na dotek, ale tak\u00e9 se velmi snadno udr\u017euje, proto\u017ee na n\u011bm neulp\u00edvaj\u00ed [&hellip;]<\/p>\n","protected":false},"featured_media":67413,"comment_status":"open","ping_status":"open","template":"","meta":[],"product_brand":[],"product_cat":[67],"product_tag":[],"class_list":{"0":"post-67313","1":"product","2":"type-product","3":"status-publish","4":"has-post-thumbnail","6":"product_cat-sprchove-kouty","8":"first","9":"instock","10":"sale","11":"shipping-taxable","12":"purchasable","13":"product-type-simple"},"yoast_head":"<!-- This site is optimized with the Yoast SEO plugin v26.8 - https:\/\/yoast.com\/product\/yoast-seo-wordpress\/ -->\n<title>Akce Roth Prestol, Sprchov\u00e1 vani\u010dka obd\u00e9ln\u00edkov\u00e1 120x80 cm 8000300 -<\/title>\n<meta name=\"robots\" content=\"index, follow, max-snippet:-1, max-image-preview:large, max-video-preview:-1\" \/>\n<link rel=\"canonical\" href=\"https:\/\/www.domkraftpro.com\/index.php\/produkt\/akce-roth-prestol-sprchova-vanicka-obdelnikova-120x80-cm-8000300-67313\/\" \/>\n<meta property=\"og:locale\" content=\"cs_CZ\" \/>\n<meta property=\"og:type\" content=\"article\" \/>\n<meta property=\"og:title\" content=\"Akce Roth Prestol, Sprchov\u00e1 vani\u010dka obd\u00e9ln\u00edkov\u00e1 120x80 cm 8000300 -\" \/>\n<meta property=\"og:description\" content=\"Detailn\u00ed popis produktu Lit\u00fd mramor je velmi odoln\u00fd a&nbsp;barevn\u011b st\u00e1l\u00fd, tak\u017ee jde o&nbsp;ide\u00e1ln\u00ed materi\u00e1l pro v\u00fdrobu vybaven\u00ed koupelny. D\u00edky n\u011bmu si m\u016f\u017eete do sv\u00e9 koupelny po\u0159\u00eddit zaj\u00edmav\u00e9 designov\u00e9 kousky, jako je t\u0159eba sprchov\u00e1 vani\u010dka PRESTOL. Velmi hladk\u00fd povrch vani\u010dky je nejen elegantn\u00ed a&nbsp;p\u0159\u00edjemn\u00fd na dotek, ale tak\u00e9 se velmi snadno udr\u017euje, proto\u017ee na n\u011bm neulp\u00edvaj\u00ed [&hellip;]\" \/>\n<meta property=\"og:url\" content=\"https:\/\/www.domkraftpro.com\/index.php\/produkt\/akce-roth-prestol-sprchova-vanicka-obdelnikova-120x80-cm-8000300-67313\/\" \/>\n<meta property=\"og:image\" content=\"https:\/\/www.domkraftpro.com\/wp-content\/uploads\/2026\/SK0007713-CZ20260425-093631-0-1777080994-236214-5_filename-2365-l.webp\" \/>\n\t<meta property=\"og:image:width\" content=\"1000\" \/>\n\t<meta property=\"og:image:height\" content=\"750\" \/>\n\t<meta property=\"og:image:type\" content=\"image\/webp\" \/>\n<meta name=\"twitter:card\" content=\"summary_large_image\" \/>\n<meta name=\"twitter:label1\" content=\"Odhadovan\u00e1 doba \u010dten\u00ed\" \/>\n\t<meta name=\"twitter:data1\" content=\"3 minuty\" \/>\n<script type=\"application\/ld+json\" class=\"yoast-schema-graph\">{\"@context\":\"https:\/\/schema.org\",\"@graph\":[{\"@type\":\"WebPage\",\"@id\":\"https:\/\/www.domkraftpro.com\/index.php\/produkt\/akce-roth-prestol-sprchova-vanicka-obdelnikova-120x80-cm-8000300-67313\/\",\"url\":\"https:\/\/www.domkraftpro.com\/index.php\/produkt\/akce-roth-prestol-sprchova-vanicka-obdelnikova-120x80-cm-8000300-67313\/\",\"name\":\"Akce Roth Prestol, Sprchov\u00e1 vani\u010dka obd\u00e9ln\u00edkov\u00e1 120x80 cm 8000300 -\",\"isPartOf\":{\"@id\":\"https:\/\/www.domkraftpro.com\/#website\"},\"primaryImageOfPage\":{\"@id\":\"https:\/\/www.domkraftpro.com\/index.php\/produkt\/akce-roth-prestol-sprchova-vanicka-obdelnikova-120x80-cm-8000300-67313\/#primaryimage\"},\"image\":{\"@id\":\"https:\/\/www.domkraftpro.com\/index.php\/produkt\/akce-roth-prestol-sprchova-vanicka-obdelnikova-120x80-cm-8000300-67313\/#primaryimage\"},\"thumbnailUrl\":\"https:\/\/www.domkraftpro.com\/wp-content\/uploads\/2026\/SK0007713-CZ20260425-093631-0-1777080994-236214-5_filename-2365-l.webp\",\"datePublished\":\"2026-04-27T04:43:28+00:00\",\"breadcrumb\":{\"@id\":\"https:\/\/www.domkraftpro.com\/index.php\/produkt\/akce-roth-prestol-sprchova-vanicka-obdelnikova-120x80-cm-8000300-67313\/#breadcrumb\"},\"inLanguage\":\"cs\",\"potentialAction\":[{\"@type\":\"ReadAction\",\"target\":[\"https:\/\/www.domkraftpro.com\/index.php\/produkt\/akce-roth-prestol-sprchova-vanicka-obdelnikova-120x80-cm-8000300-67313\/\"]}]},{\"@type\":\"ImageObject\",\"inLanguage\":\"cs\",\"@id\":\"https:\/\/www.domkraftpro.com\/index.php\/produkt\/akce-roth-prestol-sprchova-vanicka-obdelnikova-120x80-cm-8000300-67313\/#primaryimage\",\"url\":\"https:\/\/www.domkraftpro.com\/wp-content\/uploads\/2026\/SK0007713-CZ20260425-093631-0-1777080994-236214-5_filename-2365-l.webp\",\"contentUrl\":\"https:\/\/www.domkraftpro.com\/wp-content\/uploads\/2026\/SK0007713-CZ20260425-093631-0-1777080994-236214-5_filename-2365-l.webp\",\"width\":1000,\"height\":750},{\"@type\":\"BreadcrumbList\",\"@id\":\"https:\/\/www.domkraftpro.com\/index.php\/produkt\/akce-roth-prestol-sprchova-vanicka-obdelnikova-120x80-cm-8000300-67313\/#breadcrumb\",\"itemListElement\":[{\"@type\":\"ListItem\",\"position\":1,\"name\":\"Home\",\"item\":\"https:\/\/www.domkraftpro.com\/\"},{\"@type\":\"ListItem\",\"position\":2,\"name\":\"Products\",\"item\":\"https:\/\/www.domkraftpro.com\/index.php\/products\/\"},{\"@type\":\"ListItem\",\"position\":3,\"name\":\"Akce Roth Prestol, Sprchov\u00e1 vani\u010dka obd\u00e9ln\u00edkov\u00e1 120&#215;80 cm 8000300\"}]},{\"@type\":\"WebSite\",\"@id\":\"https:\/\/www.domkraftpro.com\/#website\",\"url\":\"https:\/\/www.domkraftpro.com\/\",\"name\":\"\",\"description\":\"\",\"potentialAction\":[{\"@type\":\"SearchAction\",\"target\":{\"@type\":\"EntryPoint\",\"urlTemplate\":\"https:\/\/www.domkraftpro.com\/?s={search_term_string}\"},\"query-input\":{\"@type\":\"PropertyValueSpecification\",\"valueRequired\":true,\"valueName\":\"search_term_string\"}}],\"inLanguage\":\"cs\"}]}<\/script>\n<!-- \/ Yoast SEO plugin. -->","yoast_head_json":{"title":"Akce Roth Prestol, Sprchov\u00e1 vani\u010dka obd\u00e9ln\u00edkov\u00e1 120x80 cm 8000300 -","robots":{"index":"index","follow":"follow","max-snippet":"max-snippet:-1","max-image-preview":"max-image-preview:large","max-video-preview":"max-video-preview:-1"},"canonical":"https:\/\/www.domkraftpro.com\/index.php\/produkt\/akce-roth-prestol-sprchova-vanicka-obdelnikova-120x80-cm-8000300-67313\/","og_locale":"cs_CZ","og_type":"article","og_title":"Akce Roth Prestol, Sprchov\u00e1 vani\u010dka obd\u00e9ln\u00edkov\u00e1 120x80 cm 8000300 -","og_description":"Detailn\u00ed popis produktu Lit\u00fd mramor je velmi odoln\u00fd a&nbsp;barevn\u011b st\u00e1l\u00fd, tak\u017ee jde o&nbsp;ide\u00e1ln\u00ed materi\u00e1l pro v\u00fdrobu vybaven\u00ed koupelny. D\u00edky n\u011bmu si m\u016f\u017eete do sv\u00e9 koupelny po\u0159\u00eddit zaj\u00edmav\u00e9 designov\u00e9 kousky, jako je t\u0159eba sprchov\u00e1 vani\u010dka PRESTOL. Velmi hladk\u00fd povrch vani\u010dky je nejen elegantn\u00ed a&nbsp;p\u0159\u00edjemn\u00fd na dotek, ale tak\u00e9 se velmi snadno udr\u017euje, proto\u017ee na n\u011bm neulp\u00edvaj\u00ed [&hellip;]","og_url":"https:\/\/www.domkraftpro.com\/index.php\/produkt\/akce-roth-prestol-sprchova-vanicka-obdelnikova-120x80-cm-8000300-67313\/","og_image":[{"width":1000,"height":750,"url":"https:\/\/www.domkraftpro.com\/wp-content\/uploads\/2026\/SK0007713-CZ20260425-093631-0-1777080994-236214-5_filename-2365-l.webp","type":"image\/webp"}],"twitter_card":"summary_large_image","twitter_misc":{"Odhadovan\u00e1 doba \u010dten\u00ed":"3 minuty"},"schema":{"@context":"https:\/\/schema.org","@graph":[{"@type":"WebPage","@id":"https:\/\/www.domkraftpro.com\/index.php\/produkt\/akce-roth-prestol-sprchova-vanicka-obdelnikova-120x80-cm-8000300-67313\/","url":"https:\/\/www.domkraftpro.com\/index.php\/produkt\/akce-roth-prestol-sprchova-vanicka-obdelnikova-120x80-cm-8000300-67313\/","name":"Akce Roth Prestol, Sprchov\u00e1 vani\u010dka obd\u00e9ln\u00edkov\u00e1 120x80 cm 8000300 -","isPartOf":{"@id":"https:\/\/www.domkraftpro.com\/#website"},"primaryImageOfPage":{"@id":"https:\/\/www.domkraftpro.com\/index.php\/produkt\/akce-roth-prestol-sprchova-vanicka-obdelnikova-120x80-cm-8000300-67313\/#primaryimage"},"image":{"@id":"https:\/\/www.domkraftpro.com\/index.php\/produkt\/akce-roth-prestol-sprchova-vanicka-obdelnikova-120x80-cm-8000300-67313\/#primaryimage"},"thumbnailUrl":"https:\/\/www.domkraftpro.com\/wp-content\/uploads\/2026\/SK0007713-CZ20260425-093631-0-1777080994-236214-5_filename-2365-l.webp","datePublished":"2026-04-27T04:43:28+00:00","breadcrumb":{"@id":"https:\/\/www.domkraftpro.com\/index.php\/produkt\/akce-roth-prestol-sprchova-vanicka-obdelnikova-120x80-cm-8000300-67313\/#breadcrumb"},"inLanguage":"cs","potentialAction":[{"@type":"ReadAction","target":["https:\/\/www.domkraftpro.com\/index.php\/produkt\/akce-roth-prestol-sprchova-vanicka-obdelnikova-120x80-cm-8000300-67313\/"]}]},{"@type":"ImageObject","inLanguage":"cs","@id":"https:\/\/www.domkraftpro.com\/index.php\/produkt\/akce-roth-prestol-sprchova-vanicka-obdelnikova-120x80-cm-8000300-67313\/#primaryimage","url":"https:\/\/www.domkraftpro.com\/wp-content\/uploads\/2026\/SK0007713-CZ20260425-093631-0-1777080994-236214-5_filename-2365-l.webp","contentUrl":"https:\/\/www.domkraftpro.com\/wp-content\/uploads\/2026\/SK0007713-CZ20260425-093631-0-1777080994-236214-5_filename-2365-l.webp","width":1000,"height":750},{"@type":"BreadcrumbList","@id":"https:\/\/www.domkraftpro.com\/index.php\/produkt\/akce-roth-prestol-sprchova-vanicka-obdelnikova-120x80-cm-8000300-67313\/#breadcrumb","itemListElement":[{"@type":"ListItem","position":1,"name":"Home","item":"https:\/\/www.domkraftpro.com\/"},{"@type":"ListItem","position":2,"name":"Products","item":"https:\/\/www.domkraftpro.com\/index.php\/products\/"},{"@type":"ListItem","position":3,"name":"Akce Roth Prestol, Sprchov\u00e1 vani\u010dka obd\u00e9ln\u00edkov\u00e1 120&#215;80 cm 8000300"}]},{"@type":"WebSite","@id":"https:\/\/www.domkraftpro.com\/#website","url":"https:\/\/www.domkraftpro.com\/","name":"","description":"","potentialAction":[{"@type":"SearchAction","target":{"@type":"EntryPoint","urlTemplate":"https:\/\/www.domkraftpro.com\/?s={search_term_string}"},"query-input":{"@type":"PropertyValueSpecification","valueRequired":true,"valueName":"search_term_string"}}],"inLanguage":"cs"}]}},"_links":{"self":[{"href":"https:\/\/www.domkraftpro.com\/index.php\/wp-json\/wp\/v2\/product\/67313","targetHints":{"allow":["GET"]}}],"collection":[{"href":"https:\/\/www.domkraftpro.com\/index.php\/wp-json\/wp\/v2\/product"}],"about":[{"href":"https:\/\/www.domkraftpro.com\/index.php\/wp-json\/wp\/v2\/types\/product"}],"replies":[{"embeddable":true,"href":"https:\/\/www.domkraftpro.com\/index.php\/wp-json\/wp\/v2\/comments?post=67313"}],"wp:featuredmedia":[{"embeddable":true,"href":"https:\/\/www.domkraftpro.com\/index.php\/wp-json\/wp\/v2\/media\/67413"}],"wp:attachment":[{"href":"https:\/\/www.domkraftpro.com\/index.php\/wp-json\/wp\/v2\/media?parent=67313"}],"wp:term":[{"taxonomy":"product_brand","embeddable":true,"href":"https:\/\/www.domkraftpro.com\/index.php\/wp-json\/wp\/v2\/product_brand?post=67313"},{"taxonomy":"product_cat","embeddable":true,"href":"https:\/\/www.domkraftpro.com\/index.php\/wp-json\/wp\/v2\/product_cat?post=67313"},{"taxonomy":"product_tag","embeddable":true,"href":"https:\/\/www.domkraftpro.com\/index.php\/wp-json\/wp\/v2\/product_tag?post=67313"}],"curies":[{"name":"wp","href":"https:\/\/api.w.org\/{rel}","templated":true}]}}