{"id":66938,"date":"2026-04-27T04:43:27","date_gmt":"2026-04-27T04:43:27","guid":{"rendered":""},"modified":"2026-04-27T04:43:27","modified_gmt":"2026-04-27T04:43:27","slug":"znackovy-roth-marmo-neo-square-r-sprchova-vanicka-obdelnikova-110x90-cm-man-sq-110090-2e-66938","status":"publish","type":"product","link":"https:\/\/www.domkraftpro.com\/index.php\/produkt\/znackovy-roth-marmo-neo-square-r-sprchova-vanicka-obdelnikova-110x90-cm-man-sq-110090-2e-66938\/","title":{"rendered":"Zna\u010dkov\u00fd Roth Marmo Neo Square-R, Sprchov\u00e1 vani\u010dka obd\u00e9ln\u00edkov\u00e1 110&#215;90 cm MAN SQ 110090 2E"},"content":{"rendered":"<div class=\"basic-description\">\n<h3>Detailn\u00ed popis produktu<\/h3>\n<p><strong>MARMO NEO SQUARE-R<\/strong>&nbsp;je<span>&nbsp;<\/span><strong>n\u00edzk\u00e1 obd\u00e9ln\u00edkov\u00e1 sprchov\u00e1 vani\u010dka z&nbsp;lit\u00e9ho mramoru<\/strong>, kter\u00e1 skv\u011ble dopln\u00ed v\u00e1\u0161 sprchov\u00fd kout. Tato vani\u010dka je<span>&nbsp;<\/span><strong>snem<\/strong><span>&nbsp;<\/span>mnoha z&nbsp;n\u00e1s. Tak nechte sv\u00e9 sny, a\u0165 se<span>&nbsp;<\/span><strong>stanou skute\u010dnost\u00ed<\/strong>.<\/p>\n<h2>Technick\u00e9 proveden\u00ed<\/h2>\n<p>Lit\u00fd mramor je<span>&nbsp;<\/span><strong>p\u0159\u00edrodn\u00ed materi\u00e1l<\/strong>, je\u017e vani\u010dce prop\u016fj\u010duje mnoho skv\u011bl\u00fdch vlastnost\u00ed, jako je nap\u0159.<span>&nbsp;<\/span><strong>tvarov\u00e1 st\u00e1lost<\/strong><span>&nbsp;<\/span>\u010di schopnost<span>&nbsp;<\/span><strong>p\u0159izp\u016fsobit<\/strong><span>&nbsp;<\/span><strong>se<\/strong><span>&nbsp;<\/span>okoln\u00ed teplot\u011b. Mramorov\u00e9 vani\u010dky jsou vysoce<span>&nbsp;<\/span><strong>odoln\u00e9<\/strong><span>&nbsp;<\/span>a&nbsp;py\u0161n\u00ed se dlouhou \u017eivotnost\u00ed. Mysleli jsme na snadnou \u00fadr\u017ebu a&nbsp;proto je vani\u010dka vybavena<span>&nbsp;<\/span><strong>hladk\u00fdm povrchem<\/strong>, na n\u011bm\u017e se usazuje pouze<span>&nbsp;<\/span><strong>minimum<\/strong><span>&nbsp;<\/span>ne\u010distot. Modern\u00ed tvar vani\u010dky s rovn\u00fdmi liniemi umo\u017e\u0148uje<span>&nbsp;<\/span><strong>pohodlnou p\u00e9\u010di<\/strong><span>&nbsp;<\/span>o ka\u017ed\u00fd kousek povrchu. N\u00edzk\u00e1 n\u00e1stupn\u00ed hrana, kter\u00e1 \u010din\u00ed pouh\u00e9<strong><span>&nbsp;<\/span>3&nbsp;cm (vani\u010dky \u0161\u00ed\u0159ky 160cm maj\u00ed v\u00fd\u0161ku hrany 35 mm)<\/strong>, se skv\u011ble hod\u00ed do<span>&nbsp;<\/span><strong>bezbari\u00e9rov\u00fdch<\/strong><span>&nbsp;<\/span>koupelen.<\/p>\n<p><strong>POZOR!<span>&nbsp;<\/span><\/strong>Sifon nen\u00ed sou\u010d\u00e1st\u00ed vani\u010dky, tud\u00ed\u017e si ho mus\u00edte p\u0159iobjednat zvl\u00e1\u0161\u0165. K&nbsp;t\u00e9to vani\u010dce vyb\u00edrejte pouze sifony o&nbsp;pr\u016fm\u011bru<strong><span>&nbsp;<\/span>90 mm!<\/strong><\/p>\n<p><strong>Na vani\u010dky MARMO NEO z\u00edsk\u00e1te z\u00e1ruku 5 let<\/strong>.<\/p>\n<h2>Mo\u017enost\u00ed instalace je v\u00edc<\/h2>\n<p>U&nbsp;t\u00e9to sprchov\u00e9 vani\u010dky m\u016f\u017eete vyu\u017e\u00edt<span>&nbsp;<\/span><strong>2&nbsp;typ\u016f<span>&nbsp;<\/span><\/strong>instalace:<\/p>\n<ul>\n<li>p\u0159\u00edmo na podlahu<\/li>\n<li>pomoc\u00ed speci\u00e1ln\u00edch no\u017ei\u010dek<\/li>\n<\/ul>\n<p>Rozhodnete-li se pro mont\u00e1\u017e pomoc\u00ed speci\u00e1ln\u00edch no\u017ei\u010dek, nemus\u00edte je objedn\u00e1vat vzl\u00e1\u0161\u0165. U \u0159ady MARMO NEO&nbsp;<strong>jsou sou\u010d\u00e1st\u00ed<\/strong><span>&nbsp;<\/span>vani\u010dky a tud\u00ed\u017e jsou zahrnuty v cen\u011b produktu. No\u017ei\u010dky jsou v&nbsp;balen\u00ed po<span>&nbsp;<\/span><strong>5&nbsp;kusech (u&nbsp;nejv\u011bt\u0161\u00edch form\u00e1t\u016f 8 kus\u016f)<\/strong><span>&nbsp;<\/span>a&nbsp;jsou nastaviteln\u00e9. D\u00edky tomu dok\u00e1\u017eete<span>&nbsp;<\/span><strong>eliminovat<\/strong><span>&nbsp;<\/span>drobn\u00e9<span>&nbsp;<\/span><strong>nerovnosti<\/strong><span>&nbsp;<\/span>na podlaze a&nbsp;vani\u010dka bude st\u00e1t hezky<strong><span>&nbsp;<\/span>v&nbsp;rovin\u011b<\/strong>.<\/p>\n<h2>Vani\u010dka z lit\u00e9ho mramoru? Jednozna\u010dn\u011b ano!<\/h2>\n<p>Co je<span>&nbsp;<\/span><strong>lit\u00fd mramor<\/strong>?&nbsp;Tento materi\u00e1l se vyr\u00e1b\u00ed ze<span>&nbsp;<\/span><strong>sm\u011bsi<span>&nbsp;<\/span><\/strong>dolomitu, skl\u00e1\u0159sk\u00e9ho p\u00edsku, polyesterov\u00e9 prysky\u0159ice a&nbsp;barviva.&nbsp;Vani\u010dky z&nbsp;lit\u00e9ho mramoru<span>&nbsp;<\/span><strong>odl\u00e9v\u00e1me<span>&nbsp;<\/span><\/strong>ve form\u011b, \u010d\u00edm\u017e dos\u00e1hneme<span>&nbsp;<\/span><strong>stejnorodosti<\/strong><span>&nbsp;<\/span>materi\u00e1lu ve v\u0161ech \u010d\u00e1stech vani\u010dky. D\u00edky hladk\u00e9mu povrchu vyhovuje p\u0159\u00edsn\u00fdm<strong><span>&nbsp;<\/span>hygienick\u00fdm norm\u00e1m<\/strong>, a&nbsp;tak\u00e9 je nen\u00e1ro\u010dn\u00fd na \u00fadr\u017ebu. Lit\u00fd mramor disponuje<span>&nbsp;<\/span><strong>skv\u011bl\u00fdmi izola\u010dn\u00edmi<span>&nbsp;<\/span><\/strong>schopnostmi, co\u017e zaji\u0161\u0165uje, \u017ee voda ve vani\u010dce, i&nbsp;vani\u010dka samotn\u00e1, z\u016fst\u00e1v\u00e1<span>&nbsp;<\/span><strong>d\u00e9le tepl\u00e1<\/strong>.&nbsp;Pou\u017eit\u00fd materi\u00e1l je velmi kvalitn\u00ed, a&nbsp;d\u00edky tomu jsou vani\u010dky<span>&nbsp;<\/span><strong>odoln\u00e9<\/strong><span>&nbsp;<\/span>v\u016f\u010di mechanick\u00e9mu<strong><span>&nbsp;<\/span>po\u0161kr\u00e1b\u00e1n\u00ed<span>&nbsp;<\/span><\/strong>\u010di<strong><span>&nbsp;<\/span>opot\u0159eben\u00ed<\/strong>.&nbsp;U\u017e se v\u00edce nerozm\u00fd\u0161lejte, mramor je<span>&nbsp;<\/span><strong>to prav\u00e9<\/strong><span>&nbsp;<\/span>o\u0159echov\u00e9!<\/p>\n<p><strong>Upozorn\u011bn\u00ed pro z\u00e1kazn\u00edky ke koupi produkt\u016f na objedn\u00e1n\u00ed:<\/strong><span>&nbsp;Toto zbo\u017e\u00ed nen\u00ed standardn\u00edm s\u00e9riov\u00fdm v\u00fdrobkem. Bude vyrobeno na p\u0159\u00e1n\u00ed z\u00e1kazn\u00edka a proto jej&nbsp;<\/span><strong>nelze dodavateli v z\u00e1konn\u00e9 lh\u016ft\u011b vr\u00e1tit<\/strong><span>. (viz \u00a71837 odst.d, ob\u010dansk\u00e9ho z\u00e1kon\u00edku). V tomto p\u0159\u00edpad\u011b m\u016f\u017eeme po\u017eadovat nevratnou z\u00e1lohu a\u017e do v\u00fd\u0161e 100 % z ceny v\u00fdrobku.<\/span><\/p>\n<\/p><\/div>\n","protected":false},"excerpt":{"rendered":"<p>Detailn\u00ed popis produktu MARMO NEO SQUARE-R&nbsp;je&nbsp;n\u00edzk\u00e1 obd\u00e9ln\u00edkov\u00e1 sprchov\u00e1 vani\u010dka z&nbsp;lit\u00e9ho mramoru, kter\u00e1 skv\u011ble dopln\u00ed v\u00e1\u0161 sprchov\u00fd kout. Tato vani\u010dka je&nbsp;snem&nbsp;mnoha z&nbsp;n\u00e1s. Tak nechte sv\u00e9 sny, a\u0165 se&nbsp;stanou skute\u010dnost\u00ed. Technick\u00e9 proveden\u00ed Lit\u00fd mramor je&nbsp;p\u0159\u00edrodn\u00ed materi\u00e1l, je\u017e vani\u010dce prop\u016fj\u010duje mnoho skv\u011bl\u00fdch vlastnost\u00ed, jako je nap\u0159.&nbsp;tvarov\u00e1 st\u00e1lost&nbsp;\u010di schopnost&nbsp;p\u0159izp\u016fsobit&nbsp;se&nbsp;okoln\u00ed teplot\u011b. Mramorov\u00e9 vani\u010dky jsou vysoce&nbsp;odoln\u00e9&nbsp;a&nbsp;py\u0161n\u00ed se dlouhou \u017eivotnost\u00ed. Mysleli jsme [&hellip;]<\/p>\n","protected":false},"featured_media":67038,"comment_status":"open","ping_status":"open","template":"","meta":[],"product_brand":[],"product_cat":[67],"product_tag":[],"class_list":{"0":"post-66938","1":"product","2":"type-product","3":"status-publish","4":"has-post-thumbnail","6":"product_cat-sprchove-kouty","8":"first","9":"instock","10":"sale","11":"shipping-taxable","12":"purchasable","13":"product-type-simple"},"yoast_head":"<!-- This site is optimized with the Yoast SEO plugin v26.8 - https:\/\/yoast.com\/product\/yoast-seo-wordpress\/ -->\n<title>Zna\u010dkov\u00fd Roth Marmo Neo Square-R, Sprchov\u00e1 vani\u010dka obd\u00e9ln\u00edkov\u00e1 110x90 cm MAN SQ 110090 2E -<\/title>\n<meta name=\"robots\" content=\"index, follow, max-snippet:-1, max-image-preview:large, max-video-preview:-1\" \/>\n<link rel=\"canonical\" href=\"https:\/\/www.domkraftpro.com\/index.php\/produkt\/znackovy-roth-marmo-neo-square-r-sprchova-vanicka-obdelnikova-110x90-cm-man-sq-110090-2e-66938\/\" \/>\n<meta property=\"og:locale\" content=\"cs_CZ\" \/>\n<meta property=\"og:type\" content=\"article\" \/>\n<meta property=\"og:title\" content=\"Zna\u010dkov\u00fd Roth Marmo Neo Square-R, Sprchov\u00e1 vani\u010dka obd\u00e9ln\u00edkov\u00e1 110x90 cm MAN SQ 110090 2E -\" \/>\n<meta property=\"og:description\" content=\"Detailn\u00ed popis produktu MARMO NEO SQUARE-R&nbsp;je&nbsp;n\u00edzk\u00e1 obd\u00e9ln\u00edkov\u00e1 sprchov\u00e1 vani\u010dka z&nbsp;lit\u00e9ho mramoru, kter\u00e1 skv\u011ble dopln\u00ed v\u00e1\u0161 sprchov\u00fd kout. Tato vani\u010dka je&nbsp;snem&nbsp;mnoha z&nbsp;n\u00e1s. Tak nechte sv\u00e9 sny, a\u0165 se&nbsp;stanou skute\u010dnost\u00ed. Technick\u00e9 proveden\u00ed Lit\u00fd mramor je&nbsp;p\u0159\u00edrodn\u00ed materi\u00e1l, je\u017e vani\u010dce prop\u016fj\u010duje mnoho skv\u011bl\u00fdch vlastnost\u00ed, jako je nap\u0159.&nbsp;tvarov\u00e1 st\u00e1lost&nbsp;\u010di schopnost&nbsp;p\u0159izp\u016fsobit&nbsp;se&nbsp;okoln\u00ed teplot\u011b. Mramorov\u00e9 vani\u010dky jsou vysoce&nbsp;odoln\u00e9&nbsp;a&nbsp;py\u0161n\u00ed se dlouhou \u017eivotnost\u00ed. Mysleli jsme [&hellip;]\" \/>\n<meta property=\"og:url\" content=\"https:\/\/www.domkraftpro.com\/index.php\/produkt\/znackovy-roth-marmo-neo-square-r-sprchova-vanicka-obdelnikova-110x90-cm-man-sq-110090-2e-66938\/\" \/>\n<meta property=\"og:image\" content=\"https:\/\/www.domkraftpro.com\/wp-content\/uploads\/2026\/SK0007511-CZ20260425-093631-0-1777080994-234771_filename-2816-l.webp\" \/>\n\t<meta property=\"og:image:width\" content=\"1000\" \/>\n\t<meta property=\"og:image:height\" content=\"750\" \/>\n\t<meta property=\"og:image:type\" content=\"image\/webp\" \/>\n<meta name=\"twitter:card\" content=\"summary_large_image\" \/>\n<meta name=\"twitter:label1\" content=\"Odhadovan\u00e1 doba \u010dten\u00ed\" \/>\n\t<meta name=\"twitter:data1\" content=\"3 minuty\" \/>\n<script type=\"application\/ld+json\" class=\"yoast-schema-graph\">{\"@context\":\"https:\/\/schema.org\",\"@graph\":[{\"@type\":\"WebPage\",\"@id\":\"https:\/\/www.domkraftpro.com\/index.php\/produkt\/znackovy-roth-marmo-neo-square-r-sprchova-vanicka-obdelnikova-110x90-cm-man-sq-110090-2e-66938\/\",\"url\":\"https:\/\/www.domkraftpro.com\/index.php\/produkt\/znackovy-roth-marmo-neo-square-r-sprchova-vanicka-obdelnikova-110x90-cm-man-sq-110090-2e-66938\/\",\"name\":\"Zna\u010dkov\u00fd Roth Marmo Neo Square-R, Sprchov\u00e1 vani\u010dka obd\u00e9ln\u00edkov\u00e1 110x90 cm MAN SQ 110090 2E -\",\"isPartOf\":{\"@id\":\"https:\/\/www.domkraftpro.com\/#website\"},\"primaryImageOfPage\":{\"@id\":\"https:\/\/www.domkraftpro.com\/index.php\/produkt\/znackovy-roth-marmo-neo-square-r-sprchova-vanicka-obdelnikova-110x90-cm-man-sq-110090-2e-66938\/#primaryimage\"},\"image\":{\"@id\":\"https:\/\/www.domkraftpro.com\/index.php\/produkt\/znackovy-roth-marmo-neo-square-r-sprchova-vanicka-obdelnikova-110x90-cm-man-sq-110090-2e-66938\/#primaryimage\"},\"thumbnailUrl\":\"https:\/\/www.domkraftpro.com\/wp-content\/uploads\/2026\/SK0007511-CZ20260425-093631-0-1777080994-234771_filename-2816-l.webp\",\"datePublished\":\"2026-04-27T04:43:27+00:00\",\"breadcrumb\":{\"@id\":\"https:\/\/www.domkraftpro.com\/index.php\/produkt\/znackovy-roth-marmo-neo-square-r-sprchova-vanicka-obdelnikova-110x90-cm-man-sq-110090-2e-66938\/#breadcrumb\"},\"inLanguage\":\"cs\",\"potentialAction\":[{\"@type\":\"ReadAction\",\"target\":[\"https:\/\/www.domkraftpro.com\/index.php\/produkt\/znackovy-roth-marmo-neo-square-r-sprchova-vanicka-obdelnikova-110x90-cm-man-sq-110090-2e-66938\/\"]}]},{\"@type\":\"ImageObject\",\"inLanguage\":\"cs\",\"@id\":\"https:\/\/www.domkraftpro.com\/index.php\/produkt\/znackovy-roth-marmo-neo-square-r-sprchova-vanicka-obdelnikova-110x90-cm-man-sq-110090-2e-66938\/#primaryimage\",\"url\":\"https:\/\/www.domkraftpro.com\/wp-content\/uploads\/2026\/SK0007511-CZ20260425-093631-0-1777080994-234771_filename-2816-l.webp\",\"contentUrl\":\"https:\/\/www.domkraftpro.com\/wp-content\/uploads\/2026\/SK0007511-CZ20260425-093631-0-1777080994-234771_filename-2816-l.webp\",\"width\":1000,\"height\":750},{\"@type\":\"BreadcrumbList\",\"@id\":\"https:\/\/www.domkraftpro.com\/index.php\/produkt\/znackovy-roth-marmo-neo-square-r-sprchova-vanicka-obdelnikova-110x90-cm-man-sq-110090-2e-66938\/#breadcrumb\",\"itemListElement\":[{\"@type\":\"ListItem\",\"position\":1,\"name\":\"Home\",\"item\":\"https:\/\/www.domkraftpro.com\/\"},{\"@type\":\"ListItem\",\"position\":2,\"name\":\"Products\",\"item\":\"https:\/\/www.domkraftpro.com\/index.php\/products\/\"},{\"@type\":\"ListItem\",\"position\":3,\"name\":\"Zna\u010dkov\u00fd Roth Marmo Neo Square-R, Sprchov\u00e1 vani\u010dka obd\u00e9ln\u00edkov\u00e1 110&#215;90 cm MAN SQ 110090 2E\"}]},{\"@type\":\"WebSite\",\"@id\":\"https:\/\/www.domkraftpro.com\/#website\",\"url\":\"https:\/\/www.domkraftpro.com\/\",\"name\":\"\",\"description\":\"\",\"potentialAction\":[{\"@type\":\"SearchAction\",\"target\":{\"@type\":\"EntryPoint\",\"urlTemplate\":\"https:\/\/www.domkraftpro.com\/?s={search_term_string}\"},\"query-input\":{\"@type\":\"PropertyValueSpecification\",\"valueRequired\":true,\"valueName\":\"search_term_string\"}}],\"inLanguage\":\"cs\"}]}<\/script>\n<!-- \/ Yoast SEO plugin. -->","yoast_head_json":{"title":"Zna\u010dkov\u00fd Roth Marmo Neo Square-R, Sprchov\u00e1 vani\u010dka obd\u00e9ln\u00edkov\u00e1 110x90 cm MAN SQ 110090 2E -","robots":{"index":"index","follow":"follow","max-snippet":"max-snippet:-1","max-image-preview":"max-image-preview:large","max-video-preview":"max-video-preview:-1"},"canonical":"https:\/\/www.domkraftpro.com\/index.php\/produkt\/znackovy-roth-marmo-neo-square-r-sprchova-vanicka-obdelnikova-110x90-cm-man-sq-110090-2e-66938\/","og_locale":"cs_CZ","og_type":"article","og_title":"Zna\u010dkov\u00fd Roth Marmo Neo Square-R, Sprchov\u00e1 vani\u010dka obd\u00e9ln\u00edkov\u00e1 110x90 cm MAN SQ 110090 2E -","og_description":"Detailn\u00ed popis produktu MARMO NEO SQUARE-R&nbsp;je&nbsp;n\u00edzk\u00e1 obd\u00e9ln\u00edkov\u00e1 sprchov\u00e1 vani\u010dka z&nbsp;lit\u00e9ho mramoru, kter\u00e1 skv\u011ble dopln\u00ed v\u00e1\u0161 sprchov\u00fd kout. Tato vani\u010dka je&nbsp;snem&nbsp;mnoha z&nbsp;n\u00e1s. Tak nechte sv\u00e9 sny, a\u0165 se&nbsp;stanou skute\u010dnost\u00ed. Technick\u00e9 proveden\u00ed Lit\u00fd mramor je&nbsp;p\u0159\u00edrodn\u00ed materi\u00e1l, je\u017e vani\u010dce prop\u016fj\u010duje mnoho skv\u011bl\u00fdch vlastnost\u00ed, jako je nap\u0159.&nbsp;tvarov\u00e1 st\u00e1lost&nbsp;\u010di schopnost&nbsp;p\u0159izp\u016fsobit&nbsp;se&nbsp;okoln\u00ed teplot\u011b. Mramorov\u00e9 vani\u010dky jsou vysoce&nbsp;odoln\u00e9&nbsp;a&nbsp;py\u0161n\u00ed se dlouhou \u017eivotnost\u00ed. Mysleli jsme [&hellip;]","og_url":"https:\/\/www.domkraftpro.com\/index.php\/produkt\/znackovy-roth-marmo-neo-square-r-sprchova-vanicka-obdelnikova-110x90-cm-man-sq-110090-2e-66938\/","og_image":[{"width":1000,"height":750,"url":"https:\/\/www.domkraftpro.com\/wp-content\/uploads\/2026\/SK0007511-CZ20260425-093631-0-1777080994-234771_filename-2816-l.webp","type":"image\/webp"}],"twitter_card":"summary_large_image","twitter_misc":{"Odhadovan\u00e1 doba \u010dten\u00ed":"3 minuty"},"schema":{"@context":"https:\/\/schema.org","@graph":[{"@type":"WebPage","@id":"https:\/\/www.domkraftpro.com\/index.php\/produkt\/znackovy-roth-marmo-neo-square-r-sprchova-vanicka-obdelnikova-110x90-cm-man-sq-110090-2e-66938\/","url":"https:\/\/www.domkraftpro.com\/index.php\/produkt\/znackovy-roth-marmo-neo-square-r-sprchova-vanicka-obdelnikova-110x90-cm-man-sq-110090-2e-66938\/","name":"Zna\u010dkov\u00fd Roth Marmo Neo Square-R, Sprchov\u00e1 vani\u010dka obd\u00e9ln\u00edkov\u00e1 110x90 cm MAN SQ 110090 2E -","isPartOf":{"@id":"https:\/\/www.domkraftpro.com\/#website"},"primaryImageOfPage":{"@id":"https:\/\/www.domkraftpro.com\/index.php\/produkt\/znackovy-roth-marmo-neo-square-r-sprchova-vanicka-obdelnikova-110x90-cm-man-sq-110090-2e-66938\/#primaryimage"},"image":{"@id":"https:\/\/www.domkraftpro.com\/index.php\/produkt\/znackovy-roth-marmo-neo-square-r-sprchova-vanicka-obdelnikova-110x90-cm-man-sq-110090-2e-66938\/#primaryimage"},"thumbnailUrl":"https:\/\/www.domkraftpro.com\/wp-content\/uploads\/2026\/SK0007511-CZ20260425-093631-0-1777080994-234771_filename-2816-l.webp","datePublished":"2026-04-27T04:43:27+00:00","breadcrumb":{"@id":"https:\/\/www.domkraftpro.com\/index.php\/produkt\/znackovy-roth-marmo-neo-square-r-sprchova-vanicka-obdelnikova-110x90-cm-man-sq-110090-2e-66938\/#breadcrumb"},"inLanguage":"cs","potentialAction":[{"@type":"ReadAction","target":["https:\/\/www.domkraftpro.com\/index.php\/produkt\/znackovy-roth-marmo-neo-square-r-sprchova-vanicka-obdelnikova-110x90-cm-man-sq-110090-2e-66938\/"]}]},{"@type":"ImageObject","inLanguage":"cs","@id":"https:\/\/www.domkraftpro.com\/index.php\/produkt\/znackovy-roth-marmo-neo-square-r-sprchova-vanicka-obdelnikova-110x90-cm-man-sq-110090-2e-66938\/#primaryimage","url":"https:\/\/www.domkraftpro.com\/wp-content\/uploads\/2026\/SK0007511-CZ20260425-093631-0-1777080994-234771_filename-2816-l.webp","contentUrl":"https:\/\/www.domkraftpro.com\/wp-content\/uploads\/2026\/SK0007511-CZ20260425-093631-0-1777080994-234771_filename-2816-l.webp","width":1000,"height":750},{"@type":"BreadcrumbList","@id":"https:\/\/www.domkraftpro.com\/index.php\/produkt\/znackovy-roth-marmo-neo-square-r-sprchova-vanicka-obdelnikova-110x90-cm-man-sq-110090-2e-66938\/#breadcrumb","itemListElement":[{"@type":"ListItem","position":1,"name":"Home","item":"https:\/\/www.domkraftpro.com\/"},{"@type":"ListItem","position":2,"name":"Products","item":"https:\/\/www.domkraftpro.com\/index.php\/products\/"},{"@type":"ListItem","position":3,"name":"Zna\u010dkov\u00fd Roth Marmo Neo Square-R, Sprchov\u00e1 vani\u010dka obd\u00e9ln\u00edkov\u00e1 110&#215;90 cm MAN SQ 110090 2E"}]},{"@type":"WebSite","@id":"https:\/\/www.domkraftpro.com\/#website","url":"https:\/\/www.domkraftpro.com\/","name":"","description":"","potentialAction":[{"@type":"SearchAction","target":{"@type":"EntryPoint","urlTemplate":"https:\/\/www.domkraftpro.com\/?s={search_term_string}"},"query-input":{"@type":"PropertyValueSpecification","valueRequired":true,"valueName":"search_term_string"}}],"inLanguage":"cs"}]}},"_links":{"self":[{"href":"https:\/\/www.domkraftpro.com\/index.php\/wp-json\/wp\/v2\/product\/66938","targetHints":{"allow":["GET"]}}],"collection":[{"href":"https:\/\/www.domkraftpro.com\/index.php\/wp-json\/wp\/v2\/product"}],"about":[{"href":"https:\/\/www.domkraftpro.com\/index.php\/wp-json\/wp\/v2\/types\/product"}],"replies":[{"embeddable":true,"href":"https:\/\/www.domkraftpro.com\/index.php\/wp-json\/wp\/v2\/comments?post=66938"}],"wp:featuredmedia":[{"embeddable":true,"href":"https:\/\/www.domkraftpro.com\/index.php\/wp-json\/wp\/v2\/media\/67038"}],"wp:attachment":[{"href":"https:\/\/www.domkraftpro.com\/index.php\/wp-json\/wp\/v2\/media?parent=66938"}],"wp:term":[{"taxonomy":"product_brand","embeddable":true,"href":"https:\/\/www.domkraftpro.com\/index.php\/wp-json\/wp\/v2\/product_brand?post=66938"},{"taxonomy":"product_cat","embeddable":true,"href":"https:\/\/www.domkraftpro.com\/index.php\/wp-json\/wp\/v2\/product_cat?post=66938"},{"taxonomy":"product_tag","embeddable":true,"href":"https:\/\/www.domkraftpro.com\/index.php\/wp-json\/wp\/v2\/product_tag?post=66938"}],"curies":[{"name":"wp","href":"https:\/\/api.w.org\/{rel}","templated":true}]}}