{"id":64788,"date":"2026-04-27T04:43:21","date_gmt":"2026-04-27T04:43:21","guid":{"rendered":""},"modified":"2026-04-27T04:43:21","modified_gmt":"2026-04-27T04:43:21","slug":"akce-korado-koralux-linear-classic-klc-600-1220-64788","status":"publish","type":"product","link":"https:\/\/www.domkraftpro.com\/index.php\/produkt\/akce-korado-koralux-linear-classic-klc-600-1220-64788\/","title":{"rendered":"Akce Korado Koralux Linear Classic KLC 600\/1220"},"content":{"rendered":"<div id=\"e9485390\" class=\"pages\">\n<div>\n<div id=\"PDDescription\" class=\"UserContentView userContent v1a v1 bs-view dcon dc159 PDDescription\" ><dc-con><dc-con><bs-empty><\/bs-empty><\/dc-con><dc-con>        <\/p>\n<div class=\"customDescription\">                    <\/div>\n<p><\/dc-con><dc-con><\/p>\n<p>Rovn\u00e9 proveden\u00ed<\/p>\n<p><\/dc-con><\/dc-con><\/div>\n<div id=\"PDDescription2\" class=\"UserContentView userContent v1a v1 bs-view dcon dc160 PDDescription2\" >\n<p class=\"first\"><span style=\"font-weight: normal;\">Trubkov\u00e1 otopn\u00e1 t\u011blesa <span style=\"font-weight: bold;\">KORALUX LINEAR CLASSIC<\/span> jsou vyrobena z\u00a0uzav\u0159en\u00fdch ocelov\u00fdch profil\u016f s\u00a0pr\u016f\u0159ezem ve tvaru \u201cD\u201d a\u00a0rovn\u00fdch profil\u016f s\u00a0kruhov\u00fdm pr\u016f\u0159ezem. Rozte\u010d p\u0159ipojen\u00ed na otopnou soustavu je odvozena z\u00a0d\u00e9lky otopn\u00e9ho t\u011blesa. Otopn\u00e1 t\u011blesa jsou dod\u00e1van\u00e1 se sadou pro upevn\u011bn\u00ed na st\u011bnu v\u010detn\u011b odvzdu\u0161\u0148ovac\u00ed a\u00a0zaslepovac\u00ed z\u00e1tky.<br \/><\/span><\/p>\n<p class=\"first\"><span style=\"font-weight: normal;\"><span style=\"font-weight: normal;\"><span style=\"font-weight: normal;\"><span style=\"font-weight: normal;\">Konstruk\u010dn\u00ed \u0159e\u0161en\u00ed umo\u017e\u0148uje dosou\u0161en\u00ed textili\u00ed. V\u00a0na\u0161\u00ed nab\u00eddce nyn\u00ed naleznete <a target=\"_blank\" href=\"http:\/\/www.profi-union.cz\/cs\/vyrobky\/koralux\/prislusenstvi-koralux.shtml\"><span style=\"color: #0066cc;\">su\u0161\u00e1ky a\u00a0v\u011b\u0161\u00e1ky<\/span><\/a><\/span><span style=\"font-weight: normal;\">, kter\u00e9 roz\u0161\u00ed\u0159\u00ed praktick\u00e9 vyu\u017eit\u00ed trubkov\u00fdch otopn\u00fdch t\u011bles KORALUX.<\/span><\/span><\/span><\/span><\/p>\n<p class=\"first\"><span style=\"font-weight: normal;\"><span style=\"font-weight: normal;\"><span style=\"font-weight: normal;\"><span style=\"font-weight: normal;\"><img decoding=\"async\" title=\"\" style=\"width: 661px; height: 400px;\" src=\"\/\/cdn.topenilevne.cz\/data\/user-content\/tabulky radiatory\/KLC vykres.jpg\"><\/span><\/span><\/span><\/span><\/p>\n<table style=\"border-collapse: collapse;\">\n<tbody>\n<tr>\n<td style=\"border: 1px solid black;\">H: V\u00fd\u0161ka (mm)<\/td>\n<td style=\"border: 1px solid black;\" colspan=\"1\">700, 900, 1220, 1500, 1820<\/td>\n<\/tr>\n<tr>\n<td style=\"border: 1px solid black;\">L: D\u00e9lka (mm)<\/td>\n<td style=\"border: 1px solid black;\" colspan=\"1\">450, 500, 600, 750<\/td>\n<\/tr>\n<tr>\n<td style=\"border: 1px solid black;\">Nejvy\u0161\u0161\u00ed p\u0159\u00edpustn\u00e1 provozn\u00ed teplota<\/td>\n<td style=\"border: 1px solid black;\" colspan=\"1\">110 \u00b0C<\/td>\n<\/tr>\n<tr>\n<td style=\"border: 1px solid black;\">Nejvy\u0161\u0161\u00ed p\u0159\u00edpustn\u00fd provozn\u00ed p\u0159etlak<\/td>\n<td style=\"border: 1px solid black;\" colspan=\"1\">1,0 MPa<\/td>\n<\/tr>\n<tr>\n<td style=\"border: 1px solid black;\">P\u0159ipojovac\u00ed z\u00e1vit<\/td>\n<td style=\"border: 1px solid black;\" colspan=\"1\">G 1\/2&#8243; vnit\u0159n\u00ed<\/td>\n<\/tr>\n<tr>\n<td style=\"border: 1px solid black;\">P\u0159ipojovac\u00ed rozte\u010d<\/td>\n<td style=\"border: 1px solid black;\" colspan=\"1\">h = L &#8211; 30 mm<\/td>\n<\/tr>\n<\/tbody>\n<\/table>\n<p>\u00a0<\/p>\n<p><span style=\"font-weight: normal;\"><span style=\"font-weight: normal;\">Lze je rovn\u011b\u017e pou\u017e\u00edt pro <\/span>kombinovan\u00e9 vyt\u00e1p\u011bn\u00ed<span style=\"font-weight: normal;\">.<\/span><\/span><\/p>\n<p><span style=\"font-weight: normal;\"><span style=\"font-weight: normal;\">Do prodejn\u00edho sortimentu je za\u0159azeno tak\u00e9 elektrick\u00e9 p\u0159\u00edmotopn\u00e9 otopn\u00e9 t\u011bleso <\/span><strong>KORALUX LINEAR CLASSIC\u00a0\u2013\u00a0E<\/strong><span style=\"font-weight: normal;\">.<\/span><\/span><\/p>\n<p><span style=\"font-weight: normal;\"><span style=\"font-weight: normal;\"><img decoding=\"async\" title=\"\" style=\"width: 693px; height: 249px;\" src=\"\/\/cdn.topenilevne.cz\/data\/user-content\/tabulky radiatory\/tabulka KLC final.jpg\"><\/span><\/span><\/p>\n<p><img decoding=\"async\" title=\"\" src=\"\/\/cdn.topenilevne.cz\/data\/user-content\/tabulky radiatory\/obrazek zapojeni klc.jpg\"><\/p>\n<\/div><\/div>\n<div id=\"PDTable3\" class=\"ProductDetailTableView v3a v3 bs-view dcon dc180 PDTable3\" >\n<table>\n<thead><\/thead>\n<tbody>\n<tr class=\"attribute attr_sirka\">\n<td class=\"caption\">\u0160\u00ed\u0159ka v mm<\/td>\n<td class=\"value\">600<\/td>\n<\/tr>\n<tr class=\"attribute attr_Vyska\">\n<td class=\"caption\">V\u00fd\u0161ka v mm<\/td>\n<td class=\"value\">1220<\/td>\n<\/tr>\n<tr class=\"attribute attr_pripojeni\">\n<td class=\"caption\">P\u0159ipojen\u00ed<\/td>\n<td class=\"value\">Spodn\u00ed<\/td>\n<\/tr>\n<tr class=\"attribute attr_vyrobce\">\n<td class=\"caption\">V\u00fdrobce<\/td>\n<td class=\"value\">Korado &#8211; Koralux<\/td>\n<\/tr>\n<tr class=\"attribute attr_bsshop_e1_VPrBsVykonRad\">\n<td class=\"caption\">V\u00fdkon<\/td>\n<td class=\"value\">729 W<\/td>\n<\/tr>\n<tr class=\"weight\">\n<td class=\"caption\"><span>Hmotnost<\/span><\/td>\n<td class=\"value\"><span>9,68 kg<\/span><\/td>\n<\/tr>\n<\/tbody>\n<\/table>\n<\/div>\n<div id=\"PdProductGpsr\" class=\"ProductGpsrView v1a v1 bs-view dcon dc212 PdProductGpsr\" >\n<div class=\"subject\"><dc-root class=\"dcon dc214\"><span class=\"title\">Zodpov\u011bdn&#253; subjekt:<\/span><dc-con><dc-con><span class=\"company\">KORADO, a.s.<\/span><span class=\"name\">Korado<\/span><\/dc-con><dc-con><span class=\"street\">B\u0159&#237; Hub&#225;lk\u016f 869<\/span><span class=\"city\">\u010cesk&#225; T\u0159ebov&#225;<\/span><span class=\"zip\">560 02<\/span><span class=\"country\">\u010cesko<\/span><\/dc-con><span class=\"email\">info@korado.cz<\/span><span class=\"phone\">800 111 506<\/span><bs-empty><\/bs-empty><a href=\"https:\/\/www.korado.cz\/\" class=\"link\" target=\"_blank\">https:\/\/www.korado.cz\/<\/a><\/dc-con><bs-empty><\/bs-empty><\/dc-root><\/div>\n<p><bs-empty><\/bs-empty><\/div>\n<\/div>\n<div id=\"e9485391\" class=\"tabs\">\n","protected":false},"excerpt":{"rendered":"<p>Rovn\u00e9 proveden\u00ed Trubkov\u00e1 otopn\u00e1 t\u011blesa KORALUX LINEAR CLASSIC jsou vyrobena z\u00a0uzav\u0159en\u00fdch ocelov\u00fdch profil\u016f s\u00a0pr\u016f\u0159ezem ve tvaru \u201cD\u201d a\u00a0rovn\u00fdch profil\u016f s\u00a0kruhov\u00fdm pr\u016f\u0159ezem. Rozte\u010d p\u0159ipojen\u00ed na otopnou soustavu je odvozena z\u00a0d\u00e9lky otopn\u00e9ho t\u011blesa. Otopn\u00e1 t\u011blesa jsou dod\u00e1van\u00e1 se sadou pro upevn\u011bn\u00ed na st\u011bnu v\u010detn\u011b odvzdu\u0161\u0148ovac\u00ed a\u00a0zaslepovac\u00ed z\u00e1tky. Konstruk\u010dn\u00ed \u0159e\u0161en\u00ed umo\u017e\u0148uje dosou\u0161en\u00ed textili\u00ed. V\u00a0na\u0161\u00ed nab\u00eddce nyn\u00ed naleznete su\u0161\u00e1ky [&hellip;]<\/p>\n","protected":false},"featured_media":64888,"comment_status":"open","ping_status":"open","template":"","meta":[],"product_brand":[],"product_cat":[98],"product_tag":[],"class_list":{"0":"post-64788","1":"product","2":"type-product","3":"status-publish","4":"has-post-thumbnail","6":"product_cat-radi-225-tory","8":"first","9":"instock","10":"sale","11":"shipping-taxable","12":"purchasable","13":"product-type-simple"},"yoast_head":"<!-- This site is optimized with the Yoast SEO plugin v26.8 - https:\/\/yoast.com\/product\/yoast-seo-wordpress\/ -->\n<title>Akce Korado Koralux Linear Classic KLC 600\/1220 -<\/title>\n<meta name=\"robots\" content=\"index, follow, max-snippet:-1, max-image-preview:large, max-video-preview:-1\" \/>\n<link rel=\"canonical\" href=\"https:\/\/www.domkraftpro.com\/index.php\/produkt\/akce-korado-koralux-linear-classic-klc-600-1220-64788\/\" \/>\n<meta property=\"og:locale\" content=\"cs_CZ\" \/>\n<meta property=\"og:type\" content=\"article\" \/>\n<meta property=\"og:title\" content=\"Akce Korado Koralux Linear Classic KLC 600\/1220 -\" \/>\n<meta property=\"og:description\" content=\"Rovn\u00e9 proveden\u00ed Trubkov\u00e1 otopn\u00e1 t\u011blesa KORALUX LINEAR CLASSIC jsou vyrobena z\u00a0uzav\u0159en\u00fdch ocelov\u00fdch profil\u016f s\u00a0pr\u016f\u0159ezem ve tvaru \u201cD\u201d a\u00a0rovn\u00fdch profil\u016f s\u00a0kruhov\u00fdm pr\u016f\u0159ezem. Rozte\u010d p\u0159ipojen\u00ed na otopnou soustavu je odvozena z\u00a0d\u00e9lky otopn\u00e9ho t\u011blesa. Otopn\u00e1 t\u011blesa jsou dod\u00e1van\u00e1 se sadou pro upevn\u011bn\u00ed na st\u011bnu v\u010detn\u011b odvzdu\u0161\u0148ovac\u00ed a\u00a0zaslepovac\u00ed z\u00e1tky. Konstruk\u010dn\u00ed \u0159e\u0161en\u00ed umo\u017e\u0148uje dosou\u0161en\u00ed textili\u00ed. V\u00a0na\u0161\u00ed nab\u00eddce nyn\u00ed naleznete su\u0161\u00e1ky [&hellip;]\" \/>\n<meta property=\"og:url\" content=\"https:\/\/www.domkraftpro.com\/index.php\/produkt\/akce-korado-koralux-linear-classic-klc-600-1220-64788\/\" \/>\n<meta property=\"og:image\" content=\"https:\/\/www.domkraftpro.com\/wp-content\/uploads\/2026\/SK0007356-CZ20260425-093449-0-1777080895-korado-koralux-linear-classic-klc-600-1220.webp\" \/>\n\t<meta property=\"og:image:width\" content=\"1000\" \/>\n\t<meta property=\"og:image:height\" content=\"525\" \/>\n\t<meta property=\"og:image:type\" content=\"image\/webp\" \/>\n<meta name=\"twitter:card\" content=\"summary_large_image\" \/>\n<meta name=\"twitter:label1\" content=\"Odhadovan\u00e1 doba \u010dten\u00ed\" \/>\n\t<meta name=\"twitter:data1\" content=\"1 minuta\" \/>\n<script type=\"application\/ld+json\" class=\"yoast-schema-graph\">{\"@context\":\"https:\/\/schema.org\",\"@graph\":[{\"@type\":\"WebPage\",\"@id\":\"https:\/\/www.domkraftpro.com\/index.php\/produkt\/akce-korado-koralux-linear-classic-klc-600-1220-64788\/\",\"url\":\"https:\/\/www.domkraftpro.com\/index.php\/produkt\/akce-korado-koralux-linear-classic-klc-600-1220-64788\/\",\"name\":\"Akce Korado Koralux Linear Classic KLC 600\/1220 -\",\"isPartOf\":{\"@id\":\"https:\/\/www.domkraftpro.com\/#website\"},\"primaryImageOfPage\":{\"@id\":\"https:\/\/www.domkraftpro.com\/index.php\/produkt\/akce-korado-koralux-linear-classic-klc-600-1220-64788\/#primaryimage\"},\"image\":{\"@id\":\"https:\/\/www.domkraftpro.com\/index.php\/produkt\/akce-korado-koralux-linear-classic-klc-600-1220-64788\/#primaryimage\"},\"thumbnailUrl\":\"https:\/\/www.domkraftpro.com\/wp-content\/uploads\/2026\/SK0007356-CZ20260425-093449-0-1777080895-korado-koralux-linear-classic-klc-600-1220.webp\",\"datePublished\":\"2026-04-27T04:43:21+00:00\",\"breadcrumb\":{\"@id\":\"https:\/\/www.domkraftpro.com\/index.php\/produkt\/akce-korado-koralux-linear-classic-klc-600-1220-64788\/#breadcrumb\"},\"inLanguage\":\"cs\",\"potentialAction\":[{\"@type\":\"ReadAction\",\"target\":[\"https:\/\/www.domkraftpro.com\/index.php\/produkt\/akce-korado-koralux-linear-classic-klc-600-1220-64788\/\"]}]},{\"@type\":\"ImageObject\",\"inLanguage\":\"cs\",\"@id\":\"https:\/\/www.domkraftpro.com\/index.php\/produkt\/akce-korado-koralux-linear-classic-klc-600-1220-64788\/#primaryimage\",\"url\":\"https:\/\/www.domkraftpro.com\/wp-content\/uploads\/2026\/SK0007356-CZ20260425-093449-0-1777080895-korado-koralux-linear-classic-klc-600-1220.webp\",\"contentUrl\":\"https:\/\/www.domkraftpro.com\/wp-content\/uploads\/2026\/SK0007356-CZ20260425-093449-0-1777080895-korado-koralux-linear-classic-klc-600-1220.webp\",\"width\":1000,\"height\":525},{\"@type\":\"BreadcrumbList\",\"@id\":\"https:\/\/www.domkraftpro.com\/index.php\/produkt\/akce-korado-koralux-linear-classic-klc-600-1220-64788\/#breadcrumb\",\"itemListElement\":[{\"@type\":\"ListItem\",\"position\":1,\"name\":\"Home\",\"item\":\"https:\/\/www.domkraftpro.com\/\"},{\"@type\":\"ListItem\",\"position\":2,\"name\":\"Products\",\"item\":\"https:\/\/www.domkraftpro.com\/index.php\/products\/\"},{\"@type\":\"ListItem\",\"position\":3,\"name\":\"Akce Korado Koralux Linear Classic KLC 600\/1220\"}]},{\"@type\":\"WebSite\",\"@id\":\"https:\/\/www.domkraftpro.com\/#website\",\"url\":\"https:\/\/www.domkraftpro.com\/\",\"name\":\"\",\"description\":\"\",\"potentialAction\":[{\"@type\":\"SearchAction\",\"target\":{\"@type\":\"EntryPoint\",\"urlTemplate\":\"https:\/\/www.domkraftpro.com\/?s={search_term_string}\"},\"query-input\":{\"@type\":\"PropertyValueSpecification\",\"valueRequired\":true,\"valueName\":\"search_term_string\"}}],\"inLanguage\":\"cs\"}]}<\/script>\n<!-- \/ Yoast SEO plugin. -->","yoast_head_json":{"title":"Akce Korado Koralux Linear Classic KLC 600\/1220 -","robots":{"index":"index","follow":"follow","max-snippet":"max-snippet:-1","max-image-preview":"max-image-preview:large","max-video-preview":"max-video-preview:-1"},"canonical":"https:\/\/www.domkraftpro.com\/index.php\/produkt\/akce-korado-koralux-linear-classic-klc-600-1220-64788\/","og_locale":"cs_CZ","og_type":"article","og_title":"Akce Korado Koralux Linear Classic KLC 600\/1220 -","og_description":"Rovn\u00e9 proveden\u00ed Trubkov\u00e1 otopn\u00e1 t\u011blesa KORALUX LINEAR CLASSIC jsou vyrobena z\u00a0uzav\u0159en\u00fdch ocelov\u00fdch profil\u016f s\u00a0pr\u016f\u0159ezem ve tvaru \u201cD\u201d a\u00a0rovn\u00fdch profil\u016f s\u00a0kruhov\u00fdm pr\u016f\u0159ezem. Rozte\u010d p\u0159ipojen\u00ed na otopnou soustavu je odvozena z\u00a0d\u00e9lky otopn\u00e9ho t\u011blesa. Otopn\u00e1 t\u011blesa jsou dod\u00e1van\u00e1 se sadou pro upevn\u011bn\u00ed na st\u011bnu v\u010detn\u011b odvzdu\u0161\u0148ovac\u00ed a\u00a0zaslepovac\u00ed z\u00e1tky. Konstruk\u010dn\u00ed \u0159e\u0161en\u00ed umo\u017e\u0148uje dosou\u0161en\u00ed textili\u00ed. V\u00a0na\u0161\u00ed nab\u00eddce nyn\u00ed naleznete su\u0161\u00e1ky [&hellip;]","og_url":"https:\/\/www.domkraftpro.com\/index.php\/produkt\/akce-korado-koralux-linear-classic-klc-600-1220-64788\/","og_image":[{"width":1000,"height":525,"url":"https:\/\/www.domkraftpro.com\/wp-content\/uploads\/2026\/SK0007356-CZ20260425-093449-0-1777080895-korado-koralux-linear-classic-klc-600-1220.webp","type":"image\/webp"}],"twitter_card":"summary_large_image","twitter_misc":{"Odhadovan\u00e1 doba \u010dten\u00ed":"1 minuta"},"schema":{"@context":"https:\/\/schema.org","@graph":[{"@type":"WebPage","@id":"https:\/\/www.domkraftpro.com\/index.php\/produkt\/akce-korado-koralux-linear-classic-klc-600-1220-64788\/","url":"https:\/\/www.domkraftpro.com\/index.php\/produkt\/akce-korado-koralux-linear-classic-klc-600-1220-64788\/","name":"Akce Korado Koralux Linear Classic KLC 600\/1220 -","isPartOf":{"@id":"https:\/\/www.domkraftpro.com\/#website"},"primaryImageOfPage":{"@id":"https:\/\/www.domkraftpro.com\/index.php\/produkt\/akce-korado-koralux-linear-classic-klc-600-1220-64788\/#primaryimage"},"image":{"@id":"https:\/\/www.domkraftpro.com\/index.php\/produkt\/akce-korado-koralux-linear-classic-klc-600-1220-64788\/#primaryimage"},"thumbnailUrl":"https:\/\/www.domkraftpro.com\/wp-content\/uploads\/2026\/SK0007356-CZ20260425-093449-0-1777080895-korado-koralux-linear-classic-klc-600-1220.webp","datePublished":"2026-04-27T04:43:21+00:00","breadcrumb":{"@id":"https:\/\/www.domkraftpro.com\/index.php\/produkt\/akce-korado-koralux-linear-classic-klc-600-1220-64788\/#breadcrumb"},"inLanguage":"cs","potentialAction":[{"@type":"ReadAction","target":["https:\/\/www.domkraftpro.com\/index.php\/produkt\/akce-korado-koralux-linear-classic-klc-600-1220-64788\/"]}]},{"@type":"ImageObject","inLanguage":"cs","@id":"https:\/\/www.domkraftpro.com\/index.php\/produkt\/akce-korado-koralux-linear-classic-klc-600-1220-64788\/#primaryimage","url":"https:\/\/www.domkraftpro.com\/wp-content\/uploads\/2026\/SK0007356-CZ20260425-093449-0-1777080895-korado-koralux-linear-classic-klc-600-1220.webp","contentUrl":"https:\/\/www.domkraftpro.com\/wp-content\/uploads\/2026\/SK0007356-CZ20260425-093449-0-1777080895-korado-koralux-linear-classic-klc-600-1220.webp","width":1000,"height":525},{"@type":"BreadcrumbList","@id":"https:\/\/www.domkraftpro.com\/index.php\/produkt\/akce-korado-koralux-linear-classic-klc-600-1220-64788\/#breadcrumb","itemListElement":[{"@type":"ListItem","position":1,"name":"Home","item":"https:\/\/www.domkraftpro.com\/"},{"@type":"ListItem","position":2,"name":"Products","item":"https:\/\/www.domkraftpro.com\/index.php\/products\/"},{"@type":"ListItem","position":3,"name":"Akce Korado Koralux Linear Classic KLC 600\/1220"}]},{"@type":"WebSite","@id":"https:\/\/www.domkraftpro.com\/#website","url":"https:\/\/www.domkraftpro.com\/","name":"","description":"","potentialAction":[{"@type":"SearchAction","target":{"@type":"EntryPoint","urlTemplate":"https:\/\/www.domkraftpro.com\/?s={search_term_string}"},"query-input":{"@type":"PropertyValueSpecification","valueRequired":true,"valueName":"search_term_string"}}],"inLanguage":"cs"}]}},"_links":{"self":[{"href":"https:\/\/www.domkraftpro.com\/index.php\/wp-json\/wp\/v2\/product\/64788","targetHints":{"allow":["GET"]}}],"collection":[{"href":"https:\/\/www.domkraftpro.com\/index.php\/wp-json\/wp\/v2\/product"}],"about":[{"href":"https:\/\/www.domkraftpro.com\/index.php\/wp-json\/wp\/v2\/types\/product"}],"replies":[{"embeddable":true,"href":"https:\/\/www.domkraftpro.com\/index.php\/wp-json\/wp\/v2\/comments?post=64788"}],"wp:featuredmedia":[{"embeddable":true,"href":"https:\/\/www.domkraftpro.com\/index.php\/wp-json\/wp\/v2\/media\/64888"}],"wp:attachment":[{"href":"https:\/\/www.domkraftpro.com\/index.php\/wp-json\/wp\/v2\/media?parent=64788"}],"wp:term":[{"taxonomy":"product_brand","embeddable":true,"href":"https:\/\/www.domkraftpro.com\/index.php\/wp-json\/wp\/v2\/product_brand?post=64788"},{"taxonomy":"product_cat","embeddable":true,"href":"https:\/\/www.domkraftpro.com\/index.php\/wp-json\/wp\/v2\/product_cat?post=64788"},{"taxonomy":"product_tag","embeddable":true,"href":"https:\/\/www.domkraftpro.com\/index.php\/wp-json\/wp\/v2\/product_tag?post=64788"}],"curies":[{"name":"wp","href":"https:\/\/api.w.org\/{rel}","templated":true}]}}