{"id":64578,"date":"2026-04-27T04:43:20","date_gmt":"2026-04-27T04:43:20","guid":{"rendered":""},"modified":"2026-04-27T04:43:20","modified_gmt":"2026-04-27T04:43:20","slug":"easy-umyvatko-51x22-cm-s-otvorem-pro-baterii-tovarni-cena-64578","status":"publish","type":"product","link":"https:\/\/www.domkraftpro.com\/index.php\/produkt\/easy-umyvatko-51x22-cm-s-otvorem-pro-baterii-tovarni-cena-64578\/","title":{"rendered":"EASY Um\u00fdv\u00e1tko 51&#215;22 cm s otvorem pro baterii Tov\u00e1rn\u00ed Cena"},"content":{"rendered":"<div id=\"e9429781\" class=\"pages\">\n<div>\n<div id=\"PDDescription\" class=\"UserContentView userContent v1a v1 bs-view dcon dc159 PDDescription\" ><dc-con><dc-con><bs-empty><\/bs-empty><\/dc-con><dc-con>        <\/p>\n<div class=\"customDescription\">                    <\/div>\n<p><\/dc-con><dc-con><\/p>\n<div>Keramick\u00e9 um\u00fdv\u00e1tko s otvorem na baterii pouze na prav\u00e9 stran\u011b a s p\u0159epadem. Mo\u017enosti instalace na zav\u011b\u0161en\u00ed. <\/p>\n<p>Umyvadlo se dod\u00e1v\u00e1 bez upev\u0148ovac\u00edch \u0161roub\u016f.<\/p><\/div>\n<table class='techparam_table'>\n<tr>\n<td>Typ<\/td>\n<td>Um\u00fdv\u00e1tko<\/td>\n<\/tr>\n<tr>\n<td>Tvar<\/td>\n<td>Hranat\u00fd<\/td>\n<\/tr>\n<tr>\n<td>Barva<\/td>\n<td>B\u00edl\u00e1<\/td>\n<\/tr>\n<tr>\n<td>\u0160\u00ed\u0159ka<\/td>\n<td>510 mm<\/td>\n<\/tr>\n<tr>\n<td>P\u0159epad<\/td>\n<td>Ne<\/td>\n<\/tr>\n<tr>\n<td>Hloubka<\/td>\n<td>210 mm<\/td>\n<\/tr>\n<tr>\n<td>Materi\u00e1l<\/td>\n<td>Keramika<\/td>\n<\/tr>\n<tr>\n<td>Um\u00edst\u011bn\u00ed<\/td>\n<td>Na st\u011bnu<\/td>\n<\/tr>\n<tr>\n<td>Otvor pro baterii<\/td>\n<td>Ano<\/td>\n<\/tr>\n<\/table>\n<p><\/dc-con><\/dc-con><\/div>\n<\/p><\/div>\n<div id=\"PDTable3\" class=\"ProductDetailTableView v3a v3 bs-view dcon dc180 PDTable3\" >\n<table>\n<thead><\/thead>\n<tbody>\n<tr class=\"attribute attr_material\">\n<td class=\"caption\">Materi\u00e1l<\/td>\n<td class=\"value\">Keramika<\/td>\n<\/tr>\n<\/tbody>\n<\/table>\n<\/div>\n<div id=\"ProductMedia\" class=\"ProductMediaView MediaViewBase v1a v1 bs-view dcon dc404 ProductMedia\" ><bs-empty><\/bs-empty><\/p>\n<div class=\"files\">\n<div class=\"title sub\">Soubory<\/div>\n<p><a href=\"\/media\/8422\/t-070-003-sap51-technicky-list.pdf?&amp;key=ZGpmIyQwNUZfODQyMg==\" class=\"pdf\">T_070_003_SAP51_technicky_list.pdf<\/a><a href=\"\/media\/43415\/l6756481f94288-t-070-003-sap51-technicky-list-pdf-2023-11-10-08-37-07.pdf?&amp;key=ZGpmIyQwNUZfNDM0MTU=\" class=\"pdf\">l6756481f94288-t-070-003-sap51-technicky-list-pdf-2023-11-10-08-37-07.pdf<\/a><\/div>\n<p><bs-empty><\/bs-empty><\/div>\n<\/div>\n<div id=\"e9429782\" class=\"tabs\">\n","protected":false},"excerpt":{"rendered":"<p>Keramick\u00e9 um\u00fdv\u00e1tko s otvorem na baterii pouze na prav\u00e9 stran\u011b a s p\u0159epadem. Mo\u017enosti instalace na zav\u011b\u0161en\u00ed. Umyvadlo se dod\u00e1v\u00e1 bez upev\u0148ovac\u00edch \u0161roub\u016f. Typ Um\u00fdv\u00e1tko Tvar Hranat\u00fd Barva B\u00edl\u00e1 \u0160\u00ed\u0159ka 510 mm P\u0159epad Ne Hloubka 210 mm Materi\u00e1l Keramika Um\u00edst\u011bn\u00ed Na st\u011bnu Otvor pro baterii Ano Materi\u00e1l Keramika Soubory T_070_003_SAP51_technicky_list.pdfl6756481f94288-t-070-003-sap51-technicky-list-pdf-2023-11-10-08-37-07.pdf<\/p>\n","protected":false},"featured_media":64678,"comment_status":"open","ping_status":"open","template":"","meta":[],"product_brand":[],"product_cat":[101],"product_tag":[],"class_list":{"0":"post-64578","1":"product","2":"type-product","3":"status-publish","4":"has-post-thumbnail","6":"product_cat-vybaven-237-koupelny","8":"first","9":"instock","10":"sale","11":"shipping-taxable","12":"purchasable","13":"product-type-simple"},"yoast_head":"<!-- This site is optimized with the Yoast SEO plugin v26.8 - https:\/\/yoast.com\/product\/yoast-seo-wordpress\/ -->\n<title>EASY Um\u00fdv\u00e1tko 51x22 cm s otvorem pro baterii Tov\u00e1rn\u00ed Cena -<\/title>\n<meta name=\"robots\" content=\"index, follow, max-snippet:-1, max-image-preview:large, max-video-preview:-1\" \/>\n<link rel=\"canonical\" href=\"https:\/\/www.domkraftpro.com\/index.php\/produkt\/easy-umyvatko-51x22-cm-s-otvorem-pro-baterii-tovarni-cena-64578\/\" \/>\n<meta property=\"og:locale\" content=\"cs_CZ\" \/>\n<meta property=\"og:type\" content=\"article\" \/>\n<meta property=\"og:title\" content=\"EASY Um\u00fdv\u00e1tko 51x22 cm s otvorem pro baterii Tov\u00e1rn\u00ed Cena -\" \/>\n<meta property=\"og:description\" content=\"Keramick\u00e9 um\u00fdv\u00e1tko s otvorem na baterii pouze na prav\u00e9 stran\u011b a s p\u0159epadem. Mo\u017enosti instalace na zav\u011b\u0161en\u00ed. Umyvadlo se dod\u00e1v\u00e1 bez upev\u0148ovac\u00edch \u0161roub\u016f. Typ Um\u00fdv\u00e1tko Tvar Hranat\u00fd Barva B\u00edl\u00e1 \u0160\u00ed\u0159ka 510 mm P\u0159epad Ne Hloubka 210 mm Materi\u00e1l Keramika Um\u00edst\u011bn\u00ed Na st\u011bnu Otvor pro baterii Ano Materi\u00e1l Keramika Soubory T_070_003_SAP51_technicky_list.pdfl6756481f94288-t-070-003-sap51-technicky-list-pdf-2023-11-10-08-37-07.pdf\" \/>\n<meta property=\"og:url\" content=\"https:\/\/www.domkraftpro.com\/index.php\/produkt\/easy-umyvatko-51x22-cm-s-otvorem-pro-baterii-tovarni-cena-64578\/\" \/>\n<meta property=\"og:image\" content=\"https:\/\/www.domkraftpro.com\/wp-content\/uploads\/2026\/SK0007243-CZ20260425-093449-0-1777080895-easy-umyvatko-51x22-cm-s-otvorem-pro-baterii.webp\" \/>\n\t<meta property=\"og:image:width\" content=\"1000\" \/>\n\t<meta property=\"og:image:height\" content=\"525\" \/>\n\t<meta property=\"og:image:type\" content=\"image\/webp\" \/>\n<meta name=\"twitter:card\" content=\"summary_large_image\" \/>\n<script type=\"application\/ld+json\" class=\"yoast-schema-graph\">{\"@context\":\"https:\/\/schema.org\",\"@graph\":[{\"@type\":\"WebPage\",\"@id\":\"https:\/\/www.domkraftpro.com\/index.php\/produkt\/easy-umyvatko-51x22-cm-s-otvorem-pro-baterii-tovarni-cena-64578\/\",\"url\":\"https:\/\/www.domkraftpro.com\/index.php\/produkt\/easy-umyvatko-51x22-cm-s-otvorem-pro-baterii-tovarni-cena-64578\/\",\"name\":\"EASY Um\u00fdv\u00e1tko 51x22 cm s otvorem pro baterii Tov\u00e1rn\u00ed Cena -\",\"isPartOf\":{\"@id\":\"https:\/\/www.domkraftpro.com\/#website\"},\"primaryImageOfPage\":{\"@id\":\"https:\/\/www.domkraftpro.com\/index.php\/produkt\/easy-umyvatko-51x22-cm-s-otvorem-pro-baterii-tovarni-cena-64578\/#primaryimage\"},\"image\":{\"@id\":\"https:\/\/www.domkraftpro.com\/index.php\/produkt\/easy-umyvatko-51x22-cm-s-otvorem-pro-baterii-tovarni-cena-64578\/#primaryimage\"},\"thumbnailUrl\":\"https:\/\/www.domkraftpro.com\/wp-content\/uploads\/2026\/SK0007243-CZ20260425-093449-0-1777080895-easy-umyvatko-51x22-cm-s-otvorem-pro-baterii.webp\",\"datePublished\":\"2026-04-27T04:43:20+00:00\",\"breadcrumb\":{\"@id\":\"https:\/\/www.domkraftpro.com\/index.php\/produkt\/easy-umyvatko-51x22-cm-s-otvorem-pro-baterii-tovarni-cena-64578\/#breadcrumb\"},\"inLanguage\":\"cs\",\"potentialAction\":[{\"@type\":\"ReadAction\",\"target\":[\"https:\/\/www.domkraftpro.com\/index.php\/produkt\/easy-umyvatko-51x22-cm-s-otvorem-pro-baterii-tovarni-cena-64578\/\"]}]},{\"@type\":\"ImageObject\",\"inLanguage\":\"cs\",\"@id\":\"https:\/\/www.domkraftpro.com\/index.php\/produkt\/easy-umyvatko-51x22-cm-s-otvorem-pro-baterii-tovarni-cena-64578\/#primaryimage\",\"url\":\"https:\/\/www.domkraftpro.com\/wp-content\/uploads\/2026\/SK0007243-CZ20260425-093449-0-1777080895-easy-umyvatko-51x22-cm-s-otvorem-pro-baterii.webp\",\"contentUrl\":\"https:\/\/www.domkraftpro.com\/wp-content\/uploads\/2026\/SK0007243-CZ20260425-093449-0-1777080895-easy-umyvatko-51x22-cm-s-otvorem-pro-baterii.webp\",\"width\":1000,\"height\":525},{\"@type\":\"BreadcrumbList\",\"@id\":\"https:\/\/www.domkraftpro.com\/index.php\/produkt\/easy-umyvatko-51x22-cm-s-otvorem-pro-baterii-tovarni-cena-64578\/#breadcrumb\",\"itemListElement\":[{\"@type\":\"ListItem\",\"position\":1,\"name\":\"Home\",\"item\":\"https:\/\/www.domkraftpro.com\/\"},{\"@type\":\"ListItem\",\"position\":2,\"name\":\"Products\",\"item\":\"https:\/\/www.domkraftpro.com\/index.php\/products\/\"},{\"@type\":\"ListItem\",\"position\":3,\"name\":\"EASY Um\u00fdv\u00e1tko 51&#215;22 cm s otvorem pro baterii Tov\u00e1rn\u00ed Cena\"}]},{\"@type\":\"WebSite\",\"@id\":\"https:\/\/www.domkraftpro.com\/#website\",\"url\":\"https:\/\/www.domkraftpro.com\/\",\"name\":\"\",\"description\":\"\",\"potentialAction\":[{\"@type\":\"SearchAction\",\"target\":{\"@type\":\"EntryPoint\",\"urlTemplate\":\"https:\/\/www.domkraftpro.com\/?s={search_term_string}\"},\"query-input\":{\"@type\":\"PropertyValueSpecification\",\"valueRequired\":true,\"valueName\":\"search_term_string\"}}],\"inLanguage\":\"cs\"}]}<\/script>\n<!-- \/ Yoast SEO plugin. -->","yoast_head_json":{"title":"EASY Um\u00fdv\u00e1tko 51x22 cm s otvorem pro baterii Tov\u00e1rn\u00ed Cena -","robots":{"index":"index","follow":"follow","max-snippet":"max-snippet:-1","max-image-preview":"max-image-preview:large","max-video-preview":"max-video-preview:-1"},"canonical":"https:\/\/www.domkraftpro.com\/index.php\/produkt\/easy-umyvatko-51x22-cm-s-otvorem-pro-baterii-tovarni-cena-64578\/","og_locale":"cs_CZ","og_type":"article","og_title":"EASY Um\u00fdv\u00e1tko 51x22 cm s otvorem pro baterii Tov\u00e1rn\u00ed Cena -","og_description":"Keramick\u00e9 um\u00fdv\u00e1tko s otvorem na baterii pouze na prav\u00e9 stran\u011b a s p\u0159epadem. Mo\u017enosti instalace na zav\u011b\u0161en\u00ed. Umyvadlo se dod\u00e1v\u00e1 bez upev\u0148ovac\u00edch \u0161roub\u016f. Typ Um\u00fdv\u00e1tko Tvar Hranat\u00fd Barva B\u00edl\u00e1 \u0160\u00ed\u0159ka 510 mm P\u0159epad Ne Hloubka 210 mm Materi\u00e1l Keramika Um\u00edst\u011bn\u00ed Na st\u011bnu Otvor pro baterii Ano Materi\u00e1l Keramika Soubory T_070_003_SAP51_technicky_list.pdfl6756481f94288-t-070-003-sap51-technicky-list-pdf-2023-11-10-08-37-07.pdf","og_url":"https:\/\/www.domkraftpro.com\/index.php\/produkt\/easy-umyvatko-51x22-cm-s-otvorem-pro-baterii-tovarni-cena-64578\/","og_image":[{"width":1000,"height":525,"url":"https:\/\/www.domkraftpro.com\/wp-content\/uploads\/2026\/SK0007243-CZ20260425-093449-0-1777080895-easy-umyvatko-51x22-cm-s-otvorem-pro-baterii.webp","type":"image\/webp"}],"twitter_card":"summary_large_image","schema":{"@context":"https:\/\/schema.org","@graph":[{"@type":"WebPage","@id":"https:\/\/www.domkraftpro.com\/index.php\/produkt\/easy-umyvatko-51x22-cm-s-otvorem-pro-baterii-tovarni-cena-64578\/","url":"https:\/\/www.domkraftpro.com\/index.php\/produkt\/easy-umyvatko-51x22-cm-s-otvorem-pro-baterii-tovarni-cena-64578\/","name":"EASY Um\u00fdv\u00e1tko 51x22 cm s otvorem pro baterii Tov\u00e1rn\u00ed Cena -","isPartOf":{"@id":"https:\/\/www.domkraftpro.com\/#website"},"primaryImageOfPage":{"@id":"https:\/\/www.domkraftpro.com\/index.php\/produkt\/easy-umyvatko-51x22-cm-s-otvorem-pro-baterii-tovarni-cena-64578\/#primaryimage"},"image":{"@id":"https:\/\/www.domkraftpro.com\/index.php\/produkt\/easy-umyvatko-51x22-cm-s-otvorem-pro-baterii-tovarni-cena-64578\/#primaryimage"},"thumbnailUrl":"https:\/\/www.domkraftpro.com\/wp-content\/uploads\/2026\/SK0007243-CZ20260425-093449-0-1777080895-easy-umyvatko-51x22-cm-s-otvorem-pro-baterii.webp","datePublished":"2026-04-27T04:43:20+00:00","breadcrumb":{"@id":"https:\/\/www.domkraftpro.com\/index.php\/produkt\/easy-umyvatko-51x22-cm-s-otvorem-pro-baterii-tovarni-cena-64578\/#breadcrumb"},"inLanguage":"cs","potentialAction":[{"@type":"ReadAction","target":["https:\/\/www.domkraftpro.com\/index.php\/produkt\/easy-umyvatko-51x22-cm-s-otvorem-pro-baterii-tovarni-cena-64578\/"]}]},{"@type":"ImageObject","inLanguage":"cs","@id":"https:\/\/www.domkraftpro.com\/index.php\/produkt\/easy-umyvatko-51x22-cm-s-otvorem-pro-baterii-tovarni-cena-64578\/#primaryimage","url":"https:\/\/www.domkraftpro.com\/wp-content\/uploads\/2026\/SK0007243-CZ20260425-093449-0-1777080895-easy-umyvatko-51x22-cm-s-otvorem-pro-baterii.webp","contentUrl":"https:\/\/www.domkraftpro.com\/wp-content\/uploads\/2026\/SK0007243-CZ20260425-093449-0-1777080895-easy-umyvatko-51x22-cm-s-otvorem-pro-baterii.webp","width":1000,"height":525},{"@type":"BreadcrumbList","@id":"https:\/\/www.domkraftpro.com\/index.php\/produkt\/easy-umyvatko-51x22-cm-s-otvorem-pro-baterii-tovarni-cena-64578\/#breadcrumb","itemListElement":[{"@type":"ListItem","position":1,"name":"Home","item":"https:\/\/www.domkraftpro.com\/"},{"@type":"ListItem","position":2,"name":"Products","item":"https:\/\/www.domkraftpro.com\/index.php\/products\/"},{"@type":"ListItem","position":3,"name":"EASY Um\u00fdv\u00e1tko 51&#215;22 cm s otvorem pro baterii Tov\u00e1rn\u00ed Cena"}]},{"@type":"WebSite","@id":"https:\/\/www.domkraftpro.com\/#website","url":"https:\/\/www.domkraftpro.com\/","name":"","description":"","potentialAction":[{"@type":"SearchAction","target":{"@type":"EntryPoint","urlTemplate":"https:\/\/www.domkraftpro.com\/?s={search_term_string}"},"query-input":{"@type":"PropertyValueSpecification","valueRequired":true,"valueName":"search_term_string"}}],"inLanguage":"cs"}]}},"_links":{"self":[{"href":"https:\/\/www.domkraftpro.com\/index.php\/wp-json\/wp\/v2\/product\/64578","targetHints":{"allow":["GET"]}}],"collection":[{"href":"https:\/\/www.domkraftpro.com\/index.php\/wp-json\/wp\/v2\/product"}],"about":[{"href":"https:\/\/www.domkraftpro.com\/index.php\/wp-json\/wp\/v2\/types\/product"}],"replies":[{"embeddable":true,"href":"https:\/\/www.domkraftpro.com\/index.php\/wp-json\/wp\/v2\/comments?post=64578"}],"wp:featuredmedia":[{"embeddable":true,"href":"https:\/\/www.domkraftpro.com\/index.php\/wp-json\/wp\/v2\/media\/64678"}],"wp:attachment":[{"href":"https:\/\/www.domkraftpro.com\/index.php\/wp-json\/wp\/v2\/media?parent=64578"}],"wp:term":[{"taxonomy":"product_brand","embeddable":true,"href":"https:\/\/www.domkraftpro.com\/index.php\/wp-json\/wp\/v2\/product_brand?post=64578"},{"taxonomy":"product_cat","embeddable":true,"href":"https:\/\/www.domkraftpro.com\/index.php\/wp-json\/wp\/v2\/product_cat?post=64578"},{"taxonomy":"product_tag","embeddable":true,"href":"https:\/\/www.domkraftpro.com\/index.php\/wp-json\/wp\/v2\/product_tag?post=64578"}],"curies":[{"name":"wp","href":"https:\/\/api.w.org\/{rel}","templated":true}]}}