{"id":64561,"date":"2026-04-27T04:43:20","date_gmt":"2026-04-27T04:43:20","guid":{"rendered":""},"modified":"2026-04-27T04:43:20","modified_gmt":"2026-04-27T04:43:20","slug":"ihned-k-objednani-jika-lyraplus-umyvadlo-60x49-cm-s-otvorem-pro-bat-64561","status":"publish","type":"product","link":"https:\/\/www.domkraftpro.com\/index.php\/produkt\/ihned-k-objednani-jika-lyraplus-umyvadlo-60x49-cm-s-otvorem-pro-bat-64561\/","title":{"rendered":"Ihned K Objedn\u00e1n\u00ed JIKA LYRAplus  Umyvadlo 60&#215;49 cm s otvorem pro bat"},"content":{"rendered":"<div id=\"e9420856\" class=\"pages\">\n<div>\n<div id=\"PDDescription\" class=\"UserContentView userContent v1a v1 bs-view dcon dc159 PDDescription\" ><dc-con><dc-con><bs-empty><\/bs-empty><\/dc-con><dc-con>        <\/p>\n<div class=\"customDescription\">                    <\/div>\n<p><\/dc-con><dc-con>S\u00e9rie Lyra Plus z\u016fst\u00e1v\u00e1 synonymem pro harmonick\u00e9 tvary a klasick\u00e9 linie. Umyvadlo Lyra Plus o \u0161\u00ed\u0159ce 600 mm lze je kombinovat s keramick\u00fdm krytem, sloupem nebo m\u016f\u017ee b\u00fdt instalov\u00e1no samostatn\u011b s designov\u00fdm sifonem Mio nebo Mio Style, kter\u00fd je v modern\u00ed \u010dern\u00e9 matn\u00e9 barv\u011b. Hlubok\u00e1 umyvadla p\u0159\u00edjemn\u011b dopln\u00ed baterie stejnojmenn\u00e9 s\u00e9rie. Na keramick\u00e9 v\u00fdrobky JIKA poskytujeme prodlou\u017eenou z\u00e1ruku 10 let.<\/dc-con><\/dc-con><\/div>\n<div id=\"PDDescription2\" class=\"UserContentView userContent v1a v1 bs-view dcon dc160 PDDescription2\" >\n<table class=\"params-table\">\n<tr>\n<td>Modelov\u00e9 \u010d\u00edslo<\/td>\n<td>814383<\/td>\n<\/tr>\n<tr>\n<td>D\u00e9lka (mm)<\/td>\n<td>600<\/td>\n<\/tr>\n<tr>\n<td>\u0160\u00ed\u0159ka (mm)<\/td>\n<td>490<\/td>\n<\/tr>\n<tr>\n<td>Rohov\u00e9 umyvadlo<\/td>\n<td>false<\/td>\n<\/tr>\n<tr>\n<td>Materi\u00e1l<\/td>\n<td>Sanit\u00e1rn\u00ed keramika<\/td>\n<\/tr>\n<tr>\n<td>Typ instalace<\/td>\n<td>Z\u00e1v\u011bsn\u00e9<\/td>\n<\/tr>\n<tr>\n<td>V\u00fd\u0161ka (mm)<\/td>\n<td>195<\/td>\n<\/tr>\n<tr>\n<td>Dvojit\u00e9 umyvadlo<\/td>\n<td>false<\/td>\n<\/tr>\n<\/table>\n<\/div><\/div>\n<div id=\"PDTable3\" class=\"ProductDetailTableView v3a v3 bs-view dcon dc180 PDTable3\" >\n<table>\n<thead><\/thead>\n<tbody>\n<tr class=\"attribute attr_bsshop_maker\">\n<td class=\"caption\">V\u00fdrobce<\/td>\n<td class=\"value\">Jika<\/td>\n<\/tr>\n<tr class=\"attribute attr_material\">\n<td class=\"caption\">Materi\u00e1l<\/td>\n<td class=\"value\">Sanit\u00e1rn\u00ed keramika<\/td>\n<\/tr>\n<tr class=\"attribute attr_delka\">\n<td class=\"caption\">D\u00e9lka v mm<\/td>\n<td class=\"value\">600<\/td>\n<\/tr>\n<tr class=\"attribute attr_Pouziti\">\n<td class=\"caption\">Pou\u017eit\u00ed<\/td>\n<td class=\"value\">Klasick\u00e9<\/td>\n<\/tr>\n<tr class=\"attribute attr_sirka\">\n<td class=\"caption\">\u0160\u00ed\u0159ka v mm<\/td>\n<td class=\"value\">490<\/td>\n<\/tr>\n<tr class=\"attribute attr_Vyska\">\n<td class=\"caption\">V\u00fd\u0161ka v mm<\/td>\n<td class=\"value\">195<\/td>\n<\/tr>\n<tr class=\"weight\">\n<td class=\"caption\"><span>Hmotnost<\/span><\/td>\n<td class=\"value\"><span>152&#160;000,00 kg<\/span><\/td>\n<\/tr>\n<\/tbody>\n<\/table>\n<\/div>\n<div id=\"ProductMedia\" class=\"ProductMediaView MediaViewBase v1a v1 bs-view dcon dc404 ProductMedia\" ><bs-empty><\/bs-empty><\/p>\n<div class=\"files\">\n<div class=\"title sub\">Soubory<\/div>\n<p><a href=\"\/media\/10543\/td01-jika-814383.pdf?&amp;key=ZGpmIyQwNUZfMTA1NDM=\" class=\"pdf\">Technick&#253; v&#253;kres<\/a><a href=\"\/media\/27141\/mi01-washbasins-lyra-plus.pdf?&amp;key=ZGpmIyQwNUZfMjcxNDE=\" class=\"pdf\">Mont&#225;\u017en&#237; n&#225;vod<\/a><\/div>\n<p><bs-empty><\/bs-empty><\/div>\n<\/div>\n<div id=\"e9420857\" class=\"tabs\">\n","protected":false},"excerpt":{"rendered":"<p>S\u00e9rie Lyra Plus z\u016fst\u00e1v\u00e1 synonymem pro harmonick\u00e9 tvary a klasick\u00e9 linie. Umyvadlo Lyra Plus o \u0161\u00ed\u0159ce 600 mm lze je kombinovat s keramick\u00fdm krytem, sloupem nebo m\u016f\u017ee b\u00fdt instalov\u00e1no samostatn\u011b s designov\u00fdm sifonem Mio nebo Mio Style, kter\u00fd je v modern\u00ed \u010dern\u00e9 matn\u00e9 barv\u011b. Hlubok\u00e1 umyvadla p\u0159\u00edjemn\u011b dopln\u00ed baterie stejnojmenn\u00e9 s\u00e9rie. Na keramick\u00e9 v\u00fdrobky JIKA [&hellip;]<\/p>\n","protected":false},"featured_media":64661,"comment_status":"open","ping_status":"open","template":"","meta":[],"product_brand":[],"product_cat":[101],"product_tag":[],"class_list":{"0":"post-64561","1":"product","2":"type-product","3":"status-publish","4":"has-post-thumbnail","6":"product_cat-vybaven-237-koupelny","8":"first","9":"instock","10":"sale","11":"shipping-taxable","12":"purchasable","13":"product-type-simple"},"yoast_head":"<!-- This site is optimized with the Yoast SEO plugin v26.8 - https:\/\/yoast.com\/product\/yoast-seo-wordpress\/ -->\n<title>Ihned K Objedn\u00e1n\u00ed JIKA LYRAplus Umyvadlo 60x49 cm s otvorem pro bat -<\/title>\n<meta name=\"robots\" content=\"index, follow, max-snippet:-1, max-image-preview:large, max-video-preview:-1\" \/>\n<link rel=\"canonical\" href=\"https:\/\/www.domkraftpro.com\/index.php\/produkt\/ihned-k-objednani-jika-lyraplus-umyvadlo-60x49-cm-s-otvorem-pro-bat-64561\/\" \/>\n<meta property=\"og:locale\" content=\"cs_CZ\" \/>\n<meta property=\"og:type\" content=\"article\" \/>\n<meta property=\"og:title\" content=\"Ihned K Objedn\u00e1n\u00ed JIKA LYRAplus Umyvadlo 60x49 cm s otvorem pro bat -\" \/>\n<meta property=\"og:description\" content=\"S\u00e9rie Lyra Plus z\u016fst\u00e1v\u00e1 synonymem pro harmonick\u00e9 tvary a klasick\u00e9 linie. Umyvadlo Lyra Plus o \u0161\u00ed\u0159ce 600 mm lze je kombinovat s keramick\u00fdm krytem, sloupem nebo m\u016f\u017ee b\u00fdt instalov\u00e1no samostatn\u011b s designov\u00fdm sifonem Mio nebo Mio Style, kter\u00fd je v modern\u00ed \u010dern\u00e9 matn\u00e9 barv\u011b. Hlubok\u00e1 umyvadla p\u0159\u00edjemn\u011b dopln\u00ed baterie stejnojmenn\u00e9 s\u00e9rie. Na keramick\u00e9 v\u00fdrobky JIKA [&hellip;]\" \/>\n<meta property=\"og:url\" content=\"https:\/\/www.domkraftpro.com\/index.php\/produkt\/ihned-k-objednani-jika-lyraplus-umyvadlo-60x49-cm-s-otvorem-pro-bat-64561\/\" \/>\n<meta property=\"og:image\" content=\"https:\/\/www.domkraftpro.com\/wp-content\/uploads\/2026\/SK0007226-CZ20260425-093449-0-1777080895-jika-lyraplus-umyvadlo-60x49-cm-s-otvorem-pro-bat.webp\" \/>\n\t<meta property=\"og:image:width\" content=\"1000\" \/>\n\t<meta property=\"og:image:height\" content=\"525\" \/>\n\t<meta property=\"og:image:type\" content=\"image\/webp\" \/>\n<meta name=\"twitter:card\" content=\"summary_large_image\" \/>\n<meta name=\"twitter:label1\" content=\"Odhadovan\u00e1 doba \u010dten\u00ed\" \/>\n\t<meta name=\"twitter:data1\" content=\"1 minuta\" \/>\n<script type=\"application\/ld+json\" class=\"yoast-schema-graph\">{\"@context\":\"https:\/\/schema.org\",\"@graph\":[{\"@type\":\"WebPage\",\"@id\":\"https:\/\/www.domkraftpro.com\/index.php\/produkt\/ihned-k-objednani-jika-lyraplus-umyvadlo-60x49-cm-s-otvorem-pro-bat-64561\/\",\"url\":\"https:\/\/www.domkraftpro.com\/index.php\/produkt\/ihned-k-objednani-jika-lyraplus-umyvadlo-60x49-cm-s-otvorem-pro-bat-64561\/\",\"name\":\"Ihned K Objedn\u00e1n\u00ed JIKA LYRAplus Umyvadlo 60x49 cm s otvorem pro bat -\",\"isPartOf\":{\"@id\":\"https:\/\/www.domkraftpro.com\/#website\"},\"primaryImageOfPage\":{\"@id\":\"https:\/\/www.domkraftpro.com\/index.php\/produkt\/ihned-k-objednani-jika-lyraplus-umyvadlo-60x49-cm-s-otvorem-pro-bat-64561\/#primaryimage\"},\"image\":{\"@id\":\"https:\/\/www.domkraftpro.com\/index.php\/produkt\/ihned-k-objednani-jika-lyraplus-umyvadlo-60x49-cm-s-otvorem-pro-bat-64561\/#primaryimage\"},\"thumbnailUrl\":\"https:\/\/www.domkraftpro.com\/wp-content\/uploads\/2026\/SK0007226-CZ20260425-093449-0-1777080895-jika-lyraplus-umyvadlo-60x49-cm-s-otvorem-pro-bat.webp\",\"datePublished\":\"2026-04-27T04:43:20+00:00\",\"breadcrumb\":{\"@id\":\"https:\/\/www.domkraftpro.com\/index.php\/produkt\/ihned-k-objednani-jika-lyraplus-umyvadlo-60x49-cm-s-otvorem-pro-bat-64561\/#breadcrumb\"},\"inLanguage\":\"cs\",\"potentialAction\":[{\"@type\":\"ReadAction\",\"target\":[\"https:\/\/www.domkraftpro.com\/index.php\/produkt\/ihned-k-objednani-jika-lyraplus-umyvadlo-60x49-cm-s-otvorem-pro-bat-64561\/\"]}]},{\"@type\":\"ImageObject\",\"inLanguage\":\"cs\",\"@id\":\"https:\/\/www.domkraftpro.com\/index.php\/produkt\/ihned-k-objednani-jika-lyraplus-umyvadlo-60x49-cm-s-otvorem-pro-bat-64561\/#primaryimage\",\"url\":\"https:\/\/www.domkraftpro.com\/wp-content\/uploads\/2026\/SK0007226-CZ20260425-093449-0-1777080895-jika-lyraplus-umyvadlo-60x49-cm-s-otvorem-pro-bat.webp\",\"contentUrl\":\"https:\/\/www.domkraftpro.com\/wp-content\/uploads\/2026\/SK0007226-CZ20260425-093449-0-1777080895-jika-lyraplus-umyvadlo-60x49-cm-s-otvorem-pro-bat.webp\",\"width\":1000,\"height\":525},{\"@type\":\"BreadcrumbList\",\"@id\":\"https:\/\/www.domkraftpro.com\/index.php\/produkt\/ihned-k-objednani-jika-lyraplus-umyvadlo-60x49-cm-s-otvorem-pro-bat-64561\/#breadcrumb\",\"itemListElement\":[{\"@type\":\"ListItem\",\"position\":1,\"name\":\"Home\",\"item\":\"https:\/\/www.domkraftpro.com\/\"},{\"@type\":\"ListItem\",\"position\":2,\"name\":\"Products\",\"item\":\"https:\/\/www.domkraftpro.com\/index.php\/products\/\"},{\"@type\":\"ListItem\",\"position\":3,\"name\":\"Ihned K Objedn\u00e1n\u00ed JIKA LYRAplus Umyvadlo 60&#215;49 cm s otvorem pro bat\"}]},{\"@type\":\"WebSite\",\"@id\":\"https:\/\/www.domkraftpro.com\/#website\",\"url\":\"https:\/\/www.domkraftpro.com\/\",\"name\":\"\",\"description\":\"\",\"potentialAction\":[{\"@type\":\"SearchAction\",\"target\":{\"@type\":\"EntryPoint\",\"urlTemplate\":\"https:\/\/www.domkraftpro.com\/?s={search_term_string}\"},\"query-input\":{\"@type\":\"PropertyValueSpecification\",\"valueRequired\":true,\"valueName\":\"search_term_string\"}}],\"inLanguage\":\"cs\"}]}<\/script>\n<!-- \/ Yoast SEO plugin. -->","yoast_head_json":{"title":"Ihned K Objedn\u00e1n\u00ed JIKA LYRAplus Umyvadlo 60x49 cm s otvorem pro bat -","robots":{"index":"index","follow":"follow","max-snippet":"max-snippet:-1","max-image-preview":"max-image-preview:large","max-video-preview":"max-video-preview:-1"},"canonical":"https:\/\/www.domkraftpro.com\/index.php\/produkt\/ihned-k-objednani-jika-lyraplus-umyvadlo-60x49-cm-s-otvorem-pro-bat-64561\/","og_locale":"cs_CZ","og_type":"article","og_title":"Ihned K Objedn\u00e1n\u00ed JIKA LYRAplus Umyvadlo 60x49 cm s otvorem pro bat -","og_description":"S\u00e9rie Lyra Plus z\u016fst\u00e1v\u00e1 synonymem pro harmonick\u00e9 tvary a klasick\u00e9 linie. Umyvadlo Lyra Plus o \u0161\u00ed\u0159ce 600 mm lze je kombinovat s keramick\u00fdm krytem, sloupem nebo m\u016f\u017ee b\u00fdt instalov\u00e1no samostatn\u011b s designov\u00fdm sifonem Mio nebo Mio Style, kter\u00fd je v modern\u00ed \u010dern\u00e9 matn\u00e9 barv\u011b. Hlubok\u00e1 umyvadla p\u0159\u00edjemn\u011b dopln\u00ed baterie stejnojmenn\u00e9 s\u00e9rie. Na keramick\u00e9 v\u00fdrobky JIKA [&hellip;]","og_url":"https:\/\/www.domkraftpro.com\/index.php\/produkt\/ihned-k-objednani-jika-lyraplus-umyvadlo-60x49-cm-s-otvorem-pro-bat-64561\/","og_image":[{"width":1000,"height":525,"url":"https:\/\/www.domkraftpro.com\/wp-content\/uploads\/2026\/SK0007226-CZ20260425-093449-0-1777080895-jika-lyraplus-umyvadlo-60x49-cm-s-otvorem-pro-bat.webp","type":"image\/webp"}],"twitter_card":"summary_large_image","twitter_misc":{"Odhadovan\u00e1 doba \u010dten\u00ed":"1 minuta"},"schema":{"@context":"https:\/\/schema.org","@graph":[{"@type":"WebPage","@id":"https:\/\/www.domkraftpro.com\/index.php\/produkt\/ihned-k-objednani-jika-lyraplus-umyvadlo-60x49-cm-s-otvorem-pro-bat-64561\/","url":"https:\/\/www.domkraftpro.com\/index.php\/produkt\/ihned-k-objednani-jika-lyraplus-umyvadlo-60x49-cm-s-otvorem-pro-bat-64561\/","name":"Ihned K Objedn\u00e1n\u00ed JIKA LYRAplus Umyvadlo 60x49 cm s otvorem pro bat -","isPartOf":{"@id":"https:\/\/www.domkraftpro.com\/#website"},"primaryImageOfPage":{"@id":"https:\/\/www.domkraftpro.com\/index.php\/produkt\/ihned-k-objednani-jika-lyraplus-umyvadlo-60x49-cm-s-otvorem-pro-bat-64561\/#primaryimage"},"image":{"@id":"https:\/\/www.domkraftpro.com\/index.php\/produkt\/ihned-k-objednani-jika-lyraplus-umyvadlo-60x49-cm-s-otvorem-pro-bat-64561\/#primaryimage"},"thumbnailUrl":"https:\/\/www.domkraftpro.com\/wp-content\/uploads\/2026\/SK0007226-CZ20260425-093449-0-1777080895-jika-lyraplus-umyvadlo-60x49-cm-s-otvorem-pro-bat.webp","datePublished":"2026-04-27T04:43:20+00:00","breadcrumb":{"@id":"https:\/\/www.domkraftpro.com\/index.php\/produkt\/ihned-k-objednani-jika-lyraplus-umyvadlo-60x49-cm-s-otvorem-pro-bat-64561\/#breadcrumb"},"inLanguage":"cs","potentialAction":[{"@type":"ReadAction","target":["https:\/\/www.domkraftpro.com\/index.php\/produkt\/ihned-k-objednani-jika-lyraplus-umyvadlo-60x49-cm-s-otvorem-pro-bat-64561\/"]}]},{"@type":"ImageObject","inLanguage":"cs","@id":"https:\/\/www.domkraftpro.com\/index.php\/produkt\/ihned-k-objednani-jika-lyraplus-umyvadlo-60x49-cm-s-otvorem-pro-bat-64561\/#primaryimage","url":"https:\/\/www.domkraftpro.com\/wp-content\/uploads\/2026\/SK0007226-CZ20260425-093449-0-1777080895-jika-lyraplus-umyvadlo-60x49-cm-s-otvorem-pro-bat.webp","contentUrl":"https:\/\/www.domkraftpro.com\/wp-content\/uploads\/2026\/SK0007226-CZ20260425-093449-0-1777080895-jika-lyraplus-umyvadlo-60x49-cm-s-otvorem-pro-bat.webp","width":1000,"height":525},{"@type":"BreadcrumbList","@id":"https:\/\/www.domkraftpro.com\/index.php\/produkt\/ihned-k-objednani-jika-lyraplus-umyvadlo-60x49-cm-s-otvorem-pro-bat-64561\/#breadcrumb","itemListElement":[{"@type":"ListItem","position":1,"name":"Home","item":"https:\/\/www.domkraftpro.com\/"},{"@type":"ListItem","position":2,"name":"Products","item":"https:\/\/www.domkraftpro.com\/index.php\/products\/"},{"@type":"ListItem","position":3,"name":"Ihned K Objedn\u00e1n\u00ed JIKA LYRAplus Umyvadlo 60&#215;49 cm s otvorem pro bat"}]},{"@type":"WebSite","@id":"https:\/\/www.domkraftpro.com\/#website","url":"https:\/\/www.domkraftpro.com\/","name":"","description":"","potentialAction":[{"@type":"SearchAction","target":{"@type":"EntryPoint","urlTemplate":"https:\/\/www.domkraftpro.com\/?s={search_term_string}"},"query-input":{"@type":"PropertyValueSpecification","valueRequired":true,"valueName":"search_term_string"}}],"inLanguage":"cs"}]}},"_links":{"self":[{"href":"https:\/\/www.domkraftpro.com\/index.php\/wp-json\/wp\/v2\/product\/64561","targetHints":{"allow":["GET"]}}],"collection":[{"href":"https:\/\/www.domkraftpro.com\/index.php\/wp-json\/wp\/v2\/product"}],"about":[{"href":"https:\/\/www.domkraftpro.com\/index.php\/wp-json\/wp\/v2\/types\/product"}],"replies":[{"embeddable":true,"href":"https:\/\/www.domkraftpro.com\/index.php\/wp-json\/wp\/v2\/comments?post=64561"}],"wp:featuredmedia":[{"embeddable":true,"href":"https:\/\/www.domkraftpro.com\/index.php\/wp-json\/wp\/v2\/media\/64661"}],"wp:attachment":[{"href":"https:\/\/www.domkraftpro.com\/index.php\/wp-json\/wp\/v2\/media?parent=64561"}],"wp:term":[{"taxonomy":"product_brand","embeddable":true,"href":"https:\/\/www.domkraftpro.com\/index.php\/wp-json\/wp\/v2\/product_brand?post=64561"},{"taxonomy":"product_cat","embeddable":true,"href":"https:\/\/www.domkraftpro.com\/index.php\/wp-json\/wp\/v2\/product_cat?post=64561"},{"taxonomy":"product_tag","embeddable":true,"href":"https:\/\/www.domkraftpro.com\/index.php\/wp-json\/wp\/v2\/product_tag?post=64561"}],"curies":[{"name":"wp","href":"https:\/\/api.w.org\/{rel}","templated":true}]}}