{"id":64291,"date":"2026-04-27T04:43:20","date_gmt":"2026-04-27T04:43:20","guid":{"rendered":""},"modified":"2026-04-27T04:43:20","modified_gmt":"2026-04-27T04:43:20","slug":"kup-ted-cerna-vsuvka-280-4-quot-64291","status":"publish","type":"product","link":"https:\/\/www.domkraftpro.com\/index.php\/produkt\/kup-ted-cerna-vsuvka-280-4-quot-64291\/","title":{"rendered":"Kup Te\u010f \u010cern\u00e1 vsuvka 280 -4&quot;"},"content":{"rendered":"<div id=\"e20884075\" class=\"pages\">\n<div>\n<div id=\"PDDescription\" class=\"UserContentView userContent v1a v1 bs-view dcon dc159 PDDescription\" ><dc-con><dc-con><bs-empty><\/bs-empty><\/dc-con><dc-con>        <\/p>\n<div class=\"customDescription\">                    <\/div>\n<p><\/dc-con><dc-con><\/p>\n<p><strong>\u010cern\u00e1 vsuvka 280 -4&#8243;<\/strong><\/p>\n<p><strong>\u010cern\u00e9 tvarovky od N\u011bmeck\u00e9 firmy Gebo<\/strong><\/p>\n<p>Armatury z temperovan\u00e9 litiny Gebo v souladu s n\u00ed\u017ee uvedenou normou jsou vhodn\u00e9 pro m\u00e9dia stla\u010den\u00fd vzduch,ho\u0159lav\u00fd plyn,uhlovod\u00edk a jin\u00e1, pokud jsou dodr\u017eeny p\u0159edepsan\u00e9 hodnoty teplot a tlak\u016f.<\/p>\n<p><strong>Standarrdn\u00ed pou\u017eit\u00ed:<\/strong><br \/>Povolen\u00fd pracovn\u00ed tlak p\u0159i teplot\u00e1ch mezi -20 a 120\u00b0C:25 bar<br \/>Povolen\u00fd pracovn\u00ed tlak p\u0159i teplot\u00e1ch mezi 120 a 300\u00b0C:20-25 bar<\/p>\n<p><strong>Z\u00e1kladn\u00ed materi\u00e1l:<\/strong><br \/>Z\u00e1vitov\u00e9 armatury Gebo jsou vyr\u00e1b\u011bny s ozna\u010den\u00edm stupn\u011b kvality materi\u00e1lu &#8222;A&#8220;,z normalizovan\u00e9 temperovan\u00e9 litiny (EN-GJMB-350-10) dle normy \u010d.DIN EN 10242:1994.<\/p>\n<p><strong>Mareri\u00e1lov\u00e9 zkou\u0161ky na vzorku o s\u00edle 12 mm vyk\u00e1zaly n\u00e1sleduj\u00edc\u00ed mechanick\u00e9 vlastosti:<\/strong><br \/>&#8211; pevnost v tahu (min. hodnota) 350 N\/mm2 (35 kg\/mm2)<br \/>&#8211; mez v tekutosti 0,2% (min. hodnota) 200 N\/mm2 (20 Kg\/mm2<br \/>&#8211; prota\u017een\u00ed tahem (min. hodnota) 10%<br \/>&#8211; tvrdost dle Brinella 150HB<\/p>\n<p>Pro vylou\u010den\u00ed materi\u00e1lov\u00fdch vad <strong>ka\u017ed\u00fd kus armatury Gebo vyroben\u00fd z temperovan\u00e9 litiny je zkontrolov\u00e1n na 100% tlakovou zkou\u0161kou dle normy \u010d.DIN EN 10242:1994<\/strong><\/p>\n<p><\/dc-con><\/dc-con><\/div>\n<\/p><\/div>\n<div id=\"PDTable3\" class=\"ProductDetailTableView v3a v3 bs-view dcon dc180 PDTable3\" >\n<table>\n<thead><\/thead>\n<tbody>\n<tr class=\"attribute attr_typ\">\n<td class=\"caption\">Typ<\/td>\n<td class=\"value\">Vsuvky<\/td>\n<\/tr>\n<tr class=\"attribute attr_material\">\n<td class=\"caption\">Materi\u00e1l<\/td>\n<td class=\"value\">Fitinky \u010dern\u00e9<\/td>\n<\/tr>\n<tr class=\"attribute attr_bsshop_maker\">\n<td class=\"caption\">V\u00fdrobce<\/td>\n<td class=\"value\">EU<\/td>\n<\/tr>\n<tr class=\"attribute attr_zavit\">\n<td class=\"caption\">Z\u00e1vit<\/td>\n<td class=\"value\">Vn\u011bj\u0161\u00ed vn\u011bj\u0161\u00ed<\/td>\n<\/tr>\n<\/tbody>\n<\/table>\n<\/div>\n<\/div>\n<div id=\"e20884076\" class=\"tabs\">\n","protected":false},"excerpt":{"rendered":"<p>\u010cern\u00e1 vsuvka 280 -4&#8243; \u010cern\u00e9 tvarovky od N\u011bmeck\u00e9 firmy Gebo Armatury z temperovan\u00e9 litiny Gebo v souladu s n\u00ed\u017ee uvedenou normou jsou vhodn\u00e9 pro m\u00e9dia stla\u010den\u00fd vzduch,ho\u0159lav\u00fd plyn,uhlovod\u00edk a jin\u00e1, pokud jsou dodr\u017eeny p\u0159edepsan\u00e9 hodnoty teplot a tlak\u016f. Standarrdn\u00ed pou\u017eit\u00ed:Povolen\u00fd pracovn\u00ed tlak p\u0159i teplot\u00e1ch mezi -20 a 120\u00b0C:25 barPovolen\u00fd pracovn\u00ed tlak p\u0159i teplot\u00e1ch mezi 120 [&hellip;]<\/p>\n","protected":false},"featured_media":64391,"comment_status":"open","ping_status":"open","template":"","meta":[],"product_brand":[],"product_cat":[100],"product_tag":[],"class_list":{"0":"post-64291","1":"product","2":"type-product","3":"status-publish","4":"has-post-thumbnail","6":"product_cat-tvarovky-fitinky","8":"first","9":"instock","10":"sale","11":"shipping-taxable","12":"purchasable","13":"product-type-simple"},"yoast_head":"<!-- This site is optimized with the Yoast SEO plugin v26.8 - https:\/\/yoast.com\/product\/yoast-seo-wordpress\/ -->\n<title>Kup Te\u010f \u010cern\u00e1 vsuvka 280 -4&quot; -<\/title>\n<meta name=\"robots\" content=\"index, follow, max-snippet:-1, max-image-preview:large, max-video-preview:-1\" \/>\n<link rel=\"canonical\" href=\"https:\/\/www.domkraftpro.com\/index.php\/produkt\/kup-ted-cerna-vsuvka-280-4-quot-64291\/\" \/>\n<meta property=\"og:locale\" content=\"cs_CZ\" \/>\n<meta property=\"og:type\" content=\"article\" \/>\n<meta property=\"og:title\" content=\"Kup Te\u010f \u010cern\u00e1 vsuvka 280 -4&quot; -\" \/>\n<meta property=\"og:description\" content=\"\u010cern\u00e1 vsuvka 280 -4&#8243; \u010cern\u00e9 tvarovky od N\u011bmeck\u00e9 firmy Gebo Armatury z temperovan\u00e9 litiny Gebo v souladu s n\u00ed\u017ee uvedenou normou jsou vhodn\u00e9 pro m\u00e9dia stla\u010den\u00fd vzduch,ho\u0159lav\u00fd plyn,uhlovod\u00edk a jin\u00e1, pokud jsou dodr\u017eeny p\u0159edepsan\u00e9 hodnoty teplot a tlak\u016f. Standarrdn\u00ed pou\u017eit\u00ed:Povolen\u00fd pracovn\u00ed tlak p\u0159i teplot\u00e1ch mezi -20 a 120\u00b0C:25 barPovolen\u00fd pracovn\u00ed tlak p\u0159i teplot\u00e1ch mezi 120 [&hellip;]\" \/>\n<meta property=\"og:url\" content=\"https:\/\/www.domkraftpro.com\/index.php\/produkt\/kup-ted-cerna-vsuvka-280-4-quot-64291\/\" \/>\n<meta property=\"og:image\" content=\"https:\/\/www.domkraftpro.com\/wp-content\/uploads\/2026\/SK0007054-CZ20260425-093449-0-1777080895-cerna-vsuvka-280-4.webp\" \/>\n\t<meta property=\"og:image:width\" content=\"1000\" \/>\n\t<meta property=\"og:image:height\" content=\"525\" \/>\n\t<meta property=\"og:image:type\" content=\"image\/webp\" \/>\n<meta name=\"twitter:card\" content=\"summary_large_image\" \/>\n<meta name=\"twitter:label1\" content=\"Odhadovan\u00e1 doba \u010dten\u00ed\" \/>\n\t<meta name=\"twitter:data1\" content=\"1 minuta\" \/>\n<script type=\"application\/ld+json\" class=\"yoast-schema-graph\">{\"@context\":\"https:\/\/schema.org\",\"@graph\":[{\"@type\":\"WebPage\",\"@id\":\"https:\/\/www.domkraftpro.com\/index.php\/produkt\/kup-ted-cerna-vsuvka-280-4-quot-64291\/\",\"url\":\"https:\/\/www.domkraftpro.com\/index.php\/produkt\/kup-ted-cerna-vsuvka-280-4-quot-64291\/\",\"name\":\"Kup Te\u010f \u010cern\u00e1 vsuvka 280 -4&quot; -\",\"isPartOf\":{\"@id\":\"https:\/\/www.domkraftpro.com\/#website\"},\"primaryImageOfPage\":{\"@id\":\"https:\/\/www.domkraftpro.com\/index.php\/produkt\/kup-ted-cerna-vsuvka-280-4-quot-64291\/#primaryimage\"},\"image\":{\"@id\":\"https:\/\/www.domkraftpro.com\/index.php\/produkt\/kup-ted-cerna-vsuvka-280-4-quot-64291\/#primaryimage\"},\"thumbnailUrl\":\"https:\/\/www.domkraftpro.com\/wp-content\/uploads\/2026\/SK0007054-CZ20260425-093449-0-1777080895-cerna-vsuvka-280-4.webp\",\"datePublished\":\"2026-04-27T04:43:20+00:00\",\"breadcrumb\":{\"@id\":\"https:\/\/www.domkraftpro.com\/index.php\/produkt\/kup-ted-cerna-vsuvka-280-4-quot-64291\/#breadcrumb\"},\"inLanguage\":\"cs\",\"potentialAction\":[{\"@type\":\"ReadAction\",\"target\":[\"https:\/\/www.domkraftpro.com\/index.php\/produkt\/kup-ted-cerna-vsuvka-280-4-quot-64291\/\"]}]},{\"@type\":\"ImageObject\",\"inLanguage\":\"cs\",\"@id\":\"https:\/\/www.domkraftpro.com\/index.php\/produkt\/kup-ted-cerna-vsuvka-280-4-quot-64291\/#primaryimage\",\"url\":\"https:\/\/www.domkraftpro.com\/wp-content\/uploads\/2026\/SK0007054-CZ20260425-093449-0-1777080895-cerna-vsuvka-280-4.webp\",\"contentUrl\":\"https:\/\/www.domkraftpro.com\/wp-content\/uploads\/2026\/SK0007054-CZ20260425-093449-0-1777080895-cerna-vsuvka-280-4.webp\",\"width\":1000,\"height\":525},{\"@type\":\"BreadcrumbList\",\"@id\":\"https:\/\/www.domkraftpro.com\/index.php\/produkt\/kup-ted-cerna-vsuvka-280-4-quot-64291\/#breadcrumb\",\"itemListElement\":[{\"@type\":\"ListItem\",\"position\":1,\"name\":\"Home\",\"item\":\"https:\/\/www.domkraftpro.com\/\"},{\"@type\":\"ListItem\",\"position\":2,\"name\":\"Products\",\"item\":\"https:\/\/www.domkraftpro.com\/index.php\/products\/\"},{\"@type\":\"ListItem\",\"position\":3,\"name\":\"Kup Te\u010f \u010cern\u00e1 vsuvka 280 -4&quot;\"}]},{\"@type\":\"WebSite\",\"@id\":\"https:\/\/www.domkraftpro.com\/#website\",\"url\":\"https:\/\/www.domkraftpro.com\/\",\"name\":\"\",\"description\":\"\",\"potentialAction\":[{\"@type\":\"SearchAction\",\"target\":{\"@type\":\"EntryPoint\",\"urlTemplate\":\"https:\/\/www.domkraftpro.com\/?s={search_term_string}\"},\"query-input\":{\"@type\":\"PropertyValueSpecification\",\"valueRequired\":true,\"valueName\":\"search_term_string\"}}],\"inLanguage\":\"cs\"}]}<\/script>\n<!-- \/ Yoast SEO plugin. -->","yoast_head_json":{"title":"Kup Te\u010f \u010cern\u00e1 vsuvka 280 -4&quot; -","robots":{"index":"index","follow":"follow","max-snippet":"max-snippet:-1","max-image-preview":"max-image-preview:large","max-video-preview":"max-video-preview:-1"},"canonical":"https:\/\/www.domkraftpro.com\/index.php\/produkt\/kup-ted-cerna-vsuvka-280-4-quot-64291\/","og_locale":"cs_CZ","og_type":"article","og_title":"Kup Te\u010f \u010cern\u00e1 vsuvka 280 -4&quot; -","og_description":"\u010cern\u00e1 vsuvka 280 -4&#8243; \u010cern\u00e9 tvarovky od N\u011bmeck\u00e9 firmy Gebo Armatury z temperovan\u00e9 litiny Gebo v souladu s n\u00ed\u017ee uvedenou normou jsou vhodn\u00e9 pro m\u00e9dia stla\u010den\u00fd vzduch,ho\u0159lav\u00fd plyn,uhlovod\u00edk a jin\u00e1, pokud jsou dodr\u017eeny p\u0159edepsan\u00e9 hodnoty teplot a tlak\u016f. Standarrdn\u00ed pou\u017eit\u00ed:Povolen\u00fd pracovn\u00ed tlak p\u0159i teplot\u00e1ch mezi -20 a 120\u00b0C:25 barPovolen\u00fd pracovn\u00ed tlak p\u0159i teplot\u00e1ch mezi 120 [&hellip;]","og_url":"https:\/\/www.domkraftpro.com\/index.php\/produkt\/kup-ted-cerna-vsuvka-280-4-quot-64291\/","og_image":[{"width":1000,"height":525,"url":"https:\/\/www.domkraftpro.com\/wp-content\/uploads\/2026\/SK0007054-CZ20260425-093449-0-1777080895-cerna-vsuvka-280-4.webp","type":"image\/webp"}],"twitter_card":"summary_large_image","twitter_misc":{"Odhadovan\u00e1 doba \u010dten\u00ed":"1 minuta"},"schema":{"@context":"https:\/\/schema.org","@graph":[{"@type":"WebPage","@id":"https:\/\/www.domkraftpro.com\/index.php\/produkt\/kup-ted-cerna-vsuvka-280-4-quot-64291\/","url":"https:\/\/www.domkraftpro.com\/index.php\/produkt\/kup-ted-cerna-vsuvka-280-4-quot-64291\/","name":"Kup Te\u010f \u010cern\u00e1 vsuvka 280 -4&quot; -","isPartOf":{"@id":"https:\/\/www.domkraftpro.com\/#website"},"primaryImageOfPage":{"@id":"https:\/\/www.domkraftpro.com\/index.php\/produkt\/kup-ted-cerna-vsuvka-280-4-quot-64291\/#primaryimage"},"image":{"@id":"https:\/\/www.domkraftpro.com\/index.php\/produkt\/kup-ted-cerna-vsuvka-280-4-quot-64291\/#primaryimage"},"thumbnailUrl":"https:\/\/www.domkraftpro.com\/wp-content\/uploads\/2026\/SK0007054-CZ20260425-093449-0-1777080895-cerna-vsuvka-280-4.webp","datePublished":"2026-04-27T04:43:20+00:00","breadcrumb":{"@id":"https:\/\/www.domkraftpro.com\/index.php\/produkt\/kup-ted-cerna-vsuvka-280-4-quot-64291\/#breadcrumb"},"inLanguage":"cs","potentialAction":[{"@type":"ReadAction","target":["https:\/\/www.domkraftpro.com\/index.php\/produkt\/kup-ted-cerna-vsuvka-280-4-quot-64291\/"]}]},{"@type":"ImageObject","inLanguage":"cs","@id":"https:\/\/www.domkraftpro.com\/index.php\/produkt\/kup-ted-cerna-vsuvka-280-4-quot-64291\/#primaryimage","url":"https:\/\/www.domkraftpro.com\/wp-content\/uploads\/2026\/SK0007054-CZ20260425-093449-0-1777080895-cerna-vsuvka-280-4.webp","contentUrl":"https:\/\/www.domkraftpro.com\/wp-content\/uploads\/2026\/SK0007054-CZ20260425-093449-0-1777080895-cerna-vsuvka-280-4.webp","width":1000,"height":525},{"@type":"BreadcrumbList","@id":"https:\/\/www.domkraftpro.com\/index.php\/produkt\/kup-ted-cerna-vsuvka-280-4-quot-64291\/#breadcrumb","itemListElement":[{"@type":"ListItem","position":1,"name":"Home","item":"https:\/\/www.domkraftpro.com\/"},{"@type":"ListItem","position":2,"name":"Products","item":"https:\/\/www.domkraftpro.com\/index.php\/products\/"},{"@type":"ListItem","position":3,"name":"Kup Te\u010f \u010cern\u00e1 vsuvka 280 -4&quot;"}]},{"@type":"WebSite","@id":"https:\/\/www.domkraftpro.com\/#website","url":"https:\/\/www.domkraftpro.com\/","name":"","description":"","potentialAction":[{"@type":"SearchAction","target":{"@type":"EntryPoint","urlTemplate":"https:\/\/www.domkraftpro.com\/?s={search_term_string}"},"query-input":{"@type":"PropertyValueSpecification","valueRequired":true,"valueName":"search_term_string"}}],"inLanguage":"cs"}]}},"_links":{"self":[{"href":"https:\/\/www.domkraftpro.com\/index.php\/wp-json\/wp\/v2\/product\/64291","targetHints":{"allow":["GET"]}}],"collection":[{"href":"https:\/\/www.domkraftpro.com\/index.php\/wp-json\/wp\/v2\/product"}],"about":[{"href":"https:\/\/www.domkraftpro.com\/index.php\/wp-json\/wp\/v2\/types\/product"}],"replies":[{"embeddable":true,"href":"https:\/\/www.domkraftpro.com\/index.php\/wp-json\/wp\/v2\/comments?post=64291"}],"wp:featuredmedia":[{"embeddable":true,"href":"https:\/\/www.domkraftpro.com\/index.php\/wp-json\/wp\/v2\/media\/64391"}],"wp:attachment":[{"href":"https:\/\/www.domkraftpro.com\/index.php\/wp-json\/wp\/v2\/media?parent=64291"}],"wp:term":[{"taxonomy":"product_brand","embeddable":true,"href":"https:\/\/www.domkraftpro.com\/index.php\/wp-json\/wp\/v2\/product_brand?post=64291"},{"taxonomy":"product_cat","embeddable":true,"href":"https:\/\/www.domkraftpro.com\/index.php\/wp-json\/wp\/v2\/product_cat?post=64291"},{"taxonomy":"product_tag","embeddable":true,"href":"https:\/\/www.domkraftpro.com\/index.php\/wp-json\/wp\/v2\/product_tag?post=64291"}],"curies":[{"name":"wp","href":"https:\/\/api.w.org\/{rel}","templated":true}]}}