{"id":63758,"date":"2026-04-27T04:43:18","date_gmt":"2026-04-27T04:43:18","guid":{"rendered":""},"modified":"2026-04-27T04:43:18","modified_gmt":"2026-04-27T04:43:18","slug":"znackovy-sprchova-souprava-sprchova-baterie-s-hornim-vyvodem-57062-set068-57-0-63758","status":"publish","type":"product","link":"https:\/\/www.domkraftpro.com\/index.php\/produkt\/znackovy-sprchova-souprava-sprchova-baterie-s-hornim-vyvodem-57062-set068-57-0-63758\/","title":{"rendered":"Zna\u010dkov\u00fd Sprchov\u00e1 souprava + sprchov\u00e1 baterie s horn\u00edm v\u00fdvodem  57062 SET068\/57,0"},"content":{"rendered":"<div class=\"basic-description\">\n<h3>Detailn\u00ed popis produktu<\/h3>\n<p>                                    Milovn\u00edci designu si p\u0159ijdou na sv\u00e9 d\u00edky v\u00fdrazn\u00e9 konstrukci METALIA 57. Ov\u011b\u0159en\u00e1 kvalita v\u00e1s p\u0159esv\u011bd\u010d\u00ed. &lt;b&gt;Nejprod\u00e1van\u011bj\u0161\u00ed \u010desk\u00e9 vodovodn\u00ed baterie METALIA&lt;\/b&gt;. Tuto zna\u010dku rozhodn\u011b vystihuje &#8211; vysok\u00e1 kvalita, modern\u00ed design, funk\u010dnost a u\u017eivatelsk\u00fd komfort. &lt;br \/&gt;&lt;br \/&gt;Servis a\u017e k v\u00e1m dom\u016f.                            <\/p><\/div>\n","protected":false},"excerpt":{"rendered":"<p>Detailn\u00ed popis produktu Milovn\u00edci designu si p\u0159ijdou na sv\u00e9 d\u00edky v\u00fdrazn\u00e9 konstrukci METALIA 57. Ov\u011b\u0159en\u00e1 kvalita v\u00e1s p\u0159esv\u011bd\u010d\u00ed. &lt;b&gt;Nejprod\u00e1van\u011bj\u0161\u00ed \u010desk\u00e9 vodovodn\u00ed baterie METALIA&lt;\/b&gt;. Tuto zna\u010dku rozhodn\u011b vystihuje &#8211; vysok\u00e1 kvalita, modern\u00ed design, funk\u010dnost a u\u017eivatelsk\u00fd komfort. &lt;br \/&gt;&lt;br \/&gt;Servis a\u017e k v\u00e1m dom\u016f.<\/p>\n","protected":false},"featured_media":63858,"comment_status":"open","ping_status":"open","template":"","meta":[],"product_brand":[],"product_cat":[96],"product_tag":[],"class_list":{"0":"post-63758","1":"product","2":"type-product","3":"status-publish","4":"has-post-thumbnail","6":"product_cat-koupelny-a-sanitarni-technika","8":"first","9":"instock","10":"sale","11":"shipping-taxable","12":"purchasable","13":"product-type-simple"},"yoast_head":"<!-- This site is optimized with the Yoast SEO plugin v26.8 - https:\/\/yoast.com\/product\/yoast-seo-wordpress\/ -->\n<title>Zna\u010dkov\u00fd Sprchov\u00e1 souprava + sprchov\u00e1 baterie s horn\u00edm v\u00fdvodem 57062 SET068\/57,0 -<\/title>\n<meta name=\"robots\" content=\"index, follow, max-snippet:-1, max-image-preview:large, max-video-preview:-1\" \/>\n<link rel=\"canonical\" href=\"https:\/\/www.domkraftpro.com\/index.php\/produkt\/znackovy-sprchova-souprava-sprchova-baterie-s-hornim-vyvodem-57062-set068-57-0-63758\/\" \/>\n<meta property=\"og:locale\" content=\"cs_CZ\" \/>\n<meta property=\"og:type\" content=\"article\" \/>\n<meta property=\"og:title\" content=\"Zna\u010dkov\u00fd Sprchov\u00e1 souprava + sprchov\u00e1 baterie s horn\u00edm v\u00fdvodem 57062 SET068\/57,0 -\" \/>\n<meta property=\"og:description\" content=\"Detailn\u00ed popis produktu Milovn\u00edci designu si p\u0159ijdou na sv\u00e9 d\u00edky v\u00fdrazn\u00e9 konstrukci METALIA 57. Ov\u011b\u0159en\u00e1 kvalita v\u00e1s p\u0159esv\u011bd\u010d\u00ed. &lt;b&gt;Nejprod\u00e1van\u011bj\u0161\u00ed \u010desk\u00e9 vodovodn\u00ed baterie METALIA&lt;\/b&gt;. Tuto zna\u010dku rozhodn\u011b vystihuje &#8211; vysok\u00e1 kvalita, modern\u00ed design, funk\u010dnost a u\u017eivatelsk\u00fd komfort. &lt;br \/&gt;&lt;br \/&gt;Servis a\u017e k v\u00e1m dom\u016f.\" \/>\n<meta property=\"og:url\" content=\"https:\/\/www.domkraftpro.com\/index.php\/produkt\/znackovy-sprchova-souprava-sprchova-baterie-s-hornim-vyvodem-57062-set068-57-0-63758\/\" \/>\n<meta property=\"og:image\" content=\"https:\/\/www.domkraftpro.com\/wp-content\/uploads\/2026\/SK0008872-CZ20260425-093351-0-1777080838-1203531_set-068-57.webp\" \/>\n\t<meta property=\"og:image:width\" content=\"1000\" \/>\n\t<meta property=\"og:image:height\" content=\"750\" \/>\n\t<meta property=\"og:image:type\" content=\"image\/webp\" \/>\n<meta name=\"twitter:card\" content=\"summary_large_image\" \/>\n<script type=\"application\/ld+json\" class=\"yoast-schema-graph\">{\"@context\":\"https:\/\/schema.org\",\"@graph\":[{\"@type\":\"WebPage\",\"@id\":\"https:\/\/www.domkraftpro.com\/index.php\/produkt\/znackovy-sprchova-souprava-sprchova-baterie-s-hornim-vyvodem-57062-set068-57-0-63758\/\",\"url\":\"https:\/\/www.domkraftpro.com\/index.php\/produkt\/znackovy-sprchova-souprava-sprchova-baterie-s-hornim-vyvodem-57062-set068-57-0-63758\/\",\"name\":\"Zna\u010dkov\u00fd Sprchov\u00e1 souprava + sprchov\u00e1 baterie s horn\u00edm v\u00fdvodem 57062 SET068\/57,0 -\",\"isPartOf\":{\"@id\":\"https:\/\/www.domkraftpro.com\/#website\"},\"primaryImageOfPage\":{\"@id\":\"https:\/\/www.domkraftpro.com\/index.php\/produkt\/znackovy-sprchova-souprava-sprchova-baterie-s-hornim-vyvodem-57062-set068-57-0-63758\/#primaryimage\"},\"image\":{\"@id\":\"https:\/\/www.domkraftpro.com\/index.php\/produkt\/znackovy-sprchova-souprava-sprchova-baterie-s-hornim-vyvodem-57062-set068-57-0-63758\/#primaryimage\"},\"thumbnailUrl\":\"https:\/\/www.domkraftpro.com\/wp-content\/uploads\/2026\/SK0008872-CZ20260425-093351-0-1777080838-1203531_set-068-57.webp\",\"datePublished\":\"2026-04-27T04:43:18+00:00\",\"breadcrumb\":{\"@id\":\"https:\/\/www.domkraftpro.com\/index.php\/produkt\/znackovy-sprchova-souprava-sprchova-baterie-s-hornim-vyvodem-57062-set068-57-0-63758\/#breadcrumb\"},\"inLanguage\":\"cs\",\"potentialAction\":[{\"@type\":\"ReadAction\",\"target\":[\"https:\/\/www.domkraftpro.com\/index.php\/produkt\/znackovy-sprchova-souprava-sprchova-baterie-s-hornim-vyvodem-57062-set068-57-0-63758\/\"]}]},{\"@type\":\"ImageObject\",\"inLanguage\":\"cs\",\"@id\":\"https:\/\/www.domkraftpro.com\/index.php\/produkt\/znackovy-sprchova-souprava-sprchova-baterie-s-hornim-vyvodem-57062-set068-57-0-63758\/#primaryimage\",\"url\":\"https:\/\/www.domkraftpro.com\/wp-content\/uploads\/2026\/SK0008872-CZ20260425-093351-0-1777080838-1203531_set-068-57.webp\",\"contentUrl\":\"https:\/\/www.domkraftpro.com\/wp-content\/uploads\/2026\/SK0008872-CZ20260425-093351-0-1777080838-1203531_set-068-57.webp\",\"width\":1000,\"height\":750},{\"@type\":\"BreadcrumbList\",\"@id\":\"https:\/\/www.domkraftpro.com\/index.php\/produkt\/znackovy-sprchova-souprava-sprchova-baterie-s-hornim-vyvodem-57062-set068-57-0-63758\/#breadcrumb\",\"itemListElement\":[{\"@type\":\"ListItem\",\"position\":1,\"name\":\"Home\",\"item\":\"https:\/\/www.domkraftpro.com\/\"},{\"@type\":\"ListItem\",\"position\":2,\"name\":\"Products\",\"item\":\"https:\/\/www.domkraftpro.com\/index.php\/products\/\"},{\"@type\":\"ListItem\",\"position\":3,\"name\":\"Zna\u010dkov\u00fd Sprchov\u00e1 souprava + sprchov\u00e1 baterie s horn\u00edm v\u00fdvodem 57062 SET068\/57,0\"}]},{\"@type\":\"WebSite\",\"@id\":\"https:\/\/www.domkraftpro.com\/#website\",\"url\":\"https:\/\/www.domkraftpro.com\/\",\"name\":\"\",\"description\":\"\",\"potentialAction\":[{\"@type\":\"SearchAction\",\"target\":{\"@type\":\"EntryPoint\",\"urlTemplate\":\"https:\/\/www.domkraftpro.com\/?s={search_term_string}\"},\"query-input\":{\"@type\":\"PropertyValueSpecification\",\"valueRequired\":true,\"valueName\":\"search_term_string\"}}],\"inLanguage\":\"cs\"}]}<\/script>\n<!-- \/ Yoast SEO plugin. -->","yoast_head_json":{"title":"Zna\u010dkov\u00fd Sprchov\u00e1 souprava + sprchov\u00e1 baterie s horn\u00edm v\u00fdvodem 57062 SET068\/57,0 -","robots":{"index":"index","follow":"follow","max-snippet":"max-snippet:-1","max-image-preview":"max-image-preview:large","max-video-preview":"max-video-preview:-1"},"canonical":"https:\/\/www.domkraftpro.com\/index.php\/produkt\/znackovy-sprchova-souprava-sprchova-baterie-s-hornim-vyvodem-57062-set068-57-0-63758\/","og_locale":"cs_CZ","og_type":"article","og_title":"Zna\u010dkov\u00fd Sprchov\u00e1 souprava + sprchov\u00e1 baterie s horn\u00edm v\u00fdvodem 57062 SET068\/57,0 -","og_description":"Detailn\u00ed popis produktu Milovn\u00edci designu si p\u0159ijdou na sv\u00e9 d\u00edky v\u00fdrazn\u00e9 konstrukci METALIA 57. Ov\u011b\u0159en\u00e1 kvalita v\u00e1s p\u0159esv\u011bd\u010d\u00ed. &lt;b&gt;Nejprod\u00e1van\u011bj\u0161\u00ed \u010desk\u00e9 vodovodn\u00ed baterie METALIA&lt;\/b&gt;. Tuto zna\u010dku rozhodn\u011b vystihuje &#8211; vysok\u00e1 kvalita, modern\u00ed design, funk\u010dnost a u\u017eivatelsk\u00fd komfort. &lt;br \/&gt;&lt;br \/&gt;Servis a\u017e k v\u00e1m dom\u016f.","og_url":"https:\/\/www.domkraftpro.com\/index.php\/produkt\/znackovy-sprchova-souprava-sprchova-baterie-s-hornim-vyvodem-57062-set068-57-0-63758\/","og_image":[{"width":1000,"height":750,"url":"https:\/\/www.domkraftpro.com\/wp-content\/uploads\/2026\/SK0008872-CZ20260425-093351-0-1777080838-1203531_set-068-57.webp","type":"image\/webp"}],"twitter_card":"summary_large_image","schema":{"@context":"https:\/\/schema.org","@graph":[{"@type":"WebPage","@id":"https:\/\/www.domkraftpro.com\/index.php\/produkt\/znackovy-sprchova-souprava-sprchova-baterie-s-hornim-vyvodem-57062-set068-57-0-63758\/","url":"https:\/\/www.domkraftpro.com\/index.php\/produkt\/znackovy-sprchova-souprava-sprchova-baterie-s-hornim-vyvodem-57062-set068-57-0-63758\/","name":"Zna\u010dkov\u00fd Sprchov\u00e1 souprava + sprchov\u00e1 baterie s horn\u00edm v\u00fdvodem 57062 SET068\/57,0 -","isPartOf":{"@id":"https:\/\/www.domkraftpro.com\/#website"},"primaryImageOfPage":{"@id":"https:\/\/www.domkraftpro.com\/index.php\/produkt\/znackovy-sprchova-souprava-sprchova-baterie-s-hornim-vyvodem-57062-set068-57-0-63758\/#primaryimage"},"image":{"@id":"https:\/\/www.domkraftpro.com\/index.php\/produkt\/znackovy-sprchova-souprava-sprchova-baterie-s-hornim-vyvodem-57062-set068-57-0-63758\/#primaryimage"},"thumbnailUrl":"https:\/\/www.domkraftpro.com\/wp-content\/uploads\/2026\/SK0008872-CZ20260425-093351-0-1777080838-1203531_set-068-57.webp","datePublished":"2026-04-27T04:43:18+00:00","breadcrumb":{"@id":"https:\/\/www.domkraftpro.com\/index.php\/produkt\/znackovy-sprchova-souprava-sprchova-baterie-s-hornim-vyvodem-57062-set068-57-0-63758\/#breadcrumb"},"inLanguage":"cs","potentialAction":[{"@type":"ReadAction","target":["https:\/\/www.domkraftpro.com\/index.php\/produkt\/znackovy-sprchova-souprava-sprchova-baterie-s-hornim-vyvodem-57062-set068-57-0-63758\/"]}]},{"@type":"ImageObject","inLanguage":"cs","@id":"https:\/\/www.domkraftpro.com\/index.php\/produkt\/znackovy-sprchova-souprava-sprchova-baterie-s-hornim-vyvodem-57062-set068-57-0-63758\/#primaryimage","url":"https:\/\/www.domkraftpro.com\/wp-content\/uploads\/2026\/SK0008872-CZ20260425-093351-0-1777080838-1203531_set-068-57.webp","contentUrl":"https:\/\/www.domkraftpro.com\/wp-content\/uploads\/2026\/SK0008872-CZ20260425-093351-0-1777080838-1203531_set-068-57.webp","width":1000,"height":750},{"@type":"BreadcrumbList","@id":"https:\/\/www.domkraftpro.com\/index.php\/produkt\/znackovy-sprchova-souprava-sprchova-baterie-s-hornim-vyvodem-57062-set068-57-0-63758\/#breadcrumb","itemListElement":[{"@type":"ListItem","position":1,"name":"Home","item":"https:\/\/www.domkraftpro.com\/"},{"@type":"ListItem","position":2,"name":"Products","item":"https:\/\/www.domkraftpro.com\/index.php\/products\/"},{"@type":"ListItem","position":3,"name":"Zna\u010dkov\u00fd Sprchov\u00e1 souprava + sprchov\u00e1 baterie s horn\u00edm v\u00fdvodem 57062 SET068\/57,0"}]},{"@type":"WebSite","@id":"https:\/\/www.domkraftpro.com\/#website","url":"https:\/\/www.domkraftpro.com\/","name":"","description":"","potentialAction":[{"@type":"SearchAction","target":{"@type":"EntryPoint","urlTemplate":"https:\/\/www.domkraftpro.com\/?s={search_term_string}"},"query-input":{"@type":"PropertyValueSpecification","valueRequired":true,"valueName":"search_term_string"}}],"inLanguage":"cs"}]}},"_links":{"self":[{"href":"https:\/\/www.domkraftpro.com\/index.php\/wp-json\/wp\/v2\/product\/63758","targetHints":{"allow":["GET"]}}],"collection":[{"href":"https:\/\/www.domkraftpro.com\/index.php\/wp-json\/wp\/v2\/product"}],"about":[{"href":"https:\/\/www.domkraftpro.com\/index.php\/wp-json\/wp\/v2\/types\/product"}],"replies":[{"embeddable":true,"href":"https:\/\/www.domkraftpro.com\/index.php\/wp-json\/wp\/v2\/comments?post=63758"}],"wp:featuredmedia":[{"embeddable":true,"href":"https:\/\/www.domkraftpro.com\/index.php\/wp-json\/wp\/v2\/media\/63858"}],"wp:attachment":[{"href":"https:\/\/www.domkraftpro.com\/index.php\/wp-json\/wp\/v2\/media?parent=63758"}],"wp:term":[{"taxonomy":"product_brand","embeddable":true,"href":"https:\/\/www.domkraftpro.com\/index.php\/wp-json\/wp\/v2\/product_brand?post=63758"},{"taxonomy":"product_cat","embeddable":true,"href":"https:\/\/www.domkraftpro.com\/index.php\/wp-json\/wp\/v2\/product_cat?post=63758"},{"taxonomy":"product_tag","embeddable":true,"href":"https:\/\/www.domkraftpro.com\/index.php\/wp-json\/wp\/v2\/product_tag?post=63758"}],"curies":[{"name":"wp","href":"https:\/\/api.w.org\/{rel}","templated":true}]}}