{"id":55103,"date":"2026-04-27T04:42:53","date_gmt":"2026-04-27T04:42:53","guid":{"rendered":""},"modified":"2026-04-27T04:42:53","modified_gmt":"2026-04-27T04:42:53","slug":"akce-sapho-dome-umyvadlova-misa-44-5x27x44-5-cm-55103","status":"publish","type":"product","link":"https:\/\/www.domkraftpro.com\/produkt\/akce-sapho-dome-umyvadlova-misa-44-5x27x44-5-cm-55103\/","title":{"rendered":"Akce Sapho Dome Umyvadlov\u00e1 m\u00edsa 44,5x27x44,5 cm"},"content":{"rendered":"<div class=\"ProductDetail-content NoFixImageContainer\" id=\"productDescription\">\n<div class=\"Heading\">\n<h2 class=\"Heading-title\">Popis produktu <span class=''>Sapho Dome Umyvadlov\u00e1 m\u00edsa 44,5x27x44,5 cm<\/span><\/h2>\n<\/p><\/div>\n<div class=\"ProductDetailContent\">                                                                    <\/div>\n<div class=\"ProductDetailContent\">\n<div class=\"ProductDetailContent-item\">                                            Pr\u016fm\u011br: 455 mm<br \/>Barva: B\u00edl\u00e1<br \/>\u0160\u00ed\u0159ka: 455 mm<br \/>Hloubka: 455 mm<br \/>Balen\u00ed: 1 ks<br \/>Rozm\u011br: 45,5&#215;22,5 cm<br \/>Materi\u00e1l: Keramika<br \/>Otvor pro baterii: Bez otvoru<br \/>P\u0159epad: NE<br \/>Tvar: Kruh<br \/>Z\u00e1ruka: 2 roky<br \/>Typ umyvadla: Umyvadlo na desku<br \/>Instalace: K postaven\u00ed                                        <\/div>\n<div class=\"ProductDetailContent-item\">\n<p><span>&nbsp;<\/span><\/p>\n<\/p><\/div>\n<\/p><\/div>\n<\/p><\/div>\n<\/p><\/div>\n<\/p><\/div>\n","protected":false},"excerpt":{"rendered":"<p>Popis produktu Sapho Dome Umyvadlov\u00e1 m\u00edsa 44,5x27x44,5 cm Pr\u016fm\u011br: 455 mmBarva: B\u00edl\u00e1\u0160\u00ed\u0159ka: 455 mmHloubka: 455 mmBalen\u00ed: 1 ksRozm\u011br: 45,5&#215;22,5 cmMateri\u00e1l: KeramikaOtvor pro baterii: Bez otvoruP\u0159epad: NETvar: KruhZ\u00e1ruka: 2 rokyTyp umyvadla: Umyvadlo na deskuInstalace: K postaven\u00ed &nbsp;<\/p>\n","protected":false},"featured_media":55203,"template":"","meta":[],"product_brand":[],"product_cat":[90],"product_tag":[],"class_list":{"0":"post-55103","1":"product","2":"type-product","3":"status-publish","4":"has-post-thumbnail","6":"product_cat-koupelny","8":"first","9":"instock","10":"sale","11":"shipping-taxable","12":"purchasable","13":"product-type-simple"},"yoast_head":"<!-- This site is optimized with the Yoast SEO plugin v26.8 - https:\/\/yoast.com\/product\/yoast-seo-wordpress\/ -->\n<title>Akce Sapho Dome Umyvadlov\u00e1 m\u00edsa 44,5x27x44,5 cm - Koupelna &amp; N\u00e1\u0159ad\u00ed &amp; Osv\u011btlen\u00ed a Stavebn\u00ed pot\u0159by<\/title>\n<meta name=\"robots\" content=\"index, follow, max-snippet:-1, max-image-preview:large, max-video-preview:-1\" \/>\n<link rel=\"canonical\" href=\"https:\/\/www.domkraftpro.com\/index.php\/produkt\/akce-sapho-dome-umyvadlova-misa-44-5x27x44-5-cm-55103\/\" \/>\n<meta property=\"og:locale\" content=\"cs_CZ\" \/>\n<meta property=\"og:type\" content=\"article\" \/>\n<meta property=\"og:title\" content=\"Akce Sapho Dome Umyvadlov\u00e1 m\u00edsa 44,5x27x44,5 cm - Koupelna &amp; N\u00e1\u0159ad\u00ed &amp; Osv\u011btlen\u00ed a Stavebn\u00ed pot\u0159by\" \/>\n<meta property=\"og:description\" content=\"Popis produktu Sapho Dome Umyvadlov\u00e1 m\u00edsa 44,5x27x44,5 cm Pr\u016fm\u011br: 455 mmBarva: B\u00edl\u00e1\u0160\u00ed\u0159ka: 455 mmHloubka: 455 mmBalen\u00ed: 1 ksRozm\u011br: 45,5&#215;22,5 cmMateri\u00e1l: KeramikaOtvor pro baterii: Bez otvoruP\u0159epad: NETvar: KruhZ\u00e1ruka: 2 rokyTyp umyvadla: Umyvadlo na deskuInstalace: K postaven\u00ed &nbsp;\" \/>\n<meta property=\"og:url\" content=\"https:\/\/www.domkraftpro.com\/index.php\/produkt\/akce-sapho-dome-umyvadlova-misa-44-5x27x44-5-cm-55103\/\" \/>\n<meta property=\"og:site_name\" content=\"Koupelna &amp; N\u00e1\u0159ad\u00ed &amp; Osv\u011btlen\u00ed a Stavebn\u00ed pot\u0159by\" \/>\n<meta property=\"og:image\" content=\"https:\/\/www.domkraftpro.com\/wp-content\/uploads\/2026\/SK0009448-CZ20260425-092632-0-1777080397-sapho-dome-umyvadlova-misa-44-5x27x44-5-cm-444627.webp\" \/>\n\t<meta property=\"og:image:width\" content=\"481\" \/>\n\t<meta property=\"og:image:height\" content=\"432\" \/>\n\t<meta property=\"og:image:type\" content=\"image\/webp\" \/>\n<meta name=\"twitter:card\" content=\"summary_large_image\" \/>\n<script type=\"application\/ld+json\" class=\"yoast-schema-graph\">{\"@context\":\"https:\/\/schema.org\",\"@graph\":[{\"@type\":\"WebPage\",\"@id\":\"https:\/\/www.domkraftpro.com\/index.php\/produkt\/akce-sapho-dome-umyvadlova-misa-44-5x27x44-5-cm-55103\/\",\"url\":\"https:\/\/www.domkraftpro.com\/index.php\/produkt\/akce-sapho-dome-umyvadlova-misa-44-5x27x44-5-cm-55103\/\",\"name\":\"Akce Sapho Dome Umyvadlov\u00e1 m\u00edsa 44,5x27x44,5 cm - Koupelna &amp; N\u00e1\u0159ad\u00ed &amp; Osv\u011btlen\u00ed a Stavebn\u00ed pot\u0159by\",\"isPartOf\":{\"@id\":\"https:\/\/www.domkraftpro.com\/#website\"},\"primaryImageOfPage\":{\"@id\":\"https:\/\/www.domkraftpro.com\/index.php\/produkt\/akce-sapho-dome-umyvadlova-misa-44-5x27x44-5-cm-55103\/#primaryimage\"},\"image\":{\"@id\":\"https:\/\/www.domkraftpro.com\/index.php\/produkt\/akce-sapho-dome-umyvadlova-misa-44-5x27x44-5-cm-55103\/#primaryimage\"},\"thumbnailUrl\":\"https:\/\/www.domkraftpro.com\/wp-content\/uploads\/2026\/SK0009448-CZ20260425-092632-0-1777080397-sapho-dome-umyvadlova-misa-44-5x27x44-5-cm-444627.webp\",\"datePublished\":\"2026-04-27T04:42:53+00:00\",\"breadcrumb\":{\"@id\":\"https:\/\/www.domkraftpro.com\/index.php\/produkt\/akce-sapho-dome-umyvadlova-misa-44-5x27x44-5-cm-55103\/#breadcrumb\"},\"inLanguage\":\"cs\",\"potentialAction\":[{\"@type\":\"ReadAction\",\"target\":[\"https:\/\/www.domkraftpro.com\/index.php\/produkt\/akce-sapho-dome-umyvadlova-misa-44-5x27x44-5-cm-55103\/\"]}]},{\"@type\":\"ImageObject\",\"inLanguage\":\"cs\",\"@id\":\"https:\/\/www.domkraftpro.com\/index.php\/produkt\/akce-sapho-dome-umyvadlova-misa-44-5x27x44-5-cm-55103\/#primaryimage\",\"url\":\"https:\/\/www.domkraftpro.com\/wp-content\/uploads\/2026\/SK0009448-CZ20260425-092632-0-1777080397-sapho-dome-umyvadlova-misa-44-5x27x44-5-cm-444627.webp\",\"contentUrl\":\"https:\/\/www.domkraftpro.com\/wp-content\/uploads\/2026\/SK0009448-CZ20260425-092632-0-1777080397-sapho-dome-umyvadlova-misa-44-5x27x44-5-cm-444627.webp\",\"width\":481,\"height\":432},{\"@type\":\"BreadcrumbList\",\"@id\":\"https:\/\/www.domkraftpro.com\/index.php\/produkt\/akce-sapho-dome-umyvadlova-misa-44-5x27x44-5-cm-55103\/#breadcrumb\",\"itemListElement\":[{\"@type\":\"ListItem\",\"position\":1,\"name\":\"Home\",\"item\":\"https:\/\/www.domkraftpro.com\/\"},{\"@type\":\"ListItem\",\"position\":2,\"name\":\"Products\",\"item\":\"https:\/\/www.domkraftpro.com\/products\/\"},{\"@type\":\"ListItem\",\"position\":3,\"name\":\"Akce Sapho Dome Umyvadlov\u00e1 m\u00edsa 44,5x27x44,5 cm\"}]},{\"@type\":\"WebSite\",\"@id\":\"https:\/\/www.domkraftpro.com\/#website\",\"url\":\"https:\/\/www.domkraftpro.com\/\",\"name\":\"Koupelna &amp; N\u00e1\u0159ad\u00ed &amp; Osv\u011btlen\u00ed a Stavebn\u00ed pot\u0159by\",\"description\":\"Koupelna &amp; N\u00e1\u0159ad\u00ed &amp; Osv\u011btlen\u00ed a Stavebn\u00ed pot\u0159by\",\"publisher\":{\"@id\":\"https:\/\/www.domkraftpro.com\/#organization\"},\"potentialAction\":[{\"@type\":\"SearchAction\",\"target\":{\"@type\":\"EntryPoint\",\"urlTemplate\":\"https:\/\/www.domkraftpro.com\/?s={search_term_string}\"},\"query-input\":{\"@type\":\"PropertyValueSpecification\",\"valueRequired\":true,\"valueName\":\"search_term_string\"}}],\"inLanguage\":\"cs\"},{\"@type\":\"Organization\",\"@id\":\"https:\/\/www.domkraftpro.com\/#organization\",\"name\":\"Koupelna &amp; N\u00e1\u0159ad\u00ed &amp; Osv\u011btlen\u00ed a Stavebn\u00ed pot\u0159by\",\"url\":\"https:\/\/www.domkraftpro.com\/\",\"logo\":{\"@type\":\"ImageObject\",\"inLanguage\":\"cs\",\"@id\":\"https:\/\/www.domkraftpro.com\/#\/schema\/logo\/image\/\",\"url\":\"https:\/\/www.domkraftpro.com\/wp-content\/uploads\/2026\/04\/domkraftpro_logo.svg\",\"contentUrl\":\"https:\/\/www.domkraftpro.com\/wp-content\/uploads\/2026\/04\/domkraftpro_logo.svg\",\"width\":760,\"height\":180,\"caption\":\"Koupelna &amp; N\u00e1\u0159ad\u00ed &amp; Osv\u011btlen\u00ed a Stavebn\u00ed pot\u0159by\"},\"image\":{\"@id\":\"https:\/\/www.domkraftpro.com\/#\/schema\/logo\/image\/\"}}]}<\/script>\n<!-- \/ Yoast SEO plugin. -->","yoast_head_json":{"title":"Akce Sapho Dome Umyvadlov\u00e1 m\u00edsa 44,5x27x44,5 cm - Koupelna &amp; N\u00e1\u0159ad\u00ed &amp; Osv\u011btlen\u00ed a Stavebn\u00ed pot\u0159by","robots":{"index":"index","follow":"follow","max-snippet":"max-snippet:-1","max-image-preview":"max-image-preview:large","max-video-preview":"max-video-preview:-1"},"canonical":"https:\/\/www.domkraftpro.com\/index.php\/produkt\/akce-sapho-dome-umyvadlova-misa-44-5x27x44-5-cm-55103\/","og_locale":"cs_CZ","og_type":"article","og_title":"Akce Sapho Dome Umyvadlov\u00e1 m\u00edsa 44,5x27x44,5 cm - Koupelna &amp; N\u00e1\u0159ad\u00ed &amp; Osv\u011btlen\u00ed a Stavebn\u00ed pot\u0159by","og_description":"Popis produktu Sapho Dome Umyvadlov\u00e1 m\u00edsa 44,5x27x44,5 cm Pr\u016fm\u011br: 455 mmBarva: B\u00edl\u00e1\u0160\u00ed\u0159ka: 455 mmHloubka: 455 mmBalen\u00ed: 1 ksRozm\u011br: 45,5&#215;22,5 cmMateri\u00e1l: KeramikaOtvor pro baterii: Bez otvoruP\u0159epad: NETvar: KruhZ\u00e1ruka: 2 rokyTyp umyvadla: Umyvadlo na deskuInstalace: K postaven\u00ed &nbsp;","og_url":"https:\/\/www.domkraftpro.com\/index.php\/produkt\/akce-sapho-dome-umyvadlova-misa-44-5x27x44-5-cm-55103\/","og_site_name":"Koupelna &amp; N\u00e1\u0159ad\u00ed &amp; Osv\u011btlen\u00ed a Stavebn\u00ed pot\u0159by","og_image":[{"width":481,"height":432,"url":"https:\/\/www.domkraftpro.com\/wp-content\/uploads\/2026\/SK0009448-CZ20260425-092632-0-1777080397-sapho-dome-umyvadlova-misa-44-5x27x44-5-cm-444627.webp","type":"image\/webp"}],"twitter_card":"summary_large_image","schema":{"@context":"https:\/\/schema.org","@graph":[{"@type":"WebPage","@id":"https:\/\/www.domkraftpro.com\/index.php\/produkt\/akce-sapho-dome-umyvadlova-misa-44-5x27x44-5-cm-55103\/","url":"https:\/\/www.domkraftpro.com\/index.php\/produkt\/akce-sapho-dome-umyvadlova-misa-44-5x27x44-5-cm-55103\/","name":"Akce Sapho Dome Umyvadlov\u00e1 m\u00edsa 44,5x27x44,5 cm - Koupelna &amp; N\u00e1\u0159ad\u00ed &amp; Osv\u011btlen\u00ed a Stavebn\u00ed pot\u0159by","isPartOf":{"@id":"https:\/\/www.domkraftpro.com\/#website"},"primaryImageOfPage":{"@id":"https:\/\/www.domkraftpro.com\/index.php\/produkt\/akce-sapho-dome-umyvadlova-misa-44-5x27x44-5-cm-55103\/#primaryimage"},"image":{"@id":"https:\/\/www.domkraftpro.com\/index.php\/produkt\/akce-sapho-dome-umyvadlova-misa-44-5x27x44-5-cm-55103\/#primaryimage"},"thumbnailUrl":"https:\/\/www.domkraftpro.com\/wp-content\/uploads\/2026\/SK0009448-CZ20260425-092632-0-1777080397-sapho-dome-umyvadlova-misa-44-5x27x44-5-cm-444627.webp","datePublished":"2026-04-27T04:42:53+00:00","breadcrumb":{"@id":"https:\/\/www.domkraftpro.com\/index.php\/produkt\/akce-sapho-dome-umyvadlova-misa-44-5x27x44-5-cm-55103\/#breadcrumb"},"inLanguage":"cs","potentialAction":[{"@type":"ReadAction","target":["https:\/\/www.domkraftpro.com\/index.php\/produkt\/akce-sapho-dome-umyvadlova-misa-44-5x27x44-5-cm-55103\/"]}]},{"@type":"ImageObject","inLanguage":"cs","@id":"https:\/\/www.domkraftpro.com\/index.php\/produkt\/akce-sapho-dome-umyvadlova-misa-44-5x27x44-5-cm-55103\/#primaryimage","url":"https:\/\/www.domkraftpro.com\/wp-content\/uploads\/2026\/SK0009448-CZ20260425-092632-0-1777080397-sapho-dome-umyvadlova-misa-44-5x27x44-5-cm-444627.webp","contentUrl":"https:\/\/www.domkraftpro.com\/wp-content\/uploads\/2026\/SK0009448-CZ20260425-092632-0-1777080397-sapho-dome-umyvadlova-misa-44-5x27x44-5-cm-444627.webp","width":481,"height":432},{"@type":"BreadcrumbList","@id":"https:\/\/www.domkraftpro.com\/index.php\/produkt\/akce-sapho-dome-umyvadlova-misa-44-5x27x44-5-cm-55103\/#breadcrumb","itemListElement":[{"@type":"ListItem","position":1,"name":"Home","item":"https:\/\/www.domkraftpro.com\/"},{"@type":"ListItem","position":2,"name":"Products","item":"https:\/\/www.domkraftpro.com\/products\/"},{"@type":"ListItem","position":3,"name":"Akce Sapho Dome Umyvadlov\u00e1 m\u00edsa 44,5x27x44,5 cm"}]},{"@type":"WebSite","@id":"https:\/\/www.domkraftpro.com\/#website","url":"https:\/\/www.domkraftpro.com\/","name":"Koupelna &amp; N\u00e1\u0159ad\u00ed &amp; Osv\u011btlen\u00ed a Stavebn\u00ed pot\u0159by","description":"Koupelna &amp; N\u00e1\u0159ad\u00ed &amp; Osv\u011btlen\u00ed a Stavebn\u00ed pot\u0159by","publisher":{"@id":"https:\/\/www.domkraftpro.com\/#organization"},"potentialAction":[{"@type":"SearchAction","target":{"@type":"EntryPoint","urlTemplate":"https:\/\/www.domkraftpro.com\/?s={search_term_string}"},"query-input":{"@type":"PropertyValueSpecification","valueRequired":true,"valueName":"search_term_string"}}],"inLanguage":"cs"},{"@type":"Organization","@id":"https:\/\/www.domkraftpro.com\/#organization","name":"Koupelna &amp; N\u00e1\u0159ad\u00ed &amp; Osv\u011btlen\u00ed a Stavebn\u00ed pot\u0159by","url":"https:\/\/www.domkraftpro.com\/","logo":{"@type":"ImageObject","inLanguage":"cs","@id":"https:\/\/www.domkraftpro.com\/#\/schema\/logo\/image\/","url":"https:\/\/www.domkraftpro.com\/wp-content\/uploads\/2026\/04\/domkraftpro_logo.svg","contentUrl":"https:\/\/www.domkraftpro.com\/wp-content\/uploads\/2026\/04\/domkraftpro_logo.svg","width":760,"height":180,"caption":"Koupelna &amp; N\u00e1\u0159ad\u00ed &amp; Osv\u011btlen\u00ed a Stavebn\u00ed pot\u0159by"},"image":{"@id":"https:\/\/www.domkraftpro.com\/#\/schema\/logo\/image\/"}}]}},"_links":{"self":[{"href":"https:\/\/www.domkraftpro.com\/wp-json\/wp\/v2\/product\/55103","targetHints":{"allow":["GET"]}}],"collection":[{"href":"https:\/\/www.domkraftpro.com\/wp-json\/wp\/v2\/product"}],"about":[{"href":"https:\/\/www.domkraftpro.com\/wp-json\/wp\/v2\/types\/product"}],"wp:featuredmedia":[{"embeddable":true,"href":"https:\/\/www.domkraftpro.com\/wp-json\/wp\/v2\/media\/55203"}],"wp:attachment":[{"href":"https:\/\/www.domkraftpro.com\/wp-json\/wp\/v2\/media?parent=55103"}],"wp:term":[{"taxonomy":"product_brand","embeddable":true,"href":"https:\/\/www.domkraftpro.com\/wp-json\/wp\/v2\/product_brand?post=55103"},{"taxonomy":"product_cat","embeddable":true,"href":"https:\/\/www.domkraftpro.com\/wp-json\/wp\/v2\/product_cat?post=55103"},{"taxonomy":"product_tag","embeddable":true,"href":"https:\/\/www.domkraftpro.com\/wp-json\/wp\/v2\/product_tag?post=55103"}],"curies":[{"name":"wp","href":"https:\/\/api.w.org\/{rel}","templated":true}]}}