{"id":54786,"date":"2026-04-27T04:42:52","date_gmt":"2026-04-27T04:42:52","guid":{"rendered":""},"modified":"2026-04-27T04:42:52","modified_gmt":"2026-04-27T04:42:52","slug":"akce-mereo-prutokovy-ohrivac-vody-bojler-3-5-kw-nizkotlaky-54786","status":"publish","type":"product","link":"https:\/\/www.domkraftpro.com\/index.php\/produkt\/akce-mereo-prutokovy-ohrivac-vody-bojler-3-5-kw-nizkotlaky-54786\/","title":{"rendered":"Akce Mereo Pr\u016ftokov\u00fd oh\u0159\u00edva\u010d vody-bojler 3,5 kW, n\u00edzkotlak\u00fd"},"content":{"rendered":"<div class=\"ProductDetail-content NoFixImageContainer\" id=\"productDescription\">\n<div class=\"Heading\">\n<h2 class=\"Heading-title\">Popis produktu <span class=''>Mereo Pr\u016ftokov\u00fd oh\u0159\u00edva\u010d vody-bojler 3,5 kW, n\u00edzkotlak\u00fd<\/span><\/h2>\n<\/p><\/div>\n<div class=\"ProductDetailContent\">                                                                    <\/div>\n<div class=\"ProductDetailContent\">\n<div class=\"ProductDetailContent-item\">                                            Pr\u016ftokov\u00fd elektricky oh\u0159\u00edva\u010d vody je d\u00edky sv\u00fdm rozm\u011br\u016fm a cen\u011b nej\u017e\u00e1dan\u011bj\u0161\u00edm z \u0159ady pr\u016ftokov\u00fdch oh\u0159\u00edva\u010d\u016f. Oh\u0159\u00edva\u010d se uvede automaticky do provozu oto\u010den\u00edm kohoutku tepl\u00e9 vody na baterii. Oh\u0159\u00edva\u010d nem\u00e1 zabudovan\u00fd z\u00e1sobn\u00edk na vodu. Vodu oh\u0159\u00edv\u00e1 okam\u017eit\u011b a nep\u0159etr\u017eit\u011b. Elektrickou energii spot\u0159ebov\u00e1v\u00e1 pouze p\u0159i pu\u0161t\u011bn\u00ed tepl\u00e9 vody. Sv\u00fdm konstruk\u010dn\u00edm \u0159e\u0161en\u00edm je elektrick\u00fd oh\u0159\u00edva\u010d ur\u010den jen pro jedno odb\u011brov\u00e9 m\u00edsto. Mont\u00e1\u017e je velmi jednoduch\u00e1, spo\u010d\u00edv\u00e1 v nainstalov\u00e1n\u00ed speci\u00e1ln\u00ed vodovodn\u00ed baterie na p\u0159\u00edvod studen\u00e9 vody a zapojen\u00ed do elektrick\u00e9ho syst\u00e9mu. Mont\u00e1\u017e je mo\u017en\u00e1 pouze se speci\u00e1ln\u00ed beztlakovou vodovodn\u00ed bateri\u00ed.<\/p>\n<p>Tento typ pr\u016ftokov\u00e9ho elektrick\u00e9ho oh\u0159\u00edva\u010de je vhodn\u00fd p\u0159edev\u0161\u00edm pro umyvadla a kuchy\u0148sk\u00e9 d\u0159ezy.                                        <\/p><\/div>\n<div class=\"ProductDetailContent-item\">\n<ul>\n<li>Typ: <strong>Oh\u0159\u00edva\u010d<\/strong><\/li>\n<li>Proud: <strong>16 A<\/strong><\/li>\n<li>Nap\u011bt\u00ed: <strong>230 V<\/strong><\/li>\n<li>P\u0159\u00edkon (W): <strong>3500<\/strong><\/li>\n<li>Stupe\u0148 kryt\u00ed: <strong>IP 24<\/strong><\/li>\n<li>Min. prac. tlak vody: <strong>0,09 MPa;0,9 bar<\/strong><\/li>\n<li>Max. trval\u00fd tlak vody: <strong>0 bar;0,0 MPa<\/strong><\/li>\n<\/ul><\/div>\n<\/p><\/div>\n<\/p><\/div>\n<\/p><\/div>\n<\/p><\/div>\n","protected":false},"excerpt":{"rendered":"<p>Popis produktu Mereo Pr\u016ftokov\u00fd oh\u0159\u00edva\u010d vody-bojler 3,5 kW, n\u00edzkotlak\u00fd Pr\u016ftokov\u00fd elektricky oh\u0159\u00edva\u010d vody je d\u00edky sv\u00fdm rozm\u011br\u016fm a cen\u011b nej\u017e\u00e1dan\u011bj\u0161\u00edm z \u0159ady pr\u016ftokov\u00fdch oh\u0159\u00edva\u010d\u016f. Oh\u0159\u00edva\u010d se uvede automaticky do provozu oto\u010den\u00edm kohoutku tepl\u00e9 vody na baterii. Oh\u0159\u00edva\u010d nem\u00e1 zabudovan\u00fd z\u00e1sobn\u00edk na vodu. Vodu oh\u0159\u00edv\u00e1 okam\u017eit\u011b a nep\u0159etr\u017eit\u011b. Elektrickou energii spot\u0159ebov\u00e1v\u00e1 pouze p\u0159i pu\u0161t\u011bn\u00ed tepl\u00e9 vody. [&hellip;]<\/p>\n","protected":false},"featured_media":54886,"comment_status":"open","ping_status":"open","template":"","meta":[],"product_brand":[],"product_cat":[91],"product_tag":[],"class_list":{"0":"post-54786","1":"product","2":"type-product","3":"status-publish","4":"has-post-thumbnail","6":"product_cat-topeni","8":"first","9":"instock","10":"sale","11":"shipping-taxable","12":"purchasable","13":"product-type-simple"},"yoast_head":"<!-- This site is optimized with the Yoast SEO plugin v26.8 - https:\/\/yoast.com\/product\/yoast-seo-wordpress\/ -->\n<title>Akce Mereo Pr\u016ftokov\u00fd oh\u0159\u00edva\u010d vody-bojler 3,5 kW, n\u00edzkotlak\u00fd -<\/title>\n<meta name=\"robots\" content=\"index, follow, max-snippet:-1, max-image-preview:large, max-video-preview:-1\" \/>\n<link rel=\"canonical\" href=\"https:\/\/www.domkraftpro.com\/index.php\/produkt\/akce-mereo-prutokovy-ohrivac-vody-bojler-3-5-kw-nizkotlaky-54786\/\" \/>\n<meta property=\"og:locale\" content=\"cs_CZ\" \/>\n<meta property=\"og:type\" content=\"article\" \/>\n<meta property=\"og:title\" content=\"Akce Mereo Pr\u016ftokov\u00fd oh\u0159\u00edva\u010d vody-bojler 3,5 kW, n\u00edzkotlak\u00fd -\" \/>\n<meta property=\"og:description\" content=\"Popis produktu Mereo Pr\u016ftokov\u00fd oh\u0159\u00edva\u010d vody-bojler 3,5 kW, n\u00edzkotlak\u00fd Pr\u016ftokov\u00fd elektricky oh\u0159\u00edva\u010d vody je d\u00edky sv\u00fdm rozm\u011br\u016fm a cen\u011b nej\u017e\u00e1dan\u011bj\u0161\u00edm z \u0159ady pr\u016ftokov\u00fdch oh\u0159\u00edva\u010d\u016f. Oh\u0159\u00edva\u010d se uvede automaticky do provozu oto\u010den\u00edm kohoutku tepl\u00e9 vody na baterii. Oh\u0159\u00edva\u010d nem\u00e1 zabudovan\u00fd z\u00e1sobn\u00edk na vodu. Vodu oh\u0159\u00edv\u00e1 okam\u017eit\u011b a nep\u0159etr\u017eit\u011b. Elektrickou energii spot\u0159ebov\u00e1v\u00e1 pouze p\u0159i pu\u0161t\u011bn\u00ed tepl\u00e9 vody. [&hellip;]\" \/>\n<meta property=\"og:url\" content=\"https:\/\/www.domkraftpro.com\/index.php\/produkt\/akce-mereo-prutokovy-ohrivac-vody-bojler-3-5-kw-nizkotlaky-54786\/\" \/>\n<meta property=\"og:image\" content=\"https:\/\/www.domkraftpro.com\/wp-content\/uploads\/2026\/SK0009326-CZ20260425-092632-0-1777080397-mereo-prutokovy-ohrivac-vody-bojler-3-5-kw-nizkotlaky-99028.webp\" \/>\n\t<meta property=\"og:image:width\" content=\"600\" \/>\n\t<meta property=\"og:image:height\" content=\"600\" \/>\n\t<meta property=\"og:image:type\" content=\"image\/webp\" \/>\n<meta name=\"twitter:card\" content=\"summary_large_image\" \/>\n<meta name=\"twitter:label1\" content=\"Odhadovan\u00e1 doba \u010dten\u00ed\" \/>\n\t<meta name=\"twitter:data1\" content=\"1 minuta\" \/>\n<script type=\"application\/ld+json\" class=\"yoast-schema-graph\">{\"@context\":\"https:\/\/schema.org\",\"@graph\":[{\"@type\":\"WebPage\",\"@id\":\"https:\/\/www.domkraftpro.com\/index.php\/produkt\/akce-mereo-prutokovy-ohrivac-vody-bojler-3-5-kw-nizkotlaky-54786\/\",\"url\":\"https:\/\/www.domkraftpro.com\/index.php\/produkt\/akce-mereo-prutokovy-ohrivac-vody-bojler-3-5-kw-nizkotlaky-54786\/\",\"name\":\"Akce Mereo Pr\u016ftokov\u00fd oh\u0159\u00edva\u010d vody-bojler 3,5 kW, n\u00edzkotlak\u00fd -\",\"isPartOf\":{\"@id\":\"https:\/\/www.domkraftpro.com\/#website\"},\"primaryImageOfPage\":{\"@id\":\"https:\/\/www.domkraftpro.com\/index.php\/produkt\/akce-mereo-prutokovy-ohrivac-vody-bojler-3-5-kw-nizkotlaky-54786\/#primaryimage\"},\"image\":{\"@id\":\"https:\/\/www.domkraftpro.com\/index.php\/produkt\/akce-mereo-prutokovy-ohrivac-vody-bojler-3-5-kw-nizkotlaky-54786\/#primaryimage\"},\"thumbnailUrl\":\"https:\/\/www.domkraftpro.com\/wp-content\/uploads\/2026\/SK0009326-CZ20260425-092632-0-1777080397-mereo-prutokovy-ohrivac-vody-bojler-3-5-kw-nizkotlaky-99028.webp\",\"datePublished\":\"2026-04-27T04:42:52+00:00\",\"breadcrumb\":{\"@id\":\"https:\/\/www.domkraftpro.com\/index.php\/produkt\/akce-mereo-prutokovy-ohrivac-vody-bojler-3-5-kw-nizkotlaky-54786\/#breadcrumb\"},\"inLanguage\":\"cs\",\"potentialAction\":[{\"@type\":\"ReadAction\",\"target\":[\"https:\/\/www.domkraftpro.com\/index.php\/produkt\/akce-mereo-prutokovy-ohrivac-vody-bojler-3-5-kw-nizkotlaky-54786\/\"]}]},{\"@type\":\"ImageObject\",\"inLanguage\":\"cs\",\"@id\":\"https:\/\/www.domkraftpro.com\/index.php\/produkt\/akce-mereo-prutokovy-ohrivac-vody-bojler-3-5-kw-nizkotlaky-54786\/#primaryimage\",\"url\":\"https:\/\/www.domkraftpro.com\/wp-content\/uploads\/2026\/SK0009326-CZ20260425-092632-0-1777080397-mereo-prutokovy-ohrivac-vody-bojler-3-5-kw-nizkotlaky-99028.webp\",\"contentUrl\":\"https:\/\/www.domkraftpro.com\/wp-content\/uploads\/2026\/SK0009326-CZ20260425-092632-0-1777080397-mereo-prutokovy-ohrivac-vody-bojler-3-5-kw-nizkotlaky-99028.webp\",\"width\":600,\"height\":600},{\"@type\":\"BreadcrumbList\",\"@id\":\"https:\/\/www.domkraftpro.com\/index.php\/produkt\/akce-mereo-prutokovy-ohrivac-vody-bojler-3-5-kw-nizkotlaky-54786\/#breadcrumb\",\"itemListElement\":[{\"@type\":\"ListItem\",\"position\":1,\"name\":\"Home\",\"item\":\"https:\/\/www.domkraftpro.com\/\"},{\"@type\":\"ListItem\",\"position\":2,\"name\":\"Products\",\"item\":\"https:\/\/www.domkraftpro.com\/index.php\/products\/\"},{\"@type\":\"ListItem\",\"position\":3,\"name\":\"Akce Mereo Pr\u016ftokov\u00fd oh\u0159\u00edva\u010d vody-bojler 3,5 kW, n\u00edzkotlak\u00fd\"}]},{\"@type\":\"WebSite\",\"@id\":\"https:\/\/www.domkraftpro.com\/#website\",\"url\":\"https:\/\/www.domkraftpro.com\/\",\"name\":\"\",\"description\":\"\",\"potentialAction\":[{\"@type\":\"SearchAction\",\"target\":{\"@type\":\"EntryPoint\",\"urlTemplate\":\"https:\/\/www.domkraftpro.com\/?s={search_term_string}\"},\"query-input\":{\"@type\":\"PropertyValueSpecification\",\"valueRequired\":true,\"valueName\":\"search_term_string\"}}],\"inLanguage\":\"cs\"}]}<\/script>\n<!-- \/ Yoast SEO plugin. -->","yoast_head_json":{"title":"Akce Mereo Pr\u016ftokov\u00fd oh\u0159\u00edva\u010d vody-bojler 3,5 kW, n\u00edzkotlak\u00fd -","robots":{"index":"index","follow":"follow","max-snippet":"max-snippet:-1","max-image-preview":"max-image-preview:large","max-video-preview":"max-video-preview:-1"},"canonical":"https:\/\/www.domkraftpro.com\/index.php\/produkt\/akce-mereo-prutokovy-ohrivac-vody-bojler-3-5-kw-nizkotlaky-54786\/","og_locale":"cs_CZ","og_type":"article","og_title":"Akce Mereo Pr\u016ftokov\u00fd oh\u0159\u00edva\u010d vody-bojler 3,5 kW, n\u00edzkotlak\u00fd -","og_description":"Popis produktu Mereo Pr\u016ftokov\u00fd oh\u0159\u00edva\u010d vody-bojler 3,5 kW, n\u00edzkotlak\u00fd Pr\u016ftokov\u00fd elektricky oh\u0159\u00edva\u010d vody je d\u00edky sv\u00fdm rozm\u011br\u016fm a cen\u011b nej\u017e\u00e1dan\u011bj\u0161\u00edm z \u0159ady pr\u016ftokov\u00fdch oh\u0159\u00edva\u010d\u016f. Oh\u0159\u00edva\u010d se uvede automaticky do provozu oto\u010den\u00edm kohoutku tepl\u00e9 vody na baterii. Oh\u0159\u00edva\u010d nem\u00e1 zabudovan\u00fd z\u00e1sobn\u00edk na vodu. Vodu oh\u0159\u00edv\u00e1 okam\u017eit\u011b a nep\u0159etr\u017eit\u011b. Elektrickou energii spot\u0159ebov\u00e1v\u00e1 pouze p\u0159i pu\u0161t\u011bn\u00ed tepl\u00e9 vody. [&hellip;]","og_url":"https:\/\/www.domkraftpro.com\/index.php\/produkt\/akce-mereo-prutokovy-ohrivac-vody-bojler-3-5-kw-nizkotlaky-54786\/","og_image":[{"width":600,"height":600,"url":"https:\/\/www.domkraftpro.com\/wp-content\/uploads\/2026\/SK0009326-CZ20260425-092632-0-1777080397-mereo-prutokovy-ohrivac-vody-bojler-3-5-kw-nizkotlaky-99028.webp","type":"image\/webp"}],"twitter_card":"summary_large_image","twitter_misc":{"Odhadovan\u00e1 doba \u010dten\u00ed":"1 minuta"},"schema":{"@context":"https:\/\/schema.org","@graph":[{"@type":"WebPage","@id":"https:\/\/www.domkraftpro.com\/index.php\/produkt\/akce-mereo-prutokovy-ohrivac-vody-bojler-3-5-kw-nizkotlaky-54786\/","url":"https:\/\/www.domkraftpro.com\/index.php\/produkt\/akce-mereo-prutokovy-ohrivac-vody-bojler-3-5-kw-nizkotlaky-54786\/","name":"Akce Mereo Pr\u016ftokov\u00fd oh\u0159\u00edva\u010d vody-bojler 3,5 kW, n\u00edzkotlak\u00fd -","isPartOf":{"@id":"https:\/\/www.domkraftpro.com\/#website"},"primaryImageOfPage":{"@id":"https:\/\/www.domkraftpro.com\/index.php\/produkt\/akce-mereo-prutokovy-ohrivac-vody-bojler-3-5-kw-nizkotlaky-54786\/#primaryimage"},"image":{"@id":"https:\/\/www.domkraftpro.com\/index.php\/produkt\/akce-mereo-prutokovy-ohrivac-vody-bojler-3-5-kw-nizkotlaky-54786\/#primaryimage"},"thumbnailUrl":"https:\/\/www.domkraftpro.com\/wp-content\/uploads\/2026\/SK0009326-CZ20260425-092632-0-1777080397-mereo-prutokovy-ohrivac-vody-bojler-3-5-kw-nizkotlaky-99028.webp","datePublished":"2026-04-27T04:42:52+00:00","breadcrumb":{"@id":"https:\/\/www.domkraftpro.com\/index.php\/produkt\/akce-mereo-prutokovy-ohrivac-vody-bojler-3-5-kw-nizkotlaky-54786\/#breadcrumb"},"inLanguage":"cs","potentialAction":[{"@type":"ReadAction","target":["https:\/\/www.domkraftpro.com\/index.php\/produkt\/akce-mereo-prutokovy-ohrivac-vody-bojler-3-5-kw-nizkotlaky-54786\/"]}]},{"@type":"ImageObject","inLanguage":"cs","@id":"https:\/\/www.domkraftpro.com\/index.php\/produkt\/akce-mereo-prutokovy-ohrivac-vody-bojler-3-5-kw-nizkotlaky-54786\/#primaryimage","url":"https:\/\/www.domkraftpro.com\/wp-content\/uploads\/2026\/SK0009326-CZ20260425-092632-0-1777080397-mereo-prutokovy-ohrivac-vody-bojler-3-5-kw-nizkotlaky-99028.webp","contentUrl":"https:\/\/www.domkraftpro.com\/wp-content\/uploads\/2026\/SK0009326-CZ20260425-092632-0-1777080397-mereo-prutokovy-ohrivac-vody-bojler-3-5-kw-nizkotlaky-99028.webp","width":600,"height":600},{"@type":"BreadcrumbList","@id":"https:\/\/www.domkraftpro.com\/index.php\/produkt\/akce-mereo-prutokovy-ohrivac-vody-bojler-3-5-kw-nizkotlaky-54786\/#breadcrumb","itemListElement":[{"@type":"ListItem","position":1,"name":"Home","item":"https:\/\/www.domkraftpro.com\/"},{"@type":"ListItem","position":2,"name":"Products","item":"https:\/\/www.domkraftpro.com\/index.php\/products\/"},{"@type":"ListItem","position":3,"name":"Akce Mereo Pr\u016ftokov\u00fd oh\u0159\u00edva\u010d vody-bojler 3,5 kW, n\u00edzkotlak\u00fd"}]},{"@type":"WebSite","@id":"https:\/\/www.domkraftpro.com\/#website","url":"https:\/\/www.domkraftpro.com\/","name":"","description":"","potentialAction":[{"@type":"SearchAction","target":{"@type":"EntryPoint","urlTemplate":"https:\/\/www.domkraftpro.com\/?s={search_term_string}"},"query-input":{"@type":"PropertyValueSpecification","valueRequired":true,"valueName":"search_term_string"}}],"inLanguage":"cs"}]}},"_links":{"self":[{"href":"https:\/\/www.domkraftpro.com\/index.php\/wp-json\/wp\/v2\/product\/54786","targetHints":{"allow":["GET"]}}],"collection":[{"href":"https:\/\/www.domkraftpro.com\/index.php\/wp-json\/wp\/v2\/product"}],"about":[{"href":"https:\/\/www.domkraftpro.com\/index.php\/wp-json\/wp\/v2\/types\/product"}],"replies":[{"embeddable":true,"href":"https:\/\/www.domkraftpro.com\/index.php\/wp-json\/wp\/v2\/comments?post=54786"}],"wp:featuredmedia":[{"embeddable":true,"href":"https:\/\/www.domkraftpro.com\/index.php\/wp-json\/wp\/v2\/media\/54886"}],"wp:attachment":[{"href":"https:\/\/www.domkraftpro.com\/index.php\/wp-json\/wp\/v2\/media?parent=54786"}],"wp:term":[{"taxonomy":"product_brand","embeddable":true,"href":"https:\/\/www.domkraftpro.com\/index.php\/wp-json\/wp\/v2\/product_brand?post=54786"},{"taxonomy":"product_cat","embeddable":true,"href":"https:\/\/www.domkraftpro.com\/index.php\/wp-json\/wp\/v2\/product_cat?post=54786"},{"taxonomy":"product_tag","embeddable":true,"href":"https:\/\/www.domkraftpro.com\/index.php\/wp-json\/wp\/v2\/product_tag?post=54786"}],"curies":[{"name":"wp","href":"https:\/\/api.w.org\/{rel}","templated":true}]}}