{"id":54742,"date":"2026-04-27T04:42:52","date_gmt":"2026-04-27T04:42:52","guid":{"rendered":""},"modified":"2026-04-27T04:42:52","modified_gmt":"2026-04-27T04:42:52","slug":"finalni-vyprodej-system-pro-vyuziti-pitne-a-destove-vody-prislusenstvi-dab-prislusenstvi-nbb-54742","status":"publish","type":"product","link":"https:\/\/www.domkraftpro.com\/produkt\/finalni-vyprodej-system-pro-vyuziti-pitne-a-destove-vody-prislusenstvi-dab-prislusenstvi-nbb-54742\/","title":{"rendered":"Fin\u00e1ln\u00ed V\u00fdprodej Syst\u00e9m pro vyu\u017eit\u00ed pitn\u00e9 a de\u0161\u0165ov\u00e9 vody &#8211; p\u0159\u00edslu\u0161enstv\u00ed DAB.PRISLUSENSTVI NBB"},"content":{"rendered":"<div class=\"ProductDetail-content NoFixImageContainer\" id=\"productDescription\">\n<div class=\"Heading\">\n<h2 class=\"Heading-title\">Popis produktu <span class=''>Syst\u00e9m pro vyu\u017eit\u00ed pitn\u00e9 a de\u0161\u0165ov\u00e9 vody &#8211; p\u0159\u00edslu\u0161enstv\u00ed DAB.PRISLUSENSTVI NBB<\/span><\/h2>\n<\/p><\/div>\n<div class=\"ProductDetailContent\">\n<p><span style=\"font-size:16px\">NBB je \u0159e\u0161en\u00ed pro z\u00e1sobov\u00e1n\u00ed dom\u00e1cnost\u00ed pitnou nebo de\u0161\u0165ovou vodou.<\/span><\/p>\n<p><span style=\"font-size:16px\">Z\u00e1kladn\u00edm konceptem je modularita prvk\u016f jako nap\u0159\u00edklad mo\u017enost kombinace s&nbsp;ponorn\u00fdm nebo povrchov\u00fdm \u010derpadlem s&nbsp;frekven\u010dn\u00edm m\u011bni\u010dem (pokud nen\u00ed pou\u017eito \u010derpadlo s&nbsp;integrovanou elektronikou) a mont\u00e1\u017en\u00ed sada , v\u010detn\u011b expanzn\u00ed n\u00e1doby. Ve v\u0161ech kombinac\u00edch z&nbsp;nab\u00eddky je NBB syst\u00e9m charakteristick\u00fd sv\u00fdm kompaktn\u00edm rozm\u011brem a komfortem ve verzi s&nbsp;frek. m\u011bni\u010dem, kter\u00fd znamen\u00e1 zna\u010dnou \u00fasporu energie. NBB KIT se skl\u00e1d\u00e1 z&nbsp;n\u00e1dr\u017ee o&nbsp;objemu 280 l, kter\u00e1 je vhodn\u00e1 i&nbsp;pro pitnou vodu v&nbsp;souladu s&nbsp;Evropskou normou EN1717 a EN13077. D\u00e1le je syst\u00e9m vybaven plnic\u00edm a p\u0159epadov\u00fdm ventilem. V\u00fdb\u011brem p\u0159\u00eddavn\u00e9 n\u00e1dr\u017ee s&nbsp;pot\u0159ebn\u00fdm p\u0159\u00edslu\u0161enstv\u00edm je mo\u017en\u00e9 zdvojn\u00e1sobit kapacitu syst\u00e9mu. Krom\u011b NBB je t\u0159eba zvolit mont\u00e1\u017en\u00ed kit odpov\u00eddaj\u00edc\u00ed typu \u010derpadla (nebo \u010derpadlo s&nbsp;m\u011bni\u010dem), kter\u00e9 bude nejvhodn\u011bj\u0161\u00ed pro danou aplikaci (\u010derpadlo ani m\u011bni\u010d nen\u00ed sou\u010d\u00e1st\u00ed kitu a musej\u00ed b\u00fdt objedn\u00e1ny zvl\u00e1\u0161\u0165). Kit instala\u010dn\u00ed sady je ch\u00e1p\u00e1n jako ve\u0161ker\u00e9 p\u0159\u00edslu\u0161enstv\u00ed nutn\u00e9 pro instalaci \u010derpadla (nebo m\u011bni\u010de) k&nbsp;NBB n\u00e1dr\u017ei. Pro instalaci sad s&nbsp;\u010derpadlem PULSAR a EUROINOX je sou\u010d\u00e1st\u00ed instala\u010dn\u00edho kitu tak\u00e9 4 l expanzn\u00ed n\u00e1doba.<\/span><\/p>\n<\/p><\/div>\n<div class=\"ProductDetailContent\">                                                                    <\/div>\n<\/p><\/div>\n<\/p><\/div>\n<\/p><\/div>\n","protected":false},"excerpt":{"rendered":"<p>Popis produktu Syst\u00e9m pro vyu\u017eit\u00ed pitn\u00e9 a de\u0161\u0165ov\u00e9 vody &#8211; p\u0159\u00edslu\u0161enstv\u00ed DAB.PRISLUSENSTVI NBB NBB je \u0159e\u0161en\u00ed pro z\u00e1sobov\u00e1n\u00ed dom\u00e1cnost\u00ed pitnou nebo de\u0161\u0165ovou vodou. Z\u00e1kladn\u00edm konceptem je modularita prvk\u016f jako nap\u0159\u00edklad mo\u017enost kombinace s&nbsp;ponorn\u00fdm nebo povrchov\u00fdm \u010derpadlem s&nbsp;frekven\u010dn\u00edm m\u011bni\u010dem (pokud nen\u00ed pou\u017eito \u010derpadlo s&nbsp;integrovanou elektronikou) a mont\u00e1\u017en\u00ed sada , v\u010detn\u011b expanzn\u00ed n\u00e1doby. Ve v\u0161ech kombinac\u00edch z&nbsp;nab\u00eddky [&hellip;]<\/p>\n","protected":false},"featured_media":54842,"comment_status":"open","ping_status":"open","template":"","meta":[],"product_brand":[],"product_cat":[122],"product_tag":[],"class_list":{"0":"post-54742","1":"product","2":"type-product","3":"status-publish","4":"has-post-thumbnail","6":"product_cat-septiky-jimky-nadrze","8":"first","9":"instock","10":"sale","11":"shipping-taxable","12":"purchasable","13":"product-type-simple"},"yoast_head":"<!-- This site is optimized with the Yoast SEO plugin v26.8 - https:\/\/yoast.com\/product\/yoast-seo-wordpress\/ -->\n<title>Fin\u00e1ln\u00ed V\u00fdprodej Syst\u00e9m pro vyu\u017eit\u00ed pitn\u00e9 a de\u0161\u0165ov\u00e9 vody - p\u0159\u00edslu\u0161enstv\u00ed DAB.PRISLUSENSTVI NBB -<\/title>\n<meta name=\"robots\" content=\"index, follow, max-snippet:-1, max-image-preview:large, max-video-preview:-1\" \/>\n<link rel=\"canonical\" href=\"https:\/\/www.domkraftpro.com\/index.php\/produkt\/finalni-vyprodej-system-pro-vyuziti-pitne-a-destove-vody-prislusenstvi-dab-prislusenstvi-nbb-54742\/\" \/>\n<meta property=\"og:locale\" content=\"cs_CZ\" \/>\n<meta property=\"og:type\" content=\"article\" \/>\n<meta property=\"og:title\" content=\"Fin\u00e1ln\u00ed V\u00fdprodej Syst\u00e9m pro vyu\u017eit\u00ed pitn\u00e9 a de\u0161\u0165ov\u00e9 vody - p\u0159\u00edslu\u0161enstv\u00ed DAB.PRISLUSENSTVI NBB -\" \/>\n<meta property=\"og:description\" content=\"Popis produktu Syst\u00e9m pro vyu\u017eit\u00ed pitn\u00e9 a de\u0161\u0165ov\u00e9 vody &#8211; p\u0159\u00edslu\u0161enstv\u00ed DAB.PRISLUSENSTVI NBB NBB je \u0159e\u0161en\u00ed pro z\u00e1sobov\u00e1n\u00ed dom\u00e1cnost\u00ed pitnou nebo de\u0161\u0165ovou vodou. Z\u00e1kladn\u00edm konceptem je modularita prvk\u016f jako nap\u0159\u00edklad mo\u017enost kombinace s&nbsp;ponorn\u00fdm nebo povrchov\u00fdm \u010derpadlem s&nbsp;frekven\u010dn\u00edm m\u011bni\u010dem (pokud nen\u00ed pou\u017eito \u010derpadlo s&nbsp;integrovanou elektronikou) a mont\u00e1\u017en\u00ed sada , v\u010detn\u011b expanzn\u00ed n\u00e1doby. Ve v\u0161ech kombinac\u00edch z&nbsp;nab\u00eddky [&hellip;]\" \/>\n<meta property=\"og:url\" content=\"https:\/\/www.domkraftpro.com\/index.php\/produkt\/finalni-vyprodej-system-pro-vyuziti-pitne-a-destove-vody-prislusenstvi-dab-prislusenstvi-nbb-54742\/\" \/>\n<meta property=\"og:image\" content=\"https:\/\/www.domkraftpro.com\/wp-content\/uploads\/2026\/SK0009275-CZ20260425-092632-0-1777080397-system-pro-vyuziti-pitne-a-destove-vody-prislusenstvi-dab-p.webp\" \/>\n\t<meta property=\"og:image:width\" content=\"376\" \/>\n\t<meta property=\"og:image:height\" content=\"536\" \/>\n\t<meta property=\"og:image:type\" content=\"image\/webp\" \/>\n<meta name=\"twitter:card\" content=\"summary_large_image\" \/>\n<meta name=\"twitter:label1\" content=\"Odhadovan\u00e1 doba \u010dten\u00ed\" \/>\n\t<meta name=\"twitter:data1\" content=\"1 minuta\" \/>\n<script type=\"application\/ld+json\" class=\"yoast-schema-graph\">{\"@context\":\"https:\/\/schema.org\",\"@graph\":[{\"@type\":\"WebPage\",\"@id\":\"https:\/\/www.domkraftpro.com\/index.php\/produkt\/finalni-vyprodej-system-pro-vyuziti-pitne-a-destove-vody-prislusenstvi-dab-prislusenstvi-nbb-54742\/\",\"url\":\"https:\/\/www.domkraftpro.com\/index.php\/produkt\/finalni-vyprodej-system-pro-vyuziti-pitne-a-destove-vody-prislusenstvi-dab-prislusenstvi-nbb-54742\/\",\"name\":\"Fin\u00e1ln\u00ed V\u00fdprodej Syst\u00e9m pro vyu\u017eit\u00ed pitn\u00e9 a de\u0161\u0165ov\u00e9 vody - p\u0159\u00edslu\u0161enstv\u00ed DAB.PRISLUSENSTVI NBB -\",\"isPartOf\":{\"@id\":\"https:\/\/www.domkraftpro.com\/#website\"},\"primaryImageOfPage\":{\"@id\":\"https:\/\/www.domkraftpro.com\/index.php\/produkt\/finalni-vyprodej-system-pro-vyuziti-pitne-a-destove-vody-prislusenstvi-dab-prislusenstvi-nbb-54742\/#primaryimage\"},\"image\":{\"@id\":\"https:\/\/www.domkraftpro.com\/index.php\/produkt\/finalni-vyprodej-system-pro-vyuziti-pitne-a-destove-vody-prislusenstvi-dab-prislusenstvi-nbb-54742\/#primaryimage\"},\"thumbnailUrl\":\"https:\/\/www.domkraftpro.com\/wp-content\/uploads\/2026\/SK0009275-CZ20260425-092632-0-1777080397-system-pro-vyuziti-pitne-a-destove-vody-prislusenstvi-dab-p.webp\",\"datePublished\":\"2026-04-27T04:42:52+00:00\",\"breadcrumb\":{\"@id\":\"https:\/\/www.domkraftpro.com\/index.php\/produkt\/finalni-vyprodej-system-pro-vyuziti-pitne-a-destove-vody-prislusenstvi-dab-prislusenstvi-nbb-54742\/#breadcrumb\"},\"inLanguage\":\"cs\",\"potentialAction\":[{\"@type\":\"ReadAction\",\"target\":[\"https:\/\/www.domkraftpro.com\/index.php\/produkt\/finalni-vyprodej-system-pro-vyuziti-pitne-a-destove-vody-prislusenstvi-dab-prislusenstvi-nbb-54742\/\"]}]},{\"@type\":\"ImageObject\",\"inLanguage\":\"cs\",\"@id\":\"https:\/\/www.domkraftpro.com\/index.php\/produkt\/finalni-vyprodej-system-pro-vyuziti-pitne-a-destove-vody-prislusenstvi-dab-prislusenstvi-nbb-54742\/#primaryimage\",\"url\":\"https:\/\/www.domkraftpro.com\/wp-content\/uploads\/2026\/SK0009275-CZ20260425-092632-0-1777080397-system-pro-vyuziti-pitne-a-destove-vody-prislusenstvi-dab-p.webp\",\"contentUrl\":\"https:\/\/www.domkraftpro.com\/wp-content\/uploads\/2026\/SK0009275-CZ20260425-092632-0-1777080397-system-pro-vyuziti-pitne-a-destove-vody-prislusenstvi-dab-p.webp\",\"width\":376,\"height\":536},{\"@type\":\"BreadcrumbList\",\"@id\":\"https:\/\/www.domkraftpro.com\/index.php\/produkt\/finalni-vyprodej-system-pro-vyuziti-pitne-a-destove-vody-prislusenstvi-dab-prislusenstvi-nbb-54742\/#breadcrumb\",\"itemListElement\":[{\"@type\":\"ListItem\",\"position\":1,\"name\":\"Home\",\"item\":\"https:\/\/www.domkraftpro.com\/\"},{\"@type\":\"ListItem\",\"position\":2,\"name\":\"Products\",\"item\":\"https:\/\/www.domkraftpro.com\/products\/\"},{\"@type\":\"ListItem\",\"position\":3,\"name\":\"Fin\u00e1ln\u00ed V\u00fdprodej Syst\u00e9m pro vyu\u017eit\u00ed pitn\u00e9 a de\u0161\u0165ov\u00e9 vody &#8211; p\u0159\u00edslu\u0161enstv\u00ed DAB.PRISLUSENSTVI NBB\"}]},{\"@type\":\"WebSite\",\"@id\":\"https:\/\/www.domkraftpro.com\/#website\",\"url\":\"https:\/\/www.domkraftpro.com\/\",\"name\":\"\",\"description\":\"\",\"potentialAction\":[{\"@type\":\"SearchAction\",\"target\":{\"@type\":\"EntryPoint\",\"urlTemplate\":\"https:\/\/www.domkraftpro.com\/?s={search_term_string}\"},\"query-input\":{\"@type\":\"PropertyValueSpecification\",\"valueRequired\":true,\"valueName\":\"search_term_string\"}}],\"inLanguage\":\"cs\"}]}<\/script>\n<!-- \/ Yoast SEO plugin. -->","yoast_head_json":{"title":"Fin\u00e1ln\u00ed V\u00fdprodej Syst\u00e9m pro vyu\u017eit\u00ed pitn\u00e9 a de\u0161\u0165ov\u00e9 vody - p\u0159\u00edslu\u0161enstv\u00ed DAB.PRISLUSENSTVI NBB -","robots":{"index":"index","follow":"follow","max-snippet":"max-snippet:-1","max-image-preview":"max-image-preview:large","max-video-preview":"max-video-preview:-1"},"canonical":"https:\/\/www.domkraftpro.com\/index.php\/produkt\/finalni-vyprodej-system-pro-vyuziti-pitne-a-destove-vody-prislusenstvi-dab-prislusenstvi-nbb-54742\/","og_locale":"cs_CZ","og_type":"article","og_title":"Fin\u00e1ln\u00ed V\u00fdprodej Syst\u00e9m pro vyu\u017eit\u00ed pitn\u00e9 a de\u0161\u0165ov\u00e9 vody - p\u0159\u00edslu\u0161enstv\u00ed DAB.PRISLUSENSTVI NBB -","og_description":"Popis produktu Syst\u00e9m pro vyu\u017eit\u00ed pitn\u00e9 a de\u0161\u0165ov\u00e9 vody &#8211; p\u0159\u00edslu\u0161enstv\u00ed DAB.PRISLUSENSTVI NBB NBB je \u0159e\u0161en\u00ed pro z\u00e1sobov\u00e1n\u00ed dom\u00e1cnost\u00ed pitnou nebo de\u0161\u0165ovou vodou. Z\u00e1kladn\u00edm konceptem je modularita prvk\u016f jako nap\u0159\u00edklad mo\u017enost kombinace s&nbsp;ponorn\u00fdm nebo povrchov\u00fdm \u010derpadlem s&nbsp;frekven\u010dn\u00edm m\u011bni\u010dem (pokud nen\u00ed pou\u017eito \u010derpadlo s&nbsp;integrovanou elektronikou) a mont\u00e1\u017en\u00ed sada , v\u010detn\u011b expanzn\u00ed n\u00e1doby. Ve v\u0161ech kombinac\u00edch z&nbsp;nab\u00eddky [&hellip;]","og_url":"https:\/\/www.domkraftpro.com\/index.php\/produkt\/finalni-vyprodej-system-pro-vyuziti-pitne-a-destove-vody-prislusenstvi-dab-prislusenstvi-nbb-54742\/","og_image":[{"width":376,"height":536,"url":"https:\/\/www.domkraftpro.com\/wp-content\/uploads\/2026\/SK0009275-CZ20260425-092632-0-1777080397-system-pro-vyuziti-pitne-a-destove-vody-prislusenstvi-dab-p.webp","type":"image\/webp"}],"twitter_card":"summary_large_image","twitter_misc":{"Odhadovan\u00e1 doba \u010dten\u00ed":"1 minuta"},"schema":{"@context":"https:\/\/schema.org","@graph":[{"@type":"WebPage","@id":"https:\/\/www.domkraftpro.com\/index.php\/produkt\/finalni-vyprodej-system-pro-vyuziti-pitne-a-destove-vody-prislusenstvi-dab-prislusenstvi-nbb-54742\/","url":"https:\/\/www.domkraftpro.com\/index.php\/produkt\/finalni-vyprodej-system-pro-vyuziti-pitne-a-destove-vody-prislusenstvi-dab-prislusenstvi-nbb-54742\/","name":"Fin\u00e1ln\u00ed V\u00fdprodej Syst\u00e9m pro vyu\u017eit\u00ed pitn\u00e9 a de\u0161\u0165ov\u00e9 vody - p\u0159\u00edslu\u0161enstv\u00ed DAB.PRISLUSENSTVI NBB -","isPartOf":{"@id":"https:\/\/www.domkraftpro.com\/#website"},"primaryImageOfPage":{"@id":"https:\/\/www.domkraftpro.com\/index.php\/produkt\/finalni-vyprodej-system-pro-vyuziti-pitne-a-destove-vody-prislusenstvi-dab-prislusenstvi-nbb-54742\/#primaryimage"},"image":{"@id":"https:\/\/www.domkraftpro.com\/index.php\/produkt\/finalni-vyprodej-system-pro-vyuziti-pitne-a-destove-vody-prislusenstvi-dab-prislusenstvi-nbb-54742\/#primaryimage"},"thumbnailUrl":"https:\/\/www.domkraftpro.com\/wp-content\/uploads\/2026\/SK0009275-CZ20260425-092632-0-1777080397-system-pro-vyuziti-pitne-a-destove-vody-prislusenstvi-dab-p.webp","datePublished":"2026-04-27T04:42:52+00:00","breadcrumb":{"@id":"https:\/\/www.domkraftpro.com\/index.php\/produkt\/finalni-vyprodej-system-pro-vyuziti-pitne-a-destove-vody-prislusenstvi-dab-prislusenstvi-nbb-54742\/#breadcrumb"},"inLanguage":"cs","potentialAction":[{"@type":"ReadAction","target":["https:\/\/www.domkraftpro.com\/index.php\/produkt\/finalni-vyprodej-system-pro-vyuziti-pitne-a-destove-vody-prislusenstvi-dab-prislusenstvi-nbb-54742\/"]}]},{"@type":"ImageObject","inLanguage":"cs","@id":"https:\/\/www.domkraftpro.com\/index.php\/produkt\/finalni-vyprodej-system-pro-vyuziti-pitne-a-destove-vody-prislusenstvi-dab-prislusenstvi-nbb-54742\/#primaryimage","url":"https:\/\/www.domkraftpro.com\/wp-content\/uploads\/2026\/SK0009275-CZ20260425-092632-0-1777080397-system-pro-vyuziti-pitne-a-destove-vody-prislusenstvi-dab-p.webp","contentUrl":"https:\/\/www.domkraftpro.com\/wp-content\/uploads\/2026\/SK0009275-CZ20260425-092632-0-1777080397-system-pro-vyuziti-pitne-a-destove-vody-prislusenstvi-dab-p.webp","width":376,"height":536},{"@type":"BreadcrumbList","@id":"https:\/\/www.domkraftpro.com\/index.php\/produkt\/finalni-vyprodej-system-pro-vyuziti-pitne-a-destove-vody-prislusenstvi-dab-prislusenstvi-nbb-54742\/#breadcrumb","itemListElement":[{"@type":"ListItem","position":1,"name":"Home","item":"https:\/\/www.domkraftpro.com\/"},{"@type":"ListItem","position":2,"name":"Products","item":"https:\/\/www.domkraftpro.com\/products\/"},{"@type":"ListItem","position":3,"name":"Fin\u00e1ln\u00ed V\u00fdprodej Syst\u00e9m pro vyu\u017eit\u00ed pitn\u00e9 a de\u0161\u0165ov\u00e9 vody &#8211; p\u0159\u00edslu\u0161enstv\u00ed DAB.PRISLUSENSTVI NBB"}]},{"@type":"WebSite","@id":"https:\/\/www.domkraftpro.com\/#website","url":"https:\/\/www.domkraftpro.com\/","name":"","description":"","potentialAction":[{"@type":"SearchAction","target":{"@type":"EntryPoint","urlTemplate":"https:\/\/www.domkraftpro.com\/?s={search_term_string}"},"query-input":{"@type":"PropertyValueSpecification","valueRequired":true,"valueName":"search_term_string"}}],"inLanguage":"cs"}]}},"_links":{"self":[{"href":"https:\/\/www.domkraftpro.com\/wp-json\/wp\/v2\/product\/54742","targetHints":{"allow":["GET"]}}],"collection":[{"href":"https:\/\/www.domkraftpro.com\/wp-json\/wp\/v2\/product"}],"about":[{"href":"https:\/\/www.domkraftpro.com\/wp-json\/wp\/v2\/types\/product"}],"replies":[{"embeddable":true,"href":"https:\/\/www.domkraftpro.com\/wp-json\/wp\/v2\/comments?post=54742"}],"wp:featuredmedia":[{"embeddable":true,"href":"https:\/\/www.domkraftpro.com\/wp-json\/wp\/v2\/media\/54842"}],"wp:attachment":[{"href":"https:\/\/www.domkraftpro.com\/wp-json\/wp\/v2\/media?parent=54742"}],"wp:term":[{"taxonomy":"product_brand","embeddable":true,"href":"https:\/\/www.domkraftpro.com\/wp-json\/wp\/v2\/product_brand?post=54742"},{"taxonomy":"product_cat","embeddable":true,"href":"https:\/\/www.domkraftpro.com\/wp-json\/wp\/v2\/product_cat?post=54742"},{"taxonomy":"product_tag","embeddable":true,"href":"https:\/\/www.domkraftpro.com\/wp-json\/wp\/v2\/product_tag?post=54742"}],"curies":[{"name":"wp","href":"https:\/\/api.w.org\/{rel}","templated":true}]}}