{"id":54117,"date":"2026-04-27T04:42:50","date_gmt":"2026-04-27T04:42:50","guid":{"rendered":""},"modified":"2026-04-27T04:42:50","modified_gmt":"2026-04-27T04:42:50","slug":"specialni-cena-ponorne-cerpadlo-pro-biologicky-znecistene-vody-s-obsahem-soli-dab-nova-salt-w-m-a-54117","status":"publish","type":"product","link":"https:\/\/www.domkraftpro.com\/produkt\/specialni-cena-ponorne-cerpadlo-pro-biologicky-znecistene-vody-s-obsahem-soli-dab-nova-salt-w-m-a-54117\/","title":{"rendered":"Speci\u00e1ln\u00ed Cena Ponorn\u00e9 \u010derpadlo pro biologicky zne\u010dist\u011bn\u00e9 vody s obsahem soli DAB.NOVA SALT W M-A"},"content":{"rendered":"<div class=\"ProductDetail-content NoFixImageContainer\" id=\"productDescription\">\n<div class=\"Heading\">\n<h2 class=\"Heading-title\">Popis produktu <span class=''>Ponorn\u00e9 \u010derpadlo pro biologicky zne\u010dist\u011bn\u00e9 vody s obsahem soli DAB.NOVA SALT W M-A<\/span><\/h2>\n<\/p><\/div>\n<div class=\"ProductDetailContent\">\n<p style=\"text-align:justify\">Velmi v\u00fdkonn\u00e9 ponorn\u00e9 \u010derpadlo pro od\u010derp\u00e1v\u00e1n\u00ed j\u00edmek i&nbsp;pro dren\u00e1\u017eov\u00e1n\u00ed. Vhodn\u00e9 pro \u010derp\u00e1n\u00ed biologicky zne\u010dist\u011bn\u00e9 vody s&nbsp;obsahem soli.<\/p>\n<p>Vyrobeno z&nbsp;nekoroduj\u00edc\u00edch materi\u00e1l\u016f. Motor s&nbsp;ochranou p\u0159ed nadm\u011brn\u00fdm p\u0159eh\u0159\u00e1t\u00edm vinut\u00ed. H\u0159\u00eddel motoru a&nbsp;ob\u011b\u017en\u00e9 kolo odoln\u00e9 proti nadm\u011brn\u00e9mu opot\u0159eben\u00ed. Plov\u00e1kov\u00fd sp\u00edna\u010d pro automatizaci provozu. Rozm\u011brn\u00e1 podstava zaji\u0161\u0165uj\u00edc\u00ed vynikaj\u00edc\u00ed stabilitu. P\u0159\u00edvodn\u00ed kabel 10&nbsp;m je vybaven standardizovanou p\u0159\u00edpojnou vidlic\u00ed.<\/p>\n<h3>V\u00fdhody<\/h3>\n<ul>\n<li><span style=\"font-size:16px\">Vyrobeno z nekoroduj\u00edc\u00edch materi\u00e1l\u016f<\/span><\/li>\n<li><span style=\"font-size:16px\">Motor s ochranou p\u0159ed nadm\u011brn\u00fdm p\u0159eh\u0159\u00e1t\u00edm vinut\u00ed<\/span><\/li>\n<li><span style=\"font-size:16px\">H\u0159\u00eddel motoru a ob\u011b\u017en\u00e9 kolo odoln\u00e9 proti nadm\u011brn\u00e9mu opot\u0159eben\u00ed<\/span><\/li>\n<li><span style=\"font-size:16px\">Plov\u00e1kov\u00fd sp\u00edna\u010d pro automatizaci provozu<\/span><\/li>\n<li><span style=\"font-size:16px\">Rozm\u011brn\u00e1 podstava zaji\u0161\u0165uj\u00edc\u00ed vynikaj\u00edc\u00ed stabilitu<\/span><\/li>\n<li><span style=\"font-size:16px\">P\u0159\u00edvodn\u00ed kabel 10 m je vybaven standardizovanou p\u0159\u00edpojnou vidlic\u00ed<\/span><\/li>\n<\/ul>\n<h3>Technick\u00e9 parametry<\/h3>\n<ul>\n<li><strong>Provozn\u00ed rozsah:<\/strong> od 1 a\u017e do&nbsp;7,5&nbsp;m<sup>3<\/sup> \/h s&nbsp;v\u00fdtlakem a\u017e do&nbsp;6&nbsp;m<\/li>\n<li><strong>Rozsah teploty kapaliny:&nbsp;<\/strong>od 0 \u00b0C do&nbsp;+35 \u00b0C pro dom\u00e1c\u00ed pou\u017eit\u00ed.<\/li>\n<li><strong>\u010cerpan\u00e1 kapalina:&nbsp;<\/strong>Kaln\u00e1 voda bez vl\u00e1ken, v\u010detn\u011b slan\u00e9 vody.<\/li>\n<li><strong>Max. hloubka pono\u0159en\u00ed:&nbsp;<\/strong>7&nbsp;m<\/li>\n<\/ul><\/div>\n<div class=\"ProductDetailContent\">                                                                    <\/div>\n<\/p><\/div>\n<\/p><\/div>\n<\/p><\/div>\n","protected":false},"excerpt":{"rendered":"<p>Popis produktu Ponorn\u00e9 \u010derpadlo pro biologicky zne\u010dist\u011bn\u00e9 vody s obsahem soli DAB.NOVA SALT W M-A Velmi v\u00fdkonn\u00e9 ponorn\u00e9 \u010derpadlo pro od\u010derp\u00e1v\u00e1n\u00ed j\u00edmek i&nbsp;pro dren\u00e1\u017eov\u00e1n\u00ed. Vhodn\u00e9 pro \u010derp\u00e1n\u00ed biologicky zne\u010dist\u011bn\u00e9 vody s&nbsp;obsahem soli. Vyrobeno z&nbsp;nekoroduj\u00edc\u00edch materi\u00e1l\u016f. Motor s&nbsp;ochranou p\u0159ed nadm\u011brn\u00fdm p\u0159eh\u0159\u00e1t\u00edm vinut\u00ed. H\u0159\u00eddel motoru a&nbsp;ob\u011b\u017en\u00e9 kolo odoln\u00e9 proti nadm\u011brn\u00e9mu opot\u0159eben\u00ed. Plov\u00e1kov\u00fd sp\u00edna\u010d pro automatizaci provozu. Rozm\u011brn\u00e1 [&hellip;]<\/p>\n","protected":false},"featured_media":54217,"comment_status":"open","ping_status":"open","template":"","meta":[],"product_brand":[],"product_cat":[122],"product_tag":[],"class_list":{"0":"post-54117","1":"product","2":"type-product","3":"status-publish","4":"has-post-thumbnail","6":"product_cat-septiky-jimky-nadrze","8":"first","9":"instock","10":"sale","11":"shipping-taxable","12":"purchasable","13":"product-type-simple"},"yoast_head":"<!-- This site is optimized with the Yoast SEO plugin v26.8 - https:\/\/yoast.com\/product\/yoast-seo-wordpress\/ -->\n<title>Speci\u00e1ln\u00ed Cena Ponorn\u00e9 \u010derpadlo pro biologicky zne\u010dist\u011bn\u00e9 vody s obsahem soli DAB.NOVA SALT W M-A -<\/title>\n<meta name=\"robots\" content=\"index, follow, max-snippet:-1, max-image-preview:large, max-video-preview:-1\" \/>\n<link rel=\"canonical\" href=\"https:\/\/www.domkraftpro.com\/index.php\/produkt\/specialni-cena-ponorne-cerpadlo-pro-biologicky-znecistene-vody-s-obsahem-soli-dab-nova-salt-w-m-a-54117\/\" \/>\n<meta property=\"og:locale\" content=\"cs_CZ\" \/>\n<meta property=\"og:type\" content=\"article\" \/>\n<meta property=\"og:title\" content=\"Speci\u00e1ln\u00ed Cena Ponorn\u00e9 \u010derpadlo pro biologicky zne\u010dist\u011bn\u00e9 vody s obsahem soli DAB.NOVA SALT W M-A -\" \/>\n<meta property=\"og:description\" content=\"Popis produktu Ponorn\u00e9 \u010derpadlo pro biologicky zne\u010dist\u011bn\u00e9 vody s obsahem soli DAB.NOVA SALT W M-A Velmi v\u00fdkonn\u00e9 ponorn\u00e9 \u010derpadlo pro od\u010derp\u00e1v\u00e1n\u00ed j\u00edmek i&nbsp;pro dren\u00e1\u017eov\u00e1n\u00ed. Vhodn\u00e9 pro \u010derp\u00e1n\u00ed biologicky zne\u010dist\u011bn\u00e9 vody s&nbsp;obsahem soli. Vyrobeno z&nbsp;nekoroduj\u00edc\u00edch materi\u00e1l\u016f. Motor s&nbsp;ochranou p\u0159ed nadm\u011brn\u00fdm p\u0159eh\u0159\u00e1t\u00edm vinut\u00ed. H\u0159\u00eddel motoru a&nbsp;ob\u011b\u017en\u00e9 kolo odoln\u00e9 proti nadm\u011brn\u00e9mu opot\u0159eben\u00ed. Plov\u00e1kov\u00fd sp\u00edna\u010d pro automatizaci provozu. Rozm\u011brn\u00e1 [&hellip;]\" \/>\n<meta property=\"og:url\" content=\"https:\/\/www.domkraftpro.com\/index.php\/produkt\/specialni-cena-ponorne-cerpadlo-pro-biologicky-znecistene-vody-s-obsahem-soli-dab-nova-salt-w-m-a-54117\/\" \/>\n<meta property=\"og:image\" content=\"https:\/\/www.domkraftpro.com\/wp-content\/uploads\/2026\/SK0008909-CZ20260425-092632-0-1777080397-ponorne-cerpadlo-pro-biologicky-znecistene-vody-s-obsahem-s.webp\" \/>\n\t<meta property=\"og:image:width\" content=\"327\" \/>\n\t<meta property=\"og:image:height\" content=\"600\" \/>\n\t<meta property=\"og:image:type\" content=\"image\/webp\" \/>\n<meta name=\"twitter:card\" content=\"summary_large_image\" \/>\n<meta name=\"twitter:label1\" content=\"Odhadovan\u00e1 doba \u010dten\u00ed\" \/>\n\t<meta name=\"twitter:data1\" content=\"1 minuta\" \/>\n<script type=\"application\/ld+json\" class=\"yoast-schema-graph\">{\"@context\":\"https:\/\/schema.org\",\"@graph\":[{\"@type\":\"WebPage\",\"@id\":\"https:\/\/www.domkraftpro.com\/index.php\/produkt\/specialni-cena-ponorne-cerpadlo-pro-biologicky-znecistene-vody-s-obsahem-soli-dab-nova-salt-w-m-a-54117\/\",\"url\":\"https:\/\/www.domkraftpro.com\/index.php\/produkt\/specialni-cena-ponorne-cerpadlo-pro-biologicky-znecistene-vody-s-obsahem-soli-dab-nova-salt-w-m-a-54117\/\",\"name\":\"Speci\u00e1ln\u00ed Cena Ponorn\u00e9 \u010derpadlo pro biologicky zne\u010dist\u011bn\u00e9 vody s obsahem soli DAB.NOVA SALT W M-A -\",\"isPartOf\":{\"@id\":\"https:\/\/www.domkraftpro.com\/#website\"},\"primaryImageOfPage\":{\"@id\":\"https:\/\/www.domkraftpro.com\/index.php\/produkt\/specialni-cena-ponorne-cerpadlo-pro-biologicky-znecistene-vody-s-obsahem-soli-dab-nova-salt-w-m-a-54117\/#primaryimage\"},\"image\":{\"@id\":\"https:\/\/www.domkraftpro.com\/index.php\/produkt\/specialni-cena-ponorne-cerpadlo-pro-biologicky-znecistene-vody-s-obsahem-soli-dab-nova-salt-w-m-a-54117\/#primaryimage\"},\"thumbnailUrl\":\"https:\/\/www.domkraftpro.com\/wp-content\/uploads\/2026\/SK0008909-CZ20260425-092632-0-1777080397-ponorne-cerpadlo-pro-biologicky-znecistene-vody-s-obsahem-s.webp\",\"datePublished\":\"2026-04-27T04:42:50+00:00\",\"breadcrumb\":{\"@id\":\"https:\/\/www.domkraftpro.com\/index.php\/produkt\/specialni-cena-ponorne-cerpadlo-pro-biologicky-znecistene-vody-s-obsahem-soli-dab-nova-salt-w-m-a-54117\/#breadcrumb\"},\"inLanguage\":\"cs\",\"potentialAction\":[{\"@type\":\"ReadAction\",\"target\":[\"https:\/\/www.domkraftpro.com\/index.php\/produkt\/specialni-cena-ponorne-cerpadlo-pro-biologicky-znecistene-vody-s-obsahem-soli-dab-nova-salt-w-m-a-54117\/\"]}]},{\"@type\":\"ImageObject\",\"inLanguage\":\"cs\",\"@id\":\"https:\/\/www.domkraftpro.com\/index.php\/produkt\/specialni-cena-ponorne-cerpadlo-pro-biologicky-znecistene-vody-s-obsahem-soli-dab-nova-salt-w-m-a-54117\/#primaryimage\",\"url\":\"https:\/\/www.domkraftpro.com\/wp-content\/uploads\/2026\/SK0008909-CZ20260425-092632-0-1777080397-ponorne-cerpadlo-pro-biologicky-znecistene-vody-s-obsahem-s.webp\",\"contentUrl\":\"https:\/\/www.domkraftpro.com\/wp-content\/uploads\/2026\/SK0008909-CZ20260425-092632-0-1777080397-ponorne-cerpadlo-pro-biologicky-znecistene-vody-s-obsahem-s.webp\",\"width\":327,\"height\":600},{\"@type\":\"BreadcrumbList\",\"@id\":\"https:\/\/www.domkraftpro.com\/index.php\/produkt\/specialni-cena-ponorne-cerpadlo-pro-biologicky-znecistene-vody-s-obsahem-soli-dab-nova-salt-w-m-a-54117\/#breadcrumb\",\"itemListElement\":[{\"@type\":\"ListItem\",\"position\":1,\"name\":\"Home\",\"item\":\"https:\/\/www.domkraftpro.com\/\"},{\"@type\":\"ListItem\",\"position\":2,\"name\":\"Products\",\"item\":\"https:\/\/www.domkraftpro.com\/products\/\"},{\"@type\":\"ListItem\",\"position\":3,\"name\":\"Speci\u00e1ln\u00ed Cena Ponorn\u00e9 \u010derpadlo pro biologicky zne\u010dist\u011bn\u00e9 vody s obsahem soli DAB.NOVA SALT W M-A\"}]},{\"@type\":\"WebSite\",\"@id\":\"https:\/\/www.domkraftpro.com\/#website\",\"url\":\"https:\/\/www.domkraftpro.com\/\",\"name\":\"\",\"description\":\"\",\"potentialAction\":[{\"@type\":\"SearchAction\",\"target\":{\"@type\":\"EntryPoint\",\"urlTemplate\":\"https:\/\/www.domkraftpro.com\/?s={search_term_string}\"},\"query-input\":{\"@type\":\"PropertyValueSpecification\",\"valueRequired\":true,\"valueName\":\"search_term_string\"}}],\"inLanguage\":\"cs\"}]}<\/script>\n<!-- \/ Yoast SEO plugin. -->","yoast_head_json":{"title":"Speci\u00e1ln\u00ed Cena Ponorn\u00e9 \u010derpadlo pro biologicky zne\u010dist\u011bn\u00e9 vody s obsahem soli DAB.NOVA SALT W M-A -","robots":{"index":"index","follow":"follow","max-snippet":"max-snippet:-1","max-image-preview":"max-image-preview:large","max-video-preview":"max-video-preview:-1"},"canonical":"https:\/\/www.domkraftpro.com\/index.php\/produkt\/specialni-cena-ponorne-cerpadlo-pro-biologicky-znecistene-vody-s-obsahem-soli-dab-nova-salt-w-m-a-54117\/","og_locale":"cs_CZ","og_type":"article","og_title":"Speci\u00e1ln\u00ed Cena Ponorn\u00e9 \u010derpadlo pro biologicky zne\u010dist\u011bn\u00e9 vody s obsahem soli DAB.NOVA SALT W M-A -","og_description":"Popis produktu Ponorn\u00e9 \u010derpadlo pro biologicky zne\u010dist\u011bn\u00e9 vody s obsahem soli DAB.NOVA SALT W M-A Velmi v\u00fdkonn\u00e9 ponorn\u00e9 \u010derpadlo pro od\u010derp\u00e1v\u00e1n\u00ed j\u00edmek i&nbsp;pro dren\u00e1\u017eov\u00e1n\u00ed. Vhodn\u00e9 pro \u010derp\u00e1n\u00ed biologicky zne\u010dist\u011bn\u00e9 vody s&nbsp;obsahem soli. Vyrobeno z&nbsp;nekoroduj\u00edc\u00edch materi\u00e1l\u016f. Motor s&nbsp;ochranou p\u0159ed nadm\u011brn\u00fdm p\u0159eh\u0159\u00e1t\u00edm vinut\u00ed. H\u0159\u00eddel motoru a&nbsp;ob\u011b\u017en\u00e9 kolo odoln\u00e9 proti nadm\u011brn\u00e9mu opot\u0159eben\u00ed. Plov\u00e1kov\u00fd sp\u00edna\u010d pro automatizaci provozu. Rozm\u011brn\u00e1 [&hellip;]","og_url":"https:\/\/www.domkraftpro.com\/index.php\/produkt\/specialni-cena-ponorne-cerpadlo-pro-biologicky-znecistene-vody-s-obsahem-soli-dab-nova-salt-w-m-a-54117\/","og_image":[{"width":327,"height":600,"url":"https:\/\/www.domkraftpro.com\/wp-content\/uploads\/2026\/SK0008909-CZ20260425-092632-0-1777080397-ponorne-cerpadlo-pro-biologicky-znecistene-vody-s-obsahem-s.webp","type":"image\/webp"}],"twitter_card":"summary_large_image","twitter_misc":{"Odhadovan\u00e1 doba \u010dten\u00ed":"1 minuta"},"schema":{"@context":"https:\/\/schema.org","@graph":[{"@type":"WebPage","@id":"https:\/\/www.domkraftpro.com\/index.php\/produkt\/specialni-cena-ponorne-cerpadlo-pro-biologicky-znecistene-vody-s-obsahem-soli-dab-nova-salt-w-m-a-54117\/","url":"https:\/\/www.domkraftpro.com\/index.php\/produkt\/specialni-cena-ponorne-cerpadlo-pro-biologicky-znecistene-vody-s-obsahem-soli-dab-nova-salt-w-m-a-54117\/","name":"Speci\u00e1ln\u00ed Cena Ponorn\u00e9 \u010derpadlo pro biologicky zne\u010dist\u011bn\u00e9 vody s obsahem soli DAB.NOVA SALT W M-A -","isPartOf":{"@id":"https:\/\/www.domkraftpro.com\/#website"},"primaryImageOfPage":{"@id":"https:\/\/www.domkraftpro.com\/index.php\/produkt\/specialni-cena-ponorne-cerpadlo-pro-biologicky-znecistene-vody-s-obsahem-soli-dab-nova-salt-w-m-a-54117\/#primaryimage"},"image":{"@id":"https:\/\/www.domkraftpro.com\/index.php\/produkt\/specialni-cena-ponorne-cerpadlo-pro-biologicky-znecistene-vody-s-obsahem-soli-dab-nova-salt-w-m-a-54117\/#primaryimage"},"thumbnailUrl":"https:\/\/www.domkraftpro.com\/wp-content\/uploads\/2026\/SK0008909-CZ20260425-092632-0-1777080397-ponorne-cerpadlo-pro-biologicky-znecistene-vody-s-obsahem-s.webp","datePublished":"2026-04-27T04:42:50+00:00","breadcrumb":{"@id":"https:\/\/www.domkraftpro.com\/index.php\/produkt\/specialni-cena-ponorne-cerpadlo-pro-biologicky-znecistene-vody-s-obsahem-soli-dab-nova-salt-w-m-a-54117\/#breadcrumb"},"inLanguage":"cs","potentialAction":[{"@type":"ReadAction","target":["https:\/\/www.domkraftpro.com\/index.php\/produkt\/specialni-cena-ponorne-cerpadlo-pro-biologicky-znecistene-vody-s-obsahem-soli-dab-nova-salt-w-m-a-54117\/"]}]},{"@type":"ImageObject","inLanguage":"cs","@id":"https:\/\/www.domkraftpro.com\/index.php\/produkt\/specialni-cena-ponorne-cerpadlo-pro-biologicky-znecistene-vody-s-obsahem-soli-dab-nova-salt-w-m-a-54117\/#primaryimage","url":"https:\/\/www.domkraftpro.com\/wp-content\/uploads\/2026\/SK0008909-CZ20260425-092632-0-1777080397-ponorne-cerpadlo-pro-biologicky-znecistene-vody-s-obsahem-s.webp","contentUrl":"https:\/\/www.domkraftpro.com\/wp-content\/uploads\/2026\/SK0008909-CZ20260425-092632-0-1777080397-ponorne-cerpadlo-pro-biologicky-znecistene-vody-s-obsahem-s.webp","width":327,"height":600},{"@type":"BreadcrumbList","@id":"https:\/\/www.domkraftpro.com\/index.php\/produkt\/specialni-cena-ponorne-cerpadlo-pro-biologicky-znecistene-vody-s-obsahem-soli-dab-nova-salt-w-m-a-54117\/#breadcrumb","itemListElement":[{"@type":"ListItem","position":1,"name":"Home","item":"https:\/\/www.domkraftpro.com\/"},{"@type":"ListItem","position":2,"name":"Products","item":"https:\/\/www.domkraftpro.com\/products\/"},{"@type":"ListItem","position":3,"name":"Speci\u00e1ln\u00ed Cena Ponorn\u00e9 \u010derpadlo pro biologicky zne\u010dist\u011bn\u00e9 vody s obsahem soli DAB.NOVA SALT W M-A"}]},{"@type":"WebSite","@id":"https:\/\/www.domkraftpro.com\/#website","url":"https:\/\/www.domkraftpro.com\/","name":"","description":"","potentialAction":[{"@type":"SearchAction","target":{"@type":"EntryPoint","urlTemplate":"https:\/\/www.domkraftpro.com\/?s={search_term_string}"},"query-input":{"@type":"PropertyValueSpecification","valueRequired":true,"valueName":"search_term_string"}}],"inLanguage":"cs"}]}},"_links":{"self":[{"href":"https:\/\/www.domkraftpro.com\/wp-json\/wp\/v2\/product\/54117","targetHints":{"allow":["GET"]}}],"collection":[{"href":"https:\/\/www.domkraftpro.com\/wp-json\/wp\/v2\/product"}],"about":[{"href":"https:\/\/www.domkraftpro.com\/wp-json\/wp\/v2\/types\/product"}],"replies":[{"embeddable":true,"href":"https:\/\/www.domkraftpro.com\/wp-json\/wp\/v2\/comments?post=54117"}],"wp:featuredmedia":[{"embeddable":true,"href":"https:\/\/www.domkraftpro.com\/wp-json\/wp\/v2\/media\/54217"}],"wp:attachment":[{"href":"https:\/\/www.domkraftpro.com\/wp-json\/wp\/v2\/media?parent=54117"}],"wp:term":[{"taxonomy":"product_brand","embeddable":true,"href":"https:\/\/www.domkraftpro.com\/wp-json\/wp\/v2\/product_brand?post=54117"},{"taxonomy":"product_cat","embeddable":true,"href":"https:\/\/www.domkraftpro.com\/wp-json\/wp\/v2\/product_cat?post=54117"},{"taxonomy":"product_tag","embeddable":true,"href":"https:\/\/www.domkraftpro.com\/wp-json\/wp\/v2\/product_tag?post=54117"}],"curies":[{"name":"wp","href":"https:\/\/api.w.org\/{rel}","templated":true}]}}