{"id":54112,"date":"2026-04-27T04:42:50","date_gmt":"2026-04-27T04:42:50","guid":{"rendered":""},"modified":"2026-04-27T04:42:50","modified_gmt":"2026-04-27T04:42:50","slug":"ivar-cs-automaticka-precerpavaci-stanice-dab-genix-dokud-zasoby-vydrzi-54112","status":"publish","type":"product","link":"https:\/\/www.domkraftpro.com\/produkt\/ivar-cs-automaticka-precerpavaci-stanice-dab-genix-dokud-zasoby-vydrzi-54112\/","title":{"rendered":"Ivar CS Automatick\u00e1 p\u0159e\u010derp\u00e1vac\u00ed stanice DAB.GENIX Dokud Z\u00e1soby Vydr\u017e\u00ed"},"content":{"rendered":"<div class=\"ProductDetail-content NoFixImageContainer\" id=\"productDescription\">\n<div class=\"Heading\">\n<h2 class=\"Heading-title\">Popis produktu <span class=''>Ivar CS Automatick\u00e1 p\u0159e\u010derp\u00e1vac\u00ed stanice DAB.GENIX<\/span><\/h2>\n<\/p><\/div>\n<div class=\"ProductDetailContent\">\n<p style=\"margin-left:0; margin-right:0; text-align:justify\"><span style=\"font-size:16px\">Pou\u017eit\u00ed je nutn\u00e9, kdykoliv nelze odpadn\u00ed vodu z&nbsp;WC, sprchy, umyvadla nebo bidetu odv\u00e1d\u011bt gravitac\u00ed. Modely <strong>GENIX<\/strong> maj\u00ed obvykle p\u0159edn\u00ed WC p\u0159ipojen\u00ed. Rozd\u00edl v&nbsp;<strong>GENIX WL <\/strong>je bo\u010dn\u00ed p\u0159\u00edpojka WC, speci\u00e1ln\u011b navr\u017een\u00e1 pro instalace na&nbsp;ze\u010f nebo tam, kde nen\u00ed dostatek m\u00edsta za&nbsp; WC. U&nbsp;modelu 130 lze vedle WC p\u0159ipojit dal\u0161\u00ed t\u0159i za\u0159izovac\u00ed p\u0159edm\u011bty, jako je sprcha, umyvadlo, bidet nebo vana. Nab\u00edzen\u00e9 modely vynikaj\u00ed tich\u00fdm chodem, verze Comfort je nejti\u0161\u0161\u00ed. Integrovan\u00e9 \u010derpadlo je v\u00fdkonn\u00e9 a&nbsp;spolehliv\u00e9 a&nbsp;m\u011bln\u00edc\u00ed syst\u00e9m s&nbsp;lopatkami z&nbsp;poniklovan\u00e9 nerezov\u00e9 oceli vytv\u00e1\u0159ej\u00ed bez\u00fadr\u017ebov\u00fd produkt. Mimo\u0159\u00e1dn\u011b snadn\u00e1 \u00fadr\u017eba v&nbsp;p\u0159\u00edpad\u011b ucp\u00e1n\u00ed nebo zablokov\u00e1n\u00ed motoru, s&nbsp;mo\u017enost\u00ed demont\u00e1\u017ee motorov\u00e9 sestavy upevn\u011bnou pouze dv\u011bma \u0161rouby a&nbsp;s vypou\u0161t\u011bc\u00edm kohoutem, kter\u00fd umo\u017en\u00ed \u010distou a&nbsp;bezprobl\u00e9movou \u00fadr\u017ebu. <\/span><span style=\"font-size:16px\">V&nbsp;p\u0159\u00edpad\u011b zablokov\u00e1n\u00ed je p\u0159\u00edstup k&nbsp;motorov\u00e9 jednotce zven\u010d\u00ed bez nutnosti demont\u00e1\u017ee cel\u00e9ho za\u0159\u00edzen\u00ed. Mimo\u0159\u00e1dn\u00e1 \u00fadr\u017eba bude extr\u00e9mn\u011b snadn\u00e1, \u010dist\u00e1 a&nbsp;bez probl\u00e9m\u016f. Instala\u010dn\u00ed sada je dod\u00e1v\u00e1na&nbsp;s p\u0159ipojiteln\u00fdmi armaturami p\u0159izp\u016fsobiteln\u00fdmi pro r\u016fzn\u00e9 potrub\u00ed a&nbsp;v\u010detn\u011b zabudovan\u00fdch zp\u011btn\u00fdch ventil\u016f. Jako p\u0159\u00edslu\u0161enstv\u00ed je k&nbsp;dispozici zvukov\u00fd alarm a&nbsp;adapta\u010dn\u00ed trubka pro p\u0159izp\u016fsoben\u00ed <strong>GENIX<\/strong> velk\u00e9 v\u011bt\u0161in\u011b st\u00e1vaj\u00edc\u00edch instalac\u00ed.<\/span><\/p>\n<ul>\n<li style=\"margin-left: 0px; margin-right: 0px;\"><span style=\"font-size:16px\"><strong>Pr\u016fto\u010dn\u00e9 mno\u017estv\u00ed Qmax:<\/strong> 5,7&nbsp;m<sup>3<\/sup>\/h<\/span><\/li>\n<li style=\"margin-left: 0px; margin-right: 0px;\"><span style=\"font-size:16px\"><strong>V\u00fdtla\u010dn\u00e1 v\u00fd\u0161ka Hmax<\/strong>: 8m<\/span><\/li>\n<li style=\"margin-left: 0px; margin-right: 0px;\"><span style=\"font-size:16px\"><strong>Max.teplota kapaliny:<\/strong> +50 \u00b0C<\/span><\/li>\n<li style=\"margin-left: 0px; margin-right: 0px;\"><span style=\"font-size:16px\"><strong>T\u0159\u00edda izolace:<\/strong> B<\/span><\/li>\n<li style=\"margin-left: 0px; margin-right: 0px;\"><span style=\"font-size:16px\"><strong>Provoz:<\/strong> automatick\u00fd<\/span><\/li>\n<li style=\"margin-left: 0px; margin-right: 0px;\"><span style=\"font-size:16px\"><strong>Osv\u011bd\u010den\u00ed<\/strong>: VDE &#8211; GS<\/span><\/li>\n<li style=\"margin-left: 0px; margin-right: 0px;\"><span style=\"font-size:16px\"><strong>Proveden\u00ed dle:<\/strong> EN 12050 &#8211; 3<\/span><\/li>\n<li style=\"margin-left: 0px; margin-right: 0px;\"><span style=\"font-size:16px\"><strong>Stupe\u0148 kryt\u00ed:<\/strong> IP 44<\/span><\/li>\n<\/ul><\/div>\n<div class=\"ProductDetailContent\">                                                                    <\/div>\n<\/p><\/div>\n<\/p><\/div>\n<\/p><\/div>\n","protected":false},"excerpt":{"rendered":"<p>Popis produktu Ivar CS Automatick\u00e1 p\u0159e\u010derp\u00e1vac\u00ed stanice DAB.GENIX Pou\u017eit\u00ed je nutn\u00e9, kdykoliv nelze odpadn\u00ed vodu z&nbsp;WC, sprchy, umyvadla nebo bidetu odv\u00e1d\u011bt gravitac\u00ed. Modely GENIX maj\u00ed obvykle p\u0159edn\u00ed WC p\u0159ipojen\u00ed. Rozd\u00edl v&nbsp;GENIX WL je bo\u010dn\u00ed p\u0159\u00edpojka WC, speci\u00e1ln\u011b navr\u017een\u00e1 pro instalace na&nbsp;ze\u010f nebo tam, kde nen\u00ed dostatek m\u00edsta za&nbsp; WC. U&nbsp;modelu 130 lze vedle WC p\u0159ipojit [&hellip;]<\/p>\n","protected":false},"featured_media":54212,"template":"","meta":[],"product_brand":[],"product_cat":[122],"product_tag":[],"class_list":{"0":"post-54112","1":"product","2":"type-product","3":"status-publish","4":"has-post-thumbnail","6":"product_cat-septiky-jimky-nadrze","8":"first","9":"instock","10":"sale","11":"shipping-taxable","12":"purchasable","13":"product-type-simple"},"yoast_head":"<!-- This site is optimized with the Yoast SEO plugin v26.8 - https:\/\/yoast.com\/product\/yoast-seo-wordpress\/ -->\n<title>Ivar CS Automatick\u00e1 p\u0159e\u010derp\u00e1vac\u00ed stanice DAB.GENIX Dokud Z\u00e1soby Vydr\u017e\u00ed - Koupelna &amp; N\u00e1\u0159ad\u00ed &amp; Osv\u011btlen\u00ed a Stavebn\u00ed pot\u0159by<\/title>\n<meta name=\"robots\" content=\"index, follow, max-snippet:-1, max-image-preview:large, max-video-preview:-1\" \/>\n<link rel=\"canonical\" href=\"https:\/\/www.domkraftpro.com\/index.php\/produkt\/ivar-cs-automaticka-precerpavaci-stanice-dab-genix-dokud-zasoby-vydrzi-54112\/\" \/>\n<meta property=\"og:locale\" content=\"cs_CZ\" \/>\n<meta property=\"og:type\" content=\"article\" \/>\n<meta property=\"og:title\" content=\"Ivar CS Automatick\u00e1 p\u0159e\u010derp\u00e1vac\u00ed stanice DAB.GENIX Dokud Z\u00e1soby Vydr\u017e\u00ed - Koupelna &amp; N\u00e1\u0159ad\u00ed &amp; Osv\u011btlen\u00ed a Stavebn\u00ed pot\u0159by\" \/>\n<meta property=\"og:description\" content=\"Popis produktu Ivar CS Automatick\u00e1 p\u0159e\u010derp\u00e1vac\u00ed stanice DAB.GENIX Pou\u017eit\u00ed je nutn\u00e9, kdykoliv nelze odpadn\u00ed vodu z&nbsp;WC, sprchy, umyvadla nebo bidetu odv\u00e1d\u011bt gravitac\u00ed. Modely GENIX maj\u00ed obvykle p\u0159edn\u00ed WC p\u0159ipojen\u00ed. Rozd\u00edl v&nbsp;GENIX WL je bo\u010dn\u00ed p\u0159\u00edpojka WC, speci\u00e1ln\u011b navr\u017een\u00e1 pro instalace na&nbsp;ze\u010f nebo tam, kde nen\u00ed dostatek m\u00edsta za&nbsp; WC. U&nbsp;modelu 130 lze vedle WC p\u0159ipojit [&hellip;]\" \/>\n<meta property=\"og:url\" content=\"https:\/\/www.domkraftpro.com\/index.php\/produkt\/ivar-cs-automaticka-precerpavaci-stanice-dab-genix-dokud-zasoby-vydrzi-54112\/\" \/>\n<meta property=\"og:site_name\" content=\"Koupelna &amp; N\u00e1\u0159ad\u00ed &amp; Osv\u011btlen\u00ed a Stavebn\u00ed pot\u0159by\" \/>\n<meta property=\"og:image\" content=\"https:\/\/www.domkraftpro.com\/wp-content\/uploads\/2026\/SK0008900-CZ20260425-092632-0-1777080397-ivar-cs-automaticka-precerpavaci-stanice-dab-genix-142290.j.webp\" \/>\n\t<meta property=\"og:image:width\" content=\"600\" \/>\n\t<meta property=\"og:image:height\" content=\"477\" \/>\n\t<meta property=\"og:image:type\" content=\"image\/webp\" \/>\n<meta name=\"twitter:card\" content=\"summary_large_image\" \/>\n<meta name=\"twitter:label1\" content=\"Odhadovan\u00e1 doba \u010dten\u00ed\" \/>\n\t<meta name=\"twitter:data1\" content=\"2 minuty\" \/>\n<script type=\"application\/ld+json\" class=\"yoast-schema-graph\">{\"@context\":\"https:\/\/schema.org\",\"@graph\":[{\"@type\":\"WebPage\",\"@id\":\"https:\/\/www.domkraftpro.com\/index.php\/produkt\/ivar-cs-automaticka-precerpavaci-stanice-dab-genix-dokud-zasoby-vydrzi-54112\/\",\"url\":\"https:\/\/www.domkraftpro.com\/index.php\/produkt\/ivar-cs-automaticka-precerpavaci-stanice-dab-genix-dokud-zasoby-vydrzi-54112\/\",\"name\":\"Ivar CS Automatick\u00e1 p\u0159e\u010derp\u00e1vac\u00ed stanice DAB.GENIX Dokud Z\u00e1soby Vydr\u017e\u00ed - Koupelna &amp; N\u00e1\u0159ad\u00ed &amp; Osv\u011btlen\u00ed a Stavebn\u00ed pot\u0159by\",\"isPartOf\":{\"@id\":\"https:\/\/www.domkraftpro.com\/#website\"},\"primaryImageOfPage\":{\"@id\":\"https:\/\/www.domkraftpro.com\/index.php\/produkt\/ivar-cs-automaticka-precerpavaci-stanice-dab-genix-dokud-zasoby-vydrzi-54112\/#primaryimage\"},\"image\":{\"@id\":\"https:\/\/www.domkraftpro.com\/index.php\/produkt\/ivar-cs-automaticka-precerpavaci-stanice-dab-genix-dokud-zasoby-vydrzi-54112\/#primaryimage\"},\"thumbnailUrl\":\"https:\/\/www.domkraftpro.com\/wp-content\/uploads\/2026\/SK0008900-CZ20260425-092632-0-1777080397-ivar-cs-automaticka-precerpavaci-stanice-dab-genix-142290.j.webp\",\"datePublished\":\"2026-04-27T04:42:50+00:00\",\"breadcrumb\":{\"@id\":\"https:\/\/www.domkraftpro.com\/index.php\/produkt\/ivar-cs-automaticka-precerpavaci-stanice-dab-genix-dokud-zasoby-vydrzi-54112\/#breadcrumb\"},\"inLanguage\":\"cs\",\"potentialAction\":[{\"@type\":\"ReadAction\",\"target\":[\"https:\/\/www.domkraftpro.com\/index.php\/produkt\/ivar-cs-automaticka-precerpavaci-stanice-dab-genix-dokud-zasoby-vydrzi-54112\/\"]}]},{\"@type\":\"ImageObject\",\"inLanguage\":\"cs\",\"@id\":\"https:\/\/www.domkraftpro.com\/index.php\/produkt\/ivar-cs-automaticka-precerpavaci-stanice-dab-genix-dokud-zasoby-vydrzi-54112\/#primaryimage\",\"url\":\"https:\/\/www.domkraftpro.com\/wp-content\/uploads\/2026\/SK0008900-CZ20260425-092632-0-1777080397-ivar-cs-automaticka-precerpavaci-stanice-dab-genix-142290.j.webp\",\"contentUrl\":\"https:\/\/www.domkraftpro.com\/wp-content\/uploads\/2026\/SK0008900-CZ20260425-092632-0-1777080397-ivar-cs-automaticka-precerpavaci-stanice-dab-genix-142290.j.webp\",\"width\":600,\"height\":477},{\"@type\":\"BreadcrumbList\",\"@id\":\"https:\/\/www.domkraftpro.com\/index.php\/produkt\/ivar-cs-automaticka-precerpavaci-stanice-dab-genix-dokud-zasoby-vydrzi-54112\/#breadcrumb\",\"itemListElement\":[{\"@type\":\"ListItem\",\"position\":1,\"name\":\"Home\",\"item\":\"https:\/\/www.domkraftpro.com\/\"},{\"@type\":\"ListItem\",\"position\":2,\"name\":\"Products\",\"item\":\"https:\/\/www.domkraftpro.com\/products\/\"},{\"@type\":\"ListItem\",\"position\":3,\"name\":\"Ivar CS Automatick\u00e1 p\u0159e\u010derp\u00e1vac\u00ed stanice DAB.GENIX Dokud Z\u00e1soby Vydr\u017e\u00ed\"}]},{\"@type\":\"WebSite\",\"@id\":\"https:\/\/www.domkraftpro.com\/#website\",\"url\":\"https:\/\/www.domkraftpro.com\/\",\"name\":\"Koupelna &amp; N\u00e1\u0159ad\u00ed &amp; Osv\u011btlen\u00ed a Stavebn\u00ed pot\u0159by\",\"description\":\"Koupelna &amp; N\u00e1\u0159ad\u00ed &amp; Osv\u011btlen\u00ed a Stavebn\u00ed pot\u0159by\",\"publisher\":{\"@id\":\"https:\/\/www.domkraftpro.com\/#organization\"},\"potentialAction\":[{\"@type\":\"SearchAction\",\"target\":{\"@type\":\"EntryPoint\",\"urlTemplate\":\"https:\/\/www.domkraftpro.com\/?s={search_term_string}\"},\"query-input\":{\"@type\":\"PropertyValueSpecification\",\"valueRequired\":true,\"valueName\":\"search_term_string\"}}],\"inLanguage\":\"cs\"},{\"@type\":\"Organization\",\"@id\":\"https:\/\/www.domkraftpro.com\/#organization\",\"name\":\"Koupelna &amp; N\u00e1\u0159ad\u00ed &amp; Osv\u011btlen\u00ed a Stavebn\u00ed pot\u0159by\",\"url\":\"https:\/\/www.domkraftpro.com\/\",\"logo\":{\"@type\":\"ImageObject\",\"inLanguage\":\"cs\",\"@id\":\"https:\/\/www.domkraftpro.com\/#\/schema\/logo\/image\/\",\"url\":\"https:\/\/www.domkraftpro.com\/wp-content\/uploads\/2026\/04\/domkraftpro_logo.svg\",\"contentUrl\":\"https:\/\/www.domkraftpro.com\/wp-content\/uploads\/2026\/04\/domkraftpro_logo.svg\",\"width\":760,\"height\":180,\"caption\":\"Koupelna &amp; N\u00e1\u0159ad\u00ed &amp; Osv\u011btlen\u00ed a Stavebn\u00ed pot\u0159by\"},\"image\":{\"@id\":\"https:\/\/www.domkraftpro.com\/#\/schema\/logo\/image\/\"}}]}<\/script>\n<!-- \/ Yoast SEO plugin. -->","yoast_head_json":{"title":"Ivar CS Automatick\u00e1 p\u0159e\u010derp\u00e1vac\u00ed stanice DAB.GENIX Dokud Z\u00e1soby Vydr\u017e\u00ed - Koupelna &amp; N\u00e1\u0159ad\u00ed &amp; Osv\u011btlen\u00ed a Stavebn\u00ed pot\u0159by","robots":{"index":"index","follow":"follow","max-snippet":"max-snippet:-1","max-image-preview":"max-image-preview:large","max-video-preview":"max-video-preview:-1"},"canonical":"https:\/\/www.domkraftpro.com\/index.php\/produkt\/ivar-cs-automaticka-precerpavaci-stanice-dab-genix-dokud-zasoby-vydrzi-54112\/","og_locale":"cs_CZ","og_type":"article","og_title":"Ivar CS Automatick\u00e1 p\u0159e\u010derp\u00e1vac\u00ed stanice DAB.GENIX Dokud Z\u00e1soby Vydr\u017e\u00ed - Koupelna &amp; N\u00e1\u0159ad\u00ed &amp; Osv\u011btlen\u00ed a Stavebn\u00ed pot\u0159by","og_description":"Popis produktu Ivar CS Automatick\u00e1 p\u0159e\u010derp\u00e1vac\u00ed stanice DAB.GENIX Pou\u017eit\u00ed je nutn\u00e9, kdykoliv nelze odpadn\u00ed vodu z&nbsp;WC, sprchy, umyvadla nebo bidetu odv\u00e1d\u011bt gravitac\u00ed. Modely GENIX maj\u00ed obvykle p\u0159edn\u00ed WC p\u0159ipojen\u00ed. Rozd\u00edl v&nbsp;GENIX WL je bo\u010dn\u00ed p\u0159\u00edpojka WC, speci\u00e1ln\u011b navr\u017een\u00e1 pro instalace na&nbsp;ze\u010f nebo tam, kde nen\u00ed dostatek m\u00edsta za&nbsp; WC. U&nbsp;modelu 130 lze vedle WC p\u0159ipojit [&hellip;]","og_url":"https:\/\/www.domkraftpro.com\/index.php\/produkt\/ivar-cs-automaticka-precerpavaci-stanice-dab-genix-dokud-zasoby-vydrzi-54112\/","og_site_name":"Koupelna &amp; N\u00e1\u0159ad\u00ed &amp; Osv\u011btlen\u00ed a Stavebn\u00ed pot\u0159by","og_image":[{"width":600,"height":477,"url":"https:\/\/www.domkraftpro.com\/wp-content\/uploads\/2026\/SK0008900-CZ20260425-092632-0-1777080397-ivar-cs-automaticka-precerpavaci-stanice-dab-genix-142290.j.webp","type":"image\/webp"}],"twitter_card":"summary_large_image","twitter_misc":{"Odhadovan\u00e1 doba \u010dten\u00ed":"2 minuty"},"schema":{"@context":"https:\/\/schema.org","@graph":[{"@type":"WebPage","@id":"https:\/\/www.domkraftpro.com\/index.php\/produkt\/ivar-cs-automaticka-precerpavaci-stanice-dab-genix-dokud-zasoby-vydrzi-54112\/","url":"https:\/\/www.domkraftpro.com\/index.php\/produkt\/ivar-cs-automaticka-precerpavaci-stanice-dab-genix-dokud-zasoby-vydrzi-54112\/","name":"Ivar CS Automatick\u00e1 p\u0159e\u010derp\u00e1vac\u00ed stanice DAB.GENIX Dokud Z\u00e1soby Vydr\u017e\u00ed - Koupelna &amp; N\u00e1\u0159ad\u00ed &amp; Osv\u011btlen\u00ed a Stavebn\u00ed pot\u0159by","isPartOf":{"@id":"https:\/\/www.domkraftpro.com\/#website"},"primaryImageOfPage":{"@id":"https:\/\/www.domkraftpro.com\/index.php\/produkt\/ivar-cs-automaticka-precerpavaci-stanice-dab-genix-dokud-zasoby-vydrzi-54112\/#primaryimage"},"image":{"@id":"https:\/\/www.domkraftpro.com\/index.php\/produkt\/ivar-cs-automaticka-precerpavaci-stanice-dab-genix-dokud-zasoby-vydrzi-54112\/#primaryimage"},"thumbnailUrl":"https:\/\/www.domkraftpro.com\/wp-content\/uploads\/2026\/SK0008900-CZ20260425-092632-0-1777080397-ivar-cs-automaticka-precerpavaci-stanice-dab-genix-142290.j.webp","datePublished":"2026-04-27T04:42:50+00:00","breadcrumb":{"@id":"https:\/\/www.domkraftpro.com\/index.php\/produkt\/ivar-cs-automaticka-precerpavaci-stanice-dab-genix-dokud-zasoby-vydrzi-54112\/#breadcrumb"},"inLanguage":"cs","potentialAction":[{"@type":"ReadAction","target":["https:\/\/www.domkraftpro.com\/index.php\/produkt\/ivar-cs-automaticka-precerpavaci-stanice-dab-genix-dokud-zasoby-vydrzi-54112\/"]}]},{"@type":"ImageObject","inLanguage":"cs","@id":"https:\/\/www.domkraftpro.com\/index.php\/produkt\/ivar-cs-automaticka-precerpavaci-stanice-dab-genix-dokud-zasoby-vydrzi-54112\/#primaryimage","url":"https:\/\/www.domkraftpro.com\/wp-content\/uploads\/2026\/SK0008900-CZ20260425-092632-0-1777080397-ivar-cs-automaticka-precerpavaci-stanice-dab-genix-142290.j.webp","contentUrl":"https:\/\/www.domkraftpro.com\/wp-content\/uploads\/2026\/SK0008900-CZ20260425-092632-0-1777080397-ivar-cs-automaticka-precerpavaci-stanice-dab-genix-142290.j.webp","width":600,"height":477},{"@type":"BreadcrumbList","@id":"https:\/\/www.domkraftpro.com\/index.php\/produkt\/ivar-cs-automaticka-precerpavaci-stanice-dab-genix-dokud-zasoby-vydrzi-54112\/#breadcrumb","itemListElement":[{"@type":"ListItem","position":1,"name":"Home","item":"https:\/\/www.domkraftpro.com\/"},{"@type":"ListItem","position":2,"name":"Products","item":"https:\/\/www.domkraftpro.com\/products\/"},{"@type":"ListItem","position":3,"name":"Ivar CS Automatick\u00e1 p\u0159e\u010derp\u00e1vac\u00ed stanice DAB.GENIX Dokud Z\u00e1soby Vydr\u017e\u00ed"}]},{"@type":"WebSite","@id":"https:\/\/www.domkraftpro.com\/#website","url":"https:\/\/www.domkraftpro.com\/","name":"Koupelna &amp; N\u00e1\u0159ad\u00ed &amp; Osv\u011btlen\u00ed a Stavebn\u00ed pot\u0159by","description":"Koupelna &amp; N\u00e1\u0159ad\u00ed &amp; Osv\u011btlen\u00ed a Stavebn\u00ed pot\u0159by","publisher":{"@id":"https:\/\/www.domkraftpro.com\/#organization"},"potentialAction":[{"@type":"SearchAction","target":{"@type":"EntryPoint","urlTemplate":"https:\/\/www.domkraftpro.com\/?s={search_term_string}"},"query-input":{"@type":"PropertyValueSpecification","valueRequired":true,"valueName":"search_term_string"}}],"inLanguage":"cs"},{"@type":"Organization","@id":"https:\/\/www.domkraftpro.com\/#organization","name":"Koupelna &amp; N\u00e1\u0159ad\u00ed &amp; Osv\u011btlen\u00ed a Stavebn\u00ed pot\u0159by","url":"https:\/\/www.domkraftpro.com\/","logo":{"@type":"ImageObject","inLanguage":"cs","@id":"https:\/\/www.domkraftpro.com\/#\/schema\/logo\/image\/","url":"https:\/\/www.domkraftpro.com\/wp-content\/uploads\/2026\/04\/domkraftpro_logo.svg","contentUrl":"https:\/\/www.domkraftpro.com\/wp-content\/uploads\/2026\/04\/domkraftpro_logo.svg","width":760,"height":180,"caption":"Koupelna &amp; N\u00e1\u0159ad\u00ed &amp; Osv\u011btlen\u00ed a Stavebn\u00ed pot\u0159by"},"image":{"@id":"https:\/\/www.domkraftpro.com\/#\/schema\/logo\/image\/"}}]}},"_links":{"self":[{"href":"https:\/\/www.domkraftpro.com\/wp-json\/wp\/v2\/product\/54112","targetHints":{"allow":["GET"]}}],"collection":[{"href":"https:\/\/www.domkraftpro.com\/wp-json\/wp\/v2\/product"}],"about":[{"href":"https:\/\/www.domkraftpro.com\/wp-json\/wp\/v2\/types\/product"}],"wp:featuredmedia":[{"embeddable":true,"href":"https:\/\/www.domkraftpro.com\/wp-json\/wp\/v2\/media\/54212"}],"wp:attachment":[{"href":"https:\/\/www.domkraftpro.com\/wp-json\/wp\/v2\/media?parent=54112"}],"wp:term":[{"taxonomy":"product_brand","embeddable":true,"href":"https:\/\/www.domkraftpro.com\/wp-json\/wp\/v2\/product_brand?post=54112"},{"taxonomy":"product_cat","embeddable":true,"href":"https:\/\/www.domkraftpro.com\/wp-json\/wp\/v2\/product_cat?post=54112"},{"taxonomy":"product_tag","embeddable":true,"href":"https:\/\/www.domkraftpro.com\/wp-json\/wp\/v2\/product_tag?post=54112"}],"curies":[{"name":"wp","href":"https:\/\/api.w.org\/{rel}","templated":true}]}}