{"id":53934,"date":"2026-04-27T04:42:49","date_gmt":"2026-04-27T04:42:49","guid":{"rendered":""},"modified":"2026-04-27T04:42:49","modified_gmt":"2026-04-27T04:42:49","slug":"ponorne-kalove-cerpadlo-pro-biologicky-znecistene-vody-s-obsahem-mekkych-castic-do-38-mm-dab-feka-bvp-omezena-nabidka-53934","status":"publish","type":"product","link":"https:\/\/www.domkraftpro.com\/produkt\/ponorne-kalove-cerpadlo-pro-biologicky-znecistene-vody-s-obsahem-mekkych-castic-do-38-mm-dab-feka-bvp-omezena-nabidka-53934\/","title":{"rendered":"Ponorn\u00e9 kalov\u00e9 \u010derpadlo pro biologicky zne\u010dist\u011bn\u00e9 vody s obsahem m\u011bkk\u00fdch \u010d\u00e1stic do 38 mm DAB.FEKA BVP Omezen\u00e1 Nab\u00eddka"},"content":{"rendered":"<div class=\"ProductDetail-content NoFixImageContainer\" id=\"productDescription\">\n<div class=\"Heading\">\n<h2 class=\"Heading-title\">Popis produktu <span class=''>Ponorn\u00e9 kalov\u00e9 \u010derpadlo pro biologicky zne\u010dist\u011bn\u00e9 vody s obsahem m\u011bkk\u00fdch \u010d\u00e1stic do 38 mm DAB.FEKA BVP<\/span><\/h2>\n<\/p><\/div>\n<div class=\"ProductDetailContent\">\n<p><strong>Velmi v\u00fdkonn\u00e9 ponorn\u00e9 \u010derpadlo pro od\u010derp\u00e1v\u00e1n\u00ed j\u00edmek i&nbsp;pro dren\u00e1\u017eov\u00e1n\u00ed<\/strong>. Vhodn\u00e9 <strong>pro \u010derp\u00e1n\u00ed biologicky zne\u010dist\u011bn\u00e9 vody<\/strong> s&nbsp;obsahem m\u011bkk\u00fdch \u010d\u00e1stic do&nbsp;pr\u016fm\u011bru a\u017e 38&nbsp;mm. Vyrobeno z&nbsp;nekoroduj\u00edc\u00edch materi\u00e1l\u016f. Motor s&nbsp;ochranou p\u0159ed nadm\u011brn\u00fdm p\u0159eh\u0159\u00e1t\u00edm vinut\u00ed. H\u0159\u00eddel motoru a&nbsp;<strong>ob\u011b\u017en\u00e9 kolo<\/strong> odoln\u00e9 proti nadm\u011brn\u00e9mu opot\u0159eben\u00ed. Plov\u00e1kov\u00fd sp\u00edna\u010d pro automatizaci provozu. Rozm\u011brn\u00e1 podstava zaji\u0161\u0165uj\u00edc\u00ed vynikaj\u00edc\u00ed stabilitu. P\u0159\u00edvodn\u00ed kabel je vybaven standardizovanou p\u0159\u00edpojnou vidlic\u00ed.<\/p>\n<h3>Technick\u00e9 parametry<\/h3>\n<ul>\n<li style=\"text-align: justify;\"><strong>Provozn\u00ed rozsah:<\/strong> od 1&nbsp;a\u017e do&nbsp;18&nbsp;m<sup>3<\/sup>\/h s&nbsp;v\u00fdtlakem a\u017e do&nbsp;12&nbsp;m<\/li>\n<li style=\"text-align: justify;\"><strong>Rozsah teploty kapaliny:&nbsp;<\/strong>od 0 \u00b0C do&nbsp;+35 \u00b0C<\/li>\n<li style=\"text-align: justify;\"><strong>\u010cerpan\u00e1 kapalina:&nbsp;<\/strong>\u010dist\u00e1 nebo de\u0161\u0165ov\u00e1 voda<\/li>\n<li style=\"text-align: justify;\"><strong>Pr\u016fchodnost:&nbsp;<\/strong>38&nbsp;mm<\/li>\n<li style=\"text-align: justify;\"><strong>Maxim\u00e1ln\u00ed hloubka pono\u0159en\u00ed:<\/strong> 7&nbsp;m<\/li>\n<li style=\"text-align: justify;\"><strong>P\u0159ipojen\u00ed \u010derpadla:&nbsp;<\/strong>z\u00e1vitov\u00e9 6\/4&#8243; GAS<\/li>\n<li style=\"text-align: justify;\"><strong>Sm\u011br v\u00fdtlaku:&nbsp;<\/strong>horizont\u00e1ln\u00ed nebo vertik\u00e1ln\u00ed<\/li>\n<li style=\"text-align: justify;\"><strong>Typ instalace:&nbsp;<\/strong>pevn\u00e1 nebo p\u0159enosn\u00e1, ve&nbsp;svisl\u00e9 poloze<\/li>\n<\/ul>\n<h3 style=\"text-align:justify\">Zna\u010den\u00ed<\/h3>\n<ul>\n<li style=\"text-align:justify\"><strong>M:&nbsp;<\/strong>jednof\u00e1zov\u00e9<\/li>\n<li style=\"text-align:justify\"><strong>A:<\/strong>&nbsp;automatick\u00e9 s&nbsp;plov\u00e1kem<\/li>\n<\/ul><\/div>\n<div class=\"ProductDetailContent\">                                                                    <\/div>\n<\/p><\/div>\n<\/p><\/div>\n<\/p><\/div>\n","protected":false},"excerpt":{"rendered":"<p>Popis produktu Ponorn\u00e9 kalov\u00e9 \u010derpadlo pro biologicky zne\u010dist\u011bn\u00e9 vody s obsahem m\u011bkk\u00fdch \u010d\u00e1stic do 38 mm DAB.FEKA BVP Velmi v\u00fdkonn\u00e9 ponorn\u00e9 \u010derpadlo pro od\u010derp\u00e1v\u00e1n\u00ed j\u00edmek i&nbsp;pro dren\u00e1\u017eov\u00e1n\u00ed. Vhodn\u00e9 pro \u010derp\u00e1n\u00ed biologicky zne\u010dist\u011bn\u00e9 vody s&nbsp;obsahem m\u011bkk\u00fdch \u010d\u00e1stic do&nbsp;pr\u016fm\u011bru a\u017e 38&nbsp;mm. Vyrobeno z&nbsp;nekoroduj\u00edc\u00edch materi\u00e1l\u016f. Motor s&nbsp;ochranou p\u0159ed nadm\u011brn\u00fdm p\u0159eh\u0159\u00e1t\u00edm vinut\u00ed. H\u0159\u00eddel motoru a&nbsp;ob\u011b\u017en\u00e9 kolo odoln\u00e9 proti nadm\u011brn\u00e9mu [&hellip;]<\/p>\n","protected":false},"featured_media":54034,"template":"","meta":[],"product_brand":[],"product_cat":[122],"product_tag":[],"class_list":{"0":"post-53934","1":"product","2":"type-product","3":"status-publish","4":"has-post-thumbnail","6":"product_cat-septiky-jimky-nadrze","8":"first","9":"instock","10":"sale","11":"shipping-taxable","12":"purchasable","13":"product-type-simple"},"yoast_head":"<!-- This site is optimized with the Yoast SEO plugin v26.8 - https:\/\/yoast.com\/product\/yoast-seo-wordpress\/ -->\n<title>Ponorn\u00e9 kalov\u00e9 \u010derpadlo pro biologicky zne\u010dist\u011bn\u00e9 vody s obsahem m\u011bkk\u00fdch \u010d\u00e1stic do 38 mm DAB.FEKA BVP Omezen\u00e1 Nab\u00eddka - Koupelna &amp; N\u00e1\u0159ad\u00ed &amp; Osv\u011btlen\u00ed a Stavebn\u00ed pot\u0159by<\/title>\n<meta name=\"robots\" content=\"index, follow, max-snippet:-1, max-image-preview:large, max-video-preview:-1\" \/>\n<link rel=\"canonical\" href=\"https:\/\/www.domkraftpro.com\/index.php\/produkt\/ponorne-kalove-cerpadlo-pro-biologicky-znecistene-vody-s-obsahem-mekkych-castic-do-38-mm-dab-feka-bvp-omezena-nabidka-53934\/\" \/>\n<meta property=\"og:locale\" content=\"cs_CZ\" \/>\n<meta property=\"og:type\" content=\"article\" \/>\n<meta property=\"og:title\" content=\"Ponorn\u00e9 kalov\u00e9 \u010derpadlo pro biologicky zne\u010dist\u011bn\u00e9 vody s obsahem m\u011bkk\u00fdch \u010d\u00e1stic do 38 mm DAB.FEKA BVP Omezen\u00e1 Nab\u00eddka - Koupelna &amp; N\u00e1\u0159ad\u00ed &amp; Osv\u011btlen\u00ed a Stavebn\u00ed pot\u0159by\" \/>\n<meta property=\"og:description\" content=\"Popis produktu Ponorn\u00e9 kalov\u00e9 \u010derpadlo pro biologicky zne\u010dist\u011bn\u00e9 vody s obsahem m\u011bkk\u00fdch \u010d\u00e1stic do 38 mm DAB.FEKA BVP Velmi v\u00fdkonn\u00e9 ponorn\u00e9 \u010derpadlo pro od\u010derp\u00e1v\u00e1n\u00ed j\u00edmek i&nbsp;pro dren\u00e1\u017eov\u00e1n\u00ed. Vhodn\u00e9 pro \u010derp\u00e1n\u00ed biologicky zne\u010dist\u011bn\u00e9 vody s&nbsp;obsahem m\u011bkk\u00fdch \u010d\u00e1stic do&nbsp;pr\u016fm\u011bru a\u017e 38&nbsp;mm. Vyrobeno z&nbsp;nekoroduj\u00edc\u00edch materi\u00e1l\u016f. Motor s&nbsp;ochranou p\u0159ed nadm\u011brn\u00fdm p\u0159eh\u0159\u00e1t\u00edm vinut\u00ed. H\u0159\u00eddel motoru a&nbsp;ob\u011b\u017en\u00e9 kolo odoln\u00e9 proti nadm\u011brn\u00e9mu [&hellip;]\" \/>\n<meta property=\"og:url\" content=\"https:\/\/www.domkraftpro.com\/index.php\/produkt\/ponorne-kalove-cerpadlo-pro-biologicky-znecistene-vody-s-obsahem-mekkych-castic-do-38-mm-dab-feka-bvp-omezena-nabidka-53934\/\" \/>\n<meta property=\"og:site_name\" content=\"Koupelna &amp; N\u00e1\u0159ad\u00ed &amp; Osv\u011btlen\u00ed a Stavebn\u00ed pot\u0159by\" \/>\n<meta property=\"og:image\" content=\"https:\/\/www.domkraftpro.com\/wp-content\/uploads\/2026\/SK0008802-CZ20260425-092632-0-1777080397-ponorne-kalove-cerpadlo-pro-biologicky-znecistene-vody-s-ob.webp\" \/>\n\t<meta property=\"og:image:width\" content=\"495\" \/>\n\t<meta property=\"og:image:height\" content=\"600\" \/>\n\t<meta property=\"og:image:type\" content=\"image\/webp\" \/>\n<meta name=\"twitter:card\" content=\"summary_large_image\" \/>\n<meta name=\"twitter:label1\" content=\"Odhadovan\u00e1 doba \u010dten\u00ed\" \/>\n\t<meta name=\"twitter:data1\" content=\"1 minuta\" \/>\n<script type=\"application\/ld+json\" class=\"yoast-schema-graph\">{\"@context\":\"https:\/\/schema.org\",\"@graph\":[{\"@type\":\"WebPage\",\"@id\":\"https:\/\/www.domkraftpro.com\/index.php\/produkt\/ponorne-kalove-cerpadlo-pro-biologicky-znecistene-vody-s-obsahem-mekkych-castic-do-38-mm-dab-feka-bvp-omezena-nabidka-53934\/\",\"url\":\"https:\/\/www.domkraftpro.com\/index.php\/produkt\/ponorne-kalove-cerpadlo-pro-biologicky-znecistene-vody-s-obsahem-mekkych-castic-do-38-mm-dab-feka-bvp-omezena-nabidka-53934\/\",\"name\":\"Ponorn\u00e9 kalov\u00e9 \u010derpadlo pro biologicky zne\u010dist\u011bn\u00e9 vody s obsahem m\u011bkk\u00fdch \u010d\u00e1stic do 38 mm DAB.FEKA BVP Omezen\u00e1 Nab\u00eddka - Koupelna &amp; N\u00e1\u0159ad\u00ed &amp; Osv\u011btlen\u00ed a Stavebn\u00ed pot\u0159by\",\"isPartOf\":{\"@id\":\"https:\/\/www.domkraftpro.com\/#website\"},\"primaryImageOfPage\":{\"@id\":\"https:\/\/www.domkraftpro.com\/index.php\/produkt\/ponorne-kalove-cerpadlo-pro-biologicky-znecistene-vody-s-obsahem-mekkych-castic-do-38-mm-dab-feka-bvp-omezena-nabidka-53934\/#primaryimage\"},\"image\":{\"@id\":\"https:\/\/www.domkraftpro.com\/index.php\/produkt\/ponorne-kalove-cerpadlo-pro-biologicky-znecistene-vody-s-obsahem-mekkych-castic-do-38-mm-dab-feka-bvp-omezena-nabidka-53934\/#primaryimage\"},\"thumbnailUrl\":\"https:\/\/www.domkraftpro.com\/wp-content\/uploads\/2026\/SK0008802-CZ20260425-092632-0-1777080397-ponorne-kalove-cerpadlo-pro-biologicky-znecistene-vody-s-ob.webp\",\"datePublished\":\"2026-04-27T04:42:49+00:00\",\"breadcrumb\":{\"@id\":\"https:\/\/www.domkraftpro.com\/index.php\/produkt\/ponorne-kalove-cerpadlo-pro-biologicky-znecistene-vody-s-obsahem-mekkych-castic-do-38-mm-dab-feka-bvp-omezena-nabidka-53934\/#breadcrumb\"},\"inLanguage\":\"cs\",\"potentialAction\":[{\"@type\":\"ReadAction\",\"target\":[\"https:\/\/www.domkraftpro.com\/index.php\/produkt\/ponorne-kalove-cerpadlo-pro-biologicky-znecistene-vody-s-obsahem-mekkych-castic-do-38-mm-dab-feka-bvp-omezena-nabidka-53934\/\"]}]},{\"@type\":\"ImageObject\",\"inLanguage\":\"cs\",\"@id\":\"https:\/\/www.domkraftpro.com\/index.php\/produkt\/ponorne-kalove-cerpadlo-pro-biologicky-znecistene-vody-s-obsahem-mekkych-castic-do-38-mm-dab-feka-bvp-omezena-nabidka-53934\/#primaryimage\",\"url\":\"https:\/\/www.domkraftpro.com\/wp-content\/uploads\/2026\/SK0008802-CZ20260425-092632-0-1777080397-ponorne-kalove-cerpadlo-pro-biologicky-znecistene-vody-s-ob.webp\",\"contentUrl\":\"https:\/\/www.domkraftpro.com\/wp-content\/uploads\/2026\/SK0008802-CZ20260425-092632-0-1777080397-ponorne-kalove-cerpadlo-pro-biologicky-znecistene-vody-s-ob.webp\",\"width\":495,\"height\":600},{\"@type\":\"BreadcrumbList\",\"@id\":\"https:\/\/www.domkraftpro.com\/index.php\/produkt\/ponorne-kalove-cerpadlo-pro-biologicky-znecistene-vody-s-obsahem-mekkych-castic-do-38-mm-dab-feka-bvp-omezena-nabidka-53934\/#breadcrumb\",\"itemListElement\":[{\"@type\":\"ListItem\",\"position\":1,\"name\":\"Home\",\"item\":\"https:\/\/www.domkraftpro.com\/\"},{\"@type\":\"ListItem\",\"position\":2,\"name\":\"Products\",\"item\":\"https:\/\/www.domkraftpro.com\/products\/\"},{\"@type\":\"ListItem\",\"position\":3,\"name\":\"Ponorn\u00e9 kalov\u00e9 \u010derpadlo pro biologicky zne\u010dist\u011bn\u00e9 vody s obsahem m\u011bkk\u00fdch \u010d\u00e1stic do 38 mm DAB.FEKA BVP Omezen\u00e1 Nab\u00eddka\"}]},{\"@type\":\"WebSite\",\"@id\":\"https:\/\/www.domkraftpro.com\/#website\",\"url\":\"https:\/\/www.domkraftpro.com\/\",\"name\":\"Koupelna &amp; N\u00e1\u0159ad\u00ed &amp; Osv\u011btlen\u00ed a Stavebn\u00ed pot\u0159by\",\"description\":\"Koupelna &amp; N\u00e1\u0159ad\u00ed &amp; Osv\u011btlen\u00ed a Stavebn\u00ed pot\u0159by\",\"publisher\":{\"@id\":\"https:\/\/www.domkraftpro.com\/#organization\"},\"potentialAction\":[{\"@type\":\"SearchAction\",\"target\":{\"@type\":\"EntryPoint\",\"urlTemplate\":\"https:\/\/www.domkraftpro.com\/?s={search_term_string}\"},\"query-input\":{\"@type\":\"PropertyValueSpecification\",\"valueRequired\":true,\"valueName\":\"search_term_string\"}}],\"inLanguage\":\"cs\"},{\"@type\":\"Organization\",\"@id\":\"https:\/\/www.domkraftpro.com\/#organization\",\"name\":\"Koupelna &amp; N\u00e1\u0159ad\u00ed &amp; Osv\u011btlen\u00ed a Stavebn\u00ed pot\u0159by\",\"url\":\"https:\/\/www.domkraftpro.com\/\",\"logo\":{\"@type\":\"ImageObject\",\"inLanguage\":\"cs\",\"@id\":\"https:\/\/www.domkraftpro.com\/#\/schema\/logo\/image\/\",\"url\":\"https:\/\/www.domkraftpro.com\/wp-content\/uploads\/2026\/04\/domkraftpro_logo.svg\",\"contentUrl\":\"https:\/\/www.domkraftpro.com\/wp-content\/uploads\/2026\/04\/domkraftpro_logo.svg\",\"width\":760,\"height\":180,\"caption\":\"Koupelna &amp; N\u00e1\u0159ad\u00ed &amp; Osv\u011btlen\u00ed a Stavebn\u00ed pot\u0159by\"},\"image\":{\"@id\":\"https:\/\/www.domkraftpro.com\/#\/schema\/logo\/image\/\"}}]}<\/script>\n<!-- \/ Yoast SEO plugin. -->","yoast_head_json":{"title":"Ponorn\u00e9 kalov\u00e9 \u010derpadlo pro biologicky zne\u010dist\u011bn\u00e9 vody s obsahem m\u011bkk\u00fdch \u010d\u00e1stic do 38 mm DAB.FEKA BVP Omezen\u00e1 Nab\u00eddka - Koupelna &amp; N\u00e1\u0159ad\u00ed &amp; Osv\u011btlen\u00ed a Stavebn\u00ed pot\u0159by","robots":{"index":"index","follow":"follow","max-snippet":"max-snippet:-1","max-image-preview":"max-image-preview:large","max-video-preview":"max-video-preview:-1"},"canonical":"https:\/\/www.domkraftpro.com\/index.php\/produkt\/ponorne-kalove-cerpadlo-pro-biologicky-znecistene-vody-s-obsahem-mekkych-castic-do-38-mm-dab-feka-bvp-omezena-nabidka-53934\/","og_locale":"cs_CZ","og_type":"article","og_title":"Ponorn\u00e9 kalov\u00e9 \u010derpadlo pro biologicky zne\u010dist\u011bn\u00e9 vody s obsahem m\u011bkk\u00fdch \u010d\u00e1stic do 38 mm DAB.FEKA BVP Omezen\u00e1 Nab\u00eddka - Koupelna &amp; N\u00e1\u0159ad\u00ed &amp; Osv\u011btlen\u00ed a Stavebn\u00ed pot\u0159by","og_description":"Popis produktu Ponorn\u00e9 kalov\u00e9 \u010derpadlo pro biologicky zne\u010dist\u011bn\u00e9 vody s obsahem m\u011bkk\u00fdch \u010d\u00e1stic do 38 mm DAB.FEKA BVP Velmi v\u00fdkonn\u00e9 ponorn\u00e9 \u010derpadlo pro od\u010derp\u00e1v\u00e1n\u00ed j\u00edmek i&nbsp;pro dren\u00e1\u017eov\u00e1n\u00ed. Vhodn\u00e9 pro \u010derp\u00e1n\u00ed biologicky zne\u010dist\u011bn\u00e9 vody s&nbsp;obsahem m\u011bkk\u00fdch \u010d\u00e1stic do&nbsp;pr\u016fm\u011bru a\u017e 38&nbsp;mm. Vyrobeno z&nbsp;nekoroduj\u00edc\u00edch materi\u00e1l\u016f. Motor s&nbsp;ochranou p\u0159ed nadm\u011brn\u00fdm p\u0159eh\u0159\u00e1t\u00edm vinut\u00ed. H\u0159\u00eddel motoru a&nbsp;ob\u011b\u017en\u00e9 kolo odoln\u00e9 proti nadm\u011brn\u00e9mu [&hellip;]","og_url":"https:\/\/www.domkraftpro.com\/index.php\/produkt\/ponorne-kalove-cerpadlo-pro-biologicky-znecistene-vody-s-obsahem-mekkych-castic-do-38-mm-dab-feka-bvp-omezena-nabidka-53934\/","og_site_name":"Koupelna &amp; N\u00e1\u0159ad\u00ed &amp; Osv\u011btlen\u00ed a Stavebn\u00ed pot\u0159by","og_image":[{"width":495,"height":600,"url":"https:\/\/www.domkraftpro.com\/wp-content\/uploads\/2026\/SK0008802-CZ20260425-092632-0-1777080397-ponorne-kalove-cerpadlo-pro-biologicky-znecistene-vody-s-ob.webp","type":"image\/webp"}],"twitter_card":"summary_large_image","twitter_misc":{"Odhadovan\u00e1 doba \u010dten\u00ed":"1 minuta"},"schema":{"@context":"https:\/\/schema.org","@graph":[{"@type":"WebPage","@id":"https:\/\/www.domkraftpro.com\/index.php\/produkt\/ponorne-kalove-cerpadlo-pro-biologicky-znecistene-vody-s-obsahem-mekkych-castic-do-38-mm-dab-feka-bvp-omezena-nabidka-53934\/","url":"https:\/\/www.domkraftpro.com\/index.php\/produkt\/ponorne-kalove-cerpadlo-pro-biologicky-znecistene-vody-s-obsahem-mekkych-castic-do-38-mm-dab-feka-bvp-omezena-nabidka-53934\/","name":"Ponorn\u00e9 kalov\u00e9 \u010derpadlo pro biologicky zne\u010dist\u011bn\u00e9 vody s obsahem m\u011bkk\u00fdch \u010d\u00e1stic do 38 mm DAB.FEKA BVP Omezen\u00e1 Nab\u00eddka - Koupelna &amp; N\u00e1\u0159ad\u00ed &amp; Osv\u011btlen\u00ed a Stavebn\u00ed pot\u0159by","isPartOf":{"@id":"https:\/\/www.domkraftpro.com\/#website"},"primaryImageOfPage":{"@id":"https:\/\/www.domkraftpro.com\/index.php\/produkt\/ponorne-kalove-cerpadlo-pro-biologicky-znecistene-vody-s-obsahem-mekkych-castic-do-38-mm-dab-feka-bvp-omezena-nabidka-53934\/#primaryimage"},"image":{"@id":"https:\/\/www.domkraftpro.com\/index.php\/produkt\/ponorne-kalove-cerpadlo-pro-biologicky-znecistene-vody-s-obsahem-mekkych-castic-do-38-mm-dab-feka-bvp-omezena-nabidka-53934\/#primaryimage"},"thumbnailUrl":"https:\/\/www.domkraftpro.com\/wp-content\/uploads\/2026\/SK0008802-CZ20260425-092632-0-1777080397-ponorne-kalove-cerpadlo-pro-biologicky-znecistene-vody-s-ob.webp","datePublished":"2026-04-27T04:42:49+00:00","breadcrumb":{"@id":"https:\/\/www.domkraftpro.com\/index.php\/produkt\/ponorne-kalove-cerpadlo-pro-biologicky-znecistene-vody-s-obsahem-mekkych-castic-do-38-mm-dab-feka-bvp-omezena-nabidka-53934\/#breadcrumb"},"inLanguage":"cs","potentialAction":[{"@type":"ReadAction","target":["https:\/\/www.domkraftpro.com\/index.php\/produkt\/ponorne-kalove-cerpadlo-pro-biologicky-znecistene-vody-s-obsahem-mekkych-castic-do-38-mm-dab-feka-bvp-omezena-nabidka-53934\/"]}]},{"@type":"ImageObject","inLanguage":"cs","@id":"https:\/\/www.domkraftpro.com\/index.php\/produkt\/ponorne-kalove-cerpadlo-pro-biologicky-znecistene-vody-s-obsahem-mekkych-castic-do-38-mm-dab-feka-bvp-omezena-nabidka-53934\/#primaryimage","url":"https:\/\/www.domkraftpro.com\/wp-content\/uploads\/2026\/SK0008802-CZ20260425-092632-0-1777080397-ponorne-kalove-cerpadlo-pro-biologicky-znecistene-vody-s-ob.webp","contentUrl":"https:\/\/www.domkraftpro.com\/wp-content\/uploads\/2026\/SK0008802-CZ20260425-092632-0-1777080397-ponorne-kalove-cerpadlo-pro-biologicky-znecistene-vody-s-ob.webp","width":495,"height":600},{"@type":"BreadcrumbList","@id":"https:\/\/www.domkraftpro.com\/index.php\/produkt\/ponorne-kalove-cerpadlo-pro-biologicky-znecistene-vody-s-obsahem-mekkych-castic-do-38-mm-dab-feka-bvp-omezena-nabidka-53934\/#breadcrumb","itemListElement":[{"@type":"ListItem","position":1,"name":"Home","item":"https:\/\/www.domkraftpro.com\/"},{"@type":"ListItem","position":2,"name":"Products","item":"https:\/\/www.domkraftpro.com\/products\/"},{"@type":"ListItem","position":3,"name":"Ponorn\u00e9 kalov\u00e9 \u010derpadlo pro biologicky zne\u010dist\u011bn\u00e9 vody s obsahem m\u011bkk\u00fdch \u010d\u00e1stic do 38 mm DAB.FEKA BVP Omezen\u00e1 Nab\u00eddka"}]},{"@type":"WebSite","@id":"https:\/\/www.domkraftpro.com\/#website","url":"https:\/\/www.domkraftpro.com\/","name":"Koupelna &amp; N\u00e1\u0159ad\u00ed &amp; Osv\u011btlen\u00ed a Stavebn\u00ed pot\u0159by","description":"Koupelna &amp; N\u00e1\u0159ad\u00ed &amp; Osv\u011btlen\u00ed a Stavebn\u00ed pot\u0159by","publisher":{"@id":"https:\/\/www.domkraftpro.com\/#organization"},"potentialAction":[{"@type":"SearchAction","target":{"@type":"EntryPoint","urlTemplate":"https:\/\/www.domkraftpro.com\/?s={search_term_string}"},"query-input":{"@type":"PropertyValueSpecification","valueRequired":true,"valueName":"search_term_string"}}],"inLanguage":"cs"},{"@type":"Organization","@id":"https:\/\/www.domkraftpro.com\/#organization","name":"Koupelna &amp; N\u00e1\u0159ad\u00ed &amp; Osv\u011btlen\u00ed a Stavebn\u00ed pot\u0159by","url":"https:\/\/www.domkraftpro.com\/","logo":{"@type":"ImageObject","inLanguage":"cs","@id":"https:\/\/www.domkraftpro.com\/#\/schema\/logo\/image\/","url":"https:\/\/www.domkraftpro.com\/wp-content\/uploads\/2026\/04\/domkraftpro_logo.svg","contentUrl":"https:\/\/www.domkraftpro.com\/wp-content\/uploads\/2026\/04\/domkraftpro_logo.svg","width":760,"height":180,"caption":"Koupelna &amp; N\u00e1\u0159ad\u00ed &amp; Osv\u011btlen\u00ed a Stavebn\u00ed pot\u0159by"},"image":{"@id":"https:\/\/www.domkraftpro.com\/#\/schema\/logo\/image\/"}}]}},"_links":{"self":[{"href":"https:\/\/www.domkraftpro.com\/wp-json\/wp\/v2\/product\/53934","targetHints":{"allow":["GET"]}}],"collection":[{"href":"https:\/\/www.domkraftpro.com\/wp-json\/wp\/v2\/product"}],"about":[{"href":"https:\/\/www.domkraftpro.com\/wp-json\/wp\/v2\/types\/product"}],"wp:featuredmedia":[{"embeddable":true,"href":"https:\/\/www.domkraftpro.com\/wp-json\/wp\/v2\/media\/54034"}],"wp:attachment":[{"href":"https:\/\/www.domkraftpro.com\/wp-json\/wp\/v2\/media?parent=53934"}],"wp:term":[{"taxonomy":"product_brand","embeddable":true,"href":"https:\/\/www.domkraftpro.com\/wp-json\/wp\/v2\/product_brand?post=53934"},{"taxonomy":"product_cat","embeddable":true,"href":"https:\/\/www.domkraftpro.com\/wp-json\/wp\/v2\/product_cat?post=53934"},{"taxonomy":"product_tag","embeddable":true,"href":"https:\/\/www.domkraftpro.com\/wp-json\/wp\/v2\/product_tag?post=53934"}],"curies":[{"name":"wp","href":"https:\/\/api.w.org\/{rel}","templated":true}]}}