{"id":53904,"date":"2026-04-27T04:42:49","date_gmt":"2026-04-27T04:42:49","guid":{"rendered":""},"modified":"2026-04-27T04:42:49","modified_gmt":"2026-04-27T04:42:49","slug":"nakupujte-hned-faber-uchyt-plocheho-potrubi-87-922-53904","status":"publish","type":"product","link":"https:\/\/www.domkraftpro.com\/produkt\/nakupujte-hned-faber-uchyt-plocheho-potrubi-87-922-53904\/","title":{"rendered":"Nakupujte Hned Faber \u00dachyt ploch\u00e9ho potrub\u00ed 87.922"},"content":{"rendered":"<div class=\"ProductDetail-content NoFixImageContainer\" id=\"productDescription\">\n<div class=\"Heading\">\n<h2 class=\"Heading-title\">Popis produktu <span class=''>Faber \u00dachyt ploch\u00e9ho potrub\u00ed 87.922<\/span><\/h2>\n<\/p><\/div>\n<div class=\"ProductDetailContent\">                                                                    <\/div>\n<div class=\"ProductDetailContent\">\n<div class=\"ProductDetailContent-item\">\n<p>Dr\u017e\u00e1k plastov\u00fd hranat\u00fd je ur\u010den k p\u0159ichycen\u00ed vzduchovod\u016f ke zdi \u010di stropu. Dr\u017e\u00e1k je vhodn\u00fd do teploty 45\u00b0C. Dr\u017e\u00e1k je vyroben z hmoty ABS v b\u00edl\u00e9 barv\u011b.<\/p>\n<\/p><\/div>\n<div class=\"ProductDetailContent-item\">\n<ul>\n<li>n\u00e1zev: <strong>\u00dachyt potrub\u00ed 220 x 90 mm<\/strong><\/li>\n<li>z\u00e1ruka: <strong>2 let<\/strong><\/li>\n<li>hmotnost: <strong>0.01 kg<\/strong><\/li>\n<\/ul>\n<p><strong>Rozm\u011bry balen\u00ed<\/strong><\/p>\n<ul>\n<li>Hmotnost boxu: <strong>0.01 kg<\/strong><\/li>\n<li>V\u00fd\u0161ka boxu: <strong>45 mm<\/strong><\/li>\n<li>\u0160\u00ed\u0159ka boxu <strong>45 mm<\/strong><\/li>\n<\/ul><\/div>\n<\/p><\/div>\n<\/p><\/div>\n<\/p><\/div>\n<\/p><\/div>\n","protected":false},"excerpt":{"rendered":"<p>Popis produktu Faber \u00dachyt ploch\u00e9ho potrub\u00ed 87.922 Dr\u017e\u00e1k plastov\u00fd hranat\u00fd je ur\u010den k p\u0159ichycen\u00ed vzduchovod\u016f ke zdi \u010di stropu. Dr\u017e\u00e1k je vhodn\u00fd do teploty 45\u00b0C. Dr\u017e\u00e1k je vyroben z hmoty ABS v b\u00edl\u00e9 barv\u011b. n\u00e1zev: \u00dachyt potrub\u00ed 220 x 90 mm z\u00e1ruka: 2 let hmotnost: 0.01 kg Rozm\u011bry balen\u00ed Hmotnost boxu: 0.01 kg V\u00fd\u0161ka boxu: [&hellip;]<\/p>\n","protected":false},"featured_media":54004,"template":"","meta":[],"product_brand":[],"product_cat":[93],"product_tag":[],"class_list":{"0":"post-53904","1":"product","2":"type-product","3":"status-publish","4":"has-post-thumbnail","6":"product_cat-rekuperace-vzduchu-a-vody-vetrani","8":"first","9":"instock","10":"sale","11":"shipping-taxable","12":"purchasable","13":"product-type-simple"},"yoast_head":"<!-- This site is optimized with the Yoast SEO plugin v26.8 - https:\/\/yoast.com\/product\/yoast-seo-wordpress\/ -->\n<title>Nakupujte Hned Faber \u00dachyt ploch\u00e9ho potrub\u00ed 87.922 - Koupelna &amp; N\u00e1\u0159ad\u00ed &amp; Osv\u011btlen\u00ed a Stavebn\u00ed pot\u0159by<\/title>\n<meta name=\"robots\" content=\"index, follow, max-snippet:-1, max-image-preview:large, max-video-preview:-1\" \/>\n<link rel=\"canonical\" href=\"https:\/\/www.domkraftpro.com\/index.php\/produkt\/nakupujte-hned-faber-uchyt-plocheho-potrubi-87-922-53904\/\" \/>\n<meta property=\"og:locale\" content=\"cs_CZ\" \/>\n<meta property=\"og:type\" content=\"article\" \/>\n<meta property=\"og:title\" content=\"Nakupujte Hned Faber \u00dachyt ploch\u00e9ho potrub\u00ed 87.922 - Koupelna &amp; N\u00e1\u0159ad\u00ed &amp; Osv\u011btlen\u00ed a Stavebn\u00ed pot\u0159by\" \/>\n<meta property=\"og:description\" content=\"Popis produktu Faber \u00dachyt ploch\u00e9ho potrub\u00ed 87.922 Dr\u017e\u00e1k plastov\u00fd hranat\u00fd je ur\u010den k p\u0159ichycen\u00ed vzduchovod\u016f ke zdi \u010di stropu. Dr\u017e\u00e1k je vhodn\u00fd do teploty 45\u00b0C. Dr\u017e\u00e1k je vyroben z hmoty ABS v b\u00edl\u00e9 barv\u011b. n\u00e1zev: \u00dachyt potrub\u00ed 220 x 90 mm z\u00e1ruka: 2 let hmotnost: 0.01 kg Rozm\u011bry balen\u00ed Hmotnost boxu: 0.01 kg V\u00fd\u0161ka boxu: [&hellip;]\" \/>\n<meta property=\"og:url\" content=\"https:\/\/www.domkraftpro.com\/index.php\/produkt\/nakupujte-hned-faber-uchyt-plocheho-potrubi-87-922-53904\/\" \/>\n<meta property=\"og:site_name\" content=\"Koupelna &amp; N\u00e1\u0159ad\u00ed &amp; Osv\u011btlen\u00ed a Stavebn\u00ed pot\u0159by\" \/>\n<meta property=\"og:image\" content=\"https:\/\/www.domkraftpro.com\/wp-content\/uploads\/2026\/SK0008745-CZ20260425-092632-0-1777080397-faber-uchyt-plocheho-potrubi-87-922-502830.webp\" \/>\n\t<meta property=\"og:image:width\" content=\"600\" \/>\n\t<meta property=\"og:image:height\" content=\"600\" \/>\n\t<meta property=\"og:image:type\" content=\"image\/webp\" \/>\n<meta name=\"twitter:card\" content=\"summary_large_image\" \/>\n<script type=\"application\/ld+json\" class=\"yoast-schema-graph\">{\"@context\":\"https:\/\/schema.org\",\"@graph\":[{\"@type\":\"WebPage\",\"@id\":\"https:\/\/www.domkraftpro.com\/index.php\/produkt\/nakupujte-hned-faber-uchyt-plocheho-potrubi-87-922-53904\/\",\"url\":\"https:\/\/www.domkraftpro.com\/index.php\/produkt\/nakupujte-hned-faber-uchyt-plocheho-potrubi-87-922-53904\/\",\"name\":\"Nakupujte Hned Faber \u00dachyt ploch\u00e9ho potrub\u00ed 87.922 - Koupelna &amp; N\u00e1\u0159ad\u00ed &amp; Osv\u011btlen\u00ed a Stavebn\u00ed pot\u0159by\",\"isPartOf\":{\"@id\":\"https:\/\/www.domkraftpro.com\/#website\"},\"primaryImageOfPage\":{\"@id\":\"https:\/\/www.domkraftpro.com\/index.php\/produkt\/nakupujte-hned-faber-uchyt-plocheho-potrubi-87-922-53904\/#primaryimage\"},\"image\":{\"@id\":\"https:\/\/www.domkraftpro.com\/index.php\/produkt\/nakupujte-hned-faber-uchyt-plocheho-potrubi-87-922-53904\/#primaryimage\"},\"thumbnailUrl\":\"https:\/\/www.domkraftpro.com\/wp-content\/uploads\/2026\/SK0008745-CZ20260425-092632-0-1777080397-faber-uchyt-plocheho-potrubi-87-922-502830.webp\",\"datePublished\":\"2026-04-27T04:42:49+00:00\",\"breadcrumb\":{\"@id\":\"https:\/\/www.domkraftpro.com\/index.php\/produkt\/nakupujte-hned-faber-uchyt-plocheho-potrubi-87-922-53904\/#breadcrumb\"},\"inLanguage\":\"cs\",\"potentialAction\":[{\"@type\":\"ReadAction\",\"target\":[\"https:\/\/www.domkraftpro.com\/index.php\/produkt\/nakupujte-hned-faber-uchyt-plocheho-potrubi-87-922-53904\/\"]}]},{\"@type\":\"ImageObject\",\"inLanguage\":\"cs\",\"@id\":\"https:\/\/www.domkraftpro.com\/index.php\/produkt\/nakupujte-hned-faber-uchyt-plocheho-potrubi-87-922-53904\/#primaryimage\",\"url\":\"https:\/\/www.domkraftpro.com\/wp-content\/uploads\/2026\/SK0008745-CZ20260425-092632-0-1777080397-faber-uchyt-plocheho-potrubi-87-922-502830.webp\",\"contentUrl\":\"https:\/\/www.domkraftpro.com\/wp-content\/uploads\/2026\/SK0008745-CZ20260425-092632-0-1777080397-faber-uchyt-plocheho-potrubi-87-922-502830.webp\",\"width\":600,\"height\":600},{\"@type\":\"BreadcrumbList\",\"@id\":\"https:\/\/www.domkraftpro.com\/index.php\/produkt\/nakupujte-hned-faber-uchyt-plocheho-potrubi-87-922-53904\/#breadcrumb\",\"itemListElement\":[{\"@type\":\"ListItem\",\"position\":1,\"name\":\"Home\",\"item\":\"https:\/\/www.domkraftpro.com\/\"},{\"@type\":\"ListItem\",\"position\":2,\"name\":\"Products\",\"item\":\"https:\/\/www.domkraftpro.com\/products\/\"},{\"@type\":\"ListItem\",\"position\":3,\"name\":\"Nakupujte Hned Faber \u00dachyt ploch\u00e9ho potrub\u00ed 87.922\"}]},{\"@type\":\"WebSite\",\"@id\":\"https:\/\/www.domkraftpro.com\/#website\",\"url\":\"https:\/\/www.domkraftpro.com\/\",\"name\":\"Koupelna &amp; N\u00e1\u0159ad\u00ed &amp; Osv\u011btlen\u00ed a Stavebn\u00ed pot\u0159by\",\"description\":\"Koupelna &amp; N\u00e1\u0159ad\u00ed &amp; Osv\u011btlen\u00ed a Stavebn\u00ed pot\u0159by\",\"publisher\":{\"@id\":\"https:\/\/www.domkraftpro.com\/#organization\"},\"potentialAction\":[{\"@type\":\"SearchAction\",\"target\":{\"@type\":\"EntryPoint\",\"urlTemplate\":\"https:\/\/www.domkraftpro.com\/?s={search_term_string}\"},\"query-input\":{\"@type\":\"PropertyValueSpecification\",\"valueRequired\":true,\"valueName\":\"search_term_string\"}}],\"inLanguage\":\"cs\"},{\"@type\":\"Organization\",\"@id\":\"https:\/\/www.domkraftpro.com\/#organization\",\"name\":\"Koupelna &amp; N\u00e1\u0159ad\u00ed &amp; Osv\u011btlen\u00ed a Stavebn\u00ed pot\u0159by\",\"url\":\"https:\/\/www.domkraftpro.com\/\",\"logo\":{\"@type\":\"ImageObject\",\"inLanguage\":\"cs\",\"@id\":\"https:\/\/www.domkraftpro.com\/#\/schema\/logo\/image\/\",\"url\":\"https:\/\/www.domkraftpro.com\/wp-content\/uploads\/2026\/04\/domkraftpro_logo.svg\",\"contentUrl\":\"https:\/\/www.domkraftpro.com\/wp-content\/uploads\/2026\/04\/domkraftpro_logo.svg\",\"width\":760,\"height\":180,\"caption\":\"Koupelna &amp; N\u00e1\u0159ad\u00ed &amp; Osv\u011btlen\u00ed a Stavebn\u00ed pot\u0159by\"},\"image\":{\"@id\":\"https:\/\/www.domkraftpro.com\/#\/schema\/logo\/image\/\"}}]}<\/script>\n<!-- \/ Yoast SEO plugin. -->","yoast_head_json":{"title":"Nakupujte Hned Faber \u00dachyt ploch\u00e9ho potrub\u00ed 87.922 - Koupelna &amp; N\u00e1\u0159ad\u00ed &amp; Osv\u011btlen\u00ed a Stavebn\u00ed pot\u0159by","robots":{"index":"index","follow":"follow","max-snippet":"max-snippet:-1","max-image-preview":"max-image-preview:large","max-video-preview":"max-video-preview:-1"},"canonical":"https:\/\/www.domkraftpro.com\/index.php\/produkt\/nakupujte-hned-faber-uchyt-plocheho-potrubi-87-922-53904\/","og_locale":"cs_CZ","og_type":"article","og_title":"Nakupujte Hned Faber \u00dachyt ploch\u00e9ho potrub\u00ed 87.922 - Koupelna &amp; N\u00e1\u0159ad\u00ed &amp; Osv\u011btlen\u00ed a Stavebn\u00ed pot\u0159by","og_description":"Popis produktu Faber \u00dachyt ploch\u00e9ho potrub\u00ed 87.922 Dr\u017e\u00e1k plastov\u00fd hranat\u00fd je ur\u010den k p\u0159ichycen\u00ed vzduchovod\u016f ke zdi \u010di stropu. Dr\u017e\u00e1k je vhodn\u00fd do teploty 45\u00b0C. Dr\u017e\u00e1k je vyroben z hmoty ABS v b\u00edl\u00e9 barv\u011b. n\u00e1zev: \u00dachyt potrub\u00ed 220 x 90 mm z\u00e1ruka: 2 let hmotnost: 0.01 kg Rozm\u011bry balen\u00ed Hmotnost boxu: 0.01 kg V\u00fd\u0161ka boxu: [&hellip;]","og_url":"https:\/\/www.domkraftpro.com\/index.php\/produkt\/nakupujte-hned-faber-uchyt-plocheho-potrubi-87-922-53904\/","og_site_name":"Koupelna &amp; N\u00e1\u0159ad\u00ed &amp; Osv\u011btlen\u00ed a Stavebn\u00ed pot\u0159by","og_image":[{"width":600,"height":600,"url":"https:\/\/www.domkraftpro.com\/wp-content\/uploads\/2026\/SK0008745-CZ20260425-092632-0-1777080397-faber-uchyt-plocheho-potrubi-87-922-502830.webp","type":"image\/webp"}],"twitter_card":"summary_large_image","schema":{"@context":"https:\/\/schema.org","@graph":[{"@type":"WebPage","@id":"https:\/\/www.domkraftpro.com\/index.php\/produkt\/nakupujte-hned-faber-uchyt-plocheho-potrubi-87-922-53904\/","url":"https:\/\/www.domkraftpro.com\/index.php\/produkt\/nakupujte-hned-faber-uchyt-plocheho-potrubi-87-922-53904\/","name":"Nakupujte Hned Faber \u00dachyt ploch\u00e9ho potrub\u00ed 87.922 - Koupelna &amp; N\u00e1\u0159ad\u00ed &amp; Osv\u011btlen\u00ed a Stavebn\u00ed pot\u0159by","isPartOf":{"@id":"https:\/\/www.domkraftpro.com\/#website"},"primaryImageOfPage":{"@id":"https:\/\/www.domkraftpro.com\/index.php\/produkt\/nakupujte-hned-faber-uchyt-plocheho-potrubi-87-922-53904\/#primaryimage"},"image":{"@id":"https:\/\/www.domkraftpro.com\/index.php\/produkt\/nakupujte-hned-faber-uchyt-plocheho-potrubi-87-922-53904\/#primaryimage"},"thumbnailUrl":"https:\/\/www.domkraftpro.com\/wp-content\/uploads\/2026\/SK0008745-CZ20260425-092632-0-1777080397-faber-uchyt-plocheho-potrubi-87-922-502830.webp","datePublished":"2026-04-27T04:42:49+00:00","breadcrumb":{"@id":"https:\/\/www.domkraftpro.com\/index.php\/produkt\/nakupujte-hned-faber-uchyt-plocheho-potrubi-87-922-53904\/#breadcrumb"},"inLanguage":"cs","potentialAction":[{"@type":"ReadAction","target":["https:\/\/www.domkraftpro.com\/index.php\/produkt\/nakupujte-hned-faber-uchyt-plocheho-potrubi-87-922-53904\/"]}]},{"@type":"ImageObject","inLanguage":"cs","@id":"https:\/\/www.domkraftpro.com\/index.php\/produkt\/nakupujte-hned-faber-uchyt-plocheho-potrubi-87-922-53904\/#primaryimage","url":"https:\/\/www.domkraftpro.com\/wp-content\/uploads\/2026\/SK0008745-CZ20260425-092632-0-1777080397-faber-uchyt-plocheho-potrubi-87-922-502830.webp","contentUrl":"https:\/\/www.domkraftpro.com\/wp-content\/uploads\/2026\/SK0008745-CZ20260425-092632-0-1777080397-faber-uchyt-plocheho-potrubi-87-922-502830.webp","width":600,"height":600},{"@type":"BreadcrumbList","@id":"https:\/\/www.domkraftpro.com\/index.php\/produkt\/nakupujte-hned-faber-uchyt-plocheho-potrubi-87-922-53904\/#breadcrumb","itemListElement":[{"@type":"ListItem","position":1,"name":"Home","item":"https:\/\/www.domkraftpro.com\/"},{"@type":"ListItem","position":2,"name":"Products","item":"https:\/\/www.domkraftpro.com\/products\/"},{"@type":"ListItem","position":3,"name":"Nakupujte Hned Faber \u00dachyt ploch\u00e9ho potrub\u00ed 87.922"}]},{"@type":"WebSite","@id":"https:\/\/www.domkraftpro.com\/#website","url":"https:\/\/www.domkraftpro.com\/","name":"Koupelna &amp; N\u00e1\u0159ad\u00ed &amp; Osv\u011btlen\u00ed a Stavebn\u00ed pot\u0159by","description":"Koupelna &amp; N\u00e1\u0159ad\u00ed &amp; Osv\u011btlen\u00ed a Stavebn\u00ed pot\u0159by","publisher":{"@id":"https:\/\/www.domkraftpro.com\/#organization"},"potentialAction":[{"@type":"SearchAction","target":{"@type":"EntryPoint","urlTemplate":"https:\/\/www.domkraftpro.com\/?s={search_term_string}"},"query-input":{"@type":"PropertyValueSpecification","valueRequired":true,"valueName":"search_term_string"}}],"inLanguage":"cs"},{"@type":"Organization","@id":"https:\/\/www.domkraftpro.com\/#organization","name":"Koupelna &amp; N\u00e1\u0159ad\u00ed &amp; Osv\u011btlen\u00ed a Stavebn\u00ed pot\u0159by","url":"https:\/\/www.domkraftpro.com\/","logo":{"@type":"ImageObject","inLanguage":"cs","@id":"https:\/\/www.domkraftpro.com\/#\/schema\/logo\/image\/","url":"https:\/\/www.domkraftpro.com\/wp-content\/uploads\/2026\/04\/domkraftpro_logo.svg","contentUrl":"https:\/\/www.domkraftpro.com\/wp-content\/uploads\/2026\/04\/domkraftpro_logo.svg","width":760,"height":180,"caption":"Koupelna &amp; N\u00e1\u0159ad\u00ed &amp; Osv\u011btlen\u00ed a Stavebn\u00ed pot\u0159by"},"image":{"@id":"https:\/\/www.domkraftpro.com\/#\/schema\/logo\/image\/"}}]}},"_links":{"self":[{"href":"https:\/\/www.domkraftpro.com\/wp-json\/wp\/v2\/product\/53904","targetHints":{"allow":["GET"]}}],"collection":[{"href":"https:\/\/www.domkraftpro.com\/wp-json\/wp\/v2\/product"}],"about":[{"href":"https:\/\/www.domkraftpro.com\/wp-json\/wp\/v2\/types\/product"}],"wp:featuredmedia":[{"embeddable":true,"href":"https:\/\/www.domkraftpro.com\/wp-json\/wp\/v2\/media\/54004"}],"wp:attachment":[{"href":"https:\/\/www.domkraftpro.com\/wp-json\/wp\/v2\/media?parent=53904"}],"wp:term":[{"taxonomy":"product_brand","embeddable":true,"href":"https:\/\/www.domkraftpro.com\/wp-json\/wp\/v2\/product_brand?post=53904"},{"taxonomy":"product_cat","embeddable":true,"href":"https:\/\/www.domkraftpro.com\/wp-json\/wp\/v2\/product_cat?post=53904"},{"taxonomy":"product_tag","embeddable":true,"href":"https:\/\/www.domkraftpro.com\/wp-json\/wp\/v2\/product_tag?post=53904"}],"curies":[{"name":"wp","href":"https:\/\/api.w.org\/{rel}","templated":true}]}}