{"id":53897,"date":"2026-04-27T04:42:49","date_gmt":"2026-04-27T04:42:49","guid":{"rendered":""},"modified":"2026-04-27T04:42:49","modified_gmt":"2026-04-27T04:42:49","slug":"faber-oblouk-horizontalni-204x60-87-545-primo-od-vyrobce-53897","status":"publish","type":"product","link":"https:\/\/www.domkraftpro.com\/index.php\/produkt\/faber-oblouk-horizontalni-204x60-87-545-primo-od-vyrobce-53897\/","title":{"rendered":"Faber Oblouk horizont\u00e1ln\u00ed 204&#215;60 &#8211; 87.545 P\u0159\u00edmo Od V\u00fdrobce"},"content":{"rendered":"<div class=\"ProductDetail-content NoFixImageContainer\" id=\"productDescription\">\n<div class=\"Heading\">\n<h2 class=\"Heading-title\">Popis produktu <span class=''>Faber Oblouk horizont\u00e1ln\u00ed 204&#215;60 &#8211; 87.545<\/span><\/h2>\n<\/p><\/div>\n<div class=\"ProductDetailContent\">                                                                    <\/div>\n<div class=\"ProductDetailContent\">\n<div class=\"ProductDetailContent-item\">\n<p>Koleno plastov\u00e9 hranat\u00e9 je ur\u010deno k ohyb\u016fm plastov\u00e9ho potrub\u00ed a to tak, \u017ee se do sebe jednodu\u0161e zasunou. Koleno je vhodn\u00e9 do teploty 45\u00b0C. Toto koleno je adekv\u00e1tn\u00ed k pr\u016fm\u011bru 125mm. Koleno se d\u00e1 ne\u0159ezat na po\u017eadovan\u00fd stupe\u0148 \u00fahlu. Koleno je vyrobeno z hmoty ABS v b\u00edl\u00e9 barv\u011b.<\/p>\n<\/p><\/div>\n<div class=\"ProductDetailContent-item\">\n<ul>\n<li>n\u00e1zev: <strong>Oblouk horiz.204&#215;60<\/strong><\/li>\n<li>z\u00e1ruka: <strong>2 let<\/strong><\/li>\n<li>hmotnost: <strong>0.24 kg<\/strong><\/li>\n<\/ul>\n<p><strong>Rozm\u011bry balen\u00ed<\/strong><\/p>\n<ul>\n<li>Hmotnost boxu: <strong>0.24 kg<\/strong><\/li>\n<li>V\u00fd\u0161ka boxu: <strong>60 mm<\/strong><\/li>\n<li>\u0160\u00ed\u0159ka boxu <strong>240 mm<\/strong><\/li>\n<\/ul><\/div>\n<\/p><\/div>\n<\/p><\/div>\n<\/p><\/div>\n<\/p><\/div>\n","protected":false},"excerpt":{"rendered":"<p>Popis produktu Faber Oblouk horizont\u00e1ln\u00ed 204&#215;60 &#8211; 87.545 Koleno plastov\u00e9 hranat\u00e9 je ur\u010deno k ohyb\u016fm plastov\u00e9ho potrub\u00ed a to tak, \u017ee se do sebe jednodu\u0161e zasunou. Koleno je vhodn\u00e9 do teploty 45\u00b0C. Toto koleno je adekv\u00e1tn\u00ed k pr\u016fm\u011bru 125mm. Koleno se d\u00e1 ne\u0159ezat na po\u017eadovan\u00fd stupe\u0148 \u00fahlu. Koleno je vyrobeno z hmoty ABS v b\u00edl\u00e9 [&hellip;]<\/p>\n","protected":false},"featured_media":53997,"comment_status":"open","ping_status":"open","template":"","meta":[],"product_brand":[],"product_cat":[93],"product_tag":[],"class_list":{"0":"post-53897","1":"product","2":"type-product","3":"status-publish","4":"has-post-thumbnail","6":"product_cat-rekuperace-vzduchu-a-vody-vetrani","8":"first","9":"instock","10":"sale","11":"shipping-taxable","12":"purchasable","13":"product-type-simple"},"yoast_head":"<!-- This site is optimized with the Yoast SEO plugin v26.8 - https:\/\/yoast.com\/product\/yoast-seo-wordpress\/ -->\n<title>Faber Oblouk horizont\u00e1ln\u00ed 204x60 - 87.545 P\u0159\u00edmo Od V\u00fdrobce -<\/title>\n<meta name=\"robots\" content=\"index, follow, max-snippet:-1, max-image-preview:large, max-video-preview:-1\" \/>\n<link rel=\"canonical\" href=\"https:\/\/www.domkraftpro.com\/index.php\/produkt\/faber-oblouk-horizontalni-204x60-87-545-primo-od-vyrobce-53897\/\" \/>\n<meta property=\"og:locale\" content=\"cs_CZ\" \/>\n<meta property=\"og:type\" content=\"article\" \/>\n<meta property=\"og:title\" content=\"Faber Oblouk horizont\u00e1ln\u00ed 204x60 - 87.545 P\u0159\u00edmo Od V\u00fdrobce -\" \/>\n<meta property=\"og:description\" content=\"Popis produktu Faber Oblouk horizont\u00e1ln\u00ed 204&#215;60 &#8211; 87.545 Koleno plastov\u00e9 hranat\u00e9 je ur\u010deno k ohyb\u016fm plastov\u00e9ho potrub\u00ed a to tak, \u017ee se do sebe jednodu\u0161e zasunou. Koleno je vhodn\u00e9 do teploty 45\u00b0C. Toto koleno je adekv\u00e1tn\u00ed k pr\u016fm\u011bru 125mm. Koleno se d\u00e1 ne\u0159ezat na po\u017eadovan\u00fd stupe\u0148 \u00fahlu. Koleno je vyrobeno z hmoty ABS v b\u00edl\u00e9 [&hellip;]\" \/>\n<meta property=\"og:url\" content=\"https:\/\/www.domkraftpro.com\/index.php\/produkt\/faber-oblouk-horizontalni-204x60-87-545-primo-od-vyrobce-53897\/\" \/>\n<meta property=\"og:image\" content=\"https:\/\/www.domkraftpro.com\/wp-content\/uploads\/2026\/SK0008738-CZ20260425-092632-0-1777080397-faber-oblouk-horizontalni-204x60-87-545-502781.webp\" \/>\n\t<meta property=\"og:image:width\" content=\"600\" \/>\n\t<meta property=\"og:image:height\" content=\"600\" \/>\n\t<meta property=\"og:image:type\" content=\"image\/webp\" \/>\n<meta name=\"twitter:card\" content=\"summary_large_image\" \/>\n<script type=\"application\/ld+json\" class=\"yoast-schema-graph\">{\"@context\":\"https:\/\/schema.org\",\"@graph\":[{\"@type\":\"WebPage\",\"@id\":\"https:\/\/www.domkraftpro.com\/index.php\/produkt\/faber-oblouk-horizontalni-204x60-87-545-primo-od-vyrobce-53897\/\",\"url\":\"https:\/\/www.domkraftpro.com\/index.php\/produkt\/faber-oblouk-horizontalni-204x60-87-545-primo-od-vyrobce-53897\/\",\"name\":\"Faber Oblouk horizont\u00e1ln\u00ed 204x60 - 87.545 P\u0159\u00edmo Od V\u00fdrobce -\",\"isPartOf\":{\"@id\":\"https:\/\/www.domkraftpro.com\/#website\"},\"primaryImageOfPage\":{\"@id\":\"https:\/\/www.domkraftpro.com\/index.php\/produkt\/faber-oblouk-horizontalni-204x60-87-545-primo-od-vyrobce-53897\/#primaryimage\"},\"image\":{\"@id\":\"https:\/\/www.domkraftpro.com\/index.php\/produkt\/faber-oblouk-horizontalni-204x60-87-545-primo-od-vyrobce-53897\/#primaryimage\"},\"thumbnailUrl\":\"https:\/\/www.domkraftpro.com\/wp-content\/uploads\/2026\/SK0008738-CZ20260425-092632-0-1777080397-faber-oblouk-horizontalni-204x60-87-545-502781.webp\",\"datePublished\":\"2026-04-27T04:42:49+00:00\",\"breadcrumb\":{\"@id\":\"https:\/\/www.domkraftpro.com\/index.php\/produkt\/faber-oblouk-horizontalni-204x60-87-545-primo-od-vyrobce-53897\/#breadcrumb\"},\"inLanguage\":\"cs\",\"potentialAction\":[{\"@type\":\"ReadAction\",\"target\":[\"https:\/\/www.domkraftpro.com\/index.php\/produkt\/faber-oblouk-horizontalni-204x60-87-545-primo-od-vyrobce-53897\/\"]}]},{\"@type\":\"ImageObject\",\"inLanguage\":\"cs\",\"@id\":\"https:\/\/www.domkraftpro.com\/index.php\/produkt\/faber-oblouk-horizontalni-204x60-87-545-primo-od-vyrobce-53897\/#primaryimage\",\"url\":\"https:\/\/www.domkraftpro.com\/wp-content\/uploads\/2026\/SK0008738-CZ20260425-092632-0-1777080397-faber-oblouk-horizontalni-204x60-87-545-502781.webp\",\"contentUrl\":\"https:\/\/www.domkraftpro.com\/wp-content\/uploads\/2026\/SK0008738-CZ20260425-092632-0-1777080397-faber-oblouk-horizontalni-204x60-87-545-502781.webp\",\"width\":600,\"height\":600},{\"@type\":\"BreadcrumbList\",\"@id\":\"https:\/\/www.domkraftpro.com\/index.php\/produkt\/faber-oblouk-horizontalni-204x60-87-545-primo-od-vyrobce-53897\/#breadcrumb\",\"itemListElement\":[{\"@type\":\"ListItem\",\"position\":1,\"name\":\"Home\",\"item\":\"https:\/\/www.domkraftpro.com\/\"},{\"@type\":\"ListItem\",\"position\":2,\"name\":\"Products\",\"item\":\"https:\/\/www.domkraftpro.com\/index.php\/products\/\"},{\"@type\":\"ListItem\",\"position\":3,\"name\":\"Faber Oblouk horizont\u00e1ln\u00ed 204&#215;60 &#8211; 87.545 P\u0159\u00edmo Od V\u00fdrobce\"}]},{\"@type\":\"WebSite\",\"@id\":\"https:\/\/www.domkraftpro.com\/#website\",\"url\":\"https:\/\/www.domkraftpro.com\/\",\"name\":\"\",\"description\":\"\",\"potentialAction\":[{\"@type\":\"SearchAction\",\"target\":{\"@type\":\"EntryPoint\",\"urlTemplate\":\"https:\/\/www.domkraftpro.com\/?s={search_term_string}\"},\"query-input\":{\"@type\":\"PropertyValueSpecification\",\"valueRequired\":true,\"valueName\":\"search_term_string\"}}],\"inLanguage\":\"cs\"}]}<\/script>\n<!-- \/ Yoast SEO plugin. -->","yoast_head_json":{"title":"Faber Oblouk horizont\u00e1ln\u00ed 204x60 - 87.545 P\u0159\u00edmo Od V\u00fdrobce -","robots":{"index":"index","follow":"follow","max-snippet":"max-snippet:-1","max-image-preview":"max-image-preview:large","max-video-preview":"max-video-preview:-1"},"canonical":"https:\/\/www.domkraftpro.com\/index.php\/produkt\/faber-oblouk-horizontalni-204x60-87-545-primo-od-vyrobce-53897\/","og_locale":"cs_CZ","og_type":"article","og_title":"Faber Oblouk horizont\u00e1ln\u00ed 204x60 - 87.545 P\u0159\u00edmo Od V\u00fdrobce -","og_description":"Popis produktu Faber Oblouk horizont\u00e1ln\u00ed 204&#215;60 &#8211; 87.545 Koleno plastov\u00e9 hranat\u00e9 je ur\u010deno k ohyb\u016fm plastov\u00e9ho potrub\u00ed a to tak, \u017ee se do sebe jednodu\u0161e zasunou. Koleno je vhodn\u00e9 do teploty 45\u00b0C. Toto koleno je adekv\u00e1tn\u00ed k pr\u016fm\u011bru 125mm. Koleno se d\u00e1 ne\u0159ezat na po\u017eadovan\u00fd stupe\u0148 \u00fahlu. Koleno je vyrobeno z hmoty ABS v b\u00edl\u00e9 [&hellip;]","og_url":"https:\/\/www.domkraftpro.com\/index.php\/produkt\/faber-oblouk-horizontalni-204x60-87-545-primo-od-vyrobce-53897\/","og_image":[{"width":600,"height":600,"url":"https:\/\/www.domkraftpro.com\/wp-content\/uploads\/2026\/SK0008738-CZ20260425-092632-0-1777080397-faber-oblouk-horizontalni-204x60-87-545-502781.webp","type":"image\/webp"}],"twitter_card":"summary_large_image","schema":{"@context":"https:\/\/schema.org","@graph":[{"@type":"WebPage","@id":"https:\/\/www.domkraftpro.com\/index.php\/produkt\/faber-oblouk-horizontalni-204x60-87-545-primo-od-vyrobce-53897\/","url":"https:\/\/www.domkraftpro.com\/index.php\/produkt\/faber-oblouk-horizontalni-204x60-87-545-primo-od-vyrobce-53897\/","name":"Faber Oblouk horizont\u00e1ln\u00ed 204x60 - 87.545 P\u0159\u00edmo Od V\u00fdrobce -","isPartOf":{"@id":"https:\/\/www.domkraftpro.com\/#website"},"primaryImageOfPage":{"@id":"https:\/\/www.domkraftpro.com\/index.php\/produkt\/faber-oblouk-horizontalni-204x60-87-545-primo-od-vyrobce-53897\/#primaryimage"},"image":{"@id":"https:\/\/www.domkraftpro.com\/index.php\/produkt\/faber-oblouk-horizontalni-204x60-87-545-primo-od-vyrobce-53897\/#primaryimage"},"thumbnailUrl":"https:\/\/www.domkraftpro.com\/wp-content\/uploads\/2026\/SK0008738-CZ20260425-092632-0-1777080397-faber-oblouk-horizontalni-204x60-87-545-502781.webp","datePublished":"2026-04-27T04:42:49+00:00","breadcrumb":{"@id":"https:\/\/www.domkraftpro.com\/index.php\/produkt\/faber-oblouk-horizontalni-204x60-87-545-primo-od-vyrobce-53897\/#breadcrumb"},"inLanguage":"cs","potentialAction":[{"@type":"ReadAction","target":["https:\/\/www.domkraftpro.com\/index.php\/produkt\/faber-oblouk-horizontalni-204x60-87-545-primo-od-vyrobce-53897\/"]}]},{"@type":"ImageObject","inLanguage":"cs","@id":"https:\/\/www.domkraftpro.com\/index.php\/produkt\/faber-oblouk-horizontalni-204x60-87-545-primo-od-vyrobce-53897\/#primaryimage","url":"https:\/\/www.domkraftpro.com\/wp-content\/uploads\/2026\/SK0008738-CZ20260425-092632-0-1777080397-faber-oblouk-horizontalni-204x60-87-545-502781.webp","contentUrl":"https:\/\/www.domkraftpro.com\/wp-content\/uploads\/2026\/SK0008738-CZ20260425-092632-0-1777080397-faber-oblouk-horizontalni-204x60-87-545-502781.webp","width":600,"height":600},{"@type":"BreadcrumbList","@id":"https:\/\/www.domkraftpro.com\/index.php\/produkt\/faber-oblouk-horizontalni-204x60-87-545-primo-od-vyrobce-53897\/#breadcrumb","itemListElement":[{"@type":"ListItem","position":1,"name":"Home","item":"https:\/\/www.domkraftpro.com\/"},{"@type":"ListItem","position":2,"name":"Products","item":"https:\/\/www.domkraftpro.com\/index.php\/products\/"},{"@type":"ListItem","position":3,"name":"Faber Oblouk horizont\u00e1ln\u00ed 204&#215;60 &#8211; 87.545 P\u0159\u00edmo Od V\u00fdrobce"}]},{"@type":"WebSite","@id":"https:\/\/www.domkraftpro.com\/#website","url":"https:\/\/www.domkraftpro.com\/","name":"","description":"","potentialAction":[{"@type":"SearchAction","target":{"@type":"EntryPoint","urlTemplate":"https:\/\/www.domkraftpro.com\/?s={search_term_string}"},"query-input":{"@type":"PropertyValueSpecification","valueRequired":true,"valueName":"search_term_string"}}],"inLanguage":"cs"}]}},"_links":{"self":[{"href":"https:\/\/www.domkraftpro.com\/index.php\/wp-json\/wp\/v2\/product\/53897","targetHints":{"allow":["GET"]}}],"collection":[{"href":"https:\/\/www.domkraftpro.com\/index.php\/wp-json\/wp\/v2\/product"}],"about":[{"href":"https:\/\/www.domkraftpro.com\/index.php\/wp-json\/wp\/v2\/types\/product"}],"replies":[{"embeddable":true,"href":"https:\/\/www.domkraftpro.com\/index.php\/wp-json\/wp\/v2\/comments?post=53897"}],"wp:featuredmedia":[{"embeddable":true,"href":"https:\/\/www.domkraftpro.com\/index.php\/wp-json\/wp\/v2\/media\/53997"}],"wp:attachment":[{"href":"https:\/\/www.domkraftpro.com\/index.php\/wp-json\/wp\/v2\/media?parent=53897"}],"wp:term":[{"taxonomy":"product_brand","embeddable":true,"href":"https:\/\/www.domkraftpro.com\/index.php\/wp-json\/wp\/v2\/product_brand?post=53897"},{"taxonomy":"product_cat","embeddable":true,"href":"https:\/\/www.domkraftpro.com\/index.php\/wp-json\/wp\/v2\/product_cat?post=53897"},{"taxonomy":"product_tag","embeddable":true,"href":"https:\/\/www.domkraftpro.com\/index.php\/wp-json\/wp\/v2\/product_tag?post=53897"}],"curies":[{"name":"wp","href":"https:\/\/api.w.org\/{rel}","templated":true}]}}

Faber Oblouk horizontální 204&#215;60 &#8211; 87.545 Přímo Od Výrobce

<div class="ProductDetail-content NoFixImageContainer" id="productDescription">
<div class="Heading">
<h2 class="Heading-title">Popis produktu <span class=''>Faber Oblouk horizontální 204&#215;60 &#8211; 87.545</span></h2>
</p></div>
<div class="ProductDetailContent">                                                                    </div>
<div class="ProductDetailContent">
<div class="ProductDetailContent-item">
<p>Koleno plastové hranaté je určeno k ohybům plastového potrubí a to tak, že se do sebe jednoduše zasunou. Koleno je vhodné do teploty 45°C. Toto koleno je adekvátní k průměru 125mm. Koleno se dá neřezat na požadovaný stupeň úhlu. Koleno je vyrobeno z hmoty ABS v bílé barvě.</p>
</p></div>
<div class="ProductDetailContent-item">
<ul>
<li>název: <strong>Oblouk horiz.204&#215;60</strong></li>
<li>záruka: <strong>2 let</strong></li>
<li>hmotnost: <strong>0.24 kg</strong></li>
</ul>
<p><strong>Rozměry balení</strong></p>
<ul>
<li>Hmotnost boxu: <strong>0.24 kg</strong></li>
<li>Výška boxu: <strong>60 mm</strong></li>
<li>Šířka boxu <strong>240 mm</strong></li>
</ul></div>
</p></div>
</p></div>
</p></div>
</p></div>

<p>Popis produktu Faber Oblouk horizontální 204&#215;60 &#8211; 87.545 Koleno plastové hranaté je určeno k ohybům plastového potrubí a to tak, že se do sebe jednoduše zasunou. Koleno je vhodné do teploty 45°C. Toto koleno je adekvátní k průměru 125mm. Koleno se dá neřezat na požadovaný stupeň úhlu. Koleno je vyrobeno z hmoty ABS v bílé [&hellip;]</p>

<!-- This site is optimized with the Yoast SEO plugin v26.8 - https://yoast.com/product/yoast-seo-wordpress/ -->
<title>Faber Oblouk horizontální 204x60 - 87.545 Přímo Od Výrobce -</title>
<meta name="robots" content="index, follow, max-snippet:-1, max-image-preview:large, max-video-preview:-1" />
<link rel="canonical" href="https://www.domkraftpro.com/index.php/produkt/faber-oblouk-horizontalni-204x60-87-545-primo-od-vyrobce-53897/" />
<meta property="og:locale" content="cs_CZ" />
<meta property="og:type" content="article" />
<meta property="og:title" content="Faber Oblouk horizontální 204x60 - 87.545 Přímo Od Výrobce -" />
<meta property="og:description" content="Popis produktu Faber Oblouk horizontální 204&#215;60 &#8211; 87.545 Koleno plastové hranaté je určeno k ohybům plastového potrubí a to tak, že se do sebe jednoduše zasunou. Koleno je vhodné do teploty 45°C. Toto koleno je adekvátní k průměru 125mm. Koleno se dá neřezat na požadovaný stupeň úhlu. Koleno je vyrobeno z hmoty ABS v bílé [&hellip;]" />
<meta property="og:url" content="https://www.domkraftpro.com/index.php/produkt/faber-oblouk-horizontalni-204x60-87-545-primo-od-vyrobce-53897/" />
<meta property="og:image" content="https://www.domkraftpro.com/wp-content/uploads/2026/SK0008738-CZ20260425-092632-0-1777080397-faber-oblouk-horizontalni-204x60-87-545-502781.webp" />
	<meta property="og:image:width" content="600" />
	<meta property="og:image:height" content="600" />
	<meta property="og:image:type" content="image/webp" />
<meta name="twitter:card" content="summary_large_image" />
<script type="application/ld+json" class="yoast-schema-graph">{"@context":"https://schema.org","@graph":[{"@type":"WebPage","@id":"https://www.domkraftpro.com/index.php/produkt/faber-oblouk-horizontalni-204x60-87-545-primo-od-vyrobce-53897/","url":"https://www.domkraftpro.com/index.php/produkt/faber-oblouk-horizontalni-204x60-87-545-primo-od-vyrobce-53897/","name":"Faber Oblouk horizontální 204x60 - 87.545 Přímo Od Výrobce -","isPartOf":{"@id":"https://www.domkraftpro.com/#website"},"primaryImageOfPage":{"@id":"https://www.domkraftpro.com/index.php/produkt/faber-oblouk-horizontalni-204x60-87-545-primo-od-vyrobce-53897/#primaryimage"},"image":{"@id":"https://www.domkraftpro.com/index.php/produkt/faber-oblouk-horizontalni-204x60-87-545-primo-od-vyrobce-53897/#primaryimage"},"thumbnailUrl":"https://www.domkraftpro.com/wp-content/uploads/2026/SK0008738-CZ20260425-092632-0-1777080397-faber-oblouk-horizontalni-204x60-87-545-502781.webp","datePublished":"2026-04-27T04:42:49+00:00","breadcrumb":{"@id":"https://www.domkraftpro.com/index.php/produkt/faber-oblouk-horizontalni-204x60-87-545-primo-od-vyrobce-53897/#breadcrumb"},"inLanguage":"cs","potentialAction":[{"@type":"ReadAction","target":["https://www.domkraftpro.com/index.php/produkt/faber-oblouk-horizontalni-204x60-87-545-primo-od-vyrobce-53897/"]}]},{"@type":"ImageObject","inLanguage":"cs","@id":"https://www.domkraftpro.com/index.php/produkt/faber-oblouk-horizontalni-204x60-87-545-primo-od-vyrobce-53897/#primaryimage","url":"https://www.domkraftpro.com/wp-content/uploads/2026/SK0008738-CZ20260425-092632-0-1777080397-faber-oblouk-horizontalni-204x60-87-545-502781.webp","contentUrl":"https://www.domkraftpro.com/wp-content/uploads/2026/SK0008738-CZ20260425-092632-0-1777080397-faber-oblouk-horizontalni-204x60-87-545-502781.webp","width":600,"height":600},{"@type":"BreadcrumbList","@id":"https://www.domkraftpro.com/index.php/produkt/faber-oblouk-horizontalni-204x60-87-545-primo-od-vyrobce-53897/#breadcrumb","itemListElement":[{"@type":"ListItem","position":1,"name":"Home","item":"https://www.domkraftpro.com/"},{"@type":"ListItem","position":2,"name":"Products","item":"https://www.domkraftpro.com/index.php/products/"},{"@type":"ListItem","position":3,"name":"Faber Oblouk horizontální 204&#215;60 &#8211; 87.545 Přímo Od Výrobce"}]},{"@type":"WebSite","@id":"https://www.domkraftpro.com/#website","url":"https://www.domkraftpro.com/","name":"","description":"","potentialAction":[{"@type":"SearchAction","target":{"@type":"EntryPoint","urlTemplate":"https://www.domkraftpro.com/?s={search_term_string}"},"query-input":{"@type":"PropertyValueSpecification","valueRequired":true,"valueName":"search_term_string"}}],"inLanguage":"cs"}]}</script>
<!-- / Yoast SEO plugin. -->

Faber Oblouk horizontální 204x60 - 87.545 Přímo Od Výrobce -

Popis produktu Faber Oblouk horizontální 204&#215;60 &#8211; 87.545 Koleno plastové hranaté je určeno k ohybům plastového potrubí a to tak, že se do sebe jednoduše zasunou. Koleno je vhodné do teploty 45°C. Toto koleno je adekvátní k průměru 125mm. Koleno se dá neřezat na požadovaný stupeň úhlu. Koleno je vyrobeno z hmoty ABS v bílé [&hellip;]
