{"id":53892,"date":"2026-04-27T04:42:49","date_gmt":"2026-04-27T04:42:49","guid":{"rendered":""},"modified":"2026-04-27T04:42:49","modified_gmt":"2026-04-27T04:42:49","slug":"faber-flexo-pvc-100mm-1m-87-361-nova-kolekce-53892","status":"publish","type":"product","link":"https:\/\/www.domkraftpro.com\/produkt\/faber-flexo-pvc-100mm-1m-87-361-nova-kolekce-53892\/","title":{"rendered":"Faber Flexo PVC 100mm, 1m &#8211; 87.361 Nov\u00e1 Kolekce"},"content":{"rendered":"<div class=\"ProductDetail-content NoFixImageContainer\" id=\"productDescription\">\n<div class=\"Heading\">\n<h2 class=\"Heading-title\">Popis produktu <span class=''>Faber Flexo PVC 100mm, 1m &#8211; 87.361<\/span><\/h2>\n<\/p><\/div>\n<div class=\"ProductDetailContent\">                                                                    <\/div>\n<div class=\"ProductDetailContent\">\n<div class=\"ProductDetailContent-item\">\n<p>PVC kulat\u00e9 ohebn\u00e9 potrub\u00ed je ur\u010deno do teploty -18\u00b0C a\u017e 45\u00b0C, pro maxim\u00e1ln\u00ed tlak 3000Pa. Flexibiln\u00ed potrub\u00ed je vyztu\u017eeno spir\u00e1lov\u00fdm r\u00e1mem z ocelov\u00e9ho dr\u00e1tu.<\/p>\n<\/p><\/div>\n<div class=\"ProductDetailContent-item\">\n<ul>\n<li>n\u00e1zev: <strong>Flexo hadice 100 x 1000mm<\/strong><\/li>\n<li>z\u00e1ruka: <strong>2 let<\/strong><\/li>\n<li>hmotnost: <strong>0.1 kg<\/strong><\/li>\n<\/ul>\n<p><strong>Rozm\u011bry balen\u00ed<\/strong><\/p>\n<ul>\n<li>Hmotnost boxu: <strong>0.1 kg<\/strong><\/li>\n<li>V\u00fd\u0161ka boxu: <strong>50 mm<\/strong><\/li>\n<li>\u0160\u00ed\u0159ka boxu <strong>100 mm<\/strong><\/li>\n<\/ul><\/div>\n<\/p><\/div>\n<\/p><\/div>\n<\/p><\/div>\n<\/p><\/div>\n","protected":false},"excerpt":{"rendered":"<p>Popis produktu Faber Flexo PVC 100mm, 1m &#8211; 87.361 PVC kulat\u00e9 ohebn\u00e9 potrub\u00ed je ur\u010deno do teploty -18\u00b0C a\u017e 45\u00b0C, pro maxim\u00e1ln\u00ed tlak 3000Pa. Flexibiln\u00ed potrub\u00ed je vyztu\u017eeno spir\u00e1lov\u00fdm r\u00e1mem z ocelov\u00e9ho dr\u00e1tu. n\u00e1zev: Flexo hadice 100 x 1000mm z\u00e1ruka: 2 let hmotnost: 0.1 kg Rozm\u011bry balen\u00ed Hmotnost boxu: 0.1 kg V\u00fd\u0161ka boxu: 50 mm [&hellip;]<\/p>\n","protected":false},"featured_media":53992,"comment_status":"open","ping_status":"open","template":"","meta":[],"product_brand":[],"product_cat":[93],"product_tag":[],"class_list":{"0":"post-53892","1":"product","2":"type-product","3":"status-publish","4":"has-post-thumbnail","6":"product_cat-rekuperace-vzduchu-a-vody-vetrani","8":"first","9":"instock","10":"sale","11":"shipping-taxable","12":"purchasable","13":"product-type-simple"},"yoast_head":"<!-- This site is optimized with the Yoast SEO plugin v26.8 - https:\/\/yoast.com\/product\/yoast-seo-wordpress\/ -->\n<title>Faber Flexo PVC 100mm, 1m - 87.361 Nov\u00e1 Kolekce -<\/title>\n<meta name=\"robots\" content=\"index, follow, max-snippet:-1, max-image-preview:large, max-video-preview:-1\" \/>\n<link rel=\"canonical\" href=\"https:\/\/www.domkraftpro.com\/index.php\/produkt\/faber-flexo-pvc-100mm-1m-87-361-nova-kolekce-53892\/\" \/>\n<meta property=\"og:locale\" content=\"cs_CZ\" \/>\n<meta property=\"og:type\" content=\"article\" \/>\n<meta property=\"og:title\" content=\"Faber Flexo PVC 100mm, 1m - 87.361 Nov\u00e1 Kolekce -\" \/>\n<meta property=\"og:description\" content=\"Popis produktu Faber Flexo PVC 100mm, 1m &#8211; 87.361 PVC kulat\u00e9 ohebn\u00e9 potrub\u00ed je ur\u010deno do teploty -18\u00b0C a\u017e 45\u00b0C, pro maxim\u00e1ln\u00ed tlak 3000Pa. Flexibiln\u00ed potrub\u00ed je vyztu\u017eeno spir\u00e1lov\u00fdm r\u00e1mem z ocelov\u00e9ho dr\u00e1tu. n\u00e1zev: Flexo hadice 100 x 1000mm z\u00e1ruka: 2 let hmotnost: 0.1 kg Rozm\u011bry balen\u00ed Hmotnost boxu: 0.1 kg V\u00fd\u0161ka boxu: 50 mm [&hellip;]\" \/>\n<meta property=\"og:url\" content=\"https:\/\/www.domkraftpro.com\/index.php\/produkt\/faber-flexo-pvc-100mm-1m-87-361-nova-kolekce-53892\/\" \/>\n<meta property=\"og:image\" content=\"https:\/\/www.domkraftpro.com\/wp-content\/uploads\/2026\/SK0008733-CZ20260425-092632-0-1777080397-faber-flexo-pvc-100mm-1m-87-361-502730.webp\" \/>\n\t<meta property=\"og:image:width\" content=\"600\" \/>\n\t<meta property=\"og:image:height\" content=\"600\" \/>\n\t<meta property=\"og:image:type\" content=\"image\/webp\" \/>\n<meta name=\"twitter:card\" content=\"summary_large_image\" \/>\n<script type=\"application\/ld+json\" class=\"yoast-schema-graph\">{\"@context\":\"https:\/\/schema.org\",\"@graph\":[{\"@type\":\"WebPage\",\"@id\":\"https:\/\/www.domkraftpro.com\/index.php\/produkt\/faber-flexo-pvc-100mm-1m-87-361-nova-kolekce-53892\/\",\"url\":\"https:\/\/www.domkraftpro.com\/index.php\/produkt\/faber-flexo-pvc-100mm-1m-87-361-nova-kolekce-53892\/\",\"name\":\"Faber Flexo PVC 100mm, 1m - 87.361 Nov\u00e1 Kolekce -\",\"isPartOf\":{\"@id\":\"https:\/\/www.domkraftpro.com\/#website\"},\"primaryImageOfPage\":{\"@id\":\"https:\/\/www.domkraftpro.com\/index.php\/produkt\/faber-flexo-pvc-100mm-1m-87-361-nova-kolekce-53892\/#primaryimage\"},\"image\":{\"@id\":\"https:\/\/www.domkraftpro.com\/index.php\/produkt\/faber-flexo-pvc-100mm-1m-87-361-nova-kolekce-53892\/#primaryimage\"},\"thumbnailUrl\":\"https:\/\/www.domkraftpro.com\/wp-content\/uploads\/2026\/SK0008733-CZ20260425-092632-0-1777080397-faber-flexo-pvc-100mm-1m-87-361-502730.webp\",\"datePublished\":\"2026-04-27T04:42:49+00:00\",\"breadcrumb\":{\"@id\":\"https:\/\/www.domkraftpro.com\/index.php\/produkt\/faber-flexo-pvc-100mm-1m-87-361-nova-kolekce-53892\/#breadcrumb\"},\"inLanguage\":\"cs\",\"potentialAction\":[{\"@type\":\"ReadAction\",\"target\":[\"https:\/\/www.domkraftpro.com\/index.php\/produkt\/faber-flexo-pvc-100mm-1m-87-361-nova-kolekce-53892\/\"]}]},{\"@type\":\"ImageObject\",\"inLanguage\":\"cs\",\"@id\":\"https:\/\/www.domkraftpro.com\/index.php\/produkt\/faber-flexo-pvc-100mm-1m-87-361-nova-kolekce-53892\/#primaryimage\",\"url\":\"https:\/\/www.domkraftpro.com\/wp-content\/uploads\/2026\/SK0008733-CZ20260425-092632-0-1777080397-faber-flexo-pvc-100mm-1m-87-361-502730.webp\",\"contentUrl\":\"https:\/\/www.domkraftpro.com\/wp-content\/uploads\/2026\/SK0008733-CZ20260425-092632-0-1777080397-faber-flexo-pvc-100mm-1m-87-361-502730.webp\",\"width\":600,\"height\":600},{\"@type\":\"BreadcrumbList\",\"@id\":\"https:\/\/www.domkraftpro.com\/index.php\/produkt\/faber-flexo-pvc-100mm-1m-87-361-nova-kolekce-53892\/#breadcrumb\",\"itemListElement\":[{\"@type\":\"ListItem\",\"position\":1,\"name\":\"Home\",\"item\":\"https:\/\/www.domkraftpro.com\/\"},{\"@type\":\"ListItem\",\"position\":2,\"name\":\"Products\",\"item\":\"https:\/\/www.domkraftpro.com\/products\/\"},{\"@type\":\"ListItem\",\"position\":3,\"name\":\"Faber Flexo PVC 100mm, 1m &#8211; 87.361 Nov\u00e1 Kolekce\"}]},{\"@type\":\"WebSite\",\"@id\":\"https:\/\/www.domkraftpro.com\/#website\",\"url\":\"https:\/\/www.domkraftpro.com\/\",\"name\":\"\",\"description\":\"\",\"potentialAction\":[{\"@type\":\"SearchAction\",\"target\":{\"@type\":\"EntryPoint\",\"urlTemplate\":\"https:\/\/www.domkraftpro.com\/?s={search_term_string}\"},\"query-input\":{\"@type\":\"PropertyValueSpecification\",\"valueRequired\":true,\"valueName\":\"search_term_string\"}}],\"inLanguage\":\"cs\"}]}<\/script>\n<!-- \/ Yoast SEO plugin. -->","yoast_head_json":{"title":"Faber Flexo PVC 100mm, 1m - 87.361 Nov\u00e1 Kolekce -","robots":{"index":"index","follow":"follow","max-snippet":"max-snippet:-1","max-image-preview":"max-image-preview:large","max-video-preview":"max-video-preview:-1"},"canonical":"https:\/\/www.domkraftpro.com\/index.php\/produkt\/faber-flexo-pvc-100mm-1m-87-361-nova-kolekce-53892\/","og_locale":"cs_CZ","og_type":"article","og_title":"Faber Flexo PVC 100mm, 1m - 87.361 Nov\u00e1 Kolekce -","og_description":"Popis produktu Faber Flexo PVC 100mm, 1m &#8211; 87.361 PVC kulat\u00e9 ohebn\u00e9 potrub\u00ed je ur\u010deno do teploty -18\u00b0C a\u017e 45\u00b0C, pro maxim\u00e1ln\u00ed tlak 3000Pa. Flexibiln\u00ed potrub\u00ed je vyztu\u017eeno spir\u00e1lov\u00fdm r\u00e1mem z ocelov\u00e9ho dr\u00e1tu. n\u00e1zev: Flexo hadice 100 x 1000mm z\u00e1ruka: 2 let hmotnost: 0.1 kg Rozm\u011bry balen\u00ed Hmotnost boxu: 0.1 kg V\u00fd\u0161ka boxu: 50 mm [&hellip;]","og_url":"https:\/\/www.domkraftpro.com\/index.php\/produkt\/faber-flexo-pvc-100mm-1m-87-361-nova-kolekce-53892\/","og_image":[{"width":600,"height":600,"url":"https:\/\/www.domkraftpro.com\/wp-content\/uploads\/2026\/SK0008733-CZ20260425-092632-0-1777080397-faber-flexo-pvc-100mm-1m-87-361-502730.webp","type":"image\/webp"}],"twitter_card":"summary_large_image","schema":{"@context":"https:\/\/schema.org","@graph":[{"@type":"WebPage","@id":"https:\/\/www.domkraftpro.com\/index.php\/produkt\/faber-flexo-pvc-100mm-1m-87-361-nova-kolekce-53892\/","url":"https:\/\/www.domkraftpro.com\/index.php\/produkt\/faber-flexo-pvc-100mm-1m-87-361-nova-kolekce-53892\/","name":"Faber Flexo PVC 100mm, 1m - 87.361 Nov\u00e1 Kolekce -","isPartOf":{"@id":"https:\/\/www.domkraftpro.com\/#website"},"primaryImageOfPage":{"@id":"https:\/\/www.domkraftpro.com\/index.php\/produkt\/faber-flexo-pvc-100mm-1m-87-361-nova-kolekce-53892\/#primaryimage"},"image":{"@id":"https:\/\/www.domkraftpro.com\/index.php\/produkt\/faber-flexo-pvc-100mm-1m-87-361-nova-kolekce-53892\/#primaryimage"},"thumbnailUrl":"https:\/\/www.domkraftpro.com\/wp-content\/uploads\/2026\/SK0008733-CZ20260425-092632-0-1777080397-faber-flexo-pvc-100mm-1m-87-361-502730.webp","datePublished":"2026-04-27T04:42:49+00:00","breadcrumb":{"@id":"https:\/\/www.domkraftpro.com\/index.php\/produkt\/faber-flexo-pvc-100mm-1m-87-361-nova-kolekce-53892\/#breadcrumb"},"inLanguage":"cs","potentialAction":[{"@type":"ReadAction","target":["https:\/\/www.domkraftpro.com\/index.php\/produkt\/faber-flexo-pvc-100mm-1m-87-361-nova-kolekce-53892\/"]}]},{"@type":"ImageObject","inLanguage":"cs","@id":"https:\/\/www.domkraftpro.com\/index.php\/produkt\/faber-flexo-pvc-100mm-1m-87-361-nova-kolekce-53892\/#primaryimage","url":"https:\/\/www.domkraftpro.com\/wp-content\/uploads\/2026\/SK0008733-CZ20260425-092632-0-1777080397-faber-flexo-pvc-100mm-1m-87-361-502730.webp","contentUrl":"https:\/\/www.domkraftpro.com\/wp-content\/uploads\/2026\/SK0008733-CZ20260425-092632-0-1777080397-faber-flexo-pvc-100mm-1m-87-361-502730.webp","width":600,"height":600},{"@type":"BreadcrumbList","@id":"https:\/\/www.domkraftpro.com\/index.php\/produkt\/faber-flexo-pvc-100mm-1m-87-361-nova-kolekce-53892\/#breadcrumb","itemListElement":[{"@type":"ListItem","position":1,"name":"Home","item":"https:\/\/www.domkraftpro.com\/"},{"@type":"ListItem","position":2,"name":"Products","item":"https:\/\/www.domkraftpro.com\/products\/"},{"@type":"ListItem","position":3,"name":"Faber Flexo PVC 100mm, 1m &#8211; 87.361 Nov\u00e1 Kolekce"}]},{"@type":"WebSite","@id":"https:\/\/www.domkraftpro.com\/#website","url":"https:\/\/www.domkraftpro.com\/","name":"","description":"","potentialAction":[{"@type":"SearchAction","target":{"@type":"EntryPoint","urlTemplate":"https:\/\/www.domkraftpro.com\/?s={search_term_string}"},"query-input":{"@type":"PropertyValueSpecification","valueRequired":true,"valueName":"search_term_string"}}],"inLanguage":"cs"}]}},"_links":{"self":[{"href":"https:\/\/www.domkraftpro.com\/wp-json\/wp\/v2\/product\/53892","targetHints":{"allow":["GET"]}}],"collection":[{"href":"https:\/\/www.domkraftpro.com\/wp-json\/wp\/v2\/product"}],"about":[{"href":"https:\/\/www.domkraftpro.com\/wp-json\/wp\/v2\/types\/product"}],"replies":[{"embeddable":true,"href":"https:\/\/www.domkraftpro.com\/wp-json\/wp\/v2\/comments?post=53892"}],"wp:featuredmedia":[{"embeddable":true,"href":"https:\/\/www.domkraftpro.com\/wp-json\/wp\/v2\/media\/53992"}],"wp:attachment":[{"href":"https:\/\/www.domkraftpro.com\/wp-json\/wp\/v2\/media?parent=53892"}],"wp:term":[{"taxonomy":"product_brand","embeddable":true,"href":"https:\/\/www.domkraftpro.com\/wp-json\/wp\/v2\/product_brand?post=53892"},{"taxonomy":"product_cat","embeddable":true,"href":"https:\/\/www.domkraftpro.com\/wp-json\/wp\/v2\/product_cat?post=53892"},{"taxonomy":"product_tag","embeddable":true,"href":"https:\/\/www.domkraftpro.com\/wp-json\/wp\/v2\/product_tag?post=53892"}],"curies":[{"name":"wp","href":"https:\/\/api.w.org\/{rel}","templated":true}]}}

Faber Flexo PVC 100mm, 1m &#8211; 87.361 Nová Kolekce

<div class="ProductDetail-content NoFixImageContainer" id="productDescription">
<div class="Heading">
<h2 class="Heading-title">Popis produktu <span class=''>Faber Flexo PVC 100mm, 1m &#8211; 87.361</span></h2>
</p></div>
<div class="ProductDetailContent">                                                                    </div>
<div class="ProductDetailContent">
<div class="ProductDetailContent-item">
<p>PVC kulaté ohebné potrubí je určeno do teploty -18°C až 45°C, pro maximální tlak 3000Pa. Flexibilní potrubí je vyztuženo spirálovým rámem z ocelového drátu.</p>
</p></div>
<div class="ProductDetailContent-item">
<ul>
<li>název: <strong>Flexo hadice 100 x 1000mm</strong></li>
<li>záruka: <strong>2 let</strong></li>
<li>hmotnost: <strong>0.1 kg</strong></li>
</ul>
<p><strong>Rozměry balení</strong></p>
<ul>
<li>Hmotnost boxu: <strong>0.1 kg</strong></li>
<li>Výška boxu: <strong>50 mm</strong></li>
<li>Šířka boxu <strong>100 mm</strong></li>
</ul></div>
</p></div>
</p></div>
</p></div>
</p></div>

<p>Popis produktu Faber Flexo PVC 100mm, 1m &#8211; 87.361 PVC kulaté ohebné potrubí je určeno do teploty -18°C až 45°C, pro maximální tlak 3000Pa. Flexibilní potrubí je vyztuženo spirálovým rámem z ocelového drátu. název: Flexo hadice 100 x 1000mm záruka: 2 let hmotnost: 0.1 kg Rozměry balení Hmotnost boxu: 0.1 kg Výška boxu: 50 mm [&hellip;]</p>

<!-- This site is optimized with the Yoast SEO plugin v26.8 - https://yoast.com/product/yoast-seo-wordpress/ -->
<title>Faber Flexo PVC 100mm, 1m - 87.361 Nová Kolekce -</title>
<meta name="robots" content="index, follow, max-snippet:-1, max-image-preview:large, max-video-preview:-1" />
<link rel="canonical" href="https://www.domkraftpro.com/index.php/produkt/faber-flexo-pvc-100mm-1m-87-361-nova-kolekce-53892/" />
<meta property="og:locale" content="cs_CZ" />
<meta property="og:type" content="article" />
<meta property="og:title" content="Faber Flexo PVC 100mm, 1m - 87.361 Nová Kolekce -" />
<meta property="og:description" content="Popis produktu Faber Flexo PVC 100mm, 1m &#8211; 87.361 PVC kulaté ohebné potrubí je určeno do teploty -18°C až 45°C, pro maximální tlak 3000Pa. Flexibilní potrubí je vyztuženo spirálovým rámem z ocelového drátu. název: Flexo hadice 100 x 1000mm záruka: 2 let hmotnost: 0.1 kg Rozměry balení Hmotnost boxu: 0.1 kg Výška boxu: 50 mm [&hellip;]" />
<meta property="og:url" content="https://www.domkraftpro.com/index.php/produkt/faber-flexo-pvc-100mm-1m-87-361-nova-kolekce-53892/" />
<meta property="og:image" content="https://www.domkraftpro.com/wp-content/uploads/2026/SK0008733-CZ20260425-092632-0-1777080397-faber-flexo-pvc-100mm-1m-87-361-502730.webp" />
	<meta property="og:image:width" content="600" />
	<meta property="og:image:height" content="600" />
	<meta property="og:image:type" content="image/webp" />
<meta name="twitter:card" content="summary_large_image" />
<script type="application/ld+json" class="yoast-schema-graph">{"@context":"https://schema.org","@graph":[{"@type":"WebPage","@id":"https://www.domkraftpro.com/index.php/produkt/faber-flexo-pvc-100mm-1m-87-361-nova-kolekce-53892/","url":"https://www.domkraftpro.com/index.php/produkt/faber-flexo-pvc-100mm-1m-87-361-nova-kolekce-53892/","name":"Faber Flexo PVC 100mm, 1m - 87.361 Nová Kolekce -","isPartOf":{"@id":"https://www.domkraftpro.com/#website"},"primaryImageOfPage":{"@id":"https://www.domkraftpro.com/index.php/produkt/faber-flexo-pvc-100mm-1m-87-361-nova-kolekce-53892/#primaryimage"},"image":{"@id":"https://www.domkraftpro.com/index.php/produkt/faber-flexo-pvc-100mm-1m-87-361-nova-kolekce-53892/#primaryimage"},"thumbnailUrl":"https://www.domkraftpro.com/wp-content/uploads/2026/SK0008733-CZ20260425-092632-0-1777080397-faber-flexo-pvc-100mm-1m-87-361-502730.webp","datePublished":"2026-04-27T04:42:49+00:00","breadcrumb":{"@id":"https://www.domkraftpro.com/index.php/produkt/faber-flexo-pvc-100mm-1m-87-361-nova-kolekce-53892/#breadcrumb"},"inLanguage":"cs","potentialAction":[{"@type":"ReadAction","target":["https://www.domkraftpro.com/index.php/produkt/faber-flexo-pvc-100mm-1m-87-361-nova-kolekce-53892/"]}]},{"@type":"ImageObject","inLanguage":"cs","@id":"https://www.domkraftpro.com/index.php/produkt/faber-flexo-pvc-100mm-1m-87-361-nova-kolekce-53892/#primaryimage","url":"https://www.domkraftpro.com/wp-content/uploads/2026/SK0008733-CZ20260425-092632-0-1777080397-faber-flexo-pvc-100mm-1m-87-361-502730.webp","contentUrl":"https://www.domkraftpro.com/wp-content/uploads/2026/SK0008733-CZ20260425-092632-0-1777080397-faber-flexo-pvc-100mm-1m-87-361-502730.webp","width":600,"height":600},{"@type":"BreadcrumbList","@id":"https://www.domkraftpro.com/index.php/produkt/faber-flexo-pvc-100mm-1m-87-361-nova-kolekce-53892/#breadcrumb","itemListElement":[{"@type":"ListItem","position":1,"name":"Home","item":"https://www.domkraftpro.com/"},{"@type":"ListItem","position":2,"name":"Products","item":"https://www.domkraftpro.com/products/"},{"@type":"ListItem","position":3,"name":"Faber Flexo PVC 100mm, 1m &#8211; 87.361 Nová Kolekce"}]},{"@type":"WebSite","@id":"https://www.domkraftpro.com/#website","url":"https://www.domkraftpro.com/","name":"","description":"","potentialAction":[{"@type":"SearchAction","target":{"@type":"EntryPoint","urlTemplate":"https://www.domkraftpro.com/?s={search_term_string}"},"query-input":{"@type":"PropertyValueSpecification","valueRequired":true,"valueName":"search_term_string"}}],"inLanguage":"cs"}]}</script>
<!-- / Yoast SEO plugin. -->

Faber Flexo PVC 100mm, 1m - 87.361 Nová Kolekce -

Popis produktu Faber Flexo PVC 100mm, 1m &#8211; 87.361 PVC kulaté ohebné potrubí je určeno do teploty -18°C až 45°C, pro maximální tlak 3000Pa. Flexibilní potrubí je vyztuženo spirálovým rámem z ocelového drátu. název: Flexo hadice 100 x 1000mm záruka: 2 let hmotnost: 0.1 kg Rozměry balení Hmotnost boxu: 0.1 kg Výška boxu: 50 mm [&hellip;]
