{"id":43316,"date":"2026-04-27T04:42:19","date_gmt":"2026-04-27T04:42:19","guid":{"rendered":""},"modified":"2026-04-27T04:42:19","modified_gmt":"2026-04-27T04:42:19","slug":"znackovy-covernit-vchodova-striska-t-160-antracit-tmave-seda-160-x-100-cm-43316","status":"publish","type":"product","link":"https:\/\/www.domkraftpro.com\/index.php\/produkt\/znackovy-covernit-vchodova-striska-t-160-antracit-tmave-seda-160-x-100-cm-43316\/","title":{"rendered":"Zna\u010dkov\u00fd Covernit Vchodov\u00e1 st\u0159\u00ed\u0161ka T-160 antracit \/ tmav\u011b \u0161ed\u00e1 160 x 100 cm"},"content":{"rendered":"<div class=\"detail-description__right\">\n<div class=\"parameters\">\n<div class=\"table\">\n<table>\n<tbody>\n<tr class=\"parameters-switch-tr\">\n<td colspan=\"2\" class=\"parameters-switch\">\n<h4>Zasklen\u00ed<\/h4>\n<\/td>\n<\/tr>\n<tr>\n<th>\t\t\t\t\t\t\tMateri\u00e1l zasklen\u00ed \t\t\t\t\t\t<\/th>\n<td>\t\t\t\t\t\t\t\t\tpolykarbon\u00e1t\t\t\t\t\t\t<\/td>\n<\/tr>\n<tr>\n<th>\t\t\t\t\t\t\tTlou\u0161\u0165ka zasklen\u00ed \t\t\t\t\t\t<\/th>\n<td>\t\t\t\t\t\t\t\t\t6,0\u00a0mm\t\t\t\t\t\t<\/td>\n<\/tr>\n<tr>\n<th>\t\t\t\t\t\t\tBarva \t\t\t\t\t\t<\/th>\n<td>\t\t\t\t\t\t\t\t\t\u010dir\u00e1, tmav\u011b \u0161ed\u00e1\t\t\t\t\t\t<\/td>\n<\/tr>\n<tr>\n<th>\t\t\t\t\t\t\tUchycen\u00ed \t\t\t\t\t\t<\/th>\n<td>\t\t\t\t\t\t\t\t\tkonzole\t\t\t\t\t\t<\/td>\n<\/tr>\n<tr>\n<th>\t\t\t\t\t\t\tUV ochrana \t\t\t\t\t\t<\/th>\n<td>\t\t\t\t\t\t\t\t\tano\t\t\t\t\t\t<\/td>\n<\/tr>\n<tr class=\"parameters-switch-tr\">\n<td colspan=\"2\" class=\"parameters-switch\">\n<h4>Konstrukce<\/h4>\n<\/td>\n<\/tr>\n<tr>\n<th>\t\t\t\t\t\t\tAntikorozn\u00ed ochrana \t\t\t\t\t\t<\/th>\n<td>\t\t\t\t\t\t\t\t\tano\t\t\t\t\t\t<\/td>\n<\/tr>\n<tr>\n<th>\t\t\t\t\t\t\tTvar \t\t\t\t\t\t<\/th>\n<td>\t\t\t\t\t\t\t\t\tpultov\u00e1\t\t\t\t\t\t<\/td>\n<\/tr>\n<tr>\n<th>\t\t\t\t\t\t\tLak \t\t\t\t\t\t<\/th>\n<td>\t\t\t\t\t\t\t\t\tpr\u00e1\u0161kov\u00fd\t\t\t\t\t\t<\/td>\n<\/tr>\n<tr>\n<th>\t\t\t\t\t\t\tMateri\u00e1l konstrukce \t\t\t\t\t\t<\/th>\n<td>\t\t\t\t\t\t\t\t\thlin\u00edk\t\t\t\t\t\t<\/td>\n<\/tr>\n<tr>\n<th>\t\t\t\t\t\t\tBarva \t\t\t\t\t\t<\/th>\n<td>\t\t\t\t\t\t\t\t\tantracit, sv\u011btle \u0161ed\u00e1\t\t\t\t\t\t<\/td>\n<\/tr>\n<tr>\n<th>\t\t\t\t\t\t\tV\u00fd\u0161ka sloupu \t\t\t\t\t\t<\/th>\n<td>\t\t\t\t\t\t\t\t\t\u2013\t\t\t\t\t\t<\/td>\n<\/tr>\n<tr>\n<th>\t\t\t\t\t\t\tSklon st\u0159echy \t\t\t\t\t\t<\/th>\n<td>\t\t\t\t\t\t\t\t\t\u2013\t\t\t\t\t\t<\/td>\n<\/tr>\n<tr class=\"parameters-switch-tr\">\n<td colspan=\"2\" class=\"parameters-switch\">\n<h4>V\u00fdbava<\/h4>\n<\/td>\n<\/tr>\n<tr>\n<th>\t\t\t\t\t\t\tOkap \t\t\t\t\t\t<\/th>\n<td>\t\t\t\t\t\t\t\t\tano\t\t\t\t\t\t<\/td>\n<\/tr>\n<tr>\n<th>\t\t\t\t\t\t\tProdlou\u017een\u00ed \t\t\t\t\t\t<\/th>\n<td>\t\t\t\t\t\t\t\t\tne\t\t\t\t\t\t<\/td>\n<\/tr>\n<tr>\n<th>\t\t\t\t\t\t\tZkr\u00e1cen\u00ed \u0161\u00ed\u0159ky \t\t\t\t\t\t<\/th>\n<td>\t\t\t\t\t\t\t\t\tne\t\t\t\t\t\t<\/td>\n<\/tr>\n<tr>\n<th>\t\t\t\t\t\t\tBo\u010dn\u00ed st\u011bna \t\t\t\t\t\t<\/th>\n<td>\t\t\t\t\t\t\t\t\tne (lze dokoupit)\t\t\t\t\t\t<\/td>\n<\/tr>\n<tr>\n<th>\t\t\t\t\t\t\tOsv\u011btlen\u00ed \t\t\t\t\t\t<\/th>\n<td>\t\t\t\t\t\t\t\t\tne\t\t\t\t\t\t<\/td>\n<\/tr>\n<tr class=\"parameters-switch-tr\">\n<td colspan=\"2\" class=\"parameters-switch\">\n<h4>St\u011bnov\u00e1 instalace<\/h4>\n<\/td>\n<\/tr>\n<tr>\n<th>\t\t\t\t\t\t\tKotv\u00edc\u00ed materi\u00e1l \t\t\t\t\t\t<\/th>\n<td>\t\t\t\t\t\t\t\t\tano\t\t\t\t\t\t<\/td>\n<\/tr>\n<tr>\n<th>\t\t\t\t\t\t\tKotv\u00edc\u00ed materi\u00e1l (ur\u010den\u00ed) \t\t\t\t\t\t<\/th>\n<td>\t\t\t\t\t\t\t\t\tnezateplen\u00e1 fas\u00e1da\t\t\t\t\t\t<\/td>\n<\/tr>\n<tr class=\"parameters-switch-tr\">\n<td colspan=\"2\" class=\"parameters-switch\">\n<h4>Parametry<\/h4>\n<\/td>\n<\/tr>\n<tr>\n<th>Z\u00e1ruka<\/th>\n<td>36 m\u011bs\u00edc\u016f<\/td>\n<\/tr>\n<tr>\n<th>Zna\u010dka<\/th>\n<td>Covernit<\/td>\n<\/tr>\n<tr class=\"parameters-switch-tr-last\">\n<th colspan=\"2\"><\/th>\n<\/tr>\n<\/tbody>\n<thead>\n<tr>\n<th colspan=\"2\">Parametry produktu:<\/th>\n<\/tr>\n<\/thead>\n<\/table><\/div>\n<\/div><\/div>\n<div class=\"detail-description__top\">\n<div class=\"rating-promo\">\n<div class=\"raty raty--big\" data-score=\"5\" data-read-only=\"true\" title=\"5\"><\/div>\n<div class=\"rating-promo__number\">\t\t\t<strong>1<\/strong><small>recenze<\/small>\t\t<\/div>\n<div class=\"rating-promo__number\">\t\t\t<strong>1<\/strong><small>z\u00e1kazn\u00edk doporu\u010duje<\/small>\t\t<\/div>\n<p>\t\tV\u0161echny recenze\t<\/p><\/div>\n<\/p><\/div>\n<div class=\"detail-description__left\">\n<div class=\"detail-description__left__overflow\">\n<div class=\"detail-description__left__head\">\t\t\t\t\t\tPopis:\t\t\t\t\t<\/div>\n<div class=\"ul-style ul-style--check\">\n<p><strong>Vchodov\u00e1 st\u0159\u00ed\u0161ka T-160<\/strong>\u00a0se skl\u00e1d\u00e1 z\u00a06\u00a0mm siln\u00e9polykarbon\u00e1tov\u00e9 desky a <strong>odoln\u00e9 lehk\u00e9 hlin\u00edkov\u00e9<\/strong> konstrukcekryt\u00e9 pr\u00e1\u0161kov\u00fdm lakem. D\u00edky lakov\u00e1n\u00ed disponuje <strong>odolnost\u00ed v\u016f\u010dikorozi<\/strong> a polykarbon\u00e1tov\u00e1 deska je kryta <strong>UV filtrem<\/strong>,kter\u00fd zaji\u0161\u0165uje\u00a0<strong>dlou\u00adhodobou \u017eivotnost<\/strong> cel\u00e9 st\u0159\u00ed\u0161ky.V\u00fdhodou je tak\u00e9 <strong>integrovan\u00fd okap<\/strong>\u00a0a velice snadn\u00e1instalace, kotv\u00edc\u00ed materi\u00e1l v\u0161ak nen\u00ed sou\u010d\u00e1st\u00ed balen\u00ed. Tato st\u0159\u00ed\u0161kanad dve\u0159e je vhodn\u00e1 pro zast\u0159e\u0161en\u00ed vchod\u016f, balk\u00f3n\u016f, v\u00fdloh, alei\u00a0potravinov\u00fdch automat\u016f, nebo bankomat\u016f, kde v\u017edy zaji\u0161\u0165uje<strong>v\u00fdbornou ochranu<\/strong> p\u0159ed pov\u011btrnostn\u00edmi vlivy a<strong>p\u0159\u00edjemnou celkovou estetiku<\/strong>.<\/p>\n<p>K\u00a0ukotven\u00ed st\u0159\u00ed\u0161ky s\u00a0<strong>p\u0159eru\u0161en\u00edm tepeln\u00e9ho mostu<\/strong>slou\u017e\u00ed upev\u0148ovac\u00ed prvek Iso-Bar,\u00a0kter\u00fd nep\u0159en\u00e1\u0161\u00ed nep\u0159\u00edzniv\u00e9 teplotydo st\u011bn a vnit\u0159n\u00edch prostor. Pro zv\u00fd\u0161enou ochranu p\u0159ed v\u011btremi\u00a0sr\u00e1\u017ekami je k\u00a0dispozici tak\u00e9 bo\u010dn\u00ed\u00a0st\u011bna.<\/p>\n<p><strong>P\u0159ednosti Vchodov\u00e9 st\u0159\u00ed\u0161ky T-160<\/strong><\/p>\n<ul class=\"plusminus\">\n<li><i class=\"fas fa-check\"><\/i><span>Odoln\u00e1 hlin\u00edkov\u00e1 konstrukce<\/span><\/li>\n<li><i class=\"fas fa-check\"><\/i><span>Dlouh\u00e1 \u017eivotnost<\/span><\/li>\n<li><i class=\"fas fa-check\"><\/i><span>UV stabilita<\/span><\/li>\n<li><i class=\"fas fa-check\"><\/i><span>Integrovan\u00fd okap<\/span><\/li>\n<li><i class=\"fas fa-check\"><\/i><span>Ochrana p\u0159ed pov\u011btrnostn\u00edmi vlivy<\/span><\/li>\n<li><i class=\"fas fa-check\"><\/i><span>P\u0159\u00edjemn\u00e1 estetika<\/span><\/li>\n<\/ul>\n<p>Vchodov\u00e1 st\u0159\u00ed\u0161ka T-160<\/p>\n<p>Rozm\u011br<\/p>\n<p>160\u00a0\u00d7\u00a0100\u00a0\u00d7\u00a030 cm<\/p>\n<p>Materi\u00e1l konstrukce<\/p>\n<p>hlin\u00edk<\/p>\n<p>Barva konstrukce<\/p>\n<p>antracit \/ sv\u011btle \u0161ed\u00e1<\/p>\n<p>Barva polykarbon\u00e1tu<\/p>\n<p>\u010dir\u00e1 \/ kou\u0159ov\u00e1<\/p>\n<p>UV odolnost<\/p>\n<p>ano<\/p>\n<p>Integrovan\u00fd okap<\/p>\n<p>ano<\/p>\n<\/div>\n<div class=\"detail-description__left__more\">\t\t\t\t\t\t<span> <\/span><span> <\/span>\t\t\t\t\t<\/div>\n<\/p><\/div>\n<\/p><\/div>\n<div class=\"detail-description__more\"><span> <\/span><span> <\/span><\/div>\n<\/p><\/div>\n<\/p><\/div>\n<div class=\"tab tab-detail-7\">\n<div class=\"table-size-classic  table-size--selectable\">\n<table>\n<thead>\n<tr>\n<th data-product-code=\"[&quot;K\u00f3d&quot;]\"><span class=\"selected\">Vybr\u00e1no<\/span><span><\/span><\/th>\n<th data-product-code=\"[&quot;8250825&quot;]\"><span class=\"selected\">Vybr\u00e1no<\/span><span>8250825<\/span><\/th>\n<\/tr>\n<\/thead>\n<tbody>\n<tr class=\"space\">\n<td><\/td>\n<td><\/td>\n<\/tr>\n<tr>\n<td><strong>Barva<\/strong><\/td>\n<td>hn\u011bd\u00e1 \/ kou\u0159ov\u00e1<\/td>\n<\/tr>\n<tr>\n<td><strong>Rozm\u011br<\/strong><\/td>\n<td>160 x 100 x 30 cm<\/td>\n<\/tr>\n<\/tbody>\n<\/table>\n<\/div><\/div>\n","protected":false},"excerpt":{"rendered":"<p>Zasklen\u00ed Materi\u00e1l zasklen\u00ed polykarbon\u00e1t Tlou\u0161\u0165ka zasklen\u00ed 6,0\u00a0mm Barva \u010dir\u00e1, tmav\u011b \u0161ed\u00e1 Uchycen\u00ed konzole UV ochrana ano Konstrukce Antikorozn\u00ed ochrana ano Tvar pultov\u00e1 Lak pr\u00e1\u0161kov\u00fd Materi\u00e1l konstrukce hlin\u00edk Barva antracit, sv\u011btle \u0161ed\u00e1 V\u00fd\u0161ka sloupu \u2013 Sklon st\u0159echy \u2013 V\u00fdbava Okap ano Prodlou\u017een\u00ed ne Zkr\u00e1cen\u00ed \u0161\u00ed\u0159ky ne Bo\u010dn\u00ed st\u011bna ne (lze dokoupit) Osv\u011btlen\u00ed ne St\u011bnov\u00e1 instalace Kotv\u00edc\u00ed [&hellip;]<\/p>\n","protected":false},"featured_media":43416,"comment_status":"open","ping_status":"open","template":"","meta":[],"product_brand":[],"product_cat":[44],"product_tag":[],"class_list":{"0":"post-43316","1":"product","2":"type-product","3":"status-publish","4":"has-post-thumbnail","6":"product_cat-stavba","8":"first","9":"instock","10":"sale","11":"shipping-taxable","12":"purchasable","13":"product-type-simple"},"yoast_head":"<!-- This site is optimized with the Yoast SEO plugin v26.8 - https:\/\/yoast.com\/product\/yoast-seo-wordpress\/ -->\n<title>Zna\u010dkov\u00fd Covernit Vchodov\u00e1 st\u0159\u00ed\u0161ka T-160 antracit \/ tmav\u011b \u0161ed\u00e1 160 x 100 cm -<\/title>\n<meta name=\"robots\" content=\"index, follow, max-snippet:-1, max-image-preview:large, max-video-preview:-1\" \/>\n<link rel=\"canonical\" href=\"https:\/\/www.domkraftpro.com\/index.php\/produkt\/znackovy-covernit-vchodova-striska-t-160-antracit-tmave-seda-160-x-100-cm-43316\/\" \/>\n<meta property=\"og:locale\" content=\"cs_CZ\" \/>\n<meta property=\"og:type\" content=\"article\" \/>\n<meta property=\"og:title\" content=\"Zna\u010dkov\u00fd Covernit Vchodov\u00e1 st\u0159\u00ed\u0161ka T-160 antracit \/ tmav\u011b \u0161ed\u00e1 160 x 100 cm -\" \/>\n<meta property=\"og:description\" content=\"Zasklen\u00ed Materi\u00e1l zasklen\u00ed polykarbon\u00e1t Tlou\u0161\u0165ka zasklen\u00ed 6,0\u00a0mm Barva \u010dir\u00e1, tmav\u011b \u0161ed\u00e1 Uchycen\u00ed konzole UV ochrana ano Konstrukce Antikorozn\u00ed ochrana ano Tvar pultov\u00e1 Lak pr\u00e1\u0161kov\u00fd Materi\u00e1l konstrukce hlin\u00edk Barva antracit, sv\u011btle \u0161ed\u00e1 V\u00fd\u0161ka sloupu \u2013 Sklon st\u0159echy \u2013 V\u00fdbava Okap ano Prodlou\u017een\u00ed ne Zkr\u00e1cen\u00ed \u0161\u00ed\u0159ky ne Bo\u010dn\u00ed st\u011bna ne (lze dokoupit) Osv\u011btlen\u00ed ne St\u011bnov\u00e1 instalace Kotv\u00edc\u00ed [&hellip;]\" \/>\n<meta property=\"og:url\" content=\"https:\/\/www.domkraftpro.com\/index.php\/produkt\/znackovy-covernit-vchodova-striska-t-160-antracit-tmave-seda-160-x-100-cm-43316\/\" \/>\n<meta property=\"og:image\" content=\"https:\/\/www.domkraftpro.com\/wp-content\/uploads\/2026\/SK0011236-CZ20260425-091936-0-1777079982-vchodova-striska-covernit-vchodova-striska-t-160-antracit-t.webp\" \/>\n\t<meta property=\"og:image:width\" content=\"1000\" \/>\n\t<meta property=\"og:image:height\" content=\"523\" \/>\n\t<meta property=\"og:image:type\" content=\"image\/webp\" \/>\n<meta name=\"twitter:card\" content=\"summary_large_image\" \/>\n<meta name=\"twitter:label1\" content=\"Odhadovan\u00e1 doba \u010dten\u00ed\" \/>\n\t<meta name=\"twitter:data1\" content=\"2 minuty\" \/>\n<script type=\"application\/ld+json\" class=\"yoast-schema-graph\">{\"@context\":\"https:\/\/schema.org\",\"@graph\":[{\"@type\":\"WebPage\",\"@id\":\"https:\/\/www.domkraftpro.com\/index.php\/produkt\/znackovy-covernit-vchodova-striska-t-160-antracit-tmave-seda-160-x-100-cm-43316\/\",\"url\":\"https:\/\/www.domkraftpro.com\/index.php\/produkt\/znackovy-covernit-vchodova-striska-t-160-antracit-tmave-seda-160-x-100-cm-43316\/\",\"name\":\"Zna\u010dkov\u00fd Covernit Vchodov\u00e1 st\u0159\u00ed\u0161ka T-160 antracit \/ tmav\u011b \u0161ed\u00e1 160 x 100 cm -\",\"isPartOf\":{\"@id\":\"https:\/\/www.domkraftpro.com\/#website\"},\"primaryImageOfPage\":{\"@id\":\"https:\/\/www.domkraftpro.com\/index.php\/produkt\/znackovy-covernit-vchodova-striska-t-160-antracit-tmave-seda-160-x-100-cm-43316\/#primaryimage\"},\"image\":{\"@id\":\"https:\/\/www.domkraftpro.com\/index.php\/produkt\/znackovy-covernit-vchodova-striska-t-160-antracit-tmave-seda-160-x-100-cm-43316\/#primaryimage\"},\"thumbnailUrl\":\"https:\/\/www.domkraftpro.com\/wp-content\/uploads\/2026\/SK0011236-CZ20260425-091936-0-1777079982-vchodova-striska-covernit-vchodova-striska-t-160-antracit-t.webp\",\"datePublished\":\"2026-04-27T04:42:19+00:00\",\"breadcrumb\":{\"@id\":\"https:\/\/www.domkraftpro.com\/index.php\/produkt\/znackovy-covernit-vchodova-striska-t-160-antracit-tmave-seda-160-x-100-cm-43316\/#breadcrumb\"},\"inLanguage\":\"cs\",\"potentialAction\":[{\"@type\":\"ReadAction\",\"target\":[\"https:\/\/www.domkraftpro.com\/index.php\/produkt\/znackovy-covernit-vchodova-striska-t-160-antracit-tmave-seda-160-x-100-cm-43316\/\"]}]},{\"@type\":\"ImageObject\",\"inLanguage\":\"cs\",\"@id\":\"https:\/\/www.domkraftpro.com\/index.php\/produkt\/znackovy-covernit-vchodova-striska-t-160-antracit-tmave-seda-160-x-100-cm-43316\/#primaryimage\",\"url\":\"https:\/\/www.domkraftpro.com\/wp-content\/uploads\/2026\/SK0011236-CZ20260425-091936-0-1777079982-vchodova-striska-covernit-vchodova-striska-t-160-antracit-t.webp\",\"contentUrl\":\"https:\/\/www.domkraftpro.com\/wp-content\/uploads\/2026\/SK0011236-CZ20260425-091936-0-1777079982-vchodova-striska-covernit-vchodova-striska-t-160-antracit-t.webp\",\"width\":1000,\"height\":523},{\"@type\":\"BreadcrumbList\",\"@id\":\"https:\/\/www.domkraftpro.com\/index.php\/produkt\/znackovy-covernit-vchodova-striska-t-160-antracit-tmave-seda-160-x-100-cm-43316\/#breadcrumb\",\"itemListElement\":[{\"@type\":\"ListItem\",\"position\":1,\"name\":\"Home\",\"item\":\"https:\/\/www.domkraftpro.com\/\"},{\"@type\":\"ListItem\",\"position\":2,\"name\":\"Products\",\"item\":\"https:\/\/www.domkraftpro.com\/index.php\/products\/\"},{\"@type\":\"ListItem\",\"position\":3,\"name\":\"Zna\u010dkov\u00fd Covernit Vchodov\u00e1 st\u0159\u00ed\u0161ka T-160 antracit \/ tmav\u011b \u0161ed\u00e1 160 x 100 cm\"}]},{\"@type\":\"WebSite\",\"@id\":\"https:\/\/www.domkraftpro.com\/#website\",\"url\":\"https:\/\/www.domkraftpro.com\/\",\"name\":\"\",\"description\":\"\",\"potentialAction\":[{\"@type\":\"SearchAction\",\"target\":{\"@type\":\"EntryPoint\",\"urlTemplate\":\"https:\/\/www.domkraftpro.com\/?s={search_term_string}\"},\"query-input\":{\"@type\":\"PropertyValueSpecification\",\"valueRequired\":true,\"valueName\":\"search_term_string\"}}],\"inLanguage\":\"cs\"}]}<\/script>\n<!-- \/ Yoast SEO plugin. -->","yoast_head_json":{"title":"Zna\u010dkov\u00fd Covernit Vchodov\u00e1 st\u0159\u00ed\u0161ka T-160 antracit \/ tmav\u011b \u0161ed\u00e1 160 x 100 cm -","robots":{"index":"index","follow":"follow","max-snippet":"max-snippet:-1","max-image-preview":"max-image-preview:large","max-video-preview":"max-video-preview:-1"},"canonical":"https:\/\/www.domkraftpro.com\/index.php\/produkt\/znackovy-covernit-vchodova-striska-t-160-antracit-tmave-seda-160-x-100-cm-43316\/","og_locale":"cs_CZ","og_type":"article","og_title":"Zna\u010dkov\u00fd Covernit Vchodov\u00e1 st\u0159\u00ed\u0161ka T-160 antracit \/ tmav\u011b \u0161ed\u00e1 160 x 100 cm -","og_description":"Zasklen\u00ed Materi\u00e1l zasklen\u00ed polykarbon\u00e1t Tlou\u0161\u0165ka zasklen\u00ed 6,0\u00a0mm Barva \u010dir\u00e1, tmav\u011b \u0161ed\u00e1 Uchycen\u00ed konzole UV ochrana ano Konstrukce Antikorozn\u00ed ochrana ano Tvar pultov\u00e1 Lak pr\u00e1\u0161kov\u00fd Materi\u00e1l konstrukce hlin\u00edk Barva antracit, sv\u011btle \u0161ed\u00e1 V\u00fd\u0161ka sloupu \u2013 Sklon st\u0159echy \u2013 V\u00fdbava Okap ano Prodlou\u017een\u00ed ne Zkr\u00e1cen\u00ed \u0161\u00ed\u0159ky ne Bo\u010dn\u00ed st\u011bna ne (lze dokoupit) Osv\u011btlen\u00ed ne St\u011bnov\u00e1 instalace Kotv\u00edc\u00ed [&hellip;]","og_url":"https:\/\/www.domkraftpro.com\/index.php\/produkt\/znackovy-covernit-vchodova-striska-t-160-antracit-tmave-seda-160-x-100-cm-43316\/","og_image":[{"width":1000,"height":523,"url":"https:\/\/www.domkraftpro.com\/wp-content\/uploads\/2026\/SK0011236-CZ20260425-091936-0-1777079982-vchodova-striska-covernit-vchodova-striska-t-160-antracit-t.webp","type":"image\/webp"}],"twitter_card":"summary_large_image","twitter_misc":{"Odhadovan\u00e1 doba \u010dten\u00ed":"2 minuty"},"schema":{"@context":"https:\/\/schema.org","@graph":[{"@type":"WebPage","@id":"https:\/\/www.domkraftpro.com\/index.php\/produkt\/znackovy-covernit-vchodova-striska-t-160-antracit-tmave-seda-160-x-100-cm-43316\/","url":"https:\/\/www.domkraftpro.com\/index.php\/produkt\/znackovy-covernit-vchodova-striska-t-160-antracit-tmave-seda-160-x-100-cm-43316\/","name":"Zna\u010dkov\u00fd Covernit Vchodov\u00e1 st\u0159\u00ed\u0161ka T-160 antracit \/ tmav\u011b \u0161ed\u00e1 160 x 100 cm -","isPartOf":{"@id":"https:\/\/www.domkraftpro.com\/#website"},"primaryImageOfPage":{"@id":"https:\/\/www.domkraftpro.com\/index.php\/produkt\/znackovy-covernit-vchodova-striska-t-160-antracit-tmave-seda-160-x-100-cm-43316\/#primaryimage"},"image":{"@id":"https:\/\/www.domkraftpro.com\/index.php\/produkt\/znackovy-covernit-vchodova-striska-t-160-antracit-tmave-seda-160-x-100-cm-43316\/#primaryimage"},"thumbnailUrl":"https:\/\/www.domkraftpro.com\/wp-content\/uploads\/2026\/SK0011236-CZ20260425-091936-0-1777079982-vchodova-striska-covernit-vchodova-striska-t-160-antracit-t.webp","datePublished":"2026-04-27T04:42:19+00:00","breadcrumb":{"@id":"https:\/\/www.domkraftpro.com\/index.php\/produkt\/znackovy-covernit-vchodova-striska-t-160-antracit-tmave-seda-160-x-100-cm-43316\/#breadcrumb"},"inLanguage":"cs","potentialAction":[{"@type":"ReadAction","target":["https:\/\/www.domkraftpro.com\/index.php\/produkt\/znackovy-covernit-vchodova-striska-t-160-antracit-tmave-seda-160-x-100-cm-43316\/"]}]},{"@type":"ImageObject","inLanguage":"cs","@id":"https:\/\/www.domkraftpro.com\/index.php\/produkt\/znackovy-covernit-vchodova-striska-t-160-antracit-tmave-seda-160-x-100-cm-43316\/#primaryimage","url":"https:\/\/www.domkraftpro.com\/wp-content\/uploads\/2026\/SK0011236-CZ20260425-091936-0-1777079982-vchodova-striska-covernit-vchodova-striska-t-160-antracit-t.webp","contentUrl":"https:\/\/www.domkraftpro.com\/wp-content\/uploads\/2026\/SK0011236-CZ20260425-091936-0-1777079982-vchodova-striska-covernit-vchodova-striska-t-160-antracit-t.webp","width":1000,"height":523},{"@type":"BreadcrumbList","@id":"https:\/\/www.domkraftpro.com\/index.php\/produkt\/znackovy-covernit-vchodova-striska-t-160-antracit-tmave-seda-160-x-100-cm-43316\/#breadcrumb","itemListElement":[{"@type":"ListItem","position":1,"name":"Home","item":"https:\/\/www.domkraftpro.com\/"},{"@type":"ListItem","position":2,"name":"Products","item":"https:\/\/www.domkraftpro.com\/index.php\/products\/"},{"@type":"ListItem","position":3,"name":"Zna\u010dkov\u00fd Covernit Vchodov\u00e1 st\u0159\u00ed\u0161ka T-160 antracit \/ tmav\u011b \u0161ed\u00e1 160 x 100 cm"}]},{"@type":"WebSite","@id":"https:\/\/www.domkraftpro.com\/#website","url":"https:\/\/www.domkraftpro.com\/","name":"","description":"","potentialAction":[{"@type":"SearchAction","target":{"@type":"EntryPoint","urlTemplate":"https:\/\/www.domkraftpro.com\/?s={search_term_string}"},"query-input":{"@type":"PropertyValueSpecification","valueRequired":true,"valueName":"search_term_string"}}],"inLanguage":"cs"}]}},"_links":{"self":[{"href":"https:\/\/www.domkraftpro.com\/index.php\/wp-json\/wp\/v2\/product\/43316","targetHints":{"allow":["GET"]}}],"collection":[{"href":"https:\/\/www.domkraftpro.com\/index.php\/wp-json\/wp\/v2\/product"}],"about":[{"href":"https:\/\/www.domkraftpro.com\/index.php\/wp-json\/wp\/v2\/types\/product"}],"replies":[{"embeddable":true,"href":"https:\/\/www.domkraftpro.com\/index.php\/wp-json\/wp\/v2\/comments?post=43316"}],"wp:featuredmedia":[{"embeddable":true,"href":"https:\/\/www.domkraftpro.com\/index.php\/wp-json\/wp\/v2\/media\/43416"}],"wp:attachment":[{"href":"https:\/\/www.domkraftpro.com\/index.php\/wp-json\/wp\/v2\/media?parent=43316"}],"wp:term":[{"taxonomy":"product_brand","embeddable":true,"href":"https:\/\/www.domkraftpro.com\/index.php\/wp-json\/wp\/v2\/product_brand?post=43316"},{"taxonomy":"product_cat","embeddable":true,"href":"https:\/\/www.domkraftpro.com\/index.php\/wp-json\/wp\/v2\/product_cat?post=43316"},{"taxonomy":"product_tag","embeddable":true,"href":"https:\/\/www.domkraftpro.com\/index.php\/wp-json\/wp\/v2\/product_tag?post=43316"}],"curies":[{"name":"wp","href":"https:\/\/api.w.org\/{rel}","templated":true}]}}