{"id":43165,"date":"2026-04-27T04:42:18","date_gmt":"2026-04-27T04:42:18","guid":{"rendered":""},"modified":"2026-04-27T04:42:18","modified_gmt":"2026-04-27T04:42:18","slug":"znackovy-heckl-tamesis-s-vlozkou-pro-radio-prenos-100-mm-600-x-600-mm-d400-43165","status":"publish","type":"product","link":"https:\/\/www.domkraftpro.com\/index.php\/produkt\/znackovy-heckl-tamesis-s-vlozkou-pro-radio-prenos-100-mm-600-x-600-mm-d400-43165\/","title":{"rendered":"Zna\u010dkov\u00fd Heckl Tamesis (s vlo\u017ekou pro r\u00e1dio p\u0159enos) 100 mm 600 x 600 mm D400"},"content":{"rendered":"<div class=\"detail-description__right\">\n<div class=\"parameters\">\n<div class=\"table\">\n<table>\n<tbody>\n<tr class=\"parameters-switch-tr\">\n<td colspan=\"2\" class=\"parameters-switch\">\n<h4>Instalace<\/h4>\n<\/td>\n<\/tr>\n<tr>\n<th>\t\t\t\t\t\t\tKotven\u00ed \t\t\t\t\t\t<\/th>\n<td>\t\t\t\t\t\t\t\t\tbeton\u00e1\u017e\t\t\t\t\t\t<\/td>\n<\/tr>\n<tr>\n<th>\t\t\t\t\t\t\tZadl\u00e1\u017ed\u011bn\u00ed \t\t\t\t\t\t<\/th>\n<td>\t\t\t\t\t\t\t\t\tne\t\t\t\t\t\t<\/td>\n<\/tr>\n<tr class=\"parameters-switch-tr\">\n<td colspan=\"2\" class=\"parameters-switch\">\n<h4>V\u00edko<\/h4>\n<\/td>\n<\/tr>\n<tr>\n<th>\t\t\t\t\t\t\tMateri\u00e1l v\u00edka \t\t\t\t\t\t<\/th>\n<td>\t\t\t\t\t\t\t\t\tlitina\t\t\t\t\t\t<\/td>\n<\/tr>\n<tr>\n<th>\t\t\t\t\t\t\tBarva \t\t\t\t\t\t<\/th>\n<td>\t\t\t\t\t\t\t\t\t\u010dern\u00e1\t\t\t\t\t\t<\/td>\n<\/tr>\n<tr>\n<th>\t\t\t\t\t\t\tTvar \t\t\t\t\t\t<\/th>\n<td>\t\t\t\t\t\t\t\t\thranat\u00fd\t\t\t\t\t\t<\/td>\n<\/tr>\n<tr>\n<th>\t\t\t\t\t\t\tAntikorozn\u00ed ochrana \t\t\t\t\t\t<\/th>\n<td>\t\t\t\t\t\t\t\t\tbitumen\t\t\t\t\t\t<\/td>\n<\/tr>\n<tr>\n<th>\t\t\t\t\t\t\tPovrchov\u00e1 \u00faprava \t\t\t\t\t\t<\/th>\n<td>\t\t\t\t\t\t\t\t\tvroubky\t\t\t\t\t\t<\/td>\n<\/tr>\n<tr>\n<th>\t\t\t\t\t\t\tOdv\u011btr\u00e1n\u00ed \t\t\t\t\t\t<\/th>\n<td>\t\t\t\t\t\t\t\t\tne\t\t\t\t\t\t<\/td>\n<\/tr>\n<tr class=\"parameters-switch-tr\">\n<td colspan=\"2\" class=\"parameters-switch\">\n<h4>R\u00e1m<\/h4>\n<\/td>\n<\/tr>\n<tr>\n<th>\t\t\t\t\t\t\tMateri\u00e1l r\u00e1mu \t\t\t\t\t\t<\/th>\n<td>\t\t\t\t\t\t\t\t\tlitina\t\t\t\t\t\t<\/td>\n<\/tr>\n<tr>\n<th>\t\t\t\t\t\t\tBarva \t\t\t\t\t\t<\/th>\n<td>\t\t\t\t\t\t\t\t\t\u010dern\u00e1\t\t\t\t\t\t<\/td>\n<\/tr>\n<tr>\n<th>\t\t\t\t\t\t\tTvar \t\t\t\t\t\t<\/th>\n<td>\t\t\t\t\t\t\t\t\thranat\u00fd\t\t\t\t\t\t<\/td>\n<\/tr>\n<tr>\n<th>\t\t\t\t\t\t\tSv\u011btlost \t\t\t\t\t\t<\/th>\n<td>\t\t\t\t\t\t\t\t\thranat\u00e1\t\t\t\t\t\t<\/td>\n<\/tr>\n<tr>\n<th>\t\t\t\t\t\t\tL\u00edmec \t\t\t\t\t\t<\/th>\n<td>\t\t\t\t\t\t\t\t\tne\t\t\t\t\t\t<\/td>\n<\/tr>\n<tr>\n<th>\t\t\t\t\t\t\tAntikorozn\u00ed ochrana \t\t\t\t\t\t<\/th>\n<td>\t\t\t\t\t\t\t\t\tbitumen\t\t\t\t\t\t<\/td>\n<\/tr>\n<tr class=\"parameters-switch-tr\">\n<td colspan=\"2\" class=\"parameters-switch\">\n<h4>Zat\u00ed\u017een\u00ed<\/h4>\n<\/td>\n<\/tr>\n<tr>\n<th>\t\t\t\t\t\t\tT\u0159\u00edda zat\u00ed\u017een\u00ed \t\t\t\t\t\t<\/th>\n<td>\t\t\t\t\t\t\t\t\tD400\t\t\t\t\t\t<\/td>\n<\/tr>\n<tr>\n<th>\t\t\t\t\t\t\tNosnost \t\t\t\t\t\t<\/th>\n<td>\t\t\t\t\t\t\t\t\t40\u00a0t\t\t\t\t\t\t<\/td>\n<\/tr>\n<tr>\n<th>\t\t\t\t\t\t\tNorma \t\t\t\t\t\t<\/th>\n<td>\t\t\t\t\t\t\t\t\tEN 124\t\t\t\t\t\t<\/td>\n<\/tr>\n<tr>\n<th>\t\t\t\t\t\t\tUr\u010den\u00ed \t\t\t\t\t\t<\/th>\n<td>\t\t\t\t\t\t\t\t\t\u0161achty\t\t\t\t\t\t<\/td>\n<\/tr>\n<tr>\n<th>\t\t\t\t\t\t\tPou\u017eit\u00ed \t\t\t\t\t\t<\/th>\n<td>\t\t\t\t\t\t\t\t\texteri\u00e9r\t\t\t\t\t\t<\/td>\n<\/tr>\n<tr class=\"parameters-switch-tr\">\n<td colspan=\"2\" class=\"parameters-switch\">\n<h4>Proveden\u00ed<\/h4>\n<\/td>\n<\/tr>\n<tr>\n<th>\t\t\t\t\t\t\tProtipo\u017e\u00e1rn\u00ed certifik\u00e1t \t\t\t\t\t\t<\/th>\n<td>\t\t\t\t\t\t\t\t\tne\t\t\t\t\t\t<\/td>\n<\/tr>\n<tr>\n<th>\t\t\t\t\t\t\tAtypick\u00e9 rozm\u011bry \t\t\t\t\t\t<\/th>\n<td>\t\t\t\t\t\t\t\t\tne\t\t\t\t\t\t<\/td>\n<\/tr>\n<tr>\n<th>\t\t\t\t\t\t\tPlynot\u011bsn\u00e9 \t\t\t\t\t\t<\/th>\n<td>\t\t\t\t\t\t\t\t\tne\t\t\t\t\t\t<\/td>\n<\/tr>\n<tr>\n<th>\t\t\t\t\t\t\tPachot\u011bsn\u00e9 \t\t\t\t\t\t<\/th>\n<td>\t\t\t\t\t\t\t\t\tne\t\t\t\t\t\t<\/td>\n<\/tr>\n<tr>\n<th>\t\t\t\t\t\t\tVodot\u011bsn\u00e9 \t\t\t\t\t\t<\/th>\n<td>\t\t\t\t\t\t\t\t\tne\t\t\t\t\t\t<\/td>\n<\/tr>\n<tr>\n<th>\t\t\t\t\t\t\tProtihlukov\u00e9 \t\t\t\t\t\t<\/th>\n<td>\t\t\t\t\t\t\t\t\tne\t\t\t\t\t\t<\/td>\n<\/tr>\n<tr>\n<th>\t\t\t\t\t\t\tProtipo\u017e\u00e1rn\u00ed \t\t\t\t\t\t<\/th>\n<td>\t\t\t\t\t\t\t\t\tne\t\t\t\t\t\t<\/td>\n<\/tr>\n<tr class=\"parameters-switch-tr\">\n<td colspan=\"2\" class=\"parameters-switch\">\n<h4>V\u00fdbava<\/h4>\n<\/td>\n<\/tr>\n<tr>\n<th>\t\t\t\t\t\t\tOtv\u00edra\u010d \t\t\t\t\t\t<\/th>\n<td>\t\t\t\t\t\t\t\t\tne\t\t\t\t\t\t<\/td>\n<\/tr>\n<tr>\n<th>\t\t\t\t\t\t\tTyp otv\u00edra\u010de \t\t\t\t\t\t<\/th>\n<td>\t\t\t\t\t\t\t\t\t\u2013\t\t\t\t\t\t<\/td>\n<\/tr>\n<tr>\n<th>\t\t\t\t\t\t\tZ\u00e1mek \t\t\t\t\t\t<\/th>\n<td>\t\t\t\t\t\t\t\t\tne\t\t\t\t\t\t<\/td>\n<\/tr>\n<tr>\n<th>\t\t\t\t\t\t\tKl\u00ed\u010d \t\t\t\t\t\t<\/th>\n<td>\t\t\t\t\t\t\t\t\tne (lze dokoupit)\t\t\t\t\t\t<\/td>\n<\/tr>\n<tr class=\"parameters-switch-tr\">\n<td colspan=\"2\" class=\"parameters-switch\">\n<h4>Parametry<\/h4>\n<\/td>\n<\/tr>\n<tr>\n<th>P\u016fvod<\/th>\n<td>Vyrobeno v \u010cR<\/td>\n<\/tr>\n<tr>\n<th>Z\u00e1ruka<\/th>\n<td>2 roky<\/td>\n<\/tr>\n<tr>\n<th>Zna\u010dka<\/th>\n<td>Heckl<\/td>\n<\/tr>\n<tr class=\"parameters-switch-tr-last\">\n<th colspan=\"2\"><\/th>\n<\/tr>\n<\/tbody>\n<thead>\n<tr>\n<th colspan=\"2\">Parametry produktu:<\/th>\n<\/tr>\n<\/thead>\n<\/table><\/div>\n<\/div><\/div>\n<div class=\"detail-description__top\">\t\t\t\t<\/div>\n<div class=\"detail-description__left\">\n<div class=\"detail-description__left__overflow\">\n<div class=\"detail-description__left__head\">\t\t\t\t\t\tPopis:\t\t\t\t\t<\/div>\n<div class=\"ul-style ul-style--check\">\n<p>Poklop je zkou\u0161en a certifikov\u00e1n pro <strong>t\u0159\u00eddu zat\u00ed\u017een\u00ed D 400<\/strong>, co\u017e znamen\u00e1 nosnost a\u017e 40 t. Poklop je v r\u00e1mu zaji\u0161t\u011bn zaji\u0161t\u011bn \u0161rouby M13.\u00a0Nav\u00edc je\u00a0<strong>certifikov\u00e1n na protiskluznost<\/strong>\u00a0dle normy \u010cSN 72 5191 a DIN 51130.<\/p>\n<ul class=\"plusminus\">\n<li><i class=\"fas fa-check\"><\/i><span>Vlo\u017eka pro r\u00e1dio p\u0159enos<\/span><\/li>\n<li><i class=\"fas fa-check\"><\/i><span>Nosnost a\u017e 40 t<\/span><\/li>\n<li><i class=\"fas fa-check\"><\/i><span>Protiskluznost<\/span><\/li>\n<\/ul>\n<p>Sou\u010d\u00e1st\u00ed poklopu je speci\u00e1ln\u00ed vlo\u017eka pro r\u00e1diov\u00fd p\u0159enos o rozm\u011brech 220 x 220 mm. Vlo\u017eka je vyrobena z <strong>vysoce trvanliv\u00e9ho polyamidu ze skeln\u00fdmi vl\u00e1kny.\u00a0<\/strong>\u00a0<strong>Povrchov\u00e1 \u00faprava bitumenem br\u00e1n\u00ed korozi a zvy\u0161uje \u017eivotnost.\u00a0<\/strong>Poklopy jsou vyr\u00e1b\u011bny z\u00a0tv\u00e1rn\u00e9 litiny GGG (EN &#8211; GJS),\u00a0kter\u00e1 oproti \u0161ed\u00e9 litin\u011b obsahuje v\u00edce uhl\u00edku a k\u0159em\u00edku.<\/p>\n<\/div>\n<div class=\"detail-description__left__more\">\t\t\t\t\t\t<span> <\/span><span> <\/span>\t\t\t\t\t<\/div>\n<\/p><\/div>\n<\/p><\/div>\n<div class=\"detail-description__more\"><span> <\/span><span> <\/span><\/div>\n<\/p><\/div>\n<\/p><\/div>\n<div class=\"tab tab-detail-7\">\n<div class=\"table-size-classic  table-size--selectable\">\n<table>\n<thead>\n<tr>\n<th data-product-code=\"[&quot;K\u00f3d&quot;]\"><span class=\"selected\">Vybr\u00e1no<\/span><span>Heckl Tamesis (s vlo\u017ekou pro r\u00e1dio p\u0159enos)<\/span><\/th>\n<th data-product-code=\"[&quot;H396200000600&quot;]\"><span class=\"selected\">Vybr\u00e1no<\/span><span>600 x 600 mm<\/span><\/th>\n<\/tr>\n<\/thead>\n<tbody>\n<tr class=\"space\">\n<td><\/td>\n<td><\/td>\n<\/tr>\n<tr>\n<td><strong>Rozm\u011br (vnit\u0159n\u00ed)<\/strong><\/td>\n<td>600 x 600 mm<\/td>\n<\/tr>\n<tr>\n<td><strong>Rozm\u011br (vn\u011bj\u0161\u00ed)<\/strong><\/td>\n<td>740 x 740 mm<\/td>\n<\/tr>\n<tr>\n<td><strong>V\u00fd\u0161ka (r\u00e1mu)<\/strong><\/td>\n<td>100 mm<\/td>\n<\/tr>\n<tr>\n<td><strong>Hmotnost<\/strong><\/td>\n<td>64 kg<\/td>\n<\/tr>\n<\/tbody>\n<\/table>\n<\/div><\/div>\n","protected":false},"excerpt":{"rendered":"<p>Instalace Kotven\u00ed beton\u00e1\u017e Zadl\u00e1\u017ed\u011bn\u00ed ne V\u00edko Materi\u00e1l v\u00edka litina Barva \u010dern\u00e1 Tvar hranat\u00fd Antikorozn\u00ed ochrana bitumen Povrchov\u00e1 \u00faprava vroubky Odv\u011btr\u00e1n\u00ed ne R\u00e1m Materi\u00e1l r\u00e1mu litina Barva \u010dern\u00e1 Tvar hranat\u00fd Sv\u011btlost hranat\u00e1 L\u00edmec ne Antikorozn\u00ed ochrana bitumen Zat\u00ed\u017een\u00ed T\u0159\u00edda zat\u00ed\u017een\u00ed D400 Nosnost 40\u00a0t Norma EN 124 Ur\u010den\u00ed \u0161achty Pou\u017eit\u00ed exteri\u00e9r Proveden\u00ed Protipo\u017e\u00e1rn\u00ed certifik\u00e1t ne Atypick\u00e9 rozm\u011bry [&hellip;]<\/p>\n","protected":false},"featured_media":43265,"comment_status":"open","ping_status":"open","template":"","meta":[],"product_brand":[],"product_cat":[46],"product_tag":[],"class_list":{"0":"post-43165","1":"product","2":"type-product","3":"status-publish","4":"has-post-thumbnail","6":"product_cat-odvodneni","8":"first","9":"instock","10":"sale","11":"shipping-taxable","12":"purchasable","13":"product-type-simple"},"yoast_head":"<!-- This site is optimized with the Yoast SEO plugin v26.8 - https:\/\/yoast.com\/product\/yoast-seo-wordpress\/ -->\n<title>Zna\u010dkov\u00fd Heckl Tamesis (s vlo\u017ekou pro r\u00e1dio p\u0159enos) 100 mm 600 x 600 mm D400 -<\/title>\n<meta name=\"robots\" content=\"index, follow, max-snippet:-1, max-image-preview:large, max-video-preview:-1\" \/>\n<link rel=\"canonical\" href=\"https:\/\/www.domkraftpro.com\/index.php\/produkt\/znackovy-heckl-tamesis-s-vlozkou-pro-radio-prenos-100-mm-600-x-600-mm-d400-43165\/\" \/>\n<meta property=\"og:locale\" content=\"cs_CZ\" \/>\n<meta property=\"og:type\" content=\"article\" \/>\n<meta property=\"og:title\" content=\"Zna\u010dkov\u00fd Heckl Tamesis (s vlo\u017ekou pro r\u00e1dio p\u0159enos) 100 mm 600 x 600 mm D400 -\" \/>\n<meta property=\"og:description\" content=\"Instalace Kotven\u00ed beton\u00e1\u017e Zadl\u00e1\u017ed\u011bn\u00ed ne V\u00edko Materi\u00e1l v\u00edka litina Barva \u010dern\u00e1 Tvar hranat\u00fd Antikorozn\u00ed ochrana bitumen Povrchov\u00e1 \u00faprava vroubky Odv\u011btr\u00e1n\u00ed ne R\u00e1m Materi\u00e1l r\u00e1mu litina Barva \u010dern\u00e1 Tvar hranat\u00fd Sv\u011btlost hranat\u00e1 L\u00edmec ne Antikorozn\u00ed ochrana bitumen Zat\u00ed\u017een\u00ed T\u0159\u00edda zat\u00ed\u017een\u00ed D400 Nosnost 40\u00a0t Norma EN 124 Ur\u010den\u00ed \u0161achty Pou\u017eit\u00ed exteri\u00e9r Proveden\u00ed Protipo\u017e\u00e1rn\u00ed certifik\u00e1t ne Atypick\u00e9 rozm\u011bry [&hellip;]\" \/>\n<meta property=\"og:url\" content=\"https:\/\/www.domkraftpro.com\/index.php\/produkt\/znackovy-heckl-tamesis-s-vlozkou-pro-radio-prenos-100-mm-600-x-600-mm-d400-43165\/\" \/>\n<meta property=\"og:image\" content=\"https:\/\/www.domkraftpro.com\/wp-content\/uploads\/2026\/SK0011185-CZ20260425-091936-0-1777079982-hranaty-poklop-heckl-tamesis-s-vlozkou-pro-radio-prenos-w12.webp\" \/>\n\t<meta property=\"og:image:width\" content=\"1000\" \/>\n\t<meta property=\"og:image:height\" content=\"523\" \/>\n\t<meta property=\"og:image:type\" content=\"image\/webp\" \/>\n<meta name=\"twitter:card\" content=\"summary_large_image\" \/>\n<meta name=\"twitter:label1\" content=\"Odhadovan\u00e1 doba \u010dten\u00ed\" \/>\n\t<meta name=\"twitter:data1\" content=\"1 minuta\" \/>\n<script type=\"application\/ld+json\" class=\"yoast-schema-graph\">{\"@context\":\"https:\/\/schema.org\",\"@graph\":[{\"@type\":\"WebPage\",\"@id\":\"https:\/\/www.domkraftpro.com\/index.php\/produkt\/znackovy-heckl-tamesis-s-vlozkou-pro-radio-prenos-100-mm-600-x-600-mm-d400-43165\/\",\"url\":\"https:\/\/www.domkraftpro.com\/index.php\/produkt\/znackovy-heckl-tamesis-s-vlozkou-pro-radio-prenos-100-mm-600-x-600-mm-d400-43165\/\",\"name\":\"Zna\u010dkov\u00fd Heckl Tamesis (s vlo\u017ekou pro r\u00e1dio p\u0159enos) 100 mm 600 x 600 mm D400 -\",\"isPartOf\":{\"@id\":\"https:\/\/www.domkraftpro.com\/#website\"},\"primaryImageOfPage\":{\"@id\":\"https:\/\/www.domkraftpro.com\/index.php\/produkt\/znackovy-heckl-tamesis-s-vlozkou-pro-radio-prenos-100-mm-600-x-600-mm-d400-43165\/#primaryimage\"},\"image\":{\"@id\":\"https:\/\/www.domkraftpro.com\/index.php\/produkt\/znackovy-heckl-tamesis-s-vlozkou-pro-radio-prenos-100-mm-600-x-600-mm-d400-43165\/#primaryimage\"},\"thumbnailUrl\":\"https:\/\/www.domkraftpro.com\/wp-content\/uploads\/2026\/SK0011185-CZ20260425-091936-0-1777079982-hranaty-poklop-heckl-tamesis-s-vlozkou-pro-radio-prenos-w12.webp\",\"datePublished\":\"2026-04-27T04:42:18+00:00\",\"breadcrumb\":{\"@id\":\"https:\/\/www.domkraftpro.com\/index.php\/produkt\/znackovy-heckl-tamesis-s-vlozkou-pro-radio-prenos-100-mm-600-x-600-mm-d400-43165\/#breadcrumb\"},\"inLanguage\":\"cs\",\"potentialAction\":[{\"@type\":\"ReadAction\",\"target\":[\"https:\/\/www.domkraftpro.com\/index.php\/produkt\/znackovy-heckl-tamesis-s-vlozkou-pro-radio-prenos-100-mm-600-x-600-mm-d400-43165\/\"]}]},{\"@type\":\"ImageObject\",\"inLanguage\":\"cs\",\"@id\":\"https:\/\/www.domkraftpro.com\/index.php\/produkt\/znackovy-heckl-tamesis-s-vlozkou-pro-radio-prenos-100-mm-600-x-600-mm-d400-43165\/#primaryimage\",\"url\":\"https:\/\/www.domkraftpro.com\/wp-content\/uploads\/2026\/SK0011185-CZ20260425-091936-0-1777079982-hranaty-poklop-heckl-tamesis-s-vlozkou-pro-radio-prenos-w12.webp\",\"contentUrl\":\"https:\/\/www.domkraftpro.com\/wp-content\/uploads\/2026\/SK0011185-CZ20260425-091936-0-1777079982-hranaty-poklop-heckl-tamesis-s-vlozkou-pro-radio-prenos-w12.webp\",\"width\":1000,\"height\":523},{\"@type\":\"BreadcrumbList\",\"@id\":\"https:\/\/www.domkraftpro.com\/index.php\/produkt\/znackovy-heckl-tamesis-s-vlozkou-pro-radio-prenos-100-mm-600-x-600-mm-d400-43165\/#breadcrumb\",\"itemListElement\":[{\"@type\":\"ListItem\",\"position\":1,\"name\":\"Home\",\"item\":\"https:\/\/www.domkraftpro.com\/\"},{\"@type\":\"ListItem\",\"position\":2,\"name\":\"Products\",\"item\":\"https:\/\/www.domkraftpro.com\/index.php\/products\/\"},{\"@type\":\"ListItem\",\"position\":3,\"name\":\"Zna\u010dkov\u00fd Heckl Tamesis (s vlo\u017ekou pro r\u00e1dio p\u0159enos) 100 mm 600 x 600 mm D400\"}]},{\"@type\":\"WebSite\",\"@id\":\"https:\/\/www.domkraftpro.com\/#website\",\"url\":\"https:\/\/www.domkraftpro.com\/\",\"name\":\"\",\"description\":\"\",\"potentialAction\":[{\"@type\":\"SearchAction\",\"target\":{\"@type\":\"EntryPoint\",\"urlTemplate\":\"https:\/\/www.domkraftpro.com\/?s={search_term_string}\"},\"query-input\":{\"@type\":\"PropertyValueSpecification\",\"valueRequired\":true,\"valueName\":\"search_term_string\"}}],\"inLanguage\":\"cs\"}]}<\/script>\n<!-- \/ Yoast SEO plugin. -->","yoast_head_json":{"title":"Zna\u010dkov\u00fd Heckl Tamesis (s vlo\u017ekou pro r\u00e1dio p\u0159enos) 100 mm 600 x 600 mm D400 -","robots":{"index":"index","follow":"follow","max-snippet":"max-snippet:-1","max-image-preview":"max-image-preview:large","max-video-preview":"max-video-preview:-1"},"canonical":"https:\/\/www.domkraftpro.com\/index.php\/produkt\/znackovy-heckl-tamesis-s-vlozkou-pro-radio-prenos-100-mm-600-x-600-mm-d400-43165\/","og_locale":"cs_CZ","og_type":"article","og_title":"Zna\u010dkov\u00fd Heckl Tamesis (s vlo\u017ekou pro r\u00e1dio p\u0159enos) 100 mm 600 x 600 mm D400 -","og_description":"Instalace Kotven\u00ed beton\u00e1\u017e Zadl\u00e1\u017ed\u011bn\u00ed ne V\u00edko Materi\u00e1l v\u00edka litina Barva \u010dern\u00e1 Tvar hranat\u00fd Antikorozn\u00ed ochrana bitumen Povrchov\u00e1 \u00faprava vroubky Odv\u011btr\u00e1n\u00ed ne R\u00e1m Materi\u00e1l r\u00e1mu litina Barva \u010dern\u00e1 Tvar hranat\u00fd Sv\u011btlost hranat\u00e1 L\u00edmec ne Antikorozn\u00ed ochrana bitumen Zat\u00ed\u017een\u00ed T\u0159\u00edda zat\u00ed\u017een\u00ed D400 Nosnost 40\u00a0t Norma EN 124 Ur\u010den\u00ed \u0161achty Pou\u017eit\u00ed exteri\u00e9r Proveden\u00ed Protipo\u017e\u00e1rn\u00ed certifik\u00e1t ne Atypick\u00e9 rozm\u011bry [&hellip;]","og_url":"https:\/\/www.domkraftpro.com\/index.php\/produkt\/znackovy-heckl-tamesis-s-vlozkou-pro-radio-prenos-100-mm-600-x-600-mm-d400-43165\/","og_image":[{"width":1000,"height":523,"url":"https:\/\/www.domkraftpro.com\/wp-content\/uploads\/2026\/SK0011185-CZ20260425-091936-0-1777079982-hranaty-poklop-heckl-tamesis-s-vlozkou-pro-radio-prenos-w12.webp","type":"image\/webp"}],"twitter_card":"summary_large_image","twitter_misc":{"Odhadovan\u00e1 doba \u010dten\u00ed":"1 minuta"},"schema":{"@context":"https:\/\/schema.org","@graph":[{"@type":"WebPage","@id":"https:\/\/www.domkraftpro.com\/index.php\/produkt\/znackovy-heckl-tamesis-s-vlozkou-pro-radio-prenos-100-mm-600-x-600-mm-d400-43165\/","url":"https:\/\/www.domkraftpro.com\/index.php\/produkt\/znackovy-heckl-tamesis-s-vlozkou-pro-radio-prenos-100-mm-600-x-600-mm-d400-43165\/","name":"Zna\u010dkov\u00fd Heckl Tamesis (s vlo\u017ekou pro r\u00e1dio p\u0159enos) 100 mm 600 x 600 mm D400 -","isPartOf":{"@id":"https:\/\/www.domkraftpro.com\/#website"},"primaryImageOfPage":{"@id":"https:\/\/www.domkraftpro.com\/index.php\/produkt\/znackovy-heckl-tamesis-s-vlozkou-pro-radio-prenos-100-mm-600-x-600-mm-d400-43165\/#primaryimage"},"image":{"@id":"https:\/\/www.domkraftpro.com\/index.php\/produkt\/znackovy-heckl-tamesis-s-vlozkou-pro-radio-prenos-100-mm-600-x-600-mm-d400-43165\/#primaryimage"},"thumbnailUrl":"https:\/\/www.domkraftpro.com\/wp-content\/uploads\/2026\/SK0011185-CZ20260425-091936-0-1777079982-hranaty-poklop-heckl-tamesis-s-vlozkou-pro-radio-prenos-w12.webp","datePublished":"2026-04-27T04:42:18+00:00","breadcrumb":{"@id":"https:\/\/www.domkraftpro.com\/index.php\/produkt\/znackovy-heckl-tamesis-s-vlozkou-pro-radio-prenos-100-mm-600-x-600-mm-d400-43165\/#breadcrumb"},"inLanguage":"cs","potentialAction":[{"@type":"ReadAction","target":["https:\/\/www.domkraftpro.com\/index.php\/produkt\/znackovy-heckl-tamesis-s-vlozkou-pro-radio-prenos-100-mm-600-x-600-mm-d400-43165\/"]}]},{"@type":"ImageObject","inLanguage":"cs","@id":"https:\/\/www.domkraftpro.com\/index.php\/produkt\/znackovy-heckl-tamesis-s-vlozkou-pro-radio-prenos-100-mm-600-x-600-mm-d400-43165\/#primaryimage","url":"https:\/\/www.domkraftpro.com\/wp-content\/uploads\/2026\/SK0011185-CZ20260425-091936-0-1777079982-hranaty-poklop-heckl-tamesis-s-vlozkou-pro-radio-prenos-w12.webp","contentUrl":"https:\/\/www.domkraftpro.com\/wp-content\/uploads\/2026\/SK0011185-CZ20260425-091936-0-1777079982-hranaty-poklop-heckl-tamesis-s-vlozkou-pro-radio-prenos-w12.webp","width":1000,"height":523},{"@type":"BreadcrumbList","@id":"https:\/\/www.domkraftpro.com\/index.php\/produkt\/znackovy-heckl-tamesis-s-vlozkou-pro-radio-prenos-100-mm-600-x-600-mm-d400-43165\/#breadcrumb","itemListElement":[{"@type":"ListItem","position":1,"name":"Home","item":"https:\/\/www.domkraftpro.com\/"},{"@type":"ListItem","position":2,"name":"Products","item":"https:\/\/www.domkraftpro.com\/index.php\/products\/"},{"@type":"ListItem","position":3,"name":"Zna\u010dkov\u00fd Heckl Tamesis (s vlo\u017ekou pro r\u00e1dio p\u0159enos) 100 mm 600 x 600 mm D400"}]},{"@type":"WebSite","@id":"https:\/\/www.domkraftpro.com\/#website","url":"https:\/\/www.domkraftpro.com\/","name":"","description":"","potentialAction":[{"@type":"SearchAction","target":{"@type":"EntryPoint","urlTemplate":"https:\/\/www.domkraftpro.com\/?s={search_term_string}"},"query-input":{"@type":"PropertyValueSpecification","valueRequired":true,"valueName":"search_term_string"}}],"inLanguage":"cs"}]}},"_links":{"self":[{"href":"https:\/\/www.domkraftpro.com\/index.php\/wp-json\/wp\/v2\/product\/43165","targetHints":{"allow":["GET"]}}],"collection":[{"href":"https:\/\/www.domkraftpro.com\/index.php\/wp-json\/wp\/v2\/product"}],"about":[{"href":"https:\/\/www.domkraftpro.com\/index.php\/wp-json\/wp\/v2\/types\/product"}],"replies":[{"embeddable":true,"href":"https:\/\/www.domkraftpro.com\/index.php\/wp-json\/wp\/v2\/comments?post=43165"}],"wp:featuredmedia":[{"embeddable":true,"href":"https:\/\/www.domkraftpro.com\/index.php\/wp-json\/wp\/v2\/media\/43265"}],"wp:attachment":[{"href":"https:\/\/www.domkraftpro.com\/index.php\/wp-json\/wp\/v2\/media?parent=43165"}],"wp:term":[{"taxonomy":"product_brand","embeddable":true,"href":"https:\/\/www.domkraftpro.com\/index.php\/wp-json\/wp\/v2\/product_brand?post=43165"},{"taxonomy":"product_cat","embeddable":true,"href":"https:\/\/www.domkraftpro.com\/index.php\/wp-json\/wp\/v2\/product_cat?post=43165"},{"taxonomy":"product_tag","embeddable":true,"href":"https:\/\/www.domkraftpro.com\/index.php\/wp-json\/wp\/v2\/product_tag?post=43165"}],"curies":[{"name":"wp","href":"https:\/\/api.w.org\/{rel}","templated":true}]}}