{"id":41547,"date":"2026-04-27T04:42:14","date_gmt":"2026-04-27T04:42:14","guid":{"rendered":""},"modified":"2026-04-27T04:42:14","modified_gmt":"2026-04-27T04:42:14","slug":"znackovy-tegola-tegoaqua-100-2000-mm-ral-8017-333-100-41547","status":"publish","type":"product","link":"https:\/\/www.domkraftpro.com\/index.php\/produkt\/znackovy-tegola-tegoaqua-100-2000-mm-ral-8017-333-100-41547\/","title":{"rendered":"Zna\u010dkov\u00fd Tegola Tegoaqua 100 2000 mm RAL 8017 333\/100"},"content":{"rendered":"<div class=\"detail-description__right\">\n<div class=\"parameters\">\n<div class=\"table\">\n<table>\n<tbody>\n<tr class=\"parameters-switch-tr\">\n<td colspan=\"2\" class=\"parameters-switch\">\n<h4>Instalace<\/h4>\n<\/td>\n<\/tr>\n<tr>\n<th>\t\t\t\t\t\t\tSpojov\u00e1n\u00ed \u017elab\u016f \t\t\t\t\t\t<\/th>\n<td>\t\t\t\t\t\t\t\t\toto\u010dn\u00fdm vsunut\u00edm\t\t\t\t\t\t<\/td>\n<\/tr>\n<tr>\n<th>\t\t\t\t\t\t\tLiniov\u00e9 spojen\u00ed \t\t\t\t\t\t<\/th>\n<td>\t\t\t\t\t\t\t\t\tano\t\t\t\t\t\t<\/td>\n<\/tr>\n<tr>\n<th>\t\t\t\t\t\t\tP\u0159ipojen\u00ed bo\u010dn\u00ed \t\t\t\t\t\t<\/th>\n<td>\t\t\t\t\t\t\t\t\tne\t\t\t\t\t\t<\/td>\n<\/tr>\n<tr class=\"parameters-switch-tr\">\n<td colspan=\"2\" class=\"parameters-switch\">\n<h4>Lakov\u00e1n\u00ed<\/h4>\n<\/td>\n<\/tr>\n<tr>\n<th>\t\t\t\t\t\t\tVolba barvy \t\t\t\t\t\t<\/th>\n<td>\t\t\t\t\t\t\t\t\tne\t\t\t\t\t\t<\/td>\n<\/tr>\n<tr>\n<th>\t\t\t\t\t\t\tUV ochrana \t\t\t\t\t\t<\/th>\n<td>\t\t\t\t\t\t\t\t\t\u2013\t\t\t\t\t\t<\/td>\n<\/tr>\n<tr>\n<th>\t\t\t\t\t\t\tBarvost\u00e1lost \t\t\t\t\t\t<\/th>\n<td>\t\t\t\t\t\t\t\t\tano\t\t\t\t\t\t<\/td>\n<\/tr>\n<tr class=\"parameters-switch-tr\">\n<td colspan=\"2\" class=\"parameters-switch\">\n<h4>\u017dlab<\/h4>\n<\/td>\n<\/tr>\n<tr>\n<th>\t\t\t\t\t\t\tMateri\u00e1l \u017elabu \t\t\t\t\t\t<\/th>\n<td>\t\t\t\t\t\t\t\t\tplech\t\t\t\t\t\t<\/td>\n<\/tr>\n<tr>\n<th>\t\t\t\t\t\t\tBarva \t\t\t\t\t\t<\/th>\n<td>\t\t\t\t\t\t\t\t\tRAL 8017, RAL 7016\t\t\t\t\t\t<\/td>\n<\/tr>\n<tr>\n<th>\t\t\t\t\t\t\tTvar \t\t\t\t\t\t<\/th>\n<td>\t\t\t\t\t\t\t\t\tU\u00a0profil\t\t\t\t\t\t<\/td>\n<\/tr>\n<tr>\n<th>\t\t\t\t\t\t\tD\u00e9lka \t\t\t\t\t\t<\/th>\n<td>\t\t\t\t\t\t\t\t\t2000\u00a0\u2013 6000\u00a0mm\t\t\t\t\t\t<\/td>\n<\/tr>\n<tr>\n<th>\t\t\t\t\t\t\tTlou\u0161\u0165ka \t\t\t\t\t\t<\/th>\n<td>\t\t\t\t\t\t\t\t\t\u2013\t\t\t\t\t\t<\/td>\n<\/tr>\n<tr>\n<th>\t\t\t\t\t\t\tHmotnost \t\t\t\t\t\t<\/th>\n<td>\t\t\t\t\t\t\t\t\t2,6\u00a0\u2013 7,8\u00a0kg\t\t\t\t\t\t<\/td>\n<\/tr>\n<tr>\n<th>\t\t\t\t\t\t\tPovrchov\u00e1 \u00faprava \t\t\t\t\t\t<\/th>\n<td>\t\t\t\t\t\t\t\t\tlakov\u00e1n\u00ed\t\t\t\t\t\t<\/td>\n<\/tr>\n<tr>\n<th>\t\t\t\t\t\t\tRozvinut\u00e1 \u0161\u00ed\u0159ka \t\t\t\t\t\t<\/th>\n<td>\t\t\t\t\t\t\t\t\t333\u00a0mm\t\t\t\t\t\t<\/td>\n<\/tr>\n<tr>\n<th>\t\t\t\t\t\t\tPr\u016fm\u011br \t\t\t\t\t\t<\/th>\n<td>\t\t\t\t\t\t\t\t\t\u00d8 150\u00a0mm\t\t\t\t\t\t<\/td>\n<\/tr>\n<tr>\n<th>\t\t\t\t\t\t\tSyst\u00e9m \t\t\t\t\t\t<\/th>\n<td>\t\t\t\t\t\t\t\t\t333\/100\t\t\t\t\t\t<\/td>\n<\/tr>\n<tr class=\"parameters-switch-tr\">\n<td colspan=\"2\" class=\"parameters-switch\">\n<h4>Parametry<\/h4>\n<\/td>\n<\/tr>\n<tr>\n<th>Z\u00e1ruka<\/th>\n<td>2 roky<\/td>\n<\/tr>\n<tr>\n<th>Zna\u010dka<\/th>\n<td>Tegola<\/td>\n<\/tr>\n<tr class=\"parameters-switch-tr-last\">\n<th colspan=\"2\"><\/th>\n<\/tr>\n<\/tbody>\n<thead>\n<tr>\n<th colspan=\"2\">Parametry produktu:<\/th>\n<\/tr>\n<\/thead>\n<\/table><\/div>\n<\/div><\/div>\n<div class=\"detail-description__top\">\n<div class=\"rating-promo\">\n<div class=\"raty raty--big\" data-score=\"5\" data-read-only=\"true\" title=\"5\"><\/div>\n<div class=\"rating-promo__number\">\t\t\t<strong>5<\/strong><small>recenz\u00ed<\/small>\t\t<\/div>\n<div class=\"rating-promo__number\">\t\t\t<strong>5<\/strong><small>z\u00e1kazn\u00edk\u016f doporu\u010duje<\/small>\t\t<\/div>\n<p>\t\tV\u0161echny recenze\t<\/p><\/div>\n<\/p><\/div>\n<div class=\"detail-description__left\">\n<div class=\"detail-description__left__overflow\">\n<div class=\"detail-description__left__head\">\t\t\t\t\t\tPopis:\t\t\t\t\t<\/div>\n<div class=\"ul-style ul-style--check\">\n<p>Okapov\u00fd \u017elab\u00a0je\u00a0<strong>vyroben\u00fd z kvalitn\u00edho plechu.<\/strong>\u00a0Ve spojen\u00ed s ostatn\u00edmi\u00a0prvky okapov\u00e9ho syst\u00e9mu zaji\u0161\u0165uje\u00a0v\u00fdborn\u00fd odvod vody ze st\u0159echy\u00a0i p\u0159\u00edjemn\u00fd vzhled. Barevn\u00fd lak\u00a0\u2013\u2060\u00a0hn\u011bd\u00e1 (RAL 8017) a antracit (RAL 7016).<\/p>\n<ul class=\"plusminus\">\n<li><i class=\"fas fa-check\"><\/i><span>Korozivzdornost<\/span><\/li>\n<li><i class=\"fas fa-check\"><\/i><span>V\u00fdborn\u00e1 funk\u010dnost<\/span><\/li>\n<li><i class=\"fas fa-check\"><\/i><span>Mechanick\u00e1 odolnost<\/span><\/li>\n<\/ul>\n<p>Prvn\u00edm krokem mont\u00e1\u017ee okapov\u00e9ho syst\u00e9mu je ur\u010den\u00ed polohy \u017elabov\u00e9ho kotl\u00edku, podle t\u00e9 se pot\u00e9 ur\u010duje poloha h\u00e1k\u016f, kter\u00e9 se upev\u0148uj\u00ed pomoc\u00ed \u0161roub\u016f maxim\u00e1ln\u011b 60 cm od sebe. \u017dlab se k h\u00e1ku p\u0159ipev\u0148uje nasazen\u00edm p\u0159edn\u00ed \u010d\u00e1sti na h\u00e1\u010dek a n\u00e1sledn\u00fdm oto\u010dn\u00fdm vsunut\u00edm.\u00a0<strong>Minim\u00e1ln\u00ed sklon \u017elab\u016f<\/strong>\u00a0sm\u011brem ke kotl\u00edku je 3 %.<\/p>\n<p>Kotl\u00edk se zah\u00e1kne v zadn\u00ed \u010d\u00e1sti a postupn\u00fdm ot\u00e1\u010den\u00edm se zaklapne za nav\u00e1lku, pot\u00e9 se stejn\u00fdm zp\u016fsobem nasad\u00ed \u017elabov\u00e1 spojka.\u00a0<strong>\u010celo \u017elabu<\/strong>\u00a0se nasazuje vp\u0159edu na nav\u00e1lku a pot\u00e9 se ot\u00e1\u010den\u00ed dokud se vzadu nezaklapne a je vhodn\u00e9 nasadit je\u0161t\u011b p\u0159ed p\u0159ipevn\u011bn\u00edm \u017elabu na h\u00e1ky. Za pomoci spojky svodov\u00fdch rour se na kotl\u00edk p\u0159ipevn\u00ed svodov\u00e9 roury.<\/p>\n<p>Ty se pot\u00e9 ka\u017ed\u00e9 2 metry p\u0159ipev\u0148uj\u00ed obj\u00edmkou ke zdi tak, aby v nich z\u016fstal\u00a0<strong>prostor pro dilataci rour.<\/strong>\u00a0Spojen\u00ed dvou svodov\u00fdch rour nebo svodov\u00e9 roury a &#8222;Y&#8220; kusu se prov\u00e1d\u00ed pomoc\u00ed spojky. V p\u0159\u00edpad\u011b, \u017ee je okap vzd\u00e1len od st\u011bny, pou\u017e\u00edvaj\u00ed se ke svodu dv\u011b kolena a svodov\u00e1 roura. K vy\u00fast\u011bn\u00ed okapov\u00e9ho syst\u00e9mu se pou\u017e\u00edv\u00e1 koleno p\u0159ichycen\u00e9 obj\u00edmkou.<\/p>\n<\/div>\n<div class=\"detail-description__left__more\">\t\t\t\t\t\t<span> <\/span><span> <\/span>\t\t\t\t\t<\/div>\n<\/p><\/div>\n<\/p><\/div>\n<div class=\"detail-description__more\"><span> <\/span><span> <\/span><\/div>\n<\/p><\/div>\n<\/p><\/div>\n<div class=\"tab tab-detail-7\">\n<div class=\"table-size-classic  table-size--selectable\">\n<table>\n<thead>\n<tr>\n<th data-product-code=\"[&quot;K\u00f3d&quot;]\"><span class=\"selected\">Vybr\u00e1no<\/span><span>Syst\u00e9m<\/span><\/th>\n<th data-product-code=\"[&quot;36904&quot;,&quot;37377&quot;,&quot;37380&quot;]\"><span class=\"selected\">Vybr\u00e1no<\/span><span>333\/100<\/span><\/th>\n<th data-product-code=\"[&quot;36931&quot;,&quot;37378&quot;,&quot;37381&quot;]\"><span class=\"selected\">Vybr\u00e1no<\/span><span>333\/100<\/span><\/th>\n<th data-product-code=\"[&quot;37382&quot;]\"><span class=\"selected\">Vybr\u00e1no<\/span><span>333\/100<\/span><\/th>\n<th data-product-code=\"[&quot;40063&quot;,&quot;40065&quot;]\"><span class=\"selected\">Vybr\u00e1no<\/span><span>333\/100<\/span><\/th>\n<th data-product-code=\"[&quot;40064&quot;]\"><span class=\"selected\">Vybr\u00e1no<\/span><span>333\/100<\/span><\/th>\n<\/tr>\n<\/thead>\n<tbody>\n<tr class=\"space\">\n<td><\/td>\n<td><\/td>\n<td><\/td>\n<td><\/td>\n<td><\/td>\n<td><\/td>\n<\/tr>\n<tr>\n<td><strong>D\u00e9lka<\/strong><\/td>\n<td>2000 mm<\/td>\n<td>3000 mm<\/td>\n<td>4000\u00a0mm<\/td>\n<td>5000 mm<\/td>\n<td>6000 mm<\/td>\n<\/tr>\n<tr>\n<td><strong>Pr\u016fm\u011br \u017elabu<\/strong><\/td>\n<td>\u00d8 150 mm<\/td>\n<td>\u00d8 150 mm<\/td>\n<td>\u00d8 150 mm<\/td>\n<td>\u00d8 150 mm<\/td>\n<td>\u00d8 150 mm<\/td>\n<\/tr>\n<tr>\n<td><strong>Pr\u016fm\u011br svodu<\/strong><\/td>\n<td>\u00d8 100 mm<\/td>\n<td>\u00d8 100 mm<\/td>\n<td>\u00d8 100 mm<\/td>\n<td>\u00d8 100 mm<\/td>\n<td>\u00d8 100 mm<\/td>\n<\/tr>\n<tr>\n<td><strong>Rozvinut\u00e1 \u0161\u00ed\u0159ka<\/strong><\/td>\n<td>333 mm<\/td>\n<td>333 mm<\/td>\n<td>333 mm<\/td>\n<td>333 mm<\/td>\n<td>333 mm<\/td>\n<\/tr>\n<tr>\n<td><strong>Sv\u011btlost<\/strong><\/td>\n<td>&#8211;<\/td>\n<td>&#8211;<\/td>\n<td>&#8211;<\/td>\n<td>&#8211;<\/td>\n<td>&#8211;<\/td>\n<\/tr>\n<tr>\n<td><strong>Tlou\u0161\u0165ka<\/strong><\/td>\n<td>&#8211;<\/td>\n<td>&#8211;<\/td>\n<td>&#8211;<\/td>\n<td>&#8211;<\/td>\n<td>&#8211;<\/td>\n<\/tr>\n<tr>\n<td><strong>Hmotnost<\/strong><\/td>\n<td>2,6 kg<\/td>\n<td>3,9 kg<\/td>\n<td>5,2 kg<\/td>\n<td>6,5 kg<\/td>\n<td>7,8 kg<\/td>\n<\/tr>\n<tr>\n<td><strong>Pou\u017eit\u00ed<\/strong><\/td>\n<td><\/td>\n<td><\/td>\n<td><\/td>\n<td><\/td>\n<td><\/td>\n<\/tr>\n<\/tbody>\n<\/table>\n<\/div><\/div>\n","protected":false},"excerpt":{"rendered":"<p>Instalace Spojov\u00e1n\u00ed \u017elab\u016f oto\u010dn\u00fdm vsunut\u00edm Liniov\u00e9 spojen\u00ed ano P\u0159ipojen\u00ed bo\u010dn\u00ed ne Lakov\u00e1n\u00ed Volba barvy ne UV ochrana \u2013 Barvost\u00e1lost ano \u017dlab Materi\u00e1l \u017elabu plech Barva RAL 8017, RAL 7016 Tvar U\u00a0profil D\u00e9lka 2000\u00a0\u2013 6000\u00a0mm Tlou\u0161\u0165ka \u2013 Hmotnost 2,6\u00a0\u2013 7,8\u00a0kg Povrchov\u00e1 \u00faprava lakov\u00e1n\u00ed Rozvinut\u00e1 \u0161\u00ed\u0159ka 333\u00a0mm Pr\u016fm\u011br \u00d8 150\u00a0mm Syst\u00e9m 333\/100 Parametry Z\u00e1ruka 2 roky Zna\u010dka [&hellip;]<\/p>\n","protected":false},"featured_media":41647,"comment_status":"open","ping_status":"open","template":"","meta":[],"product_brand":[],"product_cat":[46],"product_tag":[],"class_list":{"0":"post-41547","1":"product","2":"type-product","3":"status-publish","4":"has-post-thumbnail","6":"product_cat-odvodneni","8":"first","9":"instock","10":"sale","11":"shipping-taxable","12":"purchasable","13":"product-type-simple"},"yoast_head":"<!-- This site is optimized with the Yoast SEO plugin v26.8 - https:\/\/yoast.com\/product\/yoast-seo-wordpress\/ -->\n<title>Zna\u010dkov\u00fd Tegola Tegoaqua 100 2000 mm RAL 8017 333\/100 -<\/title>\n<meta name=\"robots\" content=\"index, follow, max-snippet:-1, max-image-preview:large, max-video-preview:-1\" \/>\n<link rel=\"canonical\" href=\"https:\/\/www.domkraftpro.com\/index.php\/produkt\/znackovy-tegola-tegoaqua-100-2000-mm-ral-8017-333-100-41547\/\" \/>\n<meta property=\"og:locale\" content=\"cs_CZ\" \/>\n<meta property=\"og:type\" content=\"article\" \/>\n<meta property=\"og:title\" content=\"Zna\u010dkov\u00fd Tegola Tegoaqua 100 2000 mm RAL 8017 333\/100 -\" \/>\n<meta property=\"og:description\" content=\"Instalace Spojov\u00e1n\u00ed \u017elab\u016f oto\u010dn\u00fdm vsunut\u00edm Liniov\u00e9 spojen\u00ed ano P\u0159ipojen\u00ed bo\u010dn\u00ed ne Lakov\u00e1n\u00ed Volba barvy ne UV ochrana \u2013 Barvost\u00e1lost ano \u017dlab Materi\u00e1l \u017elabu plech Barva RAL 8017, RAL 7016 Tvar U\u00a0profil D\u00e9lka 2000\u00a0\u2013 6000\u00a0mm Tlou\u0161\u0165ka \u2013 Hmotnost 2,6\u00a0\u2013 7,8\u00a0kg Povrchov\u00e1 \u00faprava lakov\u00e1n\u00ed Rozvinut\u00e1 \u0161\u00ed\u0159ka 333\u00a0mm Pr\u016fm\u011br \u00d8 150\u00a0mm Syst\u00e9m 333\/100 Parametry Z\u00e1ruka 2 roky Zna\u010dka [&hellip;]\" \/>\n<meta property=\"og:url\" content=\"https:\/\/www.domkraftpro.com\/index.php\/produkt\/znackovy-tegola-tegoaqua-100-2000-mm-ral-8017-333-100-41547\/\" \/>\n<meta property=\"og:image\" content=\"https:\/\/www.domkraftpro.com\/wp-content\/uploads\/2026\/SK0010365-CZ20260425-091936-0-1777079982-okapovy-zlab-tegola-tegoaqua-100-2000-mm-ral-8017-333-100-w.webp\" \/>\n\t<meta property=\"og:image:width\" content=\"1000\" \/>\n\t<meta property=\"og:image:height\" content=\"523\" \/>\n\t<meta property=\"og:image:type\" content=\"image\/webp\" \/>\n<meta name=\"twitter:card\" content=\"summary_large_image\" \/>\n<meta name=\"twitter:label1\" content=\"Odhadovan\u00e1 doba \u010dten\u00ed\" \/>\n\t<meta name=\"twitter:data1\" content=\"2 minuty\" \/>\n<script type=\"application\/ld+json\" class=\"yoast-schema-graph\">{\"@context\":\"https:\/\/schema.org\",\"@graph\":[{\"@type\":\"WebPage\",\"@id\":\"https:\/\/www.domkraftpro.com\/index.php\/produkt\/znackovy-tegola-tegoaqua-100-2000-mm-ral-8017-333-100-41547\/\",\"url\":\"https:\/\/www.domkraftpro.com\/index.php\/produkt\/znackovy-tegola-tegoaqua-100-2000-mm-ral-8017-333-100-41547\/\",\"name\":\"Zna\u010dkov\u00fd Tegola Tegoaqua 100 2000 mm RAL 8017 333\/100 -\",\"isPartOf\":{\"@id\":\"https:\/\/www.domkraftpro.com\/#website\"},\"primaryImageOfPage\":{\"@id\":\"https:\/\/www.domkraftpro.com\/index.php\/produkt\/znackovy-tegola-tegoaqua-100-2000-mm-ral-8017-333-100-41547\/#primaryimage\"},\"image\":{\"@id\":\"https:\/\/www.domkraftpro.com\/index.php\/produkt\/znackovy-tegola-tegoaqua-100-2000-mm-ral-8017-333-100-41547\/#primaryimage\"},\"thumbnailUrl\":\"https:\/\/www.domkraftpro.com\/wp-content\/uploads\/2026\/SK0010365-CZ20260425-091936-0-1777079982-okapovy-zlab-tegola-tegoaqua-100-2000-mm-ral-8017-333-100-w.webp\",\"datePublished\":\"2026-04-27T04:42:14+00:00\",\"breadcrumb\":{\"@id\":\"https:\/\/www.domkraftpro.com\/index.php\/produkt\/znackovy-tegola-tegoaqua-100-2000-mm-ral-8017-333-100-41547\/#breadcrumb\"},\"inLanguage\":\"cs\",\"potentialAction\":[{\"@type\":\"ReadAction\",\"target\":[\"https:\/\/www.domkraftpro.com\/index.php\/produkt\/znackovy-tegola-tegoaqua-100-2000-mm-ral-8017-333-100-41547\/\"]}]},{\"@type\":\"ImageObject\",\"inLanguage\":\"cs\",\"@id\":\"https:\/\/www.domkraftpro.com\/index.php\/produkt\/znackovy-tegola-tegoaqua-100-2000-mm-ral-8017-333-100-41547\/#primaryimage\",\"url\":\"https:\/\/www.domkraftpro.com\/wp-content\/uploads\/2026\/SK0010365-CZ20260425-091936-0-1777079982-okapovy-zlab-tegola-tegoaqua-100-2000-mm-ral-8017-333-100-w.webp\",\"contentUrl\":\"https:\/\/www.domkraftpro.com\/wp-content\/uploads\/2026\/SK0010365-CZ20260425-091936-0-1777079982-okapovy-zlab-tegola-tegoaqua-100-2000-mm-ral-8017-333-100-w.webp\",\"width\":1000,\"height\":523},{\"@type\":\"BreadcrumbList\",\"@id\":\"https:\/\/www.domkraftpro.com\/index.php\/produkt\/znackovy-tegola-tegoaqua-100-2000-mm-ral-8017-333-100-41547\/#breadcrumb\",\"itemListElement\":[{\"@type\":\"ListItem\",\"position\":1,\"name\":\"Home\",\"item\":\"https:\/\/www.domkraftpro.com\/\"},{\"@type\":\"ListItem\",\"position\":2,\"name\":\"Products\",\"item\":\"https:\/\/www.domkraftpro.com\/index.php\/products\/\"},{\"@type\":\"ListItem\",\"position\":3,\"name\":\"Zna\u010dkov\u00fd Tegola Tegoaqua 100 2000 mm RAL 8017 333\/100\"}]},{\"@type\":\"WebSite\",\"@id\":\"https:\/\/www.domkraftpro.com\/#website\",\"url\":\"https:\/\/www.domkraftpro.com\/\",\"name\":\"\",\"description\":\"\",\"potentialAction\":[{\"@type\":\"SearchAction\",\"target\":{\"@type\":\"EntryPoint\",\"urlTemplate\":\"https:\/\/www.domkraftpro.com\/?s={search_term_string}\"},\"query-input\":{\"@type\":\"PropertyValueSpecification\",\"valueRequired\":true,\"valueName\":\"search_term_string\"}}],\"inLanguage\":\"cs\"}]}<\/script>\n<!-- \/ Yoast SEO plugin. -->","yoast_head_json":{"title":"Zna\u010dkov\u00fd Tegola Tegoaqua 100 2000 mm RAL 8017 333\/100 -","robots":{"index":"index","follow":"follow","max-snippet":"max-snippet:-1","max-image-preview":"max-image-preview:large","max-video-preview":"max-video-preview:-1"},"canonical":"https:\/\/www.domkraftpro.com\/index.php\/produkt\/znackovy-tegola-tegoaqua-100-2000-mm-ral-8017-333-100-41547\/","og_locale":"cs_CZ","og_type":"article","og_title":"Zna\u010dkov\u00fd Tegola Tegoaqua 100 2000 mm RAL 8017 333\/100 -","og_description":"Instalace Spojov\u00e1n\u00ed \u017elab\u016f oto\u010dn\u00fdm vsunut\u00edm Liniov\u00e9 spojen\u00ed ano P\u0159ipojen\u00ed bo\u010dn\u00ed ne Lakov\u00e1n\u00ed Volba barvy ne UV ochrana \u2013 Barvost\u00e1lost ano \u017dlab Materi\u00e1l \u017elabu plech Barva RAL 8017, RAL 7016 Tvar U\u00a0profil D\u00e9lka 2000\u00a0\u2013 6000\u00a0mm Tlou\u0161\u0165ka \u2013 Hmotnost 2,6\u00a0\u2013 7,8\u00a0kg Povrchov\u00e1 \u00faprava lakov\u00e1n\u00ed Rozvinut\u00e1 \u0161\u00ed\u0159ka 333\u00a0mm Pr\u016fm\u011br \u00d8 150\u00a0mm Syst\u00e9m 333\/100 Parametry Z\u00e1ruka 2 roky Zna\u010dka [&hellip;]","og_url":"https:\/\/www.domkraftpro.com\/index.php\/produkt\/znackovy-tegola-tegoaqua-100-2000-mm-ral-8017-333-100-41547\/","og_image":[{"width":1000,"height":523,"url":"https:\/\/www.domkraftpro.com\/wp-content\/uploads\/2026\/SK0010365-CZ20260425-091936-0-1777079982-okapovy-zlab-tegola-tegoaqua-100-2000-mm-ral-8017-333-100-w.webp","type":"image\/webp"}],"twitter_card":"summary_large_image","twitter_misc":{"Odhadovan\u00e1 doba \u010dten\u00ed":"2 minuty"},"schema":{"@context":"https:\/\/schema.org","@graph":[{"@type":"WebPage","@id":"https:\/\/www.domkraftpro.com\/index.php\/produkt\/znackovy-tegola-tegoaqua-100-2000-mm-ral-8017-333-100-41547\/","url":"https:\/\/www.domkraftpro.com\/index.php\/produkt\/znackovy-tegola-tegoaqua-100-2000-mm-ral-8017-333-100-41547\/","name":"Zna\u010dkov\u00fd Tegola Tegoaqua 100 2000 mm RAL 8017 333\/100 -","isPartOf":{"@id":"https:\/\/www.domkraftpro.com\/#website"},"primaryImageOfPage":{"@id":"https:\/\/www.domkraftpro.com\/index.php\/produkt\/znackovy-tegola-tegoaqua-100-2000-mm-ral-8017-333-100-41547\/#primaryimage"},"image":{"@id":"https:\/\/www.domkraftpro.com\/index.php\/produkt\/znackovy-tegola-tegoaqua-100-2000-mm-ral-8017-333-100-41547\/#primaryimage"},"thumbnailUrl":"https:\/\/www.domkraftpro.com\/wp-content\/uploads\/2026\/SK0010365-CZ20260425-091936-0-1777079982-okapovy-zlab-tegola-tegoaqua-100-2000-mm-ral-8017-333-100-w.webp","datePublished":"2026-04-27T04:42:14+00:00","breadcrumb":{"@id":"https:\/\/www.domkraftpro.com\/index.php\/produkt\/znackovy-tegola-tegoaqua-100-2000-mm-ral-8017-333-100-41547\/#breadcrumb"},"inLanguage":"cs","potentialAction":[{"@type":"ReadAction","target":["https:\/\/www.domkraftpro.com\/index.php\/produkt\/znackovy-tegola-tegoaqua-100-2000-mm-ral-8017-333-100-41547\/"]}]},{"@type":"ImageObject","inLanguage":"cs","@id":"https:\/\/www.domkraftpro.com\/index.php\/produkt\/znackovy-tegola-tegoaqua-100-2000-mm-ral-8017-333-100-41547\/#primaryimage","url":"https:\/\/www.domkraftpro.com\/wp-content\/uploads\/2026\/SK0010365-CZ20260425-091936-0-1777079982-okapovy-zlab-tegola-tegoaqua-100-2000-mm-ral-8017-333-100-w.webp","contentUrl":"https:\/\/www.domkraftpro.com\/wp-content\/uploads\/2026\/SK0010365-CZ20260425-091936-0-1777079982-okapovy-zlab-tegola-tegoaqua-100-2000-mm-ral-8017-333-100-w.webp","width":1000,"height":523},{"@type":"BreadcrumbList","@id":"https:\/\/www.domkraftpro.com\/index.php\/produkt\/znackovy-tegola-tegoaqua-100-2000-mm-ral-8017-333-100-41547\/#breadcrumb","itemListElement":[{"@type":"ListItem","position":1,"name":"Home","item":"https:\/\/www.domkraftpro.com\/"},{"@type":"ListItem","position":2,"name":"Products","item":"https:\/\/www.domkraftpro.com\/index.php\/products\/"},{"@type":"ListItem","position":3,"name":"Zna\u010dkov\u00fd Tegola Tegoaqua 100 2000 mm RAL 8017 333\/100"}]},{"@type":"WebSite","@id":"https:\/\/www.domkraftpro.com\/#website","url":"https:\/\/www.domkraftpro.com\/","name":"","description":"","potentialAction":[{"@type":"SearchAction","target":{"@type":"EntryPoint","urlTemplate":"https:\/\/www.domkraftpro.com\/?s={search_term_string}"},"query-input":{"@type":"PropertyValueSpecification","valueRequired":true,"valueName":"search_term_string"}}],"inLanguage":"cs"}]}},"_links":{"self":[{"href":"https:\/\/www.domkraftpro.com\/index.php\/wp-json\/wp\/v2\/product\/41547","targetHints":{"allow":["GET"]}}],"collection":[{"href":"https:\/\/www.domkraftpro.com\/index.php\/wp-json\/wp\/v2\/product"}],"about":[{"href":"https:\/\/www.domkraftpro.com\/index.php\/wp-json\/wp\/v2\/types\/product"}],"replies":[{"embeddable":true,"href":"https:\/\/www.domkraftpro.com\/index.php\/wp-json\/wp\/v2\/comments?post=41547"}],"wp:featuredmedia":[{"embeddable":true,"href":"https:\/\/www.domkraftpro.com\/index.php\/wp-json\/wp\/v2\/media\/41647"}],"wp:attachment":[{"href":"https:\/\/www.domkraftpro.com\/index.php\/wp-json\/wp\/v2\/media?parent=41547"}],"wp:term":[{"taxonomy":"product_brand","embeddable":true,"href":"https:\/\/www.domkraftpro.com\/index.php\/wp-json\/wp\/v2\/product_brand?post=41547"},{"taxonomy":"product_cat","embeddable":true,"href":"https:\/\/www.domkraftpro.com\/index.php\/wp-json\/wp\/v2\/product_cat?post=41547"},{"taxonomy":"product_tag","embeddable":true,"href":"https:\/\/www.domkraftpro.com\/index.php\/wp-json\/wp\/v2\/product_tag?post=41547"}],"curies":[{"name":"wp","href":"https:\/\/api.w.org\/{rel}","templated":true}]}}