{"id":41336,"date":"2026-04-27T04:42:13","date_gmt":"2026-04-27T04:42:13","guid":{"rendered":""},"modified":"2026-04-27T04:42:13","modified_gmt":"2026-04-27T04:42:13","slug":"akce-covernit-technodeck-strong-dark-grey-140-x-20-x-4000-mm-41336","status":"publish","type":"product","link":"https:\/\/www.domkraftpro.com\/index.php\/produkt\/akce-covernit-technodeck-strong-dark-grey-140-x-20-x-4000-mm-41336\/","title":{"rendered":"Akce Covernit Technodeck Strong dark grey 140 x 20 x 4000 mm"},"content":{"rendered":"<div class=\"detail-description__right\">\n<div class=\"parameters\">\n<div class=\"table\">\n<table>\n<tbody>\n<tr class=\"parameters-switch-tr\">\n<td colspan=\"2\" class=\"parameters-switch\">\n<h4>Design<\/h4>\n<\/td>\n<\/tr>\n<tr>\n<th>\t\t\t\t\t\t\tSpodn\u00ed strana \t\t\t\t\t\t<\/th>\n<td>\t\t\t\t\t\t\t\t\t3D imitace d\u0159eva\t\t\t\t\t\t<\/td>\n<\/tr>\n<tr>\n<th>\t\t\t\t\t\t\tHorn\u00ed strana \t\t\t\t\t\t<\/th>\n<td>\t\t\t\t\t\t\t\t\tdr\u00e1\u017eka\t\t\t\t\t\t<\/td>\n<\/tr>\n<tr>\n<th>\t\t\t\t\t\t\tBarva \t\t\t\t\t\t<\/th>\n<td>\t\t\t\t\t\t\t\t\toriginal wood, dark grey, teak, oak brown, light grey\t\t\t\t\t\t<\/td>\n<\/tr>\n<tr>\n<th>\t\t\t\t\t\t\tProfil \t\t\t\t\t\t<\/th>\n<td>\t\t\t\t\t\t\t\t\tpln\u00fd\t\t\t\t\t\t<\/td>\n<\/tr>\n<tr class=\"parameters-switch-tr\">\n<td colspan=\"2\" class=\"parameters-switch\">\n<h4>Instalace<\/h4>\n<\/td>\n<\/tr>\n<tr>\n<th>\t\t\t\t\t\t\tPodklad \t\t\t\t\t\t<\/th>\n<td>\t\t\t\t\t\t\t\t\tbeton \/ \u0161t\u011brkov\u00e9 lo\u017ee\t\t\t\t\t\t<\/td>\n<\/tr>\n<tr>\n<th>\t\t\t\t\t\t\tInstalace na nosn\u00e9 prvky \t\t\t\t\t\t<\/th>\n<td>\t\t\t\t\t\t\t\t\td\u0159evoplastov\u00fd nosn\u00edk \/ hranol\t\t\t\t\t\t<\/td>\n<\/tr>\n<tr>\n<th>\t\t\t\t\t\t\tFixa\u010dn\u00ed body \t\t\t\t\t\t<\/th>\n<td>\t\t\t\t\t\t\t\t\t23\u00a0ks\/m\u00b2\t\t\t\t\t\t<\/td>\n<\/tr>\n<tr>\n<th>\t\t\t\t\t\t\tPo\u010det prken \t\t\t\t\t\t<\/th>\n<td>\t\t\t\t\t\t\t\t\t7\u00a0ks\/m\u00b2\t\t\t\t\t\t<\/td>\n<\/tr>\n<tr>\n<th>\t\t\t\t\t\t\tPodkladn\u00ed nosn\u00edky \t\t\t\t\t\t<\/th>\n<td>\t\t\t\t\t\t\t\t\t3\u00a0ks\/m\u00b2\t\t\t\t\t\t<\/td>\n<\/tr>\n<tr>\n<th>\t\t\t\t\t\t\tDilata\u010dn\u00ed mezera \t\t\t\t\t\t<\/th>\n<td>\t\t\t\t\t\t\t\t\t7\u00a0mm\t\t\t\t\t\t<\/td>\n<\/tr>\n<tr>\n<th>\t\t\t\t\t\t\tSklon \t\t\t\t\t\t<\/th>\n<td>\t\t\t\t\t\t\t\t\t1,5%\t\t\t\t\t\t<\/td>\n<\/tr>\n<tr class=\"parameters-switch-tr\">\n<td colspan=\"2\" class=\"parameters-switch\">\n<h4>Parametry<\/h4>\n<\/td>\n<\/tr>\n<tr>\n<th>\t\t\t\t\t\t\tZ\u00e1ruka \t\t\t\t\t\t<\/th>\n<td>\t\t\t\t\t\t\t\t\t2\u00a0roky\t\t\t\t\t\t<\/td>\n<\/tr>\n<tr>\n<th>\t\t\t\t\t\t\t\u0160\u00ed\u0159ka \t\t\t\t\t\t<\/th>\n<td>\t\t\t\t\t\t\t\t\t140\u00a0mm\t\t\t\t\t\t<\/td>\n<\/tr>\n<tr>\n<th>\t\t\t\t\t\t\tV\u00fd\u0161ka \t\t\t\t\t\t<\/th>\n<td>\t\t\t\t\t\t\t\t\t20\u00a0mm\t\t\t\t\t\t<\/td>\n<\/tr>\n<tr>\n<th>\t\t\t\t\t\t\tD\u00e9lka \t\t\t\t\t\t<\/th>\n<td>\t\t\t\t\t\t\t\t\t2000\u00a0\u2013 4000\u00a0mm\t\t\t\t\t\t<\/td>\n<\/tr>\n<tr>\n<th>\t\t\t\t\t\t\tTyp \t\t\t\t\t\t<\/th>\n<td>\t\t\t\t\t\t\t\t\td\u0159evoplast\t\t\t\t\t\t<\/td>\n<\/tr>\n<tr>\n<th>\t\t\t\t\t\t\tSlo\u017een\u00ed \t\t\t\t\t\t<\/th>\n<td>\t\t\t\t\t\t\t\t\t60% d\u0159evo \/ 40\u00a0% PP\t\t\t\t\t\t<\/td>\n<\/tr>\n<tr>\n<th>\t\t\t\t\t\t\tTlou\u0161\u0165ka \t\t\t\t\t\t<\/th>\n<td>\t\t\t\t\t\t\t\t\t\u2013\t\t\t\t\t\t<\/td>\n<\/tr>\n<tr class=\"parameters-switch-tr\">\n<td colspan=\"2\" class=\"parameters-switch\">\n<h4>Vlastnosti<\/h4>\n<\/td>\n<\/tr>\n<tr>\n<th>\t\t\t\t\t\t\tVod\u011bodolnost \t\t\t\t\t\t<\/th>\n<td>\t\t\t\t\t\t\t\t\tano\t\t\t\t\t\t<\/td>\n<\/tr>\n<tr>\n<th>\t\t\t\t\t\t\tUV odolnost \t\t\t\t\t\t<\/th>\n<td>\t\t\t\t\t\t\t\t\tano\t\t\t\t\t\t<\/td>\n<\/tr>\n<tr>\n<th>\t\t\t\t\t\t\tProtiskluznost \t\t\t\t\t\t<\/th>\n<td>\t\t\t\t\t\t\t\t\tano\t\t\t\t\t\t<\/td>\n<\/tr>\n<tr>\n<th>\t\t\t\t\t\t\tMrazuvzdornost \t\t\t\t\t\t<\/th>\n<td>\t\t\t\t\t\t\t\t\tano\t\t\t\t\t\t<\/td>\n<\/tr>\n<tr>\n<th>\t\t\t\t\t\t\tSt\u00e1lobarevnost \t\t\t\t\t\t<\/th>\n<td>\t\t\t\t\t\t\t\t\tano\t\t\t\t\t\t<\/td>\n<\/tr>\n<tr class=\"parameters-switch-tr\">\n<td colspan=\"2\" class=\"parameters-switch\">\n<h4>Parametry<\/h4>\n<\/td>\n<\/tr>\n<tr>\n<th>Z\u00e1ruka<\/th>\n<td>2 roky<\/td>\n<\/tr>\n<tr>\n<th>Zna\u010dka<\/th>\n<td>Covernit<\/td>\n<\/tr>\n<tr class=\"parameters-switch-tr-last\">\n<th colspan=\"2\"><\/th>\n<\/tr>\n<\/tbody>\n<thead>\n<tr>\n<th colspan=\"2\">Parametry produktu:<\/th>\n<\/tr>\n<\/thead>\n<\/table><\/div>\n<\/div><\/div>\n<div class=\"detail-description__top\">\n<div class=\"rating-promo\">\n<div class=\"raty raty--big\" data-score=\"5\" data-read-only=\"true\" title=\"5\"><\/div>\n<div class=\"rating-promo__number\">\t\t\t<strong>8<\/strong><small>recenz\u00ed<\/small>\t\t<\/div>\n<div class=\"rating-promo__number\">\t\t\t<strong>8<\/strong><small>z\u00e1kazn\u00edk\u016f doporu\u010duje<\/small>\t\t<\/div>\n<p>\t\tV\u0161echny recenze\t<\/p><\/div>\n<\/p><\/div>\n<div class=\"detail-description__left\">\n<div class=\"detail-description__left__overflow\">\n<div class=\"detail-description__left__head\">\t\t\t\t\t\tPopis:\t\t\t\t\t<\/div>\n<div class=\"ul-style ul-style--check\">\n<p>Terasov\u00e9 prkna WPC Strong pln\u00e1 jsou <strong>oboustrann\u011b pou\u017eiteln\u00e1<\/strong>, z\u00a0jedn\u00e9 strany disponuj\u00ed dr\u00e1\u017ekovan\u00fdm povrchem a ze strany druh\u00e9 3D imitac\u00ed d\u0159eva. Za dodr\u017een\u00ed rozte\u010d\u00ed podkladov\u00fdch hranol\u016f max. 350\u00a0mm je nosnost prken 450\u00a0kg\/m<sup>2<\/sup> v\u00a0z\u00e1vislosti na podkladu (beton, \u0161t\u011brk apod.).<\/p>\n<ul class=\"plusminus\">\n<li><i class=\"fas fa-check\"><\/i><span>Vysok\u00e1 odolnost<\/span><\/li>\n<li><i class=\"fas fa-check\"><\/i><span>Snadn\u00e1 \u00fadr\u017eba<\/span><\/li>\n<li><i class=\"fas fa-check\"><\/i><span>Jednoduch\u00e1 a rychl\u00e1 mont\u00e1\u017e<\/span><\/li>\n<li><i class=\"fas fa-check\"><\/i><span>Vysok\u00fd stupe\u0148 UV a barevn\u00e9 stability<\/span><\/li>\n<\/ul>\n<p>Prkna jsou vyrobena z\u00a0recyklovan\u00e9ho materi\u00e1lu a jsou \u0161etrn\u00e1 k\u00a0\u017eivotn\u00edmu prost\u0159ed\u00ed. WPC prkna jsou z\u00a0um\u011bl\u00e9ho d\u0159eva naz\u00fdvan\u00e9ho tak\u00e9 d\u0159evoplast. Jsou vyrobena z\u00a060\u00a0% d\u0159ev\u011bn\u00e9ho \/ bambusov\u00e9ho vl\u00e1kna, 30\u00a0% HDPE (polyethylen s\u00a0vysokou hustotou) a z\u00a010\u00a0% p\u0159\u00edsad.\u00a0Prkna disponuj\u00ed <strong>rozm\u011bry 140\u00a0\u00d7\u00a020 mm<\/strong>, jsou <strong>dlouh\u00e1 2\u00a0nebo 4\u00a0m a dostupn\u00e1 v\u00a0barv\u00e1ch Original Wood, Dark Grey, Teak, Light grey, Oak Brown.<\/strong><\/p>\n<p>P\u0159ed mont\u00e1\u017e\u00ed je d\u016fle\u017eit\u00e9 <strong>zhotoven\u00ed klade\u010dsk\u00e9ho pl\u00e1nu<\/strong> a ur\u010den\u00ed sm\u011bru kladen\u00ed podkladov\u00fdch hranol\u016f. Ty se pokl\u00e1daj\u00ed bu\u010f na vyrovnan\u00e9 nap\u0159. \u0161t\u011brkov\u00e9 lo\u017ee, na kter\u00e9m se usazuj\u00ed na gumov\u00e9 p\u00e1sy, nebo na ter\u010de pro podkladov\u00e9 hranoly. Hranoly se pokl\u00e1daj\u00ed rovnob\u011b\u017en\u011b se sp\u00e1dem v\u00fdsledn\u00e9 plochy a je d\u016fle\u017eit\u00e9 dodr\u017een\u00ed jejich maxim\u00e1ln\u00edho rozestupu 350\u00a0mm.\u00a0<strong><\/strong><\/p>\n<p>N\u00e1sledn\u011b se k\u00a0podkladov\u00fdm hranol\u016fm pomoc\u00ed startovac\u00ed mont\u00e1\u017en\u00ed sady\u00a0p\u0159ichyt\u00ed prvn\u00ed WPC prkno. Po p\u0159ichycen\u00ed prvn\u00edho prkna se proces opakuje dal\u0161\u00edmi prkny v\u00a0\u0159ad\u011b za sebou za pou\u017eit\u00ed mont\u00e1\u017en\u00ed sady. Pro lep\u0161\u00ed estetick\u00fd vzhled stran podlahy se nakonec instaluj\u00ed ukon\u010dovac\u00ed li\u0161ty.<\/p>\n<\/div>\n<div class=\"detail-description__left__more\">\t\t\t\t\t\t<span> <\/span><span> <\/span>\t\t\t\t\t<\/div>\n<\/p><\/div>\n<\/p><\/div>\n<div class=\"detail-description__more\"><span> <\/span><span> <\/span><\/div>\n<\/p><\/div>\n<\/p><\/div>\n","protected":false},"excerpt":{"rendered":"<p>Design Spodn\u00ed strana 3D imitace d\u0159eva Horn\u00ed strana dr\u00e1\u017eka Barva original wood, dark grey, teak, oak brown, light grey Profil pln\u00fd Instalace Podklad beton \/ \u0161t\u011brkov\u00e9 lo\u017ee Instalace na nosn\u00e9 prvky d\u0159evoplastov\u00fd nosn\u00edk \/ hranol Fixa\u010dn\u00ed body 23\u00a0ks\/m\u00b2 Po\u010det prken 7\u00a0ks\/m\u00b2 Podkladn\u00ed nosn\u00edky 3\u00a0ks\/m\u00b2 Dilata\u010dn\u00ed mezera 7\u00a0mm Sklon 1,5% Parametry Z\u00e1ruka 2\u00a0roky \u0160\u00ed\u0159ka 140\u00a0mm V\u00fd\u0161ka [&hellip;]<\/p>\n","protected":false},"featured_media":41436,"comment_status":"open","ping_status":"open","template":"","meta":[],"product_brand":[],"product_cat":[47],"product_tag":[],"class_list":{"0":"post-41336","1":"product","2":"type-product","3":"status-publish","4":"has-post-thumbnail","6":"product_cat-zahrada","8":"first","9":"instock","10":"sale","11":"shipping-taxable","12":"purchasable","13":"product-type-simple"},"yoast_head":"<!-- This site is optimized with the Yoast SEO plugin v26.8 - https:\/\/yoast.com\/product\/yoast-seo-wordpress\/ -->\n<title>Akce Covernit Technodeck Strong dark grey 140 x 20 x 4000 mm -<\/title>\n<meta name=\"robots\" content=\"index, follow, max-snippet:-1, max-image-preview:large, max-video-preview:-1\" \/>\n<link rel=\"canonical\" href=\"https:\/\/www.domkraftpro.com\/index.php\/produkt\/akce-covernit-technodeck-strong-dark-grey-140-x-20-x-4000-mm-41336\/\" \/>\n<meta property=\"og:locale\" content=\"cs_CZ\" \/>\n<meta property=\"og:type\" content=\"article\" \/>\n<meta property=\"og:title\" content=\"Akce Covernit Technodeck Strong dark grey 140 x 20 x 4000 mm -\" \/>\n<meta property=\"og:description\" content=\"Design Spodn\u00ed strana 3D imitace d\u0159eva Horn\u00ed strana dr\u00e1\u017eka Barva original wood, dark grey, teak, oak brown, light grey Profil pln\u00fd Instalace Podklad beton \/ \u0161t\u011brkov\u00e9 lo\u017ee Instalace na nosn\u00e9 prvky d\u0159evoplastov\u00fd nosn\u00edk \/ hranol Fixa\u010dn\u00ed body 23\u00a0ks\/m\u00b2 Po\u010det prken 7\u00a0ks\/m\u00b2 Podkladn\u00ed nosn\u00edky 3\u00a0ks\/m\u00b2 Dilata\u010dn\u00ed mezera 7\u00a0mm Sklon 1,5% Parametry Z\u00e1ruka 2\u00a0roky \u0160\u00ed\u0159ka 140\u00a0mm V\u00fd\u0161ka [&hellip;]\" \/>\n<meta property=\"og:url\" content=\"https:\/\/www.domkraftpro.com\/index.php\/produkt\/akce-covernit-technodeck-strong-dark-grey-140-x-20-x-4000-mm-41336\/\" \/>\n<meta property=\"og:image\" content=\"https:\/\/www.domkraftpro.com\/wp-content\/uploads\/2026\/SK0010254-CZ20260425-091936-0-1777079982-terasove-wpc-prkno-covernit-technodeck-strong-dark-grey-140.webp\" \/>\n\t<meta property=\"og:image:width\" content=\"1000\" \/>\n\t<meta property=\"og:image:height\" content=\"523\" \/>\n\t<meta property=\"og:image:type\" content=\"image\/webp\" \/>\n<meta name=\"twitter:card\" content=\"summary_large_image\" \/>\n<meta name=\"twitter:label1\" content=\"Odhadovan\u00e1 doba \u010dten\u00ed\" \/>\n\t<meta name=\"twitter:data1\" content=\"2 minuty\" \/>\n<script type=\"application\/ld+json\" class=\"yoast-schema-graph\">{\"@context\":\"https:\/\/schema.org\",\"@graph\":[{\"@type\":\"WebPage\",\"@id\":\"https:\/\/www.domkraftpro.com\/index.php\/produkt\/akce-covernit-technodeck-strong-dark-grey-140-x-20-x-4000-mm-41336\/\",\"url\":\"https:\/\/www.domkraftpro.com\/index.php\/produkt\/akce-covernit-technodeck-strong-dark-grey-140-x-20-x-4000-mm-41336\/\",\"name\":\"Akce Covernit Technodeck Strong dark grey 140 x 20 x 4000 mm -\",\"isPartOf\":{\"@id\":\"https:\/\/www.domkraftpro.com\/#website\"},\"primaryImageOfPage\":{\"@id\":\"https:\/\/www.domkraftpro.com\/index.php\/produkt\/akce-covernit-technodeck-strong-dark-grey-140-x-20-x-4000-mm-41336\/#primaryimage\"},\"image\":{\"@id\":\"https:\/\/www.domkraftpro.com\/index.php\/produkt\/akce-covernit-technodeck-strong-dark-grey-140-x-20-x-4000-mm-41336\/#primaryimage\"},\"thumbnailUrl\":\"https:\/\/www.domkraftpro.com\/wp-content\/uploads\/2026\/SK0010254-CZ20260425-091936-0-1777079982-terasove-wpc-prkno-covernit-technodeck-strong-dark-grey-140.webp\",\"datePublished\":\"2026-04-27T04:42:13+00:00\",\"breadcrumb\":{\"@id\":\"https:\/\/www.domkraftpro.com\/index.php\/produkt\/akce-covernit-technodeck-strong-dark-grey-140-x-20-x-4000-mm-41336\/#breadcrumb\"},\"inLanguage\":\"cs\",\"potentialAction\":[{\"@type\":\"ReadAction\",\"target\":[\"https:\/\/www.domkraftpro.com\/index.php\/produkt\/akce-covernit-technodeck-strong-dark-grey-140-x-20-x-4000-mm-41336\/\"]}]},{\"@type\":\"ImageObject\",\"inLanguage\":\"cs\",\"@id\":\"https:\/\/www.domkraftpro.com\/index.php\/produkt\/akce-covernit-technodeck-strong-dark-grey-140-x-20-x-4000-mm-41336\/#primaryimage\",\"url\":\"https:\/\/www.domkraftpro.com\/wp-content\/uploads\/2026\/SK0010254-CZ20260425-091936-0-1777079982-terasove-wpc-prkno-covernit-technodeck-strong-dark-grey-140.webp\",\"contentUrl\":\"https:\/\/www.domkraftpro.com\/wp-content\/uploads\/2026\/SK0010254-CZ20260425-091936-0-1777079982-terasove-wpc-prkno-covernit-technodeck-strong-dark-grey-140.webp\",\"width\":1000,\"height\":523},{\"@type\":\"BreadcrumbList\",\"@id\":\"https:\/\/www.domkraftpro.com\/index.php\/produkt\/akce-covernit-technodeck-strong-dark-grey-140-x-20-x-4000-mm-41336\/#breadcrumb\",\"itemListElement\":[{\"@type\":\"ListItem\",\"position\":1,\"name\":\"Home\",\"item\":\"https:\/\/www.domkraftpro.com\/\"},{\"@type\":\"ListItem\",\"position\":2,\"name\":\"Products\",\"item\":\"https:\/\/www.domkraftpro.com\/index.php\/products\/\"},{\"@type\":\"ListItem\",\"position\":3,\"name\":\"Akce Covernit Technodeck Strong dark grey 140 x 20 x 4000 mm\"}]},{\"@type\":\"WebSite\",\"@id\":\"https:\/\/www.domkraftpro.com\/#website\",\"url\":\"https:\/\/www.domkraftpro.com\/\",\"name\":\"\",\"description\":\"\",\"potentialAction\":[{\"@type\":\"SearchAction\",\"target\":{\"@type\":\"EntryPoint\",\"urlTemplate\":\"https:\/\/www.domkraftpro.com\/?s={search_term_string}\"},\"query-input\":{\"@type\":\"PropertyValueSpecification\",\"valueRequired\":true,\"valueName\":\"search_term_string\"}}],\"inLanguage\":\"cs\"}]}<\/script>\n<!-- \/ Yoast SEO plugin. -->","yoast_head_json":{"title":"Akce Covernit Technodeck Strong dark grey 140 x 20 x 4000 mm -","robots":{"index":"index","follow":"follow","max-snippet":"max-snippet:-1","max-image-preview":"max-image-preview:large","max-video-preview":"max-video-preview:-1"},"canonical":"https:\/\/www.domkraftpro.com\/index.php\/produkt\/akce-covernit-technodeck-strong-dark-grey-140-x-20-x-4000-mm-41336\/","og_locale":"cs_CZ","og_type":"article","og_title":"Akce Covernit Technodeck Strong dark grey 140 x 20 x 4000 mm -","og_description":"Design Spodn\u00ed strana 3D imitace d\u0159eva Horn\u00ed strana dr\u00e1\u017eka Barva original wood, dark grey, teak, oak brown, light grey Profil pln\u00fd Instalace Podklad beton \/ \u0161t\u011brkov\u00e9 lo\u017ee Instalace na nosn\u00e9 prvky d\u0159evoplastov\u00fd nosn\u00edk \/ hranol Fixa\u010dn\u00ed body 23\u00a0ks\/m\u00b2 Po\u010det prken 7\u00a0ks\/m\u00b2 Podkladn\u00ed nosn\u00edky 3\u00a0ks\/m\u00b2 Dilata\u010dn\u00ed mezera 7\u00a0mm Sklon 1,5% Parametry Z\u00e1ruka 2\u00a0roky \u0160\u00ed\u0159ka 140\u00a0mm V\u00fd\u0161ka [&hellip;]","og_url":"https:\/\/www.domkraftpro.com\/index.php\/produkt\/akce-covernit-technodeck-strong-dark-grey-140-x-20-x-4000-mm-41336\/","og_image":[{"width":1000,"height":523,"url":"https:\/\/www.domkraftpro.com\/wp-content\/uploads\/2026\/SK0010254-CZ20260425-091936-0-1777079982-terasove-wpc-prkno-covernit-technodeck-strong-dark-grey-140.webp","type":"image\/webp"}],"twitter_card":"summary_large_image","twitter_misc":{"Odhadovan\u00e1 doba \u010dten\u00ed":"2 minuty"},"schema":{"@context":"https:\/\/schema.org","@graph":[{"@type":"WebPage","@id":"https:\/\/www.domkraftpro.com\/index.php\/produkt\/akce-covernit-technodeck-strong-dark-grey-140-x-20-x-4000-mm-41336\/","url":"https:\/\/www.domkraftpro.com\/index.php\/produkt\/akce-covernit-technodeck-strong-dark-grey-140-x-20-x-4000-mm-41336\/","name":"Akce Covernit Technodeck Strong dark grey 140 x 20 x 4000 mm -","isPartOf":{"@id":"https:\/\/www.domkraftpro.com\/#website"},"primaryImageOfPage":{"@id":"https:\/\/www.domkraftpro.com\/index.php\/produkt\/akce-covernit-technodeck-strong-dark-grey-140-x-20-x-4000-mm-41336\/#primaryimage"},"image":{"@id":"https:\/\/www.domkraftpro.com\/index.php\/produkt\/akce-covernit-technodeck-strong-dark-grey-140-x-20-x-4000-mm-41336\/#primaryimage"},"thumbnailUrl":"https:\/\/www.domkraftpro.com\/wp-content\/uploads\/2026\/SK0010254-CZ20260425-091936-0-1777079982-terasove-wpc-prkno-covernit-technodeck-strong-dark-grey-140.webp","datePublished":"2026-04-27T04:42:13+00:00","breadcrumb":{"@id":"https:\/\/www.domkraftpro.com\/index.php\/produkt\/akce-covernit-technodeck-strong-dark-grey-140-x-20-x-4000-mm-41336\/#breadcrumb"},"inLanguage":"cs","potentialAction":[{"@type":"ReadAction","target":["https:\/\/www.domkraftpro.com\/index.php\/produkt\/akce-covernit-technodeck-strong-dark-grey-140-x-20-x-4000-mm-41336\/"]}]},{"@type":"ImageObject","inLanguage":"cs","@id":"https:\/\/www.domkraftpro.com\/index.php\/produkt\/akce-covernit-technodeck-strong-dark-grey-140-x-20-x-4000-mm-41336\/#primaryimage","url":"https:\/\/www.domkraftpro.com\/wp-content\/uploads\/2026\/SK0010254-CZ20260425-091936-0-1777079982-terasove-wpc-prkno-covernit-technodeck-strong-dark-grey-140.webp","contentUrl":"https:\/\/www.domkraftpro.com\/wp-content\/uploads\/2026\/SK0010254-CZ20260425-091936-0-1777079982-terasove-wpc-prkno-covernit-technodeck-strong-dark-grey-140.webp","width":1000,"height":523},{"@type":"BreadcrumbList","@id":"https:\/\/www.domkraftpro.com\/index.php\/produkt\/akce-covernit-technodeck-strong-dark-grey-140-x-20-x-4000-mm-41336\/#breadcrumb","itemListElement":[{"@type":"ListItem","position":1,"name":"Home","item":"https:\/\/www.domkraftpro.com\/"},{"@type":"ListItem","position":2,"name":"Products","item":"https:\/\/www.domkraftpro.com\/index.php\/products\/"},{"@type":"ListItem","position":3,"name":"Akce Covernit Technodeck Strong dark grey 140 x 20 x 4000 mm"}]},{"@type":"WebSite","@id":"https:\/\/www.domkraftpro.com\/#website","url":"https:\/\/www.domkraftpro.com\/","name":"","description":"","potentialAction":[{"@type":"SearchAction","target":{"@type":"EntryPoint","urlTemplate":"https:\/\/www.domkraftpro.com\/?s={search_term_string}"},"query-input":{"@type":"PropertyValueSpecification","valueRequired":true,"valueName":"search_term_string"}}],"inLanguage":"cs"}]}},"_links":{"self":[{"href":"https:\/\/www.domkraftpro.com\/index.php\/wp-json\/wp\/v2\/product\/41336","targetHints":{"allow":["GET"]}}],"collection":[{"href":"https:\/\/www.domkraftpro.com\/index.php\/wp-json\/wp\/v2\/product"}],"about":[{"href":"https:\/\/www.domkraftpro.com\/index.php\/wp-json\/wp\/v2\/types\/product"}],"replies":[{"embeddable":true,"href":"https:\/\/www.domkraftpro.com\/index.php\/wp-json\/wp\/v2\/comments?post=41336"}],"wp:featuredmedia":[{"embeddable":true,"href":"https:\/\/www.domkraftpro.com\/index.php\/wp-json\/wp\/v2\/media\/41436"}],"wp:attachment":[{"href":"https:\/\/www.domkraftpro.com\/index.php\/wp-json\/wp\/v2\/media?parent=41336"}],"wp:term":[{"taxonomy":"product_brand","embeddable":true,"href":"https:\/\/www.domkraftpro.com\/index.php\/wp-json\/wp\/v2\/product_brand?post=41336"},{"taxonomy":"product_cat","embeddable":true,"href":"https:\/\/www.domkraftpro.com\/index.php\/wp-json\/wp\/v2\/product_cat?post=41336"},{"taxonomy":"product_tag","embeddable":true,"href":"https:\/\/www.domkraftpro.com\/index.php\/wp-json\/wp\/v2\/product_tag?post=41336"}],"curies":[{"name":"wp","href":"https:\/\/api.w.org\/{rel}","templated":true}]}}