{"id":40174,"date":"2026-04-27T04:42:10","date_gmt":"2026-04-27T04:42:10","guid":{"rendered":""},"modified":"2026-04-27T04:42:10","modified_gmt":"2026-04-27T04:42:10","slug":"aktualni-trafo-disc-kulate-35-105w-230-12v-bila-paulmann-40174","status":"publish","type":"product","link":"https:\/\/www.domkraftpro.com\/index.php\/produkt\/aktualni-trafo-disc-kulate-35-105w-230-12v-bila-paulmann-40174\/","title":{"rendered":"Aktu\u00e1ln\u00ed Trafo DISC (KULAT\u00c9) 35-105W, 230\/12V, b\u00edl\u00e1 &#8211; PAULMANN"},"content":{"rendered":"<p><\/p>\n<div class=\"top-params\">\n<h3 class=\"product-h3 collapse-header \" data-toggle=\"collapse\" data-target=\"#collapseOne\" aria-expanded=\"true\" aria-controls=\"collapseOne\">Parametry<\/h3>\n<div id=\"collapseOne\" class=\"collapse show\" aria-labelledby=\"headingOne\" data-parent=\"#product-info-accordion1\">\n<table class=\"table-striped\">\n<tr>\n<td>                V\u00fdrobce            <\/td>\n<td>                PAULMANN            <\/td>\n<\/tr>\n<tr>\n<td>                Zna\u010dka MM            <\/td>\n<td>                ano            <\/td>\n<\/tr>\n<tr>\n<td>                V\u00fd\u0161ka v mm            <\/td>\n<td>                22            <\/td>\n<\/tr>\n<tr>\n<td>                Materi\u00e1l            <\/td>\n<td>                plast            <\/td>\n<\/tr>\n<tr>\n<td>                Max. p\u0159\u00edkon sv\u011bteln\u00e9ho zdroje            <\/td>\n<td>                35-100W            <\/td>\n<\/tr>\n<tr>\n<td>                Barva            <\/td>\n<td>                b\u00edl\u00e1            <\/td>\n<\/tr>\n<tr>\n<td>                V\u00fdkon            <\/td>\n<td>                35-105W            <\/td>\n<\/tr>\n<tr>\n<td>                D\u00e9lka v mm            <\/td>\n<td>                25            <\/td>\n<\/tr>\n<tr>\n<td>                V\u00fdkon transform\u00e1toru            <\/td>\n<td>                105VA            <\/td>\n<\/tr>\n<tr>\n<td>                \u017divotnost            <\/td>\n<td>                50000h            <\/td>\n<\/tr>\n<tr>\n<td>                Typ sv\u011bteln\u00e9ho zdroje            <\/td>\n<td>                bez zdroje sv\u011btla            <\/td>\n<\/tr>\n<tr>\n<td>                Nap\u00e1jec\u00ed nap\u011bt\u00ed            <\/td>\n<td>                230\/12 V            <\/td>\n<\/tr>\n<tr>\n<td>                Stm\u00edvateln\u00e9            <\/td>\n<td>                ano            <\/td>\n<\/tr>\n<tr>\n<td>                Pr\u016fm\u011br v mm            <\/td>\n<td>                75            <\/td>\n<\/tr>\n<tr>\n<td>                Index pod\u00e1n\u00ed barev            <\/td>\n<td>                80            <\/td>\n<\/tr>\n<\/table>\n<\/div><\/div>\n<\/div>\n<div class=\"accordion\" id=\"product-info-accordion2\">\n","protected":false},"excerpt":{"rendered":"<p>Parametry V\u00fdrobce PAULMANN Zna\u010dka MM ano V\u00fd\u0161ka v mm 22 Materi\u00e1l plast Max. p\u0159\u00edkon sv\u011bteln\u00e9ho zdroje 35-100W Barva b\u00edl\u00e1 V\u00fdkon 35-105W D\u00e9lka v mm 25 V\u00fdkon transform\u00e1toru 105VA \u017divotnost 50000h Typ sv\u011bteln\u00e9ho zdroje bez zdroje sv\u011btla Nap\u00e1jec\u00ed nap\u011bt\u00ed 230\/12 V Stm\u00edvateln\u00e9 ano Pr\u016fm\u011br v mm 75 Index pod\u00e1n\u00ed barev 80<\/p>\n","protected":false},"featured_media":40274,"comment_status":"open","ping_status":"open","template":"","meta":[],"product_brand":[],"product_cat":[43],"product_tag":[],"class_list":{"0":"post-40174","1":"product","2":"type-product","3":"status-publish","4":"has-post-thumbnail","6":"product_cat-prislusenstvi","8":"first","9":"instock","10":"sale","11":"shipping-taxable","12":"purchasable","13":"product-type-simple"},"yoast_head":"<!-- This site is optimized with the Yoast SEO plugin v26.8 - https:\/\/yoast.com\/product\/yoast-seo-wordpress\/ -->\n<title>Aktu\u00e1ln\u00ed Trafo DISC (KULAT\u00c9) 35-105W, 230\/12V, b\u00edl\u00e1 - PAULMANN -<\/title>\n<meta name=\"robots\" content=\"index, follow, max-snippet:-1, max-image-preview:large, max-video-preview:-1\" \/>\n<link rel=\"canonical\" href=\"https:\/\/www.domkraftpro.com\/index.php\/produkt\/aktualni-trafo-disc-kulate-35-105w-230-12v-bila-paulmann-40174\/\" \/>\n<meta property=\"og:locale\" content=\"cs_CZ\" \/>\n<meta property=\"og:type\" content=\"article\" \/>\n<meta property=\"og:title\" content=\"Aktu\u00e1ln\u00ed Trafo DISC (KULAT\u00c9) 35-105W, 230\/12V, b\u00edl\u00e1 - PAULMANN -\" \/>\n<meta property=\"og:description\" content=\"Parametry V\u00fdrobce PAULMANN Zna\u010dka MM ano V\u00fd\u0161ka v mm 22 Materi\u00e1l plast Max. p\u0159\u00edkon sv\u011bteln\u00e9ho zdroje 35-100W Barva b\u00edl\u00e1 V\u00fdkon 35-105W D\u00e9lka v mm 25 V\u00fdkon transform\u00e1toru 105VA \u017divotnost 50000h Typ sv\u011bteln\u00e9ho zdroje bez zdroje sv\u011btla Nap\u00e1jec\u00ed nap\u011bt\u00ed 230\/12 V Stm\u00edvateln\u00e9 ano Pr\u016fm\u011br v mm 75 Index pod\u00e1n\u00ed barev 80\" \/>\n<meta property=\"og:url\" content=\"https:\/\/www.domkraftpro.com\/index.php\/produkt\/aktualni-trafo-disc-kulate-35-105w-230-12v-bila-paulmann-40174\/\" \/>\n<meta property=\"og:image\" content=\"https:\/\/www.domkraftpro.com\/wp-content\/uploads\/2026\/SK0055963-CZ20260425-091535-0-1777079744-P-97729.webp\" \/>\n\t<meta property=\"og:image:width\" content=\"840\" \/>\n\t<meta property=\"og:image:height\" content=\"560\" \/>\n\t<meta property=\"og:image:type\" content=\"image\/webp\" \/>\n<meta name=\"twitter:card\" content=\"summary_large_image\" \/>\n<script type=\"application\/ld+json\" class=\"yoast-schema-graph\">{\"@context\":\"https:\/\/schema.org\",\"@graph\":[{\"@type\":\"WebPage\",\"@id\":\"https:\/\/www.domkraftpro.com\/index.php\/produkt\/aktualni-trafo-disc-kulate-35-105w-230-12v-bila-paulmann-40174\/\",\"url\":\"https:\/\/www.domkraftpro.com\/index.php\/produkt\/aktualni-trafo-disc-kulate-35-105w-230-12v-bila-paulmann-40174\/\",\"name\":\"Aktu\u00e1ln\u00ed Trafo DISC (KULAT\u00c9) 35-105W, 230\/12V, b\u00edl\u00e1 - PAULMANN -\",\"isPartOf\":{\"@id\":\"https:\/\/www.domkraftpro.com\/#website\"},\"primaryImageOfPage\":{\"@id\":\"https:\/\/www.domkraftpro.com\/index.php\/produkt\/aktualni-trafo-disc-kulate-35-105w-230-12v-bila-paulmann-40174\/#primaryimage\"},\"image\":{\"@id\":\"https:\/\/www.domkraftpro.com\/index.php\/produkt\/aktualni-trafo-disc-kulate-35-105w-230-12v-bila-paulmann-40174\/#primaryimage\"},\"thumbnailUrl\":\"https:\/\/www.domkraftpro.com\/wp-content\/uploads\/2026\/SK0055963-CZ20260425-091535-0-1777079744-P-97729.webp\",\"datePublished\":\"2026-04-27T04:42:10+00:00\",\"breadcrumb\":{\"@id\":\"https:\/\/www.domkraftpro.com\/index.php\/produkt\/aktualni-trafo-disc-kulate-35-105w-230-12v-bila-paulmann-40174\/#breadcrumb\"},\"inLanguage\":\"cs\",\"potentialAction\":[{\"@type\":\"ReadAction\",\"target\":[\"https:\/\/www.domkraftpro.com\/index.php\/produkt\/aktualni-trafo-disc-kulate-35-105w-230-12v-bila-paulmann-40174\/\"]}]},{\"@type\":\"ImageObject\",\"inLanguage\":\"cs\",\"@id\":\"https:\/\/www.domkraftpro.com\/index.php\/produkt\/aktualni-trafo-disc-kulate-35-105w-230-12v-bila-paulmann-40174\/#primaryimage\",\"url\":\"https:\/\/www.domkraftpro.com\/wp-content\/uploads\/2026\/SK0055963-CZ20260425-091535-0-1777079744-P-97729.webp\",\"contentUrl\":\"https:\/\/www.domkraftpro.com\/wp-content\/uploads\/2026\/SK0055963-CZ20260425-091535-0-1777079744-P-97729.webp\",\"width\":840,\"height\":560},{\"@type\":\"BreadcrumbList\",\"@id\":\"https:\/\/www.domkraftpro.com\/index.php\/produkt\/aktualni-trafo-disc-kulate-35-105w-230-12v-bila-paulmann-40174\/#breadcrumb\",\"itemListElement\":[{\"@type\":\"ListItem\",\"position\":1,\"name\":\"Home\",\"item\":\"https:\/\/www.domkraftpro.com\/\"},{\"@type\":\"ListItem\",\"position\":2,\"name\":\"Products\",\"item\":\"https:\/\/www.domkraftpro.com\/index.php\/products\/\"},{\"@type\":\"ListItem\",\"position\":3,\"name\":\"Aktu\u00e1ln\u00ed Trafo DISC (KULAT\u00c9) 35-105W, 230\/12V, b\u00edl\u00e1 &#8211; PAULMANN\"}]},{\"@type\":\"WebSite\",\"@id\":\"https:\/\/www.domkraftpro.com\/#website\",\"url\":\"https:\/\/www.domkraftpro.com\/\",\"name\":\"\",\"description\":\"\",\"potentialAction\":[{\"@type\":\"SearchAction\",\"target\":{\"@type\":\"EntryPoint\",\"urlTemplate\":\"https:\/\/www.domkraftpro.com\/?s={search_term_string}\"},\"query-input\":{\"@type\":\"PropertyValueSpecification\",\"valueRequired\":true,\"valueName\":\"search_term_string\"}}],\"inLanguage\":\"cs\"}]}<\/script>\n<!-- \/ Yoast SEO plugin. -->","yoast_head_json":{"title":"Aktu\u00e1ln\u00ed Trafo DISC (KULAT\u00c9) 35-105W, 230\/12V, b\u00edl\u00e1 - PAULMANN -","robots":{"index":"index","follow":"follow","max-snippet":"max-snippet:-1","max-image-preview":"max-image-preview:large","max-video-preview":"max-video-preview:-1"},"canonical":"https:\/\/www.domkraftpro.com\/index.php\/produkt\/aktualni-trafo-disc-kulate-35-105w-230-12v-bila-paulmann-40174\/","og_locale":"cs_CZ","og_type":"article","og_title":"Aktu\u00e1ln\u00ed Trafo DISC (KULAT\u00c9) 35-105W, 230\/12V, b\u00edl\u00e1 - PAULMANN -","og_description":"Parametry V\u00fdrobce PAULMANN Zna\u010dka MM ano V\u00fd\u0161ka v mm 22 Materi\u00e1l plast Max. p\u0159\u00edkon sv\u011bteln\u00e9ho zdroje 35-100W Barva b\u00edl\u00e1 V\u00fdkon 35-105W D\u00e9lka v mm 25 V\u00fdkon transform\u00e1toru 105VA \u017divotnost 50000h Typ sv\u011bteln\u00e9ho zdroje bez zdroje sv\u011btla Nap\u00e1jec\u00ed nap\u011bt\u00ed 230\/12 V Stm\u00edvateln\u00e9 ano Pr\u016fm\u011br v mm 75 Index pod\u00e1n\u00ed barev 80","og_url":"https:\/\/www.domkraftpro.com\/index.php\/produkt\/aktualni-trafo-disc-kulate-35-105w-230-12v-bila-paulmann-40174\/","og_image":[{"width":840,"height":560,"url":"https:\/\/www.domkraftpro.com\/wp-content\/uploads\/2026\/SK0055963-CZ20260425-091535-0-1777079744-P-97729.webp","type":"image\/webp"}],"twitter_card":"summary_large_image","schema":{"@context":"https:\/\/schema.org","@graph":[{"@type":"WebPage","@id":"https:\/\/www.domkraftpro.com\/index.php\/produkt\/aktualni-trafo-disc-kulate-35-105w-230-12v-bila-paulmann-40174\/","url":"https:\/\/www.domkraftpro.com\/index.php\/produkt\/aktualni-trafo-disc-kulate-35-105w-230-12v-bila-paulmann-40174\/","name":"Aktu\u00e1ln\u00ed Trafo DISC (KULAT\u00c9) 35-105W, 230\/12V, b\u00edl\u00e1 - PAULMANN -","isPartOf":{"@id":"https:\/\/www.domkraftpro.com\/#website"},"primaryImageOfPage":{"@id":"https:\/\/www.domkraftpro.com\/index.php\/produkt\/aktualni-trafo-disc-kulate-35-105w-230-12v-bila-paulmann-40174\/#primaryimage"},"image":{"@id":"https:\/\/www.domkraftpro.com\/index.php\/produkt\/aktualni-trafo-disc-kulate-35-105w-230-12v-bila-paulmann-40174\/#primaryimage"},"thumbnailUrl":"https:\/\/www.domkraftpro.com\/wp-content\/uploads\/2026\/SK0055963-CZ20260425-091535-0-1777079744-P-97729.webp","datePublished":"2026-04-27T04:42:10+00:00","breadcrumb":{"@id":"https:\/\/www.domkraftpro.com\/index.php\/produkt\/aktualni-trafo-disc-kulate-35-105w-230-12v-bila-paulmann-40174\/#breadcrumb"},"inLanguage":"cs","potentialAction":[{"@type":"ReadAction","target":["https:\/\/www.domkraftpro.com\/index.php\/produkt\/aktualni-trafo-disc-kulate-35-105w-230-12v-bila-paulmann-40174\/"]}]},{"@type":"ImageObject","inLanguage":"cs","@id":"https:\/\/www.domkraftpro.com\/index.php\/produkt\/aktualni-trafo-disc-kulate-35-105w-230-12v-bila-paulmann-40174\/#primaryimage","url":"https:\/\/www.domkraftpro.com\/wp-content\/uploads\/2026\/SK0055963-CZ20260425-091535-0-1777079744-P-97729.webp","contentUrl":"https:\/\/www.domkraftpro.com\/wp-content\/uploads\/2026\/SK0055963-CZ20260425-091535-0-1777079744-P-97729.webp","width":840,"height":560},{"@type":"BreadcrumbList","@id":"https:\/\/www.domkraftpro.com\/index.php\/produkt\/aktualni-trafo-disc-kulate-35-105w-230-12v-bila-paulmann-40174\/#breadcrumb","itemListElement":[{"@type":"ListItem","position":1,"name":"Home","item":"https:\/\/www.domkraftpro.com\/"},{"@type":"ListItem","position":2,"name":"Products","item":"https:\/\/www.domkraftpro.com\/index.php\/products\/"},{"@type":"ListItem","position":3,"name":"Aktu\u00e1ln\u00ed Trafo DISC (KULAT\u00c9) 35-105W, 230\/12V, b\u00edl\u00e1 &#8211; PAULMANN"}]},{"@type":"WebSite","@id":"https:\/\/www.domkraftpro.com\/#website","url":"https:\/\/www.domkraftpro.com\/","name":"","description":"","potentialAction":[{"@type":"SearchAction","target":{"@type":"EntryPoint","urlTemplate":"https:\/\/www.domkraftpro.com\/?s={search_term_string}"},"query-input":{"@type":"PropertyValueSpecification","valueRequired":true,"valueName":"search_term_string"}}],"inLanguage":"cs"}]}},"_links":{"self":[{"href":"https:\/\/www.domkraftpro.com\/index.php\/wp-json\/wp\/v2\/product\/40174","targetHints":{"allow":["GET"]}}],"collection":[{"href":"https:\/\/www.domkraftpro.com\/index.php\/wp-json\/wp\/v2\/product"}],"about":[{"href":"https:\/\/www.domkraftpro.com\/index.php\/wp-json\/wp\/v2\/types\/product"}],"replies":[{"embeddable":true,"href":"https:\/\/www.domkraftpro.com\/index.php\/wp-json\/wp\/v2\/comments?post=40174"}],"wp:featuredmedia":[{"embeddable":true,"href":"https:\/\/www.domkraftpro.com\/index.php\/wp-json\/wp\/v2\/media\/40274"}],"wp:attachment":[{"href":"https:\/\/www.domkraftpro.com\/index.php\/wp-json\/wp\/v2\/media?parent=40174"}],"wp:term":[{"taxonomy":"product_brand","embeddable":true,"href":"https:\/\/www.domkraftpro.com\/index.php\/wp-json\/wp\/v2\/product_brand?post=40174"},{"taxonomy":"product_cat","embeddable":true,"href":"https:\/\/www.domkraftpro.com\/index.php\/wp-json\/wp\/v2\/product_cat?post=40174"},{"taxonomy":"product_tag","embeddable":true,"href":"https:\/\/www.domkraftpro.com\/index.php\/wp-json\/wp\/v2\/product_tag?post=40174"}],"curies":[{"name":"wp","href":"https:\/\/api.w.org\/{rel}","templated":true}]}}