{"id":3751,"date":"2026-04-27T04:40:34","date_gmt":"2026-04-27T04:40:34","guid":{"rendered":""},"modified":"2026-04-27T04:40:34","modified_gmt":"2026-04-27T04:40:34","slug":"adapter-pro-zapustne-otvory-o-prumeru-75-120-mm-na-68-70-mm-bila-paulmann-ihned-k-objednani-3751","status":"publish","type":"product","link":"https:\/\/www.domkraftpro.com\/index.php\/produkt\/adapter-pro-zapustne-otvory-o-prumeru-75-120-mm-na-68-70-mm-bila-paulmann-ihned-k-objednani-3751\/","title":{"rendered":"Adapt\u00e9r pro z\u00e1pustn\u00e9 otvory o pr\u016fm\u011bru 75-120 mm na 68-70 mm b\u00edl\u00e1 &#8211; PAULMANN Ihned K Objedn\u00e1n\u00ed"},"content":{"rendered":"<p><\/p>\n<div class=\"top-params\">\n<h3 class=\"product-h3 collapse-header \" data-toggle=\"collapse\" data-target=\"#collapseOne\" aria-expanded=\"true\" aria-controls=\"collapseOne\">Parametry<\/h3>\n<div id=\"collapseOne\" class=\"collapse show\" aria-labelledby=\"headingOne\" data-parent=\"#product-info-accordion1\">\n<table class=\"table-striped\">\n<tr>\n<td>                Max. p\u0159\u00edkon sv\u011bteln\u00e9ho zdroje            <\/td>\n<td>                50W            <\/td>\n<\/tr>\n<tr>\n<td>                Barva            <\/td>\n<td>                b\u00edl\u00e1            <\/td>\n<\/tr>\n<tr>\n<td>                Po\u010det sv\u011bteln\u00fdch zdroj\u016f            <\/td>\n<td>                1            <\/td>\n<\/tr>\n<tr>\n<td>                V\u00fdkon            <\/td>\n<td>                50W            <\/td>\n<\/tr>\n<tr>\n<td>                Mont\u00e1\u017en\u00ed otvor v mm            <\/td>\n<td>                75&#215;120            <\/td>\n<\/tr>\n<tr>\n<td>                Z\u00e1pustn\u00e1 hloubka v mm            <\/td>\n<td>                25            <\/td>\n<\/tr>\n<tr>\n<td>                V\u00fdrobce            <\/td>\n<td>                PAULMANN            <\/td>\n<\/tr>\n<tr>\n<td>                Materi\u00e1l            <\/td>\n<td>                kov            <\/td>\n<\/tr>\n<tr>\n<td>                V\u010detn\u011b sv\u011bteln\u00e9ho zdroje            <\/td>\n<td>                ne            <\/td>\n<\/tr>\n<tr>\n<td>                Typ sv\u011bteln\u00e9ho zdroje            <\/td>\n<td>                bez zdroje sv\u011btla            <\/td>\n<\/tr>\n<tr>\n<td>                D\u00e9lka v mm            <\/td>\n<td>                10            <\/td>\n<\/tr>\n<tr>\n<td>                Pr\u016fm\u011br v mm            <\/td>\n<td>                130            <\/td>\n<\/tr>\n<\/table>\n<\/div><\/div>\n<\/div>\n<div class=\"accordion\" id=\"product-info-accordion2\">\n","protected":false},"excerpt":{"rendered":"<p>Parametry Max. p\u0159\u00edkon sv\u011bteln\u00e9ho zdroje 50W Barva b\u00edl\u00e1 Po\u010det sv\u011bteln\u00fdch zdroj\u016f 1 V\u00fdkon 50W Mont\u00e1\u017en\u00ed otvor v mm 75&#215;120 Z\u00e1pustn\u00e1 hloubka v mm 25 V\u00fdrobce PAULMANN Materi\u00e1l kov V\u010detn\u011b sv\u011bteln\u00e9ho zdroje ne Typ sv\u011bteln\u00e9ho zdroje bez zdroje sv\u011btla D\u00e9lka v mm 10 Pr\u016fm\u011br v mm 130<\/p>\n","protected":false},"featured_media":3851,"comment_status":"open","ping_status":"open","template":"","meta":[],"product_brand":[],"product_cat":[43],"product_tag":[],"class_list":{"0":"post-3751","1":"product","2":"type-product","3":"status-publish","4":"has-post-thumbnail","6":"product_cat-prislusenstvi","8":"first","9":"instock","10":"sale","11":"shipping-taxable","12":"purchasable","13":"product-type-simple"},"yoast_head":"<!-- This site is optimized with the Yoast SEO plugin v26.8 - https:\/\/yoast.com\/product\/yoast-seo-wordpress\/ -->\n<title>Adapt\u00e9r pro z\u00e1pustn\u00e9 otvory o pr\u016fm\u011bru 75-120 mm na 68-70 mm b\u00edl\u00e1 - PAULMANN Ihned K Objedn\u00e1n\u00ed -<\/title>\n<meta name=\"robots\" content=\"index, follow, max-snippet:-1, max-image-preview:large, max-video-preview:-1\" \/>\n<link rel=\"canonical\" href=\"https:\/\/www.domkraftpro.com\/index.php\/produkt\/adapter-pro-zapustne-otvory-o-prumeru-75-120-mm-na-68-70-mm-bila-paulmann-ihned-k-objednani-3751\/\" \/>\n<meta property=\"og:locale\" content=\"cs_CZ\" \/>\n<meta property=\"og:type\" content=\"article\" \/>\n<meta property=\"og:title\" content=\"Adapt\u00e9r pro z\u00e1pustn\u00e9 otvory o pr\u016fm\u011bru 75-120 mm na 68-70 mm b\u00edl\u00e1 - PAULMANN Ihned K Objedn\u00e1n\u00ed -\" \/>\n<meta property=\"og:description\" content=\"Parametry Max. p\u0159\u00edkon sv\u011bteln\u00e9ho zdroje 50W Barva b\u00edl\u00e1 Po\u010det sv\u011bteln\u00fdch zdroj\u016f 1 V\u00fdkon 50W Mont\u00e1\u017en\u00ed otvor v mm 75&#215;120 Z\u00e1pustn\u00e1 hloubka v mm 25 V\u00fdrobce PAULMANN Materi\u00e1l kov V\u010detn\u011b sv\u011bteln\u00e9ho zdroje ne Typ sv\u011bteln\u00e9ho zdroje bez zdroje sv\u011btla D\u00e9lka v mm 10 Pr\u016fm\u011br v mm 130\" \/>\n<meta property=\"og:url\" content=\"https:\/\/www.domkraftpro.com\/index.php\/produkt\/adapter-pro-zapustne-otvory-o-prumeru-75-120-mm-na-68-70-mm-bila-paulmann-ihned-k-objednani-3751\/\" \/>\n<meta property=\"og:image\" content=\"https:\/\/www.domkraftpro.com\/wp-content\/uploads\/2026\/SK0054571-CZ20260425-091535-0-1777079744-P-92505.webp\" \/>\n\t<meta property=\"og:image:width\" content=\"840\" \/>\n\t<meta property=\"og:image:height\" content=\"560\" \/>\n\t<meta property=\"og:image:type\" content=\"image\/webp\" \/>\n<meta name=\"twitter:card\" content=\"summary_large_image\" \/>\n<script type=\"application\/ld+json\" class=\"yoast-schema-graph\">{\"@context\":\"https:\/\/schema.org\",\"@graph\":[{\"@type\":\"WebPage\",\"@id\":\"https:\/\/www.domkraftpro.com\/index.php\/produkt\/adapter-pro-zapustne-otvory-o-prumeru-75-120-mm-na-68-70-mm-bila-paulmann-ihned-k-objednani-3751\/\",\"url\":\"https:\/\/www.domkraftpro.com\/index.php\/produkt\/adapter-pro-zapustne-otvory-o-prumeru-75-120-mm-na-68-70-mm-bila-paulmann-ihned-k-objednani-3751\/\",\"name\":\"Adapt\u00e9r pro z\u00e1pustn\u00e9 otvory o pr\u016fm\u011bru 75-120 mm na 68-70 mm b\u00edl\u00e1 - PAULMANN Ihned K Objedn\u00e1n\u00ed -\",\"isPartOf\":{\"@id\":\"https:\/\/www.domkraftpro.com\/#website\"},\"primaryImageOfPage\":{\"@id\":\"https:\/\/www.domkraftpro.com\/index.php\/produkt\/adapter-pro-zapustne-otvory-o-prumeru-75-120-mm-na-68-70-mm-bila-paulmann-ihned-k-objednani-3751\/#primaryimage\"},\"image\":{\"@id\":\"https:\/\/www.domkraftpro.com\/index.php\/produkt\/adapter-pro-zapustne-otvory-o-prumeru-75-120-mm-na-68-70-mm-bila-paulmann-ihned-k-objednani-3751\/#primaryimage\"},\"thumbnailUrl\":\"https:\/\/www.domkraftpro.com\/wp-content\/uploads\/2026\/SK0054571-CZ20260425-091535-0-1777079744-P-92505.webp\",\"datePublished\":\"2026-04-27T04:40:34+00:00\",\"breadcrumb\":{\"@id\":\"https:\/\/www.domkraftpro.com\/index.php\/produkt\/adapter-pro-zapustne-otvory-o-prumeru-75-120-mm-na-68-70-mm-bila-paulmann-ihned-k-objednani-3751\/#breadcrumb\"},\"inLanguage\":\"cs\",\"potentialAction\":[{\"@type\":\"ReadAction\",\"target\":[\"https:\/\/www.domkraftpro.com\/index.php\/produkt\/adapter-pro-zapustne-otvory-o-prumeru-75-120-mm-na-68-70-mm-bila-paulmann-ihned-k-objednani-3751\/\"]}]},{\"@type\":\"ImageObject\",\"inLanguage\":\"cs\",\"@id\":\"https:\/\/www.domkraftpro.com\/index.php\/produkt\/adapter-pro-zapustne-otvory-o-prumeru-75-120-mm-na-68-70-mm-bila-paulmann-ihned-k-objednani-3751\/#primaryimage\",\"url\":\"https:\/\/www.domkraftpro.com\/wp-content\/uploads\/2026\/SK0054571-CZ20260425-091535-0-1777079744-P-92505.webp\",\"contentUrl\":\"https:\/\/www.domkraftpro.com\/wp-content\/uploads\/2026\/SK0054571-CZ20260425-091535-0-1777079744-P-92505.webp\",\"width\":840,\"height\":560},{\"@type\":\"BreadcrumbList\",\"@id\":\"https:\/\/www.domkraftpro.com\/index.php\/produkt\/adapter-pro-zapustne-otvory-o-prumeru-75-120-mm-na-68-70-mm-bila-paulmann-ihned-k-objednani-3751\/#breadcrumb\",\"itemListElement\":[{\"@type\":\"ListItem\",\"position\":1,\"name\":\"Home\",\"item\":\"https:\/\/www.domkraftpro.com\/\"},{\"@type\":\"ListItem\",\"position\":2,\"name\":\"Products\",\"item\":\"https:\/\/www.domkraftpro.com\/index.php\/products\/\"},{\"@type\":\"ListItem\",\"position\":3,\"name\":\"Adapt\u00e9r pro z\u00e1pustn\u00e9 otvory o pr\u016fm\u011bru 75-120 mm na 68-70 mm b\u00edl\u00e1 &#8211; PAULMANN Ihned K Objedn\u00e1n\u00ed\"}]},{\"@type\":\"WebSite\",\"@id\":\"https:\/\/www.domkraftpro.com\/#website\",\"url\":\"https:\/\/www.domkraftpro.com\/\",\"name\":\"\",\"description\":\"\",\"potentialAction\":[{\"@type\":\"SearchAction\",\"target\":{\"@type\":\"EntryPoint\",\"urlTemplate\":\"https:\/\/www.domkraftpro.com\/?s={search_term_string}\"},\"query-input\":{\"@type\":\"PropertyValueSpecification\",\"valueRequired\":true,\"valueName\":\"search_term_string\"}}],\"inLanguage\":\"cs\"}]}<\/script>\n<!-- \/ Yoast SEO plugin. -->","yoast_head_json":{"title":"Adapt\u00e9r pro z\u00e1pustn\u00e9 otvory o pr\u016fm\u011bru 75-120 mm na 68-70 mm b\u00edl\u00e1 - PAULMANN Ihned K Objedn\u00e1n\u00ed -","robots":{"index":"index","follow":"follow","max-snippet":"max-snippet:-1","max-image-preview":"max-image-preview:large","max-video-preview":"max-video-preview:-1"},"canonical":"https:\/\/www.domkraftpro.com\/index.php\/produkt\/adapter-pro-zapustne-otvory-o-prumeru-75-120-mm-na-68-70-mm-bila-paulmann-ihned-k-objednani-3751\/","og_locale":"cs_CZ","og_type":"article","og_title":"Adapt\u00e9r pro z\u00e1pustn\u00e9 otvory o pr\u016fm\u011bru 75-120 mm na 68-70 mm b\u00edl\u00e1 - PAULMANN Ihned K Objedn\u00e1n\u00ed -","og_description":"Parametry Max. p\u0159\u00edkon sv\u011bteln\u00e9ho zdroje 50W Barva b\u00edl\u00e1 Po\u010det sv\u011bteln\u00fdch zdroj\u016f 1 V\u00fdkon 50W Mont\u00e1\u017en\u00ed otvor v mm 75&#215;120 Z\u00e1pustn\u00e1 hloubka v mm 25 V\u00fdrobce PAULMANN Materi\u00e1l kov V\u010detn\u011b sv\u011bteln\u00e9ho zdroje ne Typ sv\u011bteln\u00e9ho zdroje bez zdroje sv\u011btla D\u00e9lka v mm 10 Pr\u016fm\u011br v mm 130","og_url":"https:\/\/www.domkraftpro.com\/index.php\/produkt\/adapter-pro-zapustne-otvory-o-prumeru-75-120-mm-na-68-70-mm-bila-paulmann-ihned-k-objednani-3751\/","og_image":[{"width":840,"height":560,"url":"https:\/\/www.domkraftpro.com\/wp-content\/uploads\/2026\/SK0054571-CZ20260425-091535-0-1777079744-P-92505.webp","type":"image\/webp"}],"twitter_card":"summary_large_image","schema":{"@context":"https:\/\/schema.org","@graph":[{"@type":"WebPage","@id":"https:\/\/www.domkraftpro.com\/index.php\/produkt\/adapter-pro-zapustne-otvory-o-prumeru-75-120-mm-na-68-70-mm-bila-paulmann-ihned-k-objednani-3751\/","url":"https:\/\/www.domkraftpro.com\/index.php\/produkt\/adapter-pro-zapustne-otvory-o-prumeru-75-120-mm-na-68-70-mm-bila-paulmann-ihned-k-objednani-3751\/","name":"Adapt\u00e9r pro z\u00e1pustn\u00e9 otvory o pr\u016fm\u011bru 75-120 mm na 68-70 mm b\u00edl\u00e1 - PAULMANN Ihned K Objedn\u00e1n\u00ed -","isPartOf":{"@id":"https:\/\/www.domkraftpro.com\/#website"},"primaryImageOfPage":{"@id":"https:\/\/www.domkraftpro.com\/index.php\/produkt\/adapter-pro-zapustne-otvory-o-prumeru-75-120-mm-na-68-70-mm-bila-paulmann-ihned-k-objednani-3751\/#primaryimage"},"image":{"@id":"https:\/\/www.domkraftpro.com\/index.php\/produkt\/adapter-pro-zapustne-otvory-o-prumeru-75-120-mm-na-68-70-mm-bila-paulmann-ihned-k-objednani-3751\/#primaryimage"},"thumbnailUrl":"https:\/\/www.domkraftpro.com\/wp-content\/uploads\/2026\/SK0054571-CZ20260425-091535-0-1777079744-P-92505.webp","datePublished":"2026-04-27T04:40:34+00:00","breadcrumb":{"@id":"https:\/\/www.domkraftpro.com\/index.php\/produkt\/adapter-pro-zapustne-otvory-o-prumeru-75-120-mm-na-68-70-mm-bila-paulmann-ihned-k-objednani-3751\/#breadcrumb"},"inLanguage":"cs","potentialAction":[{"@type":"ReadAction","target":["https:\/\/www.domkraftpro.com\/index.php\/produkt\/adapter-pro-zapustne-otvory-o-prumeru-75-120-mm-na-68-70-mm-bila-paulmann-ihned-k-objednani-3751\/"]}]},{"@type":"ImageObject","inLanguage":"cs","@id":"https:\/\/www.domkraftpro.com\/index.php\/produkt\/adapter-pro-zapustne-otvory-o-prumeru-75-120-mm-na-68-70-mm-bila-paulmann-ihned-k-objednani-3751\/#primaryimage","url":"https:\/\/www.domkraftpro.com\/wp-content\/uploads\/2026\/SK0054571-CZ20260425-091535-0-1777079744-P-92505.webp","contentUrl":"https:\/\/www.domkraftpro.com\/wp-content\/uploads\/2026\/SK0054571-CZ20260425-091535-0-1777079744-P-92505.webp","width":840,"height":560},{"@type":"BreadcrumbList","@id":"https:\/\/www.domkraftpro.com\/index.php\/produkt\/adapter-pro-zapustne-otvory-o-prumeru-75-120-mm-na-68-70-mm-bila-paulmann-ihned-k-objednani-3751\/#breadcrumb","itemListElement":[{"@type":"ListItem","position":1,"name":"Home","item":"https:\/\/www.domkraftpro.com\/"},{"@type":"ListItem","position":2,"name":"Products","item":"https:\/\/www.domkraftpro.com\/index.php\/products\/"},{"@type":"ListItem","position":3,"name":"Adapt\u00e9r pro z\u00e1pustn\u00e9 otvory o pr\u016fm\u011bru 75-120 mm na 68-70 mm b\u00edl\u00e1 &#8211; PAULMANN Ihned K Objedn\u00e1n\u00ed"}]},{"@type":"WebSite","@id":"https:\/\/www.domkraftpro.com\/#website","url":"https:\/\/www.domkraftpro.com\/","name":"","description":"","potentialAction":[{"@type":"SearchAction","target":{"@type":"EntryPoint","urlTemplate":"https:\/\/www.domkraftpro.com\/?s={search_term_string}"},"query-input":{"@type":"PropertyValueSpecification","valueRequired":true,"valueName":"search_term_string"}}],"inLanguage":"cs"}]}},"_links":{"self":[{"href":"https:\/\/www.domkraftpro.com\/index.php\/wp-json\/wp\/v2\/product\/3751","targetHints":{"allow":["GET"]}}],"collection":[{"href":"https:\/\/www.domkraftpro.com\/index.php\/wp-json\/wp\/v2\/product"}],"about":[{"href":"https:\/\/www.domkraftpro.com\/index.php\/wp-json\/wp\/v2\/types\/product"}],"replies":[{"embeddable":true,"href":"https:\/\/www.domkraftpro.com\/index.php\/wp-json\/wp\/v2\/comments?post=3751"}],"wp:featuredmedia":[{"embeddable":true,"href":"https:\/\/www.domkraftpro.com\/index.php\/wp-json\/wp\/v2\/media\/3851"}],"wp:attachment":[{"href":"https:\/\/www.domkraftpro.com\/index.php\/wp-json\/wp\/v2\/media?parent=3751"}],"wp:term":[{"taxonomy":"product_brand","embeddable":true,"href":"https:\/\/www.domkraftpro.com\/index.php\/wp-json\/wp\/v2\/product_brand?post=3751"},{"taxonomy":"product_cat","embeddable":true,"href":"https:\/\/www.domkraftpro.com\/index.php\/wp-json\/wp\/v2\/product_cat?post=3751"},{"taxonomy":"product_tag","embeddable":true,"href":"https:\/\/www.domkraftpro.com\/index.php\/wp-json\/wp\/v2\/product_tag?post=3751"}],"curies":[{"name":"wp","href":"https:\/\/api.w.org\/{rel}","templated":true}]}}