{"id":3585,"date":"2026-04-27T04:40:34","date_gmt":"2026-04-27T04:40:34","guid":{"rendered":""},"modified":"2026-04-27T04:40:34","modified_gmt":"2026-04-27T04:40:34","slug":"pripojovaci-sada-pro-zapustne-svitidlo-gu10-230v-vc-svorky-paulmann-specialni-cena-3585","status":"publish","type":"product","link":"https:\/\/www.domkraftpro.com\/index.php\/produkt\/pripojovaci-sada-pro-zapustne-svitidlo-gu10-230v-vc-svorky-paulmann-specialni-cena-3585\/","title":{"rendered":"P\u0159ipojovac\u00ed sada pro z\u00e1pustn\u00e9 sv\u00edtidlo GU10 230V v\u010d.svorky &#8211; PAULMANN Speci\u00e1ln\u00ed Cena"},"content":{"rendered":"<p><\/p>\n<div class=\"top-params\">\n<h3 class=\"product-h3 collapse-header \" data-toggle=\"collapse\" data-target=\"#collapseOne\" aria-expanded=\"true\" aria-controls=\"collapseOne\">Parametry<\/h3>\n<div id=\"collapseOne\" class=\"collapse show\" aria-labelledby=\"headingOne\" data-parent=\"#product-info-accordion1\">\n<table class=\"table-striped\">\n<tr>\n<td>                Max. p\u0159\u00edkon sv\u011bteln\u00e9ho zdroje            <\/td>\n<td>                50W            <\/td>\n<\/tr>\n<tr>\n<td>                Nap\u00e1jec\u00ed nap\u011bt\u00ed            <\/td>\n<td>                230 V            <\/td>\n<\/tr>\n<tr>\n<td>                Patice            <\/td>\n<td>                GU10            <\/td>\n<\/tr>\n<tr>\n<td>                Barva            <\/td>\n<td>                \u010dern\u00e1            <\/td>\n<\/tr>\n<tr>\n<td>                V\u00fdkon            <\/td>\n<td>                50W            <\/td>\n<\/tr>\n<tr>\n<td>                T\u0159\u00edda ochrany            <\/td>\n<td>                II            <\/td>\n<\/tr>\n<tr>\n<td>                V\u00fdrobce            <\/td>\n<td>                PAULMANN            <\/td>\n<\/tr>\n<tr>\n<td>                \u0160\u00ed\u0159ka v mm            <\/td>\n<td>                70            <\/td>\n<\/tr>\n<tr>\n<td>                Hloubka v mm            <\/td>\n<td>                35            <\/td>\n<\/tr>\n<tr>\n<td>                Materi\u00e1l            <\/td>\n<td>                plast            <\/td>\n<\/tr>\n<tr>\n<td>                Typ sv\u011bteln\u00e9ho zdroje            <\/td>\n<td>                230V Halogen            <\/td>\n<\/tr>\n<tr>\n<td>                V\u00fd\u0161ka v mm            <\/td>\n<td>                23            <\/td>\n<\/tr>\n<\/table>\n<\/div><\/div>\n<\/div>\n<div class=\"accordion\" id=\"product-info-accordion2\">\n","protected":false},"excerpt":{"rendered":"<p>Parametry Max. p\u0159\u00edkon sv\u011bteln\u00e9ho zdroje 50W Nap\u00e1jec\u00ed nap\u011bt\u00ed 230 V Patice GU10 Barva \u010dern\u00e1 V\u00fdkon 50W T\u0159\u00edda ochrany II V\u00fdrobce PAULMANN \u0160\u00ed\u0159ka v mm 70 Hloubka v mm 35 Materi\u00e1l plast Typ sv\u011bteln\u00e9ho zdroje 230V Halogen V\u00fd\u0161ka v mm 23<\/p>\n","protected":false},"featured_media":3685,"comment_status":"open","ping_status":"open","template":"","meta":[],"product_brand":[],"product_cat":[43],"product_tag":[],"class_list":{"0":"post-3585","1":"product","2":"type-product","3":"status-publish","4":"has-post-thumbnail","6":"product_cat-prislusenstvi","8":"first","9":"instock","10":"sale","11":"shipping-taxable","12":"purchasable","13":"product-type-simple"},"yoast_head":"<!-- This site is optimized with the Yoast SEO plugin v26.8 - https:\/\/yoast.com\/product\/yoast-seo-wordpress\/ -->\n<title>P\u0159ipojovac\u00ed sada pro z\u00e1pustn\u00e9 sv\u00edtidlo GU10 230V v\u010d.svorky - PAULMANN Speci\u00e1ln\u00ed Cena -<\/title>\n<meta name=\"robots\" content=\"index, follow, max-snippet:-1, max-image-preview:large, max-video-preview:-1\" \/>\n<link rel=\"canonical\" href=\"https:\/\/www.domkraftpro.com\/index.php\/produkt\/pripojovaci-sada-pro-zapustne-svitidlo-gu10-230v-vc-svorky-paulmann-specialni-cena-3585\/\" \/>\n<meta property=\"og:locale\" content=\"cs_CZ\" \/>\n<meta property=\"og:type\" content=\"article\" \/>\n<meta property=\"og:title\" content=\"P\u0159ipojovac\u00ed sada pro z\u00e1pustn\u00e9 sv\u00edtidlo GU10 230V v\u010d.svorky - PAULMANN Speci\u00e1ln\u00ed Cena -\" \/>\n<meta property=\"og:description\" content=\"Parametry Max. p\u0159\u00edkon sv\u011bteln\u00e9ho zdroje 50W Nap\u00e1jec\u00ed nap\u011bt\u00ed 230 V Patice GU10 Barva \u010dern\u00e1 V\u00fdkon 50W T\u0159\u00edda ochrany II V\u00fdrobce PAULMANN \u0160\u00ed\u0159ka v mm 70 Hloubka v mm 35 Materi\u00e1l plast Typ sv\u011bteln\u00e9ho zdroje 230V Halogen V\u00fd\u0161ka v mm 23\" \/>\n<meta property=\"og:url\" content=\"https:\/\/www.domkraftpro.com\/index.php\/produkt\/pripojovaci-sada-pro-zapustne-svitidlo-gu10-230v-vc-svorky-paulmann-specialni-cena-3585\/\" \/>\n<meta property=\"og:image\" content=\"https:\/\/www.domkraftpro.com\/wp-content\/uploads\/2026\/SK0054905-CZ20260425-091535-0-1777079744-P-93810.webp\" \/>\n\t<meta property=\"og:image:width\" content=\"700\" \/>\n\t<meta property=\"og:image:height\" content=\"560\" \/>\n\t<meta property=\"og:image:type\" content=\"image\/webp\" \/>\n<meta name=\"twitter:card\" content=\"summary_large_image\" \/>\n<script type=\"application\/ld+json\" class=\"yoast-schema-graph\">{\"@context\":\"https:\/\/schema.org\",\"@graph\":[{\"@type\":\"WebPage\",\"@id\":\"https:\/\/www.domkraftpro.com\/index.php\/produkt\/pripojovaci-sada-pro-zapustne-svitidlo-gu10-230v-vc-svorky-paulmann-specialni-cena-3585\/\",\"url\":\"https:\/\/www.domkraftpro.com\/index.php\/produkt\/pripojovaci-sada-pro-zapustne-svitidlo-gu10-230v-vc-svorky-paulmann-specialni-cena-3585\/\",\"name\":\"P\u0159ipojovac\u00ed sada pro z\u00e1pustn\u00e9 sv\u00edtidlo GU10 230V v\u010d.svorky - PAULMANN Speci\u00e1ln\u00ed Cena -\",\"isPartOf\":{\"@id\":\"https:\/\/www.domkraftpro.com\/#website\"},\"primaryImageOfPage\":{\"@id\":\"https:\/\/www.domkraftpro.com\/index.php\/produkt\/pripojovaci-sada-pro-zapustne-svitidlo-gu10-230v-vc-svorky-paulmann-specialni-cena-3585\/#primaryimage\"},\"image\":{\"@id\":\"https:\/\/www.domkraftpro.com\/index.php\/produkt\/pripojovaci-sada-pro-zapustne-svitidlo-gu10-230v-vc-svorky-paulmann-specialni-cena-3585\/#primaryimage\"},\"thumbnailUrl\":\"https:\/\/www.domkraftpro.com\/wp-content\/uploads\/2026\/SK0054905-CZ20260425-091535-0-1777079744-P-93810.webp\",\"datePublished\":\"2026-04-27T04:40:34+00:00\",\"breadcrumb\":{\"@id\":\"https:\/\/www.domkraftpro.com\/index.php\/produkt\/pripojovaci-sada-pro-zapustne-svitidlo-gu10-230v-vc-svorky-paulmann-specialni-cena-3585\/#breadcrumb\"},\"inLanguage\":\"cs\",\"potentialAction\":[{\"@type\":\"ReadAction\",\"target\":[\"https:\/\/www.domkraftpro.com\/index.php\/produkt\/pripojovaci-sada-pro-zapustne-svitidlo-gu10-230v-vc-svorky-paulmann-specialni-cena-3585\/\"]}]},{\"@type\":\"ImageObject\",\"inLanguage\":\"cs\",\"@id\":\"https:\/\/www.domkraftpro.com\/index.php\/produkt\/pripojovaci-sada-pro-zapustne-svitidlo-gu10-230v-vc-svorky-paulmann-specialni-cena-3585\/#primaryimage\",\"url\":\"https:\/\/www.domkraftpro.com\/wp-content\/uploads\/2026\/SK0054905-CZ20260425-091535-0-1777079744-P-93810.webp\",\"contentUrl\":\"https:\/\/www.domkraftpro.com\/wp-content\/uploads\/2026\/SK0054905-CZ20260425-091535-0-1777079744-P-93810.webp\",\"width\":700,\"height\":560},{\"@type\":\"BreadcrumbList\",\"@id\":\"https:\/\/www.domkraftpro.com\/index.php\/produkt\/pripojovaci-sada-pro-zapustne-svitidlo-gu10-230v-vc-svorky-paulmann-specialni-cena-3585\/#breadcrumb\",\"itemListElement\":[{\"@type\":\"ListItem\",\"position\":1,\"name\":\"Home\",\"item\":\"https:\/\/www.domkraftpro.com\/\"},{\"@type\":\"ListItem\",\"position\":2,\"name\":\"Products\",\"item\":\"https:\/\/www.domkraftpro.com\/index.php\/products\/\"},{\"@type\":\"ListItem\",\"position\":3,\"name\":\"P\u0159ipojovac\u00ed sada pro z\u00e1pustn\u00e9 sv\u00edtidlo GU10 230V v\u010d.svorky &#8211; PAULMANN Speci\u00e1ln\u00ed Cena\"}]},{\"@type\":\"WebSite\",\"@id\":\"https:\/\/www.domkraftpro.com\/#website\",\"url\":\"https:\/\/www.domkraftpro.com\/\",\"name\":\"\",\"description\":\"\",\"potentialAction\":[{\"@type\":\"SearchAction\",\"target\":{\"@type\":\"EntryPoint\",\"urlTemplate\":\"https:\/\/www.domkraftpro.com\/?s={search_term_string}\"},\"query-input\":{\"@type\":\"PropertyValueSpecification\",\"valueRequired\":true,\"valueName\":\"search_term_string\"}}],\"inLanguage\":\"cs\"}]}<\/script>\n<!-- \/ Yoast SEO plugin. -->","yoast_head_json":{"title":"P\u0159ipojovac\u00ed sada pro z\u00e1pustn\u00e9 sv\u00edtidlo GU10 230V v\u010d.svorky - PAULMANN Speci\u00e1ln\u00ed Cena -","robots":{"index":"index","follow":"follow","max-snippet":"max-snippet:-1","max-image-preview":"max-image-preview:large","max-video-preview":"max-video-preview:-1"},"canonical":"https:\/\/www.domkraftpro.com\/index.php\/produkt\/pripojovaci-sada-pro-zapustne-svitidlo-gu10-230v-vc-svorky-paulmann-specialni-cena-3585\/","og_locale":"cs_CZ","og_type":"article","og_title":"P\u0159ipojovac\u00ed sada pro z\u00e1pustn\u00e9 sv\u00edtidlo GU10 230V v\u010d.svorky - PAULMANN Speci\u00e1ln\u00ed Cena -","og_description":"Parametry Max. p\u0159\u00edkon sv\u011bteln\u00e9ho zdroje 50W Nap\u00e1jec\u00ed nap\u011bt\u00ed 230 V Patice GU10 Barva \u010dern\u00e1 V\u00fdkon 50W T\u0159\u00edda ochrany II V\u00fdrobce PAULMANN \u0160\u00ed\u0159ka v mm 70 Hloubka v mm 35 Materi\u00e1l plast Typ sv\u011bteln\u00e9ho zdroje 230V Halogen V\u00fd\u0161ka v mm 23","og_url":"https:\/\/www.domkraftpro.com\/index.php\/produkt\/pripojovaci-sada-pro-zapustne-svitidlo-gu10-230v-vc-svorky-paulmann-specialni-cena-3585\/","og_image":[{"width":700,"height":560,"url":"https:\/\/www.domkraftpro.com\/wp-content\/uploads\/2026\/SK0054905-CZ20260425-091535-0-1777079744-P-93810.webp","type":"image\/webp"}],"twitter_card":"summary_large_image","schema":{"@context":"https:\/\/schema.org","@graph":[{"@type":"WebPage","@id":"https:\/\/www.domkraftpro.com\/index.php\/produkt\/pripojovaci-sada-pro-zapustne-svitidlo-gu10-230v-vc-svorky-paulmann-specialni-cena-3585\/","url":"https:\/\/www.domkraftpro.com\/index.php\/produkt\/pripojovaci-sada-pro-zapustne-svitidlo-gu10-230v-vc-svorky-paulmann-specialni-cena-3585\/","name":"P\u0159ipojovac\u00ed sada pro z\u00e1pustn\u00e9 sv\u00edtidlo GU10 230V v\u010d.svorky - PAULMANN Speci\u00e1ln\u00ed Cena -","isPartOf":{"@id":"https:\/\/www.domkraftpro.com\/#website"},"primaryImageOfPage":{"@id":"https:\/\/www.domkraftpro.com\/index.php\/produkt\/pripojovaci-sada-pro-zapustne-svitidlo-gu10-230v-vc-svorky-paulmann-specialni-cena-3585\/#primaryimage"},"image":{"@id":"https:\/\/www.domkraftpro.com\/index.php\/produkt\/pripojovaci-sada-pro-zapustne-svitidlo-gu10-230v-vc-svorky-paulmann-specialni-cena-3585\/#primaryimage"},"thumbnailUrl":"https:\/\/www.domkraftpro.com\/wp-content\/uploads\/2026\/SK0054905-CZ20260425-091535-0-1777079744-P-93810.webp","datePublished":"2026-04-27T04:40:34+00:00","breadcrumb":{"@id":"https:\/\/www.domkraftpro.com\/index.php\/produkt\/pripojovaci-sada-pro-zapustne-svitidlo-gu10-230v-vc-svorky-paulmann-specialni-cena-3585\/#breadcrumb"},"inLanguage":"cs","potentialAction":[{"@type":"ReadAction","target":["https:\/\/www.domkraftpro.com\/index.php\/produkt\/pripojovaci-sada-pro-zapustne-svitidlo-gu10-230v-vc-svorky-paulmann-specialni-cena-3585\/"]}]},{"@type":"ImageObject","inLanguage":"cs","@id":"https:\/\/www.domkraftpro.com\/index.php\/produkt\/pripojovaci-sada-pro-zapustne-svitidlo-gu10-230v-vc-svorky-paulmann-specialni-cena-3585\/#primaryimage","url":"https:\/\/www.domkraftpro.com\/wp-content\/uploads\/2026\/SK0054905-CZ20260425-091535-0-1777079744-P-93810.webp","contentUrl":"https:\/\/www.domkraftpro.com\/wp-content\/uploads\/2026\/SK0054905-CZ20260425-091535-0-1777079744-P-93810.webp","width":700,"height":560},{"@type":"BreadcrumbList","@id":"https:\/\/www.domkraftpro.com\/index.php\/produkt\/pripojovaci-sada-pro-zapustne-svitidlo-gu10-230v-vc-svorky-paulmann-specialni-cena-3585\/#breadcrumb","itemListElement":[{"@type":"ListItem","position":1,"name":"Home","item":"https:\/\/www.domkraftpro.com\/"},{"@type":"ListItem","position":2,"name":"Products","item":"https:\/\/www.domkraftpro.com\/index.php\/products\/"},{"@type":"ListItem","position":3,"name":"P\u0159ipojovac\u00ed sada pro z\u00e1pustn\u00e9 sv\u00edtidlo GU10 230V v\u010d.svorky &#8211; PAULMANN Speci\u00e1ln\u00ed Cena"}]},{"@type":"WebSite","@id":"https:\/\/www.domkraftpro.com\/#website","url":"https:\/\/www.domkraftpro.com\/","name":"","description":"","potentialAction":[{"@type":"SearchAction","target":{"@type":"EntryPoint","urlTemplate":"https:\/\/www.domkraftpro.com\/?s={search_term_string}"},"query-input":{"@type":"PropertyValueSpecification","valueRequired":true,"valueName":"search_term_string"}}],"inLanguage":"cs"}]}},"_links":{"self":[{"href":"https:\/\/www.domkraftpro.com\/index.php\/wp-json\/wp\/v2\/product\/3585","targetHints":{"allow":["GET"]}}],"collection":[{"href":"https:\/\/www.domkraftpro.com\/index.php\/wp-json\/wp\/v2\/product"}],"about":[{"href":"https:\/\/www.domkraftpro.com\/index.php\/wp-json\/wp\/v2\/types\/product"}],"replies":[{"embeddable":true,"href":"https:\/\/www.domkraftpro.com\/index.php\/wp-json\/wp\/v2\/comments?post=3585"}],"wp:featuredmedia":[{"embeddable":true,"href":"https:\/\/www.domkraftpro.com\/index.php\/wp-json\/wp\/v2\/media\/3685"}],"wp:attachment":[{"href":"https:\/\/www.domkraftpro.com\/index.php\/wp-json\/wp\/v2\/media?parent=3585"}],"wp:term":[{"taxonomy":"product_brand","embeddable":true,"href":"https:\/\/www.domkraftpro.com\/index.php\/wp-json\/wp\/v2\/product_brand?post=3585"},{"taxonomy":"product_cat","embeddable":true,"href":"https:\/\/www.domkraftpro.com\/index.php\/wp-json\/wp\/v2\/product_cat?post=3585"},{"taxonomy":"product_tag","embeddable":true,"href":"https:\/\/www.domkraftpro.com\/index.php\/wp-json\/wp\/v2\/product_tag?post=3585"}],"curies":[{"name":"wp","href":"https:\/\/api.w.org\/{rel}","templated":true}]}}