{"id":35526,"date":"2026-04-27T04:41:57","date_gmt":"2026-04-27T04:41:57","guid":{"rendered":""},"modified":"2026-04-27T04:41:57","modified_gmt":"2026-04-27T04:41:57","slug":"znackovy-sapho-elcor-elektricky-susak-rucniku-480x920x50-mm-128-w-bila-mat-eb450-35526","status":"publish","type":"product","link":"https:\/\/www.domkraftpro.com\/index.php\/produkt\/znackovy-sapho-elcor-elektricky-susak-rucniku-480x920x50-mm-128-w-bila-mat-eb450-35526\/","title":{"rendered":"Zna\u010dkov\u00fd Sapho ELCOR elektrick\u00fd su\u0161\u00e1k ru\u010dn\u00edk\u016f 480x920x50 mm, 128 W, b\u00edl\u00e1 mat EB450"},"content":{"rendered":"<div class=\"basic-description\">\n<h3>Detailn\u00ed popis produktu<\/h3>\n<p><\/p>\n<p style=\"text-align: justify;\">Elektrick\u00e1 otopn\u00e1 t\u011blesa z lakovan\u00e9 nerez oceli ELCOR jsou ur\u010dena k&nbsp;nah\u0159\u00edv\u00e1n\u00ed a su\u0161en\u00ed ru\u010dn\u00edk\u016f, co\u017e ocen\u00edte zejm\u00e9na v&nbsp;zimn\u00edm obdob\u00ed. Vnit\u0159ek otopn\u00e9ho t\u011blesa je vyroben z&nbsp;uhl\u00edkov\u00e9ho vl\u00e1kna (bez pou\u017eit\u00ed kapaln\u00e9 pln\u00edc\u00ed sm\u011bsi), co\u017e zaji\u0161\u0165uje skv\u011blou tepelnou vodivost. Podsv\u011btlen\u00fd vyp\u00edna\u010d je integrov\u00e1n v&nbsp;horn\u00ed lev\u00e9 \u010d\u00e1sti. T\u011bleso lze zapojit p\u0159\u00edmo do elektrick\u00e9 z\u00e1suvky d\u00edky kroucen\u00e9mu kabelu o d\u00e9lce 80 cm, kter\u00fd je um\u00edst\u011bn vlevo dole a nelze ho pozi\u010dn\u011b m\u011bnit.&nbsp;<br \/>Po nah\u0159\u00e1t\u00ed se teplota pohybuje mezi 45 a\u017e 55 \u00b0C dle teploty okol\u00ed.<\/p>\n<h2 class=\"props-title\">Vlastnosti<\/h2>\n<table>\n<tr>\n<th>Zna\u010dka<\/th>\n<td>SAPHO<\/td>\n<\/tr>\n<tr>\n<th>S\u00e9rie<\/th>\n<td>ELCOR<\/td>\n<\/tr>\n<tr>\n<th>3D model<\/th>\n<td>ANO<\/td>\n<\/tr>\n<tr>\n<th>Rozm\u011br<\/th>\n<td>480x920x50 mm<\/td>\n<\/tr>\n<tr>\n<th>\u0160\u00ed\u0159ka<\/th>\n<td>480&nbsp;mm<\/td>\n<\/tr>\n<tr>\n<th>V\u00fd\u0161ka<\/th>\n<td>920&nbsp;mm<\/td>\n<\/tr>\n<tr>\n<th>Hloubka<\/th>\n<td>50&nbsp;mm<\/td>\n<\/tr>\n<tr>\n<th>Barva<\/th>\n<td>B\u00edl\u00e1<\/td>\n<\/tr>\n<tr>\n<th>Materi\u00e1l<\/th>\n<td>Nerez<\/td>\n<\/tr>\n<tr>\n<th>Tvar<\/th>\n<td>Tvar E<\/td>\n<\/tr>\n<tr>\n<th>Mo\u017enost vyt\u00e1p\u011bn\u00ed<\/th>\n<td>Elektrick\u00e9 vyt\u00e1p\u011bn\u00ed integrovan\u00e9 v t\u011blese<\/td>\n<\/tr>\n<tr>\n<th>P\u0159\u00edkon<\/th>\n<td>128.00&nbsp;W<\/td>\n<\/tr>\n<tr>\n<th>Hmotnost \/ ks<\/th>\n<td>7.6000&nbsp;kg<\/td>\n<\/tr>\n<tr>\n<th>Balen\u00ed<\/th>\n<td>1&nbsp;ks<\/td>\n<\/tr>\n<tr>\n<th>EAN<\/th>\n<td>8590913897344<\/td>\n<\/tr>\n<tr>\n<th>Taric<\/th>\n<td>85162950<\/td>\n<\/tr>\n<tr>\n<th>Z\u00e1ruka<\/th>\n<td>2 roky<\/td>\n<\/tr>\n<\/table><\/div>\n","protected":false},"excerpt":{"rendered":"<p>Detailn\u00ed popis produktu Elektrick\u00e1 otopn\u00e1 t\u011blesa z lakovan\u00e9 nerez oceli ELCOR jsou ur\u010dena k&nbsp;nah\u0159\u00edv\u00e1n\u00ed a su\u0161en\u00ed ru\u010dn\u00edk\u016f, co\u017e ocen\u00edte zejm\u00e9na v&nbsp;zimn\u00edm obdob\u00ed. Vnit\u0159ek otopn\u00e9ho t\u011blesa je vyroben z&nbsp;uhl\u00edkov\u00e9ho vl\u00e1kna (bez pou\u017eit\u00ed kapaln\u00e9 pln\u00edc\u00ed sm\u011bsi), co\u017e zaji\u0161\u0165uje skv\u011blou tepelnou vodivost. Podsv\u011btlen\u00fd vyp\u00edna\u010d je integrov\u00e1n v&nbsp;horn\u00ed lev\u00e9 \u010d\u00e1sti. T\u011bleso lze zapojit p\u0159\u00edmo do elektrick\u00e9 z\u00e1suvky d\u00edky kroucen\u00e9mu [&hellip;]<\/p>\n","protected":false},"featured_media":35626,"comment_status":"open","ping_status":"open","template":"","meta":[],"product_brand":[],"product_cat":[114],"product_tag":[],"class_list":{"0":"post-35526","1":"product","2":"type-product","3":"status-publish","4":"has-post-thumbnail","6":"product_cat-vytapeni","8":"first","9":"instock","10":"sale","11":"shipping-taxable","12":"purchasable","13":"product-type-simple"},"yoast_head":"<!-- This site is optimized with the Yoast SEO plugin v26.8 - https:\/\/yoast.com\/product\/yoast-seo-wordpress\/ -->\n<title>Zna\u010dkov\u00fd Sapho ELCOR elektrick\u00fd su\u0161\u00e1k ru\u010dn\u00edk\u016f 480x920x50 mm, 128 W, b\u00edl\u00e1 mat EB450 -<\/title>\n<meta name=\"robots\" content=\"index, follow, max-snippet:-1, max-image-preview:large, max-video-preview:-1\" \/>\n<link rel=\"canonical\" href=\"https:\/\/www.domkraftpro.com\/index.php\/produkt\/znackovy-sapho-elcor-elektricky-susak-rucniku-480x920x50-mm-128-w-bila-mat-eb450-35526\/\" \/>\n<meta property=\"og:locale\" content=\"cs_CZ\" \/>\n<meta property=\"og:type\" content=\"article\" \/>\n<meta property=\"og:title\" content=\"Zna\u010dkov\u00fd Sapho ELCOR elektrick\u00fd su\u0161\u00e1k ru\u010dn\u00edk\u016f 480x920x50 mm, 128 W, b\u00edl\u00e1 mat EB450 -\" \/>\n<meta property=\"og:description\" content=\"Detailn\u00ed popis produktu Elektrick\u00e1 otopn\u00e1 t\u011blesa z lakovan\u00e9 nerez oceli ELCOR jsou ur\u010dena k&nbsp;nah\u0159\u00edv\u00e1n\u00ed a su\u0161en\u00ed ru\u010dn\u00edk\u016f, co\u017e ocen\u00edte zejm\u00e9na v&nbsp;zimn\u00edm obdob\u00ed. Vnit\u0159ek otopn\u00e9ho t\u011blesa je vyroben z&nbsp;uhl\u00edkov\u00e9ho vl\u00e1kna (bez pou\u017eit\u00ed kapaln\u00e9 pln\u00edc\u00ed sm\u011bsi), co\u017e zaji\u0161\u0165uje skv\u011blou tepelnou vodivost. Podsv\u011btlen\u00fd vyp\u00edna\u010d je integrov\u00e1n v&nbsp;horn\u00ed lev\u00e9 \u010d\u00e1sti. T\u011bleso lze zapojit p\u0159\u00edmo do elektrick\u00e9 z\u00e1suvky d\u00edky kroucen\u00e9mu [&hellip;]\" \/>\n<meta property=\"og:url\" content=\"https:\/\/www.domkraftpro.com\/index.php\/produkt\/znackovy-sapho-elcor-elektricky-susak-rucniku-480x920x50-mm-128-w-bila-mat-eb450-35526\/\" \/>\n<meta property=\"og:image\" content=\"https:\/\/www.domkraftpro.com\/wp-content\/uploads\/2026\/SK0007136-CZ20260425-093631-0-1777080994-231099-6_eb450-163801462735470.webp\" \/>\n\t<meta property=\"og:image:width\" content=\"1000\" \/>\n\t<meta property=\"og:image:height\" content=\"750\" \/>\n\t<meta property=\"og:image:type\" content=\"image\/webp\" \/>\n<meta name=\"twitter:card\" content=\"summary_large_image\" \/>\n<meta name=\"twitter:label1\" content=\"Odhadovan\u00e1 doba \u010dten\u00ed\" \/>\n\t<meta name=\"twitter:data1\" content=\"1 minuta\" \/>\n<script type=\"application\/ld+json\" class=\"yoast-schema-graph\">{\"@context\":\"https:\/\/schema.org\",\"@graph\":[{\"@type\":\"WebPage\",\"@id\":\"https:\/\/www.domkraftpro.com\/index.php\/produkt\/znackovy-sapho-elcor-elektricky-susak-rucniku-480x920x50-mm-128-w-bila-mat-eb450-35526\/\",\"url\":\"https:\/\/www.domkraftpro.com\/index.php\/produkt\/znackovy-sapho-elcor-elektricky-susak-rucniku-480x920x50-mm-128-w-bila-mat-eb450-35526\/\",\"name\":\"Zna\u010dkov\u00fd Sapho ELCOR elektrick\u00fd su\u0161\u00e1k ru\u010dn\u00edk\u016f 480x920x50 mm, 128 W, b\u00edl\u00e1 mat EB450 -\",\"isPartOf\":{\"@id\":\"https:\/\/www.domkraftpro.com\/#website\"},\"primaryImageOfPage\":{\"@id\":\"https:\/\/www.domkraftpro.com\/index.php\/produkt\/znackovy-sapho-elcor-elektricky-susak-rucniku-480x920x50-mm-128-w-bila-mat-eb450-35526\/#primaryimage\"},\"image\":{\"@id\":\"https:\/\/www.domkraftpro.com\/index.php\/produkt\/znackovy-sapho-elcor-elektricky-susak-rucniku-480x920x50-mm-128-w-bila-mat-eb450-35526\/#primaryimage\"},\"thumbnailUrl\":\"https:\/\/www.domkraftpro.com\/wp-content\/uploads\/2026\/SK0007136-CZ20260425-093631-0-1777080994-231099-6_eb450-163801462735470.webp\",\"datePublished\":\"2026-04-27T04:41:57+00:00\",\"breadcrumb\":{\"@id\":\"https:\/\/www.domkraftpro.com\/index.php\/produkt\/znackovy-sapho-elcor-elektricky-susak-rucniku-480x920x50-mm-128-w-bila-mat-eb450-35526\/#breadcrumb\"},\"inLanguage\":\"cs\",\"potentialAction\":[{\"@type\":\"ReadAction\",\"target\":[\"https:\/\/www.domkraftpro.com\/index.php\/produkt\/znackovy-sapho-elcor-elektricky-susak-rucniku-480x920x50-mm-128-w-bila-mat-eb450-35526\/\"]}]},{\"@type\":\"ImageObject\",\"inLanguage\":\"cs\",\"@id\":\"https:\/\/www.domkraftpro.com\/index.php\/produkt\/znackovy-sapho-elcor-elektricky-susak-rucniku-480x920x50-mm-128-w-bila-mat-eb450-35526\/#primaryimage\",\"url\":\"https:\/\/www.domkraftpro.com\/wp-content\/uploads\/2026\/SK0007136-CZ20260425-093631-0-1777080994-231099-6_eb450-163801462735470.webp\",\"contentUrl\":\"https:\/\/www.domkraftpro.com\/wp-content\/uploads\/2026\/SK0007136-CZ20260425-093631-0-1777080994-231099-6_eb450-163801462735470.webp\",\"width\":1000,\"height\":750},{\"@type\":\"BreadcrumbList\",\"@id\":\"https:\/\/www.domkraftpro.com\/index.php\/produkt\/znackovy-sapho-elcor-elektricky-susak-rucniku-480x920x50-mm-128-w-bila-mat-eb450-35526\/#breadcrumb\",\"itemListElement\":[{\"@type\":\"ListItem\",\"position\":1,\"name\":\"Home\",\"item\":\"https:\/\/www.domkraftpro.com\/\"},{\"@type\":\"ListItem\",\"position\":2,\"name\":\"Products\",\"item\":\"https:\/\/www.domkraftpro.com\/index.php\/products\/\"},{\"@type\":\"ListItem\",\"position\":3,\"name\":\"Zna\u010dkov\u00fd Sapho ELCOR elektrick\u00fd su\u0161\u00e1k ru\u010dn\u00edk\u016f 480x920x50 mm, 128 W, b\u00edl\u00e1 mat EB450\"}]},{\"@type\":\"WebSite\",\"@id\":\"https:\/\/www.domkraftpro.com\/#website\",\"url\":\"https:\/\/www.domkraftpro.com\/\",\"name\":\"\",\"description\":\"\",\"potentialAction\":[{\"@type\":\"SearchAction\",\"target\":{\"@type\":\"EntryPoint\",\"urlTemplate\":\"https:\/\/www.domkraftpro.com\/?s={search_term_string}\"},\"query-input\":{\"@type\":\"PropertyValueSpecification\",\"valueRequired\":true,\"valueName\":\"search_term_string\"}}],\"inLanguage\":\"cs\"}]}<\/script>\n<!-- \/ Yoast SEO plugin. -->","yoast_head_json":{"title":"Zna\u010dkov\u00fd Sapho ELCOR elektrick\u00fd su\u0161\u00e1k ru\u010dn\u00edk\u016f 480x920x50 mm, 128 W, b\u00edl\u00e1 mat EB450 -","robots":{"index":"index","follow":"follow","max-snippet":"max-snippet:-1","max-image-preview":"max-image-preview:large","max-video-preview":"max-video-preview:-1"},"canonical":"https:\/\/www.domkraftpro.com\/index.php\/produkt\/znackovy-sapho-elcor-elektricky-susak-rucniku-480x920x50-mm-128-w-bila-mat-eb450-35526\/","og_locale":"cs_CZ","og_type":"article","og_title":"Zna\u010dkov\u00fd Sapho ELCOR elektrick\u00fd su\u0161\u00e1k ru\u010dn\u00edk\u016f 480x920x50 mm, 128 W, b\u00edl\u00e1 mat EB450 -","og_description":"Detailn\u00ed popis produktu Elektrick\u00e1 otopn\u00e1 t\u011blesa z lakovan\u00e9 nerez oceli ELCOR jsou ur\u010dena k&nbsp;nah\u0159\u00edv\u00e1n\u00ed a su\u0161en\u00ed ru\u010dn\u00edk\u016f, co\u017e ocen\u00edte zejm\u00e9na v&nbsp;zimn\u00edm obdob\u00ed. Vnit\u0159ek otopn\u00e9ho t\u011blesa je vyroben z&nbsp;uhl\u00edkov\u00e9ho vl\u00e1kna (bez pou\u017eit\u00ed kapaln\u00e9 pln\u00edc\u00ed sm\u011bsi), co\u017e zaji\u0161\u0165uje skv\u011blou tepelnou vodivost. Podsv\u011btlen\u00fd vyp\u00edna\u010d je integrov\u00e1n v&nbsp;horn\u00ed lev\u00e9 \u010d\u00e1sti. T\u011bleso lze zapojit p\u0159\u00edmo do elektrick\u00e9 z\u00e1suvky d\u00edky kroucen\u00e9mu [&hellip;]","og_url":"https:\/\/www.domkraftpro.com\/index.php\/produkt\/znackovy-sapho-elcor-elektricky-susak-rucniku-480x920x50-mm-128-w-bila-mat-eb450-35526\/","og_image":[{"width":1000,"height":750,"url":"https:\/\/www.domkraftpro.com\/wp-content\/uploads\/2026\/SK0007136-CZ20260425-093631-0-1777080994-231099-6_eb450-163801462735470.webp","type":"image\/webp"}],"twitter_card":"summary_large_image","twitter_misc":{"Odhadovan\u00e1 doba \u010dten\u00ed":"1 minuta"},"schema":{"@context":"https:\/\/schema.org","@graph":[{"@type":"WebPage","@id":"https:\/\/www.domkraftpro.com\/index.php\/produkt\/znackovy-sapho-elcor-elektricky-susak-rucniku-480x920x50-mm-128-w-bila-mat-eb450-35526\/","url":"https:\/\/www.domkraftpro.com\/index.php\/produkt\/znackovy-sapho-elcor-elektricky-susak-rucniku-480x920x50-mm-128-w-bila-mat-eb450-35526\/","name":"Zna\u010dkov\u00fd Sapho ELCOR elektrick\u00fd su\u0161\u00e1k ru\u010dn\u00edk\u016f 480x920x50 mm, 128 W, b\u00edl\u00e1 mat EB450 -","isPartOf":{"@id":"https:\/\/www.domkraftpro.com\/#website"},"primaryImageOfPage":{"@id":"https:\/\/www.domkraftpro.com\/index.php\/produkt\/znackovy-sapho-elcor-elektricky-susak-rucniku-480x920x50-mm-128-w-bila-mat-eb450-35526\/#primaryimage"},"image":{"@id":"https:\/\/www.domkraftpro.com\/index.php\/produkt\/znackovy-sapho-elcor-elektricky-susak-rucniku-480x920x50-mm-128-w-bila-mat-eb450-35526\/#primaryimage"},"thumbnailUrl":"https:\/\/www.domkraftpro.com\/wp-content\/uploads\/2026\/SK0007136-CZ20260425-093631-0-1777080994-231099-6_eb450-163801462735470.webp","datePublished":"2026-04-27T04:41:57+00:00","breadcrumb":{"@id":"https:\/\/www.domkraftpro.com\/index.php\/produkt\/znackovy-sapho-elcor-elektricky-susak-rucniku-480x920x50-mm-128-w-bila-mat-eb450-35526\/#breadcrumb"},"inLanguage":"cs","potentialAction":[{"@type":"ReadAction","target":["https:\/\/www.domkraftpro.com\/index.php\/produkt\/znackovy-sapho-elcor-elektricky-susak-rucniku-480x920x50-mm-128-w-bila-mat-eb450-35526\/"]}]},{"@type":"ImageObject","inLanguage":"cs","@id":"https:\/\/www.domkraftpro.com\/index.php\/produkt\/znackovy-sapho-elcor-elektricky-susak-rucniku-480x920x50-mm-128-w-bila-mat-eb450-35526\/#primaryimage","url":"https:\/\/www.domkraftpro.com\/wp-content\/uploads\/2026\/SK0007136-CZ20260425-093631-0-1777080994-231099-6_eb450-163801462735470.webp","contentUrl":"https:\/\/www.domkraftpro.com\/wp-content\/uploads\/2026\/SK0007136-CZ20260425-093631-0-1777080994-231099-6_eb450-163801462735470.webp","width":1000,"height":750},{"@type":"BreadcrumbList","@id":"https:\/\/www.domkraftpro.com\/index.php\/produkt\/znackovy-sapho-elcor-elektricky-susak-rucniku-480x920x50-mm-128-w-bila-mat-eb450-35526\/#breadcrumb","itemListElement":[{"@type":"ListItem","position":1,"name":"Home","item":"https:\/\/www.domkraftpro.com\/"},{"@type":"ListItem","position":2,"name":"Products","item":"https:\/\/www.domkraftpro.com\/index.php\/products\/"},{"@type":"ListItem","position":3,"name":"Zna\u010dkov\u00fd Sapho ELCOR elektrick\u00fd su\u0161\u00e1k ru\u010dn\u00edk\u016f 480x920x50 mm, 128 W, b\u00edl\u00e1 mat EB450"}]},{"@type":"WebSite","@id":"https:\/\/www.domkraftpro.com\/#website","url":"https:\/\/www.domkraftpro.com\/","name":"","description":"","potentialAction":[{"@type":"SearchAction","target":{"@type":"EntryPoint","urlTemplate":"https:\/\/www.domkraftpro.com\/?s={search_term_string}"},"query-input":{"@type":"PropertyValueSpecification","valueRequired":true,"valueName":"search_term_string"}}],"inLanguage":"cs"}]}},"_links":{"self":[{"href":"https:\/\/www.domkraftpro.com\/index.php\/wp-json\/wp\/v2\/product\/35526","targetHints":{"allow":["GET"]}}],"collection":[{"href":"https:\/\/www.domkraftpro.com\/index.php\/wp-json\/wp\/v2\/product"}],"about":[{"href":"https:\/\/www.domkraftpro.com\/index.php\/wp-json\/wp\/v2\/types\/product"}],"replies":[{"embeddable":true,"href":"https:\/\/www.domkraftpro.com\/index.php\/wp-json\/wp\/v2\/comments?post=35526"}],"wp:featuredmedia":[{"embeddable":true,"href":"https:\/\/www.domkraftpro.com\/index.php\/wp-json\/wp\/v2\/media\/35626"}],"wp:attachment":[{"href":"https:\/\/www.domkraftpro.com\/index.php\/wp-json\/wp\/v2\/media?parent=35526"}],"wp:term":[{"taxonomy":"product_brand","embeddable":true,"href":"https:\/\/www.domkraftpro.com\/index.php\/wp-json\/wp\/v2\/product_brand?post=35526"},{"taxonomy":"product_cat","embeddable":true,"href":"https:\/\/www.domkraftpro.com\/index.php\/wp-json\/wp\/v2\/product_cat?post=35526"},{"taxonomy":"product_tag","embeddable":true,"href":"https:\/\/www.domkraftpro.com\/index.php\/wp-json\/wp\/v2\/product_tag?post=35526"}],"curies":[{"name":"wp","href":"https:\/\/api.w.org\/{rel}","templated":true}]}}