{"id":33374,"date":"2026-04-27T04:41:50","date_gmt":"2026-04-27T04:41:50","guid":{"rendered":""},"modified":"2026-04-27T04:41:50","modified_gmt":"2026-04-27T04:41:50","slug":"vyprodej-grohe-euphoria-sprchova-hlavice-massage-3-proudy-chrom-27221000-33374","status":"publish","type":"product","link":"https:\/\/www.domkraftpro.com\/index.php\/produkt\/vyprodej-grohe-euphoria-sprchova-hlavice-massage-3-proudy-chrom-27221000-33374\/","title":{"rendered":"V\u00fdprodej Grohe Euphoria sprchov\u00e1 hlavice Massage, 3 proudy, chrom 27221000"},"content":{"rendered":"<div class=\"basic-description\">\n<h3>Detailn\u00ed popis produktu<\/h3>\n<div class=\"detail-popis\">\n<p><strong>Ru\u010dn\u00ed sprcha GROHE Euphoria Massage 110: sprcha s mas\u00e1\u017en\u00edm proudem vody<\/strong><\/p>\n<p>&nbsp;<\/p>\n<p>Tato ru\u010dn\u00ed sprcha nab\u00edz\u00ed v\u00fdb\u011br ze t\u0159\u00ed r\u016fzn\u00fdch re\u017eim\u016f proudu vody, kdy tradi\u010dn\u00ed re\u017eim Rain je tak\u00e9 implementov\u00e1n v podob\u011b \u00fasporn\u00e9 varianty SmartRain, kter\u00e1 v\u0161ak nevy\u017eaduje p\u0159ij\u00edmat kompromisy ve v\u00fdkonu. Integrovan\u00fd p\u0159ep\u00edna\u010d SprayDimmer umo\u017e\u0148uje neust\u00e1lou kontrolu nad spot\u0159ebou vody. Tento z\u00e1stupce \u0159ady GROHE Euphoria rovn\u011b\u017e nab\u00edz\u00ed v\u00fdkonn\u00fd re\u017eim Massage. Poskytuje prost\u0159ednictv\u00edm pulzuj\u00edc\u00edho proudu p\u0159\u00edjemnou mas\u00e1\u017e hlavy a krku, kter\u00e1 pom\u016f\u017ee odplavit nap\u011bt\u00ed a stres n\u00e1ro\u010dn\u00e9ho pracovn\u00edho dne. Technologie GROHE DreamSpray zaji\u0161\u0165uje vyv\u00e1\u017een\u00fd proud vody ze v\u0161ech trysek, zat\u00edmco vnit\u0159n\u00ed rozvody InnerWater Guide chr\u00e1n\u00ed z\u00e1\u0159iv\u00fd chromov\u00fd povrch GROHE StarLight p\u0159ed nadm\u011brn\u00fdm teplem. Vychutnejte si komfort, kter\u00fd nab\u00edz\u00ed tato pr\u00e9miov\u00e1 ru\u010dn\u00ed sprcha s atraktivn\u00edmi, elegantn\u00edmi k\u0159ivkami.<\/p>\n<p>&nbsp;<\/p>\n<ul class=\"technologies\">\n<li>Snadn\u00e9 \u010di\u0161t\u011bn\u00ed d\u00edky chromovan\u00e9mu povrchu GROHE StarLight\u00ae<\/li>\n<li>GROHE DreamSpray pro luxusn\u00ed sprchov\u00e1n\u00ed<\/li>\n<li>Rain Spray \u2013 jako proch\u00e1zka v tepl\u00e9m letn\u00edm de\u0161ti<\/li>\n<li>Mas\u00e1\u017en\u00ed proud pro uvol\u0148uj\u00edc\u00ed mas\u00e1\u017e hlavy a krku<\/li>\n<li>Re\u017eim SmartRain \u2013 \u0161et\u0159ete vodu bez nutnosti omezovat se v pohodl\u00ed<\/li>\n<li>Chromov\u00fd povrch chr\u00e1n\u011bn\u00fd technologi\u00ed InnerWater Guide<\/li>\n<li>SpeedClean \u2013 \u017e\u00e1dn\u00e9 usazov\u00e1n\u00ed vodn\u00edho kamene na sprchov\u00e9 hlav\u011b<\/li>\n<li>Omezova\u010d pr\u016ftoku pro luxusn\u00ed sprchov\u00e1n\u00ed ohledupln\u00e9 k \u017eivotn\u00edmu prost\u0159ed\u00ed<\/li>\n<\/ul>\n<\/div>\n<h3><span style=\"font-size: 12pt;\"><strong>Specifikace:<\/strong><\/span><\/h3>\n<div class=\"detail-popis\">\n<p><strong>Euphoria 110 Massage<br \/>Ru\u010dn\u00ed sprcha 3 proudy<\/strong><\/p>\n<ul>\n<li>Rain\/Massage\/SmartRain<\/li>\n<li><strong>GROHE DreamSpray<\/strong><span>&nbsp;<\/span>perfektn\u00ed vodn\u00ed paprsky<\/li>\n<li><strong>GROHE SprayDimmer\u00ae<\/strong><span>&nbsp;<\/span>&#8211; snadn\u00e9 p\u0159ep\u00edn\u00e1n\u00ed mezi sprchov\u00fdmi proudy<\/li>\n<li><strong>GROHE StarLight<\/strong><span>&nbsp;<\/span>chromov\u00fd povrch<\/li>\n<li><strong>GROHE SpeedClean<span>&nbsp;<\/span><\/strong>&#8211; odstran\u011bn\u00ed vodn\u00edho kamene p\u0159et\u0159en\u00edm<\/li>\n<li><strong>vnit\u0159n\u00ed syst\u00e9m WaterGuide<\/strong><span>&nbsp;<\/span>pro del\u0161\u00ed \u017eivotnost<\/li>\n<li>vhodn\u00e9 pro pr\u016ftokov\u00e9 oh\u0159\u00edva\u010de vody<\/li>\n<\/ul>\n<\/div><\/div>\n","protected":false},"excerpt":{"rendered":"<p>Detailn\u00ed popis produktu Ru\u010dn\u00ed sprcha GROHE Euphoria Massage 110: sprcha s mas\u00e1\u017en\u00edm proudem vody &nbsp; Tato ru\u010dn\u00ed sprcha nab\u00edz\u00ed v\u00fdb\u011br ze t\u0159\u00ed r\u016fzn\u00fdch re\u017eim\u016f proudu vody, kdy tradi\u010dn\u00ed re\u017eim Rain je tak\u00e9 implementov\u00e1n v podob\u011b \u00fasporn\u00e9 varianty SmartRain, kter\u00e1 v\u0161ak nevy\u017eaduje p\u0159ij\u00edmat kompromisy ve v\u00fdkonu. Integrovan\u00fd p\u0159ep\u00edna\u010d SprayDimmer umo\u017e\u0148uje neust\u00e1lou kontrolu nad spot\u0159ebou vody. Tento [&hellip;]<\/p>\n","protected":false},"featured_media":33474,"comment_status":"open","ping_status":"open","template":"","meta":[],"product_brand":[],"product_cat":[112],"product_tag":[],"class_list":{"0":"post-33374","1":"product","2":"type-product","3":"status-publish","4":"has-post-thumbnail","6":"product_cat-sprchovy-program","8":"first","9":"instock","10":"sale","11":"shipping-taxable","12":"purchasable","13":"product-type-simple"},"yoast_head":"<!-- This site is optimized with the Yoast SEO plugin v26.8 - https:\/\/yoast.com\/product\/yoast-seo-wordpress\/ -->\n<title>V\u00fdprodej Grohe Euphoria sprchov\u00e1 hlavice Massage, 3 proudy, chrom 27221000 -<\/title>\n<meta name=\"robots\" content=\"index, follow, max-snippet:-1, max-image-preview:large, max-video-preview:-1\" \/>\n<link rel=\"canonical\" href=\"https:\/\/www.domkraftpro.com\/index.php\/produkt\/vyprodej-grohe-euphoria-sprchova-hlavice-massage-3-proudy-chrom-27221000-33374\/\" \/>\n<meta property=\"og:locale\" content=\"cs_CZ\" \/>\n<meta property=\"og:type\" content=\"article\" \/>\n<meta property=\"og:title\" content=\"V\u00fdprodej Grohe Euphoria sprchov\u00e1 hlavice Massage, 3 proudy, chrom 27221000 -\" \/>\n<meta property=\"og:description\" content=\"Detailn\u00ed popis produktu Ru\u010dn\u00ed sprcha GROHE Euphoria Massage 110: sprcha s mas\u00e1\u017en\u00edm proudem vody &nbsp; Tato ru\u010dn\u00ed sprcha nab\u00edz\u00ed v\u00fdb\u011br ze t\u0159\u00ed r\u016fzn\u00fdch re\u017eim\u016f proudu vody, kdy tradi\u010dn\u00ed re\u017eim Rain je tak\u00e9 implementov\u00e1n v podob\u011b \u00fasporn\u00e9 varianty SmartRain, kter\u00e1 v\u0161ak nevy\u017eaduje p\u0159ij\u00edmat kompromisy ve v\u00fdkonu. Integrovan\u00fd p\u0159ep\u00edna\u010d SprayDimmer umo\u017e\u0148uje neust\u00e1lou kontrolu nad spot\u0159ebou vody. Tento [&hellip;]\" \/>\n<meta property=\"og:url\" content=\"https:\/\/www.domkraftpro.com\/index.php\/produkt\/vyprodej-grohe-euphoria-sprchova-hlavice-massage-3-proudy-chrom-27221000-33374\/\" \/>\n<meta property=\"og:image\" content=\"https:\/\/www.domkraftpro.com\/wp-content\/uploads\/2026\/SK0006027-CZ20260425-093631-0-1777080994-170832-1_grohe-euphoria-sprchova-hlavice-massage--3-proudy-.webp\" \/>\n\t<meta property=\"og:image:width\" content=\"1000\" \/>\n\t<meta property=\"og:image:height\" content=\"750\" \/>\n\t<meta property=\"og:image:type\" content=\"image\/webp\" \/>\n<meta name=\"twitter:card\" content=\"summary_large_image\" \/>\n<meta name=\"twitter:label1\" content=\"Odhadovan\u00e1 doba \u010dten\u00ed\" \/>\n\t<meta name=\"twitter:data1\" content=\"2 minuty\" \/>\n<script type=\"application\/ld+json\" class=\"yoast-schema-graph\">{\"@context\":\"https:\/\/schema.org\",\"@graph\":[{\"@type\":\"WebPage\",\"@id\":\"https:\/\/www.domkraftpro.com\/index.php\/produkt\/vyprodej-grohe-euphoria-sprchova-hlavice-massage-3-proudy-chrom-27221000-33374\/\",\"url\":\"https:\/\/www.domkraftpro.com\/index.php\/produkt\/vyprodej-grohe-euphoria-sprchova-hlavice-massage-3-proudy-chrom-27221000-33374\/\",\"name\":\"V\u00fdprodej Grohe Euphoria sprchov\u00e1 hlavice Massage, 3 proudy, chrom 27221000 -\",\"isPartOf\":{\"@id\":\"https:\/\/www.domkraftpro.com\/#website\"},\"primaryImageOfPage\":{\"@id\":\"https:\/\/www.domkraftpro.com\/index.php\/produkt\/vyprodej-grohe-euphoria-sprchova-hlavice-massage-3-proudy-chrom-27221000-33374\/#primaryimage\"},\"image\":{\"@id\":\"https:\/\/www.domkraftpro.com\/index.php\/produkt\/vyprodej-grohe-euphoria-sprchova-hlavice-massage-3-proudy-chrom-27221000-33374\/#primaryimage\"},\"thumbnailUrl\":\"https:\/\/www.domkraftpro.com\/wp-content\/uploads\/2026\/SK0006027-CZ20260425-093631-0-1777080994-170832-1_grohe-euphoria-sprchova-hlavice-massage--3-proudy-.webp\",\"datePublished\":\"2026-04-27T04:41:50+00:00\",\"breadcrumb\":{\"@id\":\"https:\/\/www.domkraftpro.com\/index.php\/produkt\/vyprodej-grohe-euphoria-sprchova-hlavice-massage-3-proudy-chrom-27221000-33374\/#breadcrumb\"},\"inLanguage\":\"cs\",\"potentialAction\":[{\"@type\":\"ReadAction\",\"target\":[\"https:\/\/www.domkraftpro.com\/index.php\/produkt\/vyprodej-grohe-euphoria-sprchova-hlavice-massage-3-proudy-chrom-27221000-33374\/\"]}]},{\"@type\":\"ImageObject\",\"inLanguage\":\"cs\",\"@id\":\"https:\/\/www.domkraftpro.com\/index.php\/produkt\/vyprodej-grohe-euphoria-sprchova-hlavice-massage-3-proudy-chrom-27221000-33374\/#primaryimage\",\"url\":\"https:\/\/www.domkraftpro.com\/wp-content\/uploads\/2026\/SK0006027-CZ20260425-093631-0-1777080994-170832-1_grohe-euphoria-sprchova-hlavice-massage--3-proudy-.webp\",\"contentUrl\":\"https:\/\/www.domkraftpro.com\/wp-content\/uploads\/2026\/SK0006027-CZ20260425-093631-0-1777080994-170832-1_grohe-euphoria-sprchova-hlavice-massage--3-proudy-.webp\",\"width\":1000,\"height\":750},{\"@type\":\"BreadcrumbList\",\"@id\":\"https:\/\/www.domkraftpro.com\/index.php\/produkt\/vyprodej-grohe-euphoria-sprchova-hlavice-massage-3-proudy-chrom-27221000-33374\/#breadcrumb\",\"itemListElement\":[{\"@type\":\"ListItem\",\"position\":1,\"name\":\"Home\",\"item\":\"https:\/\/www.domkraftpro.com\/\"},{\"@type\":\"ListItem\",\"position\":2,\"name\":\"Products\",\"item\":\"https:\/\/www.domkraftpro.com\/index.php\/products\/\"},{\"@type\":\"ListItem\",\"position\":3,\"name\":\"V\u00fdprodej Grohe Euphoria sprchov\u00e1 hlavice Massage, 3 proudy, chrom 27221000\"}]},{\"@type\":\"WebSite\",\"@id\":\"https:\/\/www.domkraftpro.com\/#website\",\"url\":\"https:\/\/www.domkraftpro.com\/\",\"name\":\"\",\"description\":\"\",\"potentialAction\":[{\"@type\":\"SearchAction\",\"target\":{\"@type\":\"EntryPoint\",\"urlTemplate\":\"https:\/\/www.domkraftpro.com\/?s={search_term_string}\"},\"query-input\":{\"@type\":\"PropertyValueSpecification\",\"valueRequired\":true,\"valueName\":\"search_term_string\"}}],\"inLanguage\":\"cs\"}]}<\/script>\n<!-- \/ Yoast SEO plugin. -->","yoast_head_json":{"title":"V\u00fdprodej Grohe Euphoria sprchov\u00e1 hlavice Massage, 3 proudy, chrom 27221000 -","robots":{"index":"index","follow":"follow","max-snippet":"max-snippet:-1","max-image-preview":"max-image-preview:large","max-video-preview":"max-video-preview:-1"},"canonical":"https:\/\/www.domkraftpro.com\/index.php\/produkt\/vyprodej-grohe-euphoria-sprchova-hlavice-massage-3-proudy-chrom-27221000-33374\/","og_locale":"cs_CZ","og_type":"article","og_title":"V\u00fdprodej Grohe Euphoria sprchov\u00e1 hlavice Massage, 3 proudy, chrom 27221000 -","og_description":"Detailn\u00ed popis produktu Ru\u010dn\u00ed sprcha GROHE Euphoria Massage 110: sprcha s mas\u00e1\u017en\u00edm proudem vody &nbsp; Tato ru\u010dn\u00ed sprcha nab\u00edz\u00ed v\u00fdb\u011br ze t\u0159\u00ed r\u016fzn\u00fdch re\u017eim\u016f proudu vody, kdy tradi\u010dn\u00ed re\u017eim Rain je tak\u00e9 implementov\u00e1n v podob\u011b \u00fasporn\u00e9 varianty SmartRain, kter\u00e1 v\u0161ak nevy\u017eaduje p\u0159ij\u00edmat kompromisy ve v\u00fdkonu. Integrovan\u00fd p\u0159ep\u00edna\u010d SprayDimmer umo\u017e\u0148uje neust\u00e1lou kontrolu nad spot\u0159ebou vody. Tento [&hellip;]","og_url":"https:\/\/www.domkraftpro.com\/index.php\/produkt\/vyprodej-grohe-euphoria-sprchova-hlavice-massage-3-proudy-chrom-27221000-33374\/","og_image":[{"width":1000,"height":750,"url":"https:\/\/www.domkraftpro.com\/wp-content\/uploads\/2026\/SK0006027-CZ20260425-093631-0-1777080994-170832-1_grohe-euphoria-sprchova-hlavice-massage--3-proudy-.webp","type":"image\/webp"}],"twitter_card":"summary_large_image","twitter_misc":{"Odhadovan\u00e1 doba \u010dten\u00ed":"2 minuty"},"schema":{"@context":"https:\/\/schema.org","@graph":[{"@type":"WebPage","@id":"https:\/\/www.domkraftpro.com\/index.php\/produkt\/vyprodej-grohe-euphoria-sprchova-hlavice-massage-3-proudy-chrom-27221000-33374\/","url":"https:\/\/www.domkraftpro.com\/index.php\/produkt\/vyprodej-grohe-euphoria-sprchova-hlavice-massage-3-proudy-chrom-27221000-33374\/","name":"V\u00fdprodej Grohe Euphoria sprchov\u00e1 hlavice Massage, 3 proudy, chrom 27221000 -","isPartOf":{"@id":"https:\/\/www.domkraftpro.com\/#website"},"primaryImageOfPage":{"@id":"https:\/\/www.domkraftpro.com\/index.php\/produkt\/vyprodej-grohe-euphoria-sprchova-hlavice-massage-3-proudy-chrom-27221000-33374\/#primaryimage"},"image":{"@id":"https:\/\/www.domkraftpro.com\/index.php\/produkt\/vyprodej-grohe-euphoria-sprchova-hlavice-massage-3-proudy-chrom-27221000-33374\/#primaryimage"},"thumbnailUrl":"https:\/\/www.domkraftpro.com\/wp-content\/uploads\/2026\/SK0006027-CZ20260425-093631-0-1777080994-170832-1_grohe-euphoria-sprchova-hlavice-massage--3-proudy-.webp","datePublished":"2026-04-27T04:41:50+00:00","breadcrumb":{"@id":"https:\/\/www.domkraftpro.com\/index.php\/produkt\/vyprodej-grohe-euphoria-sprchova-hlavice-massage-3-proudy-chrom-27221000-33374\/#breadcrumb"},"inLanguage":"cs","potentialAction":[{"@type":"ReadAction","target":["https:\/\/www.domkraftpro.com\/index.php\/produkt\/vyprodej-grohe-euphoria-sprchova-hlavice-massage-3-proudy-chrom-27221000-33374\/"]}]},{"@type":"ImageObject","inLanguage":"cs","@id":"https:\/\/www.domkraftpro.com\/index.php\/produkt\/vyprodej-grohe-euphoria-sprchova-hlavice-massage-3-proudy-chrom-27221000-33374\/#primaryimage","url":"https:\/\/www.domkraftpro.com\/wp-content\/uploads\/2026\/SK0006027-CZ20260425-093631-0-1777080994-170832-1_grohe-euphoria-sprchova-hlavice-massage--3-proudy-.webp","contentUrl":"https:\/\/www.domkraftpro.com\/wp-content\/uploads\/2026\/SK0006027-CZ20260425-093631-0-1777080994-170832-1_grohe-euphoria-sprchova-hlavice-massage--3-proudy-.webp","width":1000,"height":750},{"@type":"BreadcrumbList","@id":"https:\/\/www.domkraftpro.com\/index.php\/produkt\/vyprodej-grohe-euphoria-sprchova-hlavice-massage-3-proudy-chrom-27221000-33374\/#breadcrumb","itemListElement":[{"@type":"ListItem","position":1,"name":"Home","item":"https:\/\/www.domkraftpro.com\/"},{"@type":"ListItem","position":2,"name":"Products","item":"https:\/\/www.domkraftpro.com\/index.php\/products\/"},{"@type":"ListItem","position":3,"name":"V\u00fdprodej Grohe Euphoria sprchov\u00e1 hlavice Massage, 3 proudy, chrom 27221000"}]},{"@type":"WebSite","@id":"https:\/\/www.domkraftpro.com\/#website","url":"https:\/\/www.domkraftpro.com\/","name":"","description":"","potentialAction":[{"@type":"SearchAction","target":{"@type":"EntryPoint","urlTemplate":"https:\/\/www.domkraftpro.com\/?s={search_term_string}"},"query-input":{"@type":"PropertyValueSpecification","valueRequired":true,"valueName":"search_term_string"}}],"inLanguage":"cs"}]}},"_links":{"self":[{"href":"https:\/\/www.domkraftpro.com\/index.php\/wp-json\/wp\/v2\/product\/33374","targetHints":{"allow":["GET"]}}],"collection":[{"href":"https:\/\/www.domkraftpro.com\/index.php\/wp-json\/wp\/v2\/product"}],"about":[{"href":"https:\/\/www.domkraftpro.com\/index.php\/wp-json\/wp\/v2\/types\/product"}],"replies":[{"embeddable":true,"href":"https:\/\/www.domkraftpro.com\/index.php\/wp-json\/wp\/v2\/comments?post=33374"}],"wp:featuredmedia":[{"embeddable":true,"href":"https:\/\/www.domkraftpro.com\/index.php\/wp-json\/wp\/v2\/media\/33474"}],"wp:attachment":[{"href":"https:\/\/www.domkraftpro.com\/index.php\/wp-json\/wp\/v2\/media?parent=33374"}],"wp:term":[{"taxonomy":"product_brand","embeddable":true,"href":"https:\/\/www.domkraftpro.com\/index.php\/wp-json\/wp\/v2\/product_brand?post=33374"},{"taxonomy":"product_cat","embeddable":true,"href":"https:\/\/www.domkraftpro.com\/index.php\/wp-json\/wp\/v2\/product_cat?post=33374"},{"taxonomy":"product_tag","embeddable":true,"href":"https:\/\/www.domkraftpro.com\/index.php\/wp-json\/wp\/v2\/product_tag?post=33374"}],"curies":[{"name":"wp","href":"https:\/\/api.w.org\/{rel}","templated":true}]}}