{"id":31103,"date":"2026-04-27T04:41:44","date_gmt":"2026-04-27T04:41:44","guid":{"rendered":""},"modified":"2026-04-27T04:41:44","modified_gmt":"2026-04-27T04:41:44","slug":"akce-purmo-vk-10-600-1100-31103","status":"publish","type":"product","link":"https:\/\/www.domkraftpro.com\/index.php\/produkt\/akce-purmo-vk-10-600-1100-31103\/","title":{"rendered":"Akce Purmo VK 10-600\/1100"},"content":{"rendered":"<div id=\"e20278545\" class=\"pages\">\n<div>\n<div id=\"PDDescription\" class=\"UserContentView userContent v1a v1 bs-view dcon dc159 PDDescription\" ><dc-con><dc-con><bs-empty><\/bs-empty><\/dc-con><dc-con>        <\/p>\n<div class=\"customDescription\">                    <\/div>\n<p><\/dc-con><dc-con><\/p>\n<p><span style=\"font-weight: bold;\">Radi\u00e1tor VK 10-600\/1100 &#8211; PURMO<\/span><\/p>\n<p><span style=\"font-weight: bold;\">Typ VK 10<\/span> &#8211; jednodeskov\u00fd radi\u00e1tor bez vnit\u0159n\u00edho konvektoru s integrovan\u00fdm termostatick\u00fdm ventilem Heimeier a spodn\u00edm p\u0159\u00edpojen\u00edm.<\/p>\n<p>Deskov\u00e9 radi\u00e1tory bez konvek\u010dn\u00edch ploch a kryt\u016f, ur\u010den\u00e9 k pou\u017eit\u00ed ve zdravotnick\u00fdch za\u0159\u00edzen\u00edch a dal\u0161\u00edch prostor\u00e1ch se zv\u00fd\u0161en\u00fdmi hygienick\u00fdmi n\u00e1roky. Atest St\u00e1tn\u00edho hygienick\u00e9ho \u00fastavu PR HK\/B\/0050\/01\/2006.<\/p>\n<p><\/dc-con><\/dc-con><\/div>\n<div id=\"PDDescription2\" class=\"UserContentView userContent v1a v1 bs-view dcon dc160 PDDescription2\" >\n<p><span style=\"font-weight: bold;\">Technick\u00e9 \u00fadaje:<\/span>\u00a0 v\u00fdkon radi\u00e1tor\u016f je ud\u00e1v\u00e1n p\u0159i teplotn\u00edm sp\u00e1du 90\/70\u00b0C<\/p>\n<p><span style=\"font-weight: bold;\">Materi\u00e1l:<\/span>\u00a0hlubokota\u017en\u00fd n\u00edzkouhl\u00edkov\u00fd plech v\u00e1lcovan\u00fd za studena FePO1<\/p>\n<p><span style=\"font-weight: bold;\">Tlou\u0161\u0165ka plechu:<\/span>\u00a0ze kter\u00e9ho se lisuj\u00ed desky na radi\u00e1tory: 1.25 mm<\/p>\n<p><span style=\"font-weight: bold;\">Rozte\u010d vertik\u00e1ln\u00edch vodn\u00edch kan\u00e1lk\u016f:<\/span>\u00a033 1\/3 mm<\/p>\n<p><strong>Hloubka radi\u00e1tor\u016f:<\/strong> 47 mm<\/p>\n<p><span style=\"font-weight: bold;\">V\u00fd\u0161ky radi\u00e1tor\u016f:<\/span>\u00a0300, 400, 450, 500, 600, 900 mm<\/p>\n<p><span style=\"font-weight: bold;\">D\u00e9lky radi\u00e1tor\u016f:<\/span>\u00a0400, 500, 600, 700, 800, 900, 1000, 1100, 1200, 1400, 1600, 1800, 2000, 2300, 2600, 3000 mm<\/p>\n<p><span style=\"font-weight: bold;\">Maxim\u00e1ln\u00ed provozn\u00ed tlak:<\/span>\u00a010 bar<\/p>\n<p><span style=\"font-weight: bold;\">Zku\u0161ebn\u00ed tlak:<\/span>\u00a013 bar (p\u0159i v\u00fdrob\u011b) a 12 bar (po instalaci)<\/p>\n<p><span style=\"font-weight: bold;\">Maxim\u00e1ln\u00ed teplota:<\/span>\u00a0110\u00b0C<\/p>\n<p><span style=\"font-weight: bold;\">Barva:<\/span>\u00a0RAL 9016 b\u00edl\u00e1, jin\u00e9 na objedn\u00e1vku<\/p>\n<p><span style=\"font-weight: bold;\">Z\u00e1kladov\u00e1 vrstva:<\/span>\u00a0KTL II &#8211; katafor\u00e9za druh\u00e9 generace<\/p>\n<p><span style=\"font-weight: bold;\">Povrchov\u00e1 vrstva:<\/span>\u00a0elektrostaticky nan\u00e1\u0161en\u00e1<br \/><span style=\"font-weight: bold;\"><br \/>V\u00fdroba:<\/span>\u00a0spl\u0148uje BS EN ISO 9001, certifik\u00e1ty FM 32533 a BS EN ISO 14001 certifik\u00e1t EMS 75685 kontrolovan\u00fd organizac\u00ed British Standards Institution<\/p>\n<p><span style=\"font-weight: bold;\">Prohl\u00e1\u0161en\u00ed o shod\u011b:<\/span>\u00a0PN-EN 442<\/p>\n<p><span style=\"font-weight: bold;\">Hygienick\u00fd atest:<\/span>\u00a0HK\/B\/0050\/01\/2006<\/p>\n<p><span style=\"font-weight: bold;\">P\u0159\u00edslu\u0161enstv\u00ed:<\/span> konzole jsou sou\u010d\u00e1st\u00ed radi\u00e1toru<\/p>\n<p><span style=\"font-weight: bold;\">Pozn\u00e1mka:<\/span> v\u00fdkon radi\u00e1tor\u016f je ud\u00e1v\u00e1n p\u0159i teplotn\u00edm sp\u00e1du 90\/70\u00b0C<br \/><strong><span style=\"color: #c00000;\"><br \/><span style=\"color: #c00000;\"><span style=\"color: #c00000;\"><span style=\"color: #c00000; font-weight: bold;\">Z\u00e1ruka: 10 let na t\u011bsnost radi\u00e1toru a\u00a010\u00a0let na povrchovou \u00fapravu.<\/span><\/span><\/span><\/p>\n<p><\/span><\/strong><span style=\"color: #c00000;\"><span style=\"color: #c00000;\"><span style=\"color: #c00000;\"><strong>Radi\u00e1tor lze\u00a0objednat v\u00a0jin\u00e9\u00a0RAL barv\u011b\u00a0za\u00a0p\u0159\u00edplatek. Pro v\u00edce informac\u00ed n\u00e1s kontaktujte.<\/strong><\/span><\/span><\/span><\/p>\n<\/div><\/div>\n<div id=\"PDTable3\" class=\"ProductDetailTableView v3a v3 bs-view dcon dc180 PDTable3\" >\n<table>\n<thead><\/thead>\n<tbody>\n<tr class=\"attribute attr_Vyska\">\n<td class=\"caption\">V\u00fd\u0161ka v mm<\/td>\n<td class=\"value\">600<\/td>\n<\/tr>\n<tr class=\"attribute attr_Novy attr_atribut attr_delka attr_v attr_mm\">\n<td class=\"caption\">D\u00e9lka v mm<\/td>\n<td class=\"value\">1100<\/td>\n<\/tr>\n<tr class=\"attribute attr_vyrobce\">\n<td class=\"caption\">V\u00fdrobce<\/td>\n<td class=\"value\">Purmo<\/td>\n<\/tr>\n<tr class=\"attribute attr_pocetdesek\">\n<td class=\"caption\">Po\u010det desek s vodou<\/td>\n<td class=\"value\">1 &#8211; deska s vodou<\/td>\n<\/tr>\n<tr class=\"attribute attr_pocetlamel\">\n<td class=\"caption\">Po\u010det vnit\u0159n\u00edch lamel<\/td>\n<td class=\"value\">0 &#8211; lamel<\/td>\n<\/tr>\n<tr class=\"attribute attr_pripojeniradiatoru\">\n<td class=\"caption\">P\u0159ipojen\u00ed radi\u00e1toru<\/td>\n<td class=\"value\">VK &#8211; spodn\u00ed prav\u00e9<\/td>\n<\/tr>\n<tr class=\"attribute attr_bsshop_e1_VPrBsVykonRad\">\n<td class=\"caption\">V\u00fdkon<\/td>\n<td class=\"value\">841 W<\/td>\n<\/tr>\n<tr class=\"weight\">\n<td class=\"caption\"><span>Hmotnost<\/span><\/td>\n<td class=\"value\"><span>14,39 kg<\/span><\/td>\n<\/tr>\n<\/tbody>\n<\/table>\n<\/div>\n<div id=\"PdProductGpsr\" class=\"ProductGpsrView v1a v1 bs-view dcon dc212 PdProductGpsr\" >\n<div class=\"subject\"><dc-root class=\"dcon dc214\"><span class=\"title\">Zodpov\u011bdn&#253; subjekt:<\/span><dc-con><dc-con><span class=\"company\">Purmo Group Poland Sp. z o.o.<\/span><span class=\"name\">Purmo<\/span><\/dc-con><dc-con><span class=\"street\">ul. Pu\u0142awska 491<\/span><span class=\"city\">Warszawa<\/span><span class=\"zip\">02 844<\/span><span class=\"country\">Polsko<\/span><\/dc-con><bs-empty><\/bs-empty><span class=\"phone\">+48 22 544 10 00<\/span><bs-empty><\/bs-empty><a href=\"https:\/\/global.purmo.com\/en\" class=\"link\" target=\"_blank\">https:\/\/global.purmo.com\/en<\/a><\/dc-con><bs-empty><\/bs-empty><\/dc-root><\/div>\n<p><bs-empty><\/bs-empty><\/div>\n<\/div>\n<div id=\"e20278546\" class=\"tabs\">\n","protected":false},"excerpt":{"rendered":"<p>Radi\u00e1tor VK 10-600\/1100 &#8211; PURMO Typ VK 10 &#8211; jednodeskov\u00fd radi\u00e1tor bez vnit\u0159n\u00edho konvektoru s integrovan\u00fdm termostatick\u00fdm ventilem Heimeier a spodn\u00edm p\u0159\u00edpojen\u00edm. Deskov\u00e9 radi\u00e1tory bez konvek\u010dn\u00edch ploch a kryt\u016f, ur\u010den\u00e9 k pou\u017eit\u00ed ve zdravotnick\u00fdch za\u0159\u00edzen\u00edch a dal\u0161\u00edch prostor\u00e1ch se zv\u00fd\u0161en\u00fdmi hygienick\u00fdmi n\u00e1roky. Atest St\u00e1tn\u00edho hygienick\u00e9ho \u00fastavu PR HK\/B\/0050\/01\/2006. Technick\u00e9 \u00fadaje:\u00a0 v\u00fdkon radi\u00e1tor\u016f je ud\u00e1v\u00e1n p\u0159i [&hellip;]<\/p>\n","protected":false},"featured_media":31203,"comment_status":"open","ping_status":"open","template":"","meta":[],"product_brand":[],"product_cat":[98],"product_tag":[],"class_list":{"0":"post-31103","1":"product","2":"type-product","3":"status-publish","4":"has-post-thumbnail","6":"product_cat-radi-225-tory","8":"first","9":"instock","10":"sale","11":"shipping-taxable","12":"purchasable","13":"product-type-simple"},"yoast_head":"<!-- This site is optimized with the Yoast SEO plugin v26.8 - https:\/\/yoast.com\/product\/yoast-seo-wordpress\/ -->\n<title>Akce Purmo VK 10-600\/1100 -<\/title>\n<meta name=\"robots\" content=\"index, follow, max-snippet:-1, max-image-preview:large, max-video-preview:-1\" \/>\n<link rel=\"canonical\" href=\"https:\/\/www.domkraftpro.com\/index.php\/produkt\/akce-purmo-vk-10-600-1100-31103\/\" \/>\n<meta property=\"og:locale\" content=\"cs_CZ\" \/>\n<meta property=\"og:type\" content=\"article\" \/>\n<meta property=\"og:title\" content=\"Akce Purmo VK 10-600\/1100 -\" \/>\n<meta property=\"og:description\" content=\"Radi\u00e1tor VK 10-600\/1100 &#8211; PURMO Typ VK 10 &#8211; jednodeskov\u00fd radi\u00e1tor bez vnit\u0159n\u00edho konvektoru s integrovan\u00fdm termostatick\u00fdm ventilem Heimeier a spodn\u00edm p\u0159\u00edpojen\u00edm. Deskov\u00e9 radi\u00e1tory bez konvek\u010dn\u00edch ploch a kryt\u016f, ur\u010den\u00e9 k pou\u017eit\u00ed ve zdravotnick\u00fdch za\u0159\u00edzen\u00edch a dal\u0161\u00edch prostor\u00e1ch se zv\u00fd\u0161en\u00fdmi hygienick\u00fdmi n\u00e1roky. Atest St\u00e1tn\u00edho hygienick\u00e9ho \u00fastavu PR HK\/B\/0050\/01\/2006. Technick\u00e9 \u00fadaje:\u00a0 v\u00fdkon radi\u00e1tor\u016f je ud\u00e1v\u00e1n p\u0159i [&hellip;]\" \/>\n<meta property=\"og:url\" content=\"https:\/\/www.domkraftpro.com\/index.php\/produkt\/akce-purmo-vk-10-600-1100-31103\/\" \/>\n<meta property=\"og:image\" content=\"https:\/\/www.domkraftpro.com\/wp-content\/uploads\/2026\/SK0005915-CZ20260425-093449-0-1777080895-purmo-vk-10-600-1100.webp\" \/>\n\t<meta property=\"og:image:width\" content=\"1000\" \/>\n\t<meta property=\"og:image:height\" content=\"525\" \/>\n\t<meta property=\"og:image:type\" content=\"image\/webp\" \/>\n<meta name=\"twitter:card\" content=\"summary_large_image\" \/>\n<meta name=\"twitter:label1\" content=\"Odhadovan\u00e1 doba \u010dten\u00ed\" \/>\n\t<meta name=\"twitter:data1\" content=\"2 minuty\" \/>\n<script type=\"application\/ld+json\" class=\"yoast-schema-graph\">{\"@context\":\"https:\/\/schema.org\",\"@graph\":[{\"@type\":\"WebPage\",\"@id\":\"https:\/\/www.domkraftpro.com\/index.php\/produkt\/akce-purmo-vk-10-600-1100-31103\/\",\"url\":\"https:\/\/www.domkraftpro.com\/index.php\/produkt\/akce-purmo-vk-10-600-1100-31103\/\",\"name\":\"Akce Purmo VK 10-600\/1100 -\",\"isPartOf\":{\"@id\":\"https:\/\/www.domkraftpro.com\/#website\"},\"primaryImageOfPage\":{\"@id\":\"https:\/\/www.domkraftpro.com\/index.php\/produkt\/akce-purmo-vk-10-600-1100-31103\/#primaryimage\"},\"image\":{\"@id\":\"https:\/\/www.domkraftpro.com\/index.php\/produkt\/akce-purmo-vk-10-600-1100-31103\/#primaryimage\"},\"thumbnailUrl\":\"https:\/\/www.domkraftpro.com\/wp-content\/uploads\/2026\/SK0005915-CZ20260425-093449-0-1777080895-purmo-vk-10-600-1100.webp\",\"datePublished\":\"2026-04-27T04:41:44+00:00\",\"breadcrumb\":{\"@id\":\"https:\/\/www.domkraftpro.com\/index.php\/produkt\/akce-purmo-vk-10-600-1100-31103\/#breadcrumb\"},\"inLanguage\":\"cs\",\"potentialAction\":[{\"@type\":\"ReadAction\",\"target\":[\"https:\/\/www.domkraftpro.com\/index.php\/produkt\/akce-purmo-vk-10-600-1100-31103\/\"]}]},{\"@type\":\"ImageObject\",\"inLanguage\":\"cs\",\"@id\":\"https:\/\/www.domkraftpro.com\/index.php\/produkt\/akce-purmo-vk-10-600-1100-31103\/#primaryimage\",\"url\":\"https:\/\/www.domkraftpro.com\/wp-content\/uploads\/2026\/SK0005915-CZ20260425-093449-0-1777080895-purmo-vk-10-600-1100.webp\",\"contentUrl\":\"https:\/\/www.domkraftpro.com\/wp-content\/uploads\/2026\/SK0005915-CZ20260425-093449-0-1777080895-purmo-vk-10-600-1100.webp\",\"width\":1000,\"height\":525},{\"@type\":\"BreadcrumbList\",\"@id\":\"https:\/\/www.domkraftpro.com\/index.php\/produkt\/akce-purmo-vk-10-600-1100-31103\/#breadcrumb\",\"itemListElement\":[{\"@type\":\"ListItem\",\"position\":1,\"name\":\"Home\",\"item\":\"https:\/\/www.domkraftpro.com\/\"},{\"@type\":\"ListItem\",\"position\":2,\"name\":\"Products\",\"item\":\"https:\/\/www.domkraftpro.com\/index.php\/products\/\"},{\"@type\":\"ListItem\",\"position\":3,\"name\":\"Akce Purmo VK 10-600\/1100\"}]},{\"@type\":\"WebSite\",\"@id\":\"https:\/\/www.domkraftpro.com\/#website\",\"url\":\"https:\/\/www.domkraftpro.com\/\",\"name\":\"\",\"description\":\"\",\"potentialAction\":[{\"@type\":\"SearchAction\",\"target\":{\"@type\":\"EntryPoint\",\"urlTemplate\":\"https:\/\/www.domkraftpro.com\/?s={search_term_string}\"},\"query-input\":{\"@type\":\"PropertyValueSpecification\",\"valueRequired\":true,\"valueName\":\"search_term_string\"}}],\"inLanguage\":\"cs\"}]}<\/script>\n<!-- \/ Yoast SEO plugin. -->","yoast_head_json":{"title":"Akce Purmo VK 10-600\/1100 -","robots":{"index":"index","follow":"follow","max-snippet":"max-snippet:-1","max-image-preview":"max-image-preview:large","max-video-preview":"max-video-preview:-1"},"canonical":"https:\/\/www.domkraftpro.com\/index.php\/produkt\/akce-purmo-vk-10-600-1100-31103\/","og_locale":"cs_CZ","og_type":"article","og_title":"Akce Purmo VK 10-600\/1100 -","og_description":"Radi\u00e1tor VK 10-600\/1100 &#8211; PURMO Typ VK 10 &#8211; jednodeskov\u00fd radi\u00e1tor bez vnit\u0159n\u00edho konvektoru s integrovan\u00fdm termostatick\u00fdm ventilem Heimeier a spodn\u00edm p\u0159\u00edpojen\u00edm. Deskov\u00e9 radi\u00e1tory bez konvek\u010dn\u00edch ploch a kryt\u016f, ur\u010den\u00e9 k pou\u017eit\u00ed ve zdravotnick\u00fdch za\u0159\u00edzen\u00edch a dal\u0161\u00edch prostor\u00e1ch se zv\u00fd\u0161en\u00fdmi hygienick\u00fdmi n\u00e1roky. Atest St\u00e1tn\u00edho hygienick\u00e9ho \u00fastavu PR HK\/B\/0050\/01\/2006. Technick\u00e9 \u00fadaje:\u00a0 v\u00fdkon radi\u00e1tor\u016f je ud\u00e1v\u00e1n p\u0159i [&hellip;]","og_url":"https:\/\/www.domkraftpro.com\/index.php\/produkt\/akce-purmo-vk-10-600-1100-31103\/","og_image":[{"width":1000,"height":525,"url":"https:\/\/www.domkraftpro.com\/wp-content\/uploads\/2026\/SK0005915-CZ20260425-093449-0-1777080895-purmo-vk-10-600-1100.webp","type":"image\/webp"}],"twitter_card":"summary_large_image","twitter_misc":{"Odhadovan\u00e1 doba \u010dten\u00ed":"2 minuty"},"schema":{"@context":"https:\/\/schema.org","@graph":[{"@type":"WebPage","@id":"https:\/\/www.domkraftpro.com\/index.php\/produkt\/akce-purmo-vk-10-600-1100-31103\/","url":"https:\/\/www.domkraftpro.com\/index.php\/produkt\/akce-purmo-vk-10-600-1100-31103\/","name":"Akce Purmo VK 10-600\/1100 -","isPartOf":{"@id":"https:\/\/www.domkraftpro.com\/#website"},"primaryImageOfPage":{"@id":"https:\/\/www.domkraftpro.com\/index.php\/produkt\/akce-purmo-vk-10-600-1100-31103\/#primaryimage"},"image":{"@id":"https:\/\/www.domkraftpro.com\/index.php\/produkt\/akce-purmo-vk-10-600-1100-31103\/#primaryimage"},"thumbnailUrl":"https:\/\/www.domkraftpro.com\/wp-content\/uploads\/2026\/SK0005915-CZ20260425-093449-0-1777080895-purmo-vk-10-600-1100.webp","datePublished":"2026-04-27T04:41:44+00:00","breadcrumb":{"@id":"https:\/\/www.domkraftpro.com\/index.php\/produkt\/akce-purmo-vk-10-600-1100-31103\/#breadcrumb"},"inLanguage":"cs","potentialAction":[{"@type":"ReadAction","target":["https:\/\/www.domkraftpro.com\/index.php\/produkt\/akce-purmo-vk-10-600-1100-31103\/"]}]},{"@type":"ImageObject","inLanguage":"cs","@id":"https:\/\/www.domkraftpro.com\/index.php\/produkt\/akce-purmo-vk-10-600-1100-31103\/#primaryimage","url":"https:\/\/www.domkraftpro.com\/wp-content\/uploads\/2026\/SK0005915-CZ20260425-093449-0-1777080895-purmo-vk-10-600-1100.webp","contentUrl":"https:\/\/www.domkraftpro.com\/wp-content\/uploads\/2026\/SK0005915-CZ20260425-093449-0-1777080895-purmo-vk-10-600-1100.webp","width":1000,"height":525},{"@type":"BreadcrumbList","@id":"https:\/\/www.domkraftpro.com\/index.php\/produkt\/akce-purmo-vk-10-600-1100-31103\/#breadcrumb","itemListElement":[{"@type":"ListItem","position":1,"name":"Home","item":"https:\/\/www.domkraftpro.com\/"},{"@type":"ListItem","position":2,"name":"Products","item":"https:\/\/www.domkraftpro.com\/index.php\/products\/"},{"@type":"ListItem","position":3,"name":"Akce Purmo VK 10-600\/1100"}]},{"@type":"WebSite","@id":"https:\/\/www.domkraftpro.com\/#website","url":"https:\/\/www.domkraftpro.com\/","name":"","description":"","potentialAction":[{"@type":"SearchAction","target":{"@type":"EntryPoint","urlTemplate":"https:\/\/www.domkraftpro.com\/?s={search_term_string}"},"query-input":{"@type":"PropertyValueSpecification","valueRequired":true,"valueName":"search_term_string"}}],"inLanguage":"cs"}]}},"_links":{"self":[{"href":"https:\/\/www.domkraftpro.com\/index.php\/wp-json\/wp\/v2\/product\/31103","targetHints":{"allow":["GET"]}}],"collection":[{"href":"https:\/\/www.domkraftpro.com\/index.php\/wp-json\/wp\/v2\/product"}],"about":[{"href":"https:\/\/www.domkraftpro.com\/index.php\/wp-json\/wp\/v2\/types\/product"}],"replies":[{"embeddable":true,"href":"https:\/\/www.domkraftpro.com\/index.php\/wp-json\/wp\/v2\/comments?post=31103"}],"wp:featuredmedia":[{"embeddable":true,"href":"https:\/\/www.domkraftpro.com\/index.php\/wp-json\/wp\/v2\/media\/31203"}],"wp:attachment":[{"href":"https:\/\/www.domkraftpro.com\/index.php\/wp-json\/wp\/v2\/media?parent=31103"}],"wp:term":[{"taxonomy":"product_brand","embeddable":true,"href":"https:\/\/www.domkraftpro.com\/index.php\/wp-json\/wp\/v2\/product_brand?post=31103"},{"taxonomy":"product_cat","embeddable":true,"href":"https:\/\/www.domkraftpro.com\/index.php\/wp-json\/wp\/v2\/product_cat?post=31103"},{"taxonomy":"product_tag","embeddable":true,"href":"https:\/\/www.domkraftpro.com\/index.php\/wp-json\/wp\/v2\/product_tag?post=31103"}],"curies":[{"name":"wp","href":"https:\/\/api.w.org\/{rel}","templated":true}]}}