{"id":29360,"date":"2026-04-27T04:41:39","date_gmt":"2026-04-27T04:41:39","guid":{"rendered":""},"modified":"2026-04-27T04:41:39","modified_gmt":"2026-04-27T04:41:39","slug":"znackovy-podlahovy-zlab-bez-okraje-s-rostem-pro-vlozeni-dlazby-apz15-300-29360","status":"publish","type":"product","link":"https:\/\/www.domkraftpro.com\/index.php\/produkt\/znackovy-podlahovy-zlab-bez-okraje-s-rostem-pro-vlozeni-dlazby-apz15-300-29360\/","title":{"rendered":"Zna\u010dkov\u00fd Podlahov\u00fd \u017elab bez okraje s ro\u0161tem pro vlo\u017een\u00ed dla\u017eby APZ15-300"},"content":{"rendered":"<div class=\"basic-description\">\n<h3>Detailn\u00ed popis produktu<\/h3>\n<p>                                    <strong>Pou\u017eit\u00ed:<\/strong><br \/>Pro bezbari\u00e9rov\u00fd p\u0159\u00edstup<br \/>Pro odvodn\u011bn\u00ed sprch v \u00farovni podlahy<br \/>Pro osazen\u00ed do prostoru nebo do bl\u00edzkosti st\u011bn<br \/>Pro pou\u017eit\u00ed r\u016fzn\u00fdch typ\u016f podlahov\u00fdch krytin<br \/>Pro pou\u017eit\u00ed uvnit\u0159 budov<\/p>\n<p><strong>Vlastnosti:<\/strong><br \/>Elegantn\u00ed design d\u00edky ro\u0161tu pro vlo\u017een\u00ed dla\u017eby bez nerezov\u00e9ho r\u00e1me\u010dku<br \/>L\u00edmec a vpust jsou chr\u00e1n\u011bny f\u00f3li\u00ed, vani\u010dka polystyrenovou vlo\u017ekou<br \/>Materi\u00e1l sifonu: polypropylen<br \/>Materi\u00e1l \u017elabu: nerezov\u00e1 ocel 2 mm AISI 304, DIN 1.4301<br \/>Mechanicky \u010distiteln\u00fd sifon a\u017e po odpadn\u00ed trubku<br \/>Mo\u017enost dokoupen\u00ed kombinovan\u00e9 z\u00e1pachov\u00e9 uz\u00e1v\u011bry<br \/>Podlahov\u00fd \u017elab z nerezov\u00e9 oceli (dokonale hladk\u00fd a odoln\u00fd povrch d\u00edky speci\u00e1ln\u00ed povrchov\u00e9 \u00faprav\u011b)<br \/>Samolepic\u00ed p\u00e1ska pro kvalitn\u00ed hydroizolaci<br \/>Sifon napevno spojen se \u017elabem \u2013 100% vodot\u011bsnost<br \/>Stavebn\u00ed v\u00fd\u0161ka od 100 mm<br \/>V\u00fd\u0161kov\u011b staviteln\u00fd<br \/>Vysok\u00fd pr\u016ftok je umo\u017en\u011bn d\u00edky dv\u011bma komor\u00e1m sifonu<br \/>Z\u00e1ruka 25 let<\/p>\n<p><strong>Technick\u00e9 parametry:<\/strong><br \/>Celkov\u00e1 stavebn\u00ed v\u00fd\u0161ka &#8211; 100 &#8211; 158 &#8211; mm<br \/>Minim\u00e1ln\u00ed tlou\u0161\u0165ka betonu &#8211;  &#8211; 100 &#8211; mm<br \/>Odolnost z\u00e1pachov\u00e9 uz\u00e1v\u011bry proti tlaku &#8211;  &#8211; 982 &#8211; Pa<br \/>Odpadn\u00ed potrub\u00ed pr\u016fm\u011br &#8211;  &#8211; 50 &#8211; mm<br \/>Pr\u016ftok &#8211; 60 &#8211; 68,8 &#8211; l\/min<br \/>T\u0159\u00edda zat\u00ed\u017een\u00ed K3 &#8211;  &#8211; 300 &#8211; kg<br \/>Z\u00e1pachov\u00e1 uz\u00e1v\u011bra &#8211;  &#8211; 50 &#8211; mm<\/p>\n<p><strong>Rozsah dod\u00e1vky:<\/strong><br \/>Demont\u00e1\u017en\u00ed h\u00e1\u010dek<br \/>Fixa\u010dn\u00ed set: vrut \u00d86\u00d750 \u2013 2 ks, hmo\u017edinka \u00d810 \u2013 2 ks<br \/>Instala\u010dn\u00ed kryt koryta &#8211; polystyren<br \/>Ochrann\u00e1 f\u00f3lie l\u00edmce \u017elabu<br \/>Ochrann\u00e1 f\u00f3lie vtoku do sifonu<br \/>Ro\u0161t pro nalepen\u00ed r\u016fzn\u00fdch typ\u016f podlahov\u00fdch krytin<br \/>\u0160ablona pro vy\u0159ez\u00e1n\u00ed dla\u017eby na ro\u0161t<br \/>Samolepic\u00ed hydroizola\u010dn\u00ed p\u00e1ska<br \/>\u017dlab smontovan\u00fd se sifonem                            <\/div>\n","protected":false},"excerpt":{"rendered":"<p>Detailn\u00ed popis produktu Pou\u017eit\u00ed:Pro bezbari\u00e9rov\u00fd p\u0159\u00edstupPro odvodn\u011bn\u00ed sprch v \u00farovni podlahyPro osazen\u00ed do prostoru nebo do bl\u00edzkosti st\u011bnPro pou\u017eit\u00ed r\u016fzn\u00fdch typ\u016f podlahov\u00fdch krytinPro pou\u017eit\u00ed uvnit\u0159 budov Vlastnosti:Elegantn\u00ed design d\u00edky ro\u0161tu pro vlo\u017een\u00ed dla\u017eby bez nerezov\u00e9ho r\u00e1me\u010dkuL\u00edmec a vpust jsou chr\u00e1n\u011bny f\u00f3li\u00ed, vani\u010dka polystyrenovou vlo\u017ekouMateri\u00e1l sifonu: polypropylenMateri\u00e1l \u017elabu: nerezov\u00e1 ocel 2 mm AISI 304, DIN 1.4301Mechanicky [&hellip;]<\/p>\n","protected":false},"featured_media":29460,"comment_status":"open","ping_status":"open","template":"","meta":[],"product_brand":[],"product_cat":[96],"product_tag":[],"class_list":{"0":"post-29360","1":"product","2":"type-product","3":"status-publish","4":"has-post-thumbnail","6":"product_cat-koupelny-a-sanitarni-technika","8":"first","9":"instock","10":"sale","11":"shipping-taxable","12":"purchasable","13":"product-type-simple"},"yoast_head":"<!-- This site is optimized with the Yoast SEO plugin v26.8 - https:\/\/yoast.com\/product\/yoast-seo-wordpress\/ -->\n<title>Zna\u010dkov\u00fd Podlahov\u00fd \u017elab bez okraje s ro\u0161tem pro vlo\u017een\u00ed dla\u017eby APZ15-300 -<\/title>\n<meta name=\"robots\" content=\"index, follow, max-snippet:-1, max-image-preview:large, max-video-preview:-1\" \/>\n<link rel=\"canonical\" href=\"https:\/\/www.domkraftpro.com\/index.php\/produkt\/znackovy-podlahovy-zlab-bez-okraje-s-rostem-pro-vlozeni-dlazby-apz15-300-29360\/\" \/>\n<meta property=\"og:locale\" content=\"cs_CZ\" \/>\n<meta property=\"og:type\" content=\"article\" \/>\n<meta property=\"og:title\" content=\"Zna\u010dkov\u00fd Podlahov\u00fd \u017elab bez okraje s ro\u0161tem pro vlo\u017een\u00ed dla\u017eby APZ15-300 -\" \/>\n<meta property=\"og:description\" content=\"Detailn\u00ed popis produktu Pou\u017eit\u00ed:Pro bezbari\u00e9rov\u00fd p\u0159\u00edstupPro odvodn\u011bn\u00ed sprch v \u00farovni podlahyPro osazen\u00ed do prostoru nebo do bl\u00edzkosti st\u011bnPro pou\u017eit\u00ed r\u016fzn\u00fdch typ\u016f podlahov\u00fdch krytinPro pou\u017eit\u00ed uvnit\u0159 budov Vlastnosti:Elegantn\u00ed design d\u00edky ro\u0161tu pro vlo\u017een\u00ed dla\u017eby bez nerezov\u00e9ho r\u00e1me\u010dkuL\u00edmec a vpust jsou chr\u00e1n\u011bny f\u00f3li\u00ed, vani\u010dka polystyrenovou vlo\u017ekouMateri\u00e1l sifonu: polypropylenMateri\u00e1l \u017elabu: nerezov\u00e1 ocel 2 mm AISI 304, DIN 1.4301Mechanicky [&hellip;]\" \/>\n<meta property=\"og:url\" content=\"https:\/\/www.domkraftpro.com\/index.php\/produkt\/znackovy-podlahovy-zlab-bez-okraje-s-rostem-pro-vlozeni-dlazby-apz15-300-29360\/\" \/>\n<meta property=\"og:image\" content=\"https:\/\/www.domkraftpro.com\/wp-content\/uploads\/2026\/SK0007125-CZ20260425-093351-0-1777080838-1220540-2_photo2_-image-p8846-1.webp\" \/>\n\t<meta property=\"og:image:width\" content=\"1000\" \/>\n\t<meta property=\"og:image:height\" content=\"750\" \/>\n\t<meta property=\"og:image:type\" content=\"image\/webp\" \/>\n<meta name=\"twitter:card\" content=\"summary_large_image\" \/>\n<meta name=\"twitter:label1\" content=\"Odhadovan\u00e1 doba \u010dten\u00ed\" \/>\n\t<meta name=\"twitter:data1\" content=\"1 minuta\" \/>\n<script type=\"application\/ld+json\" class=\"yoast-schema-graph\">{\"@context\":\"https:\/\/schema.org\",\"@graph\":[{\"@type\":\"WebPage\",\"@id\":\"https:\/\/www.domkraftpro.com\/index.php\/produkt\/znackovy-podlahovy-zlab-bez-okraje-s-rostem-pro-vlozeni-dlazby-apz15-300-29360\/\",\"url\":\"https:\/\/www.domkraftpro.com\/index.php\/produkt\/znackovy-podlahovy-zlab-bez-okraje-s-rostem-pro-vlozeni-dlazby-apz15-300-29360\/\",\"name\":\"Zna\u010dkov\u00fd Podlahov\u00fd \u017elab bez okraje s ro\u0161tem pro vlo\u017een\u00ed dla\u017eby APZ15-300 -\",\"isPartOf\":{\"@id\":\"https:\/\/www.domkraftpro.com\/#website\"},\"primaryImageOfPage\":{\"@id\":\"https:\/\/www.domkraftpro.com\/index.php\/produkt\/znackovy-podlahovy-zlab-bez-okraje-s-rostem-pro-vlozeni-dlazby-apz15-300-29360\/#primaryimage\"},\"image\":{\"@id\":\"https:\/\/www.domkraftpro.com\/index.php\/produkt\/znackovy-podlahovy-zlab-bez-okraje-s-rostem-pro-vlozeni-dlazby-apz15-300-29360\/#primaryimage\"},\"thumbnailUrl\":\"https:\/\/www.domkraftpro.com\/wp-content\/uploads\/2026\/SK0007125-CZ20260425-093351-0-1777080838-1220540-2_photo2_-image-p8846-1.webp\",\"datePublished\":\"2026-04-27T04:41:39+00:00\",\"breadcrumb\":{\"@id\":\"https:\/\/www.domkraftpro.com\/index.php\/produkt\/znackovy-podlahovy-zlab-bez-okraje-s-rostem-pro-vlozeni-dlazby-apz15-300-29360\/#breadcrumb\"},\"inLanguage\":\"cs\",\"potentialAction\":[{\"@type\":\"ReadAction\",\"target\":[\"https:\/\/www.domkraftpro.com\/index.php\/produkt\/znackovy-podlahovy-zlab-bez-okraje-s-rostem-pro-vlozeni-dlazby-apz15-300-29360\/\"]}]},{\"@type\":\"ImageObject\",\"inLanguage\":\"cs\",\"@id\":\"https:\/\/www.domkraftpro.com\/index.php\/produkt\/znackovy-podlahovy-zlab-bez-okraje-s-rostem-pro-vlozeni-dlazby-apz15-300-29360\/#primaryimage\",\"url\":\"https:\/\/www.domkraftpro.com\/wp-content\/uploads\/2026\/SK0007125-CZ20260425-093351-0-1777080838-1220540-2_photo2_-image-p8846-1.webp\",\"contentUrl\":\"https:\/\/www.domkraftpro.com\/wp-content\/uploads\/2026\/SK0007125-CZ20260425-093351-0-1777080838-1220540-2_photo2_-image-p8846-1.webp\",\"width\":1000,\"height\":750},{\"@type\":\"BreadcrumbList\",\"@id\":\"https:\/\/www.domkraftpro.com\/index.php\/produkt\/znackovy-podlahovy-zlab-bez-okraje-s-rostem-pro-vlozeni-dlazby-apz15-300-29360\/#breadcrumb\",\"itemListElement\":[{\"@type\":\"ListItem\",\"position\":1,\"name\":\"Home\",\"item\":\"https:\/\/www.domkraftpro.com\/\"},{\"@type\":\"ListItem\",\"position\":2,\"name\":\"Products\",\"item\":\"https:\/\/www.domkraftpro.com\/index.php\/products\/\"},{\"@type\":\"ListItem\",\"position\":3,\"name\":\"Zna\u010dkov\u00fd Podlahov\u00fd \u017elab bez okraje s ro\u0161tem pro vlo\u017een\u00ed dla\u017eby APZ15-300\"}]},{\"@type\":\"WebSite\",\"@id\":\"https:\/\/www.domkraftpro.com\/#website\",\"url\":\"https:\/\/www.domkraftpro.com\/\",\"name\":\"\",\"description\":\"\",\"potentialAction\":[{\"@type\":\"SearchAction\",\"target\":{\"@type\":\"EntryPoint\",\"urlTemplate\":\"https:\/\/www.domkraftpro.com\/?s={search_term_string}\"},\"query-input\":{\"@type\":\"PropertyValueSpecification\",\"valueRequired\":true,\"valueName\":\"search_term_string\"}}],\"inLanguage\":\"cs\"}]}<\/script>\n<!-- \/ Yoast SEO plugin. -->","yoast_head_json":{"title":"Zna\u010dkov\u00fd Podlahov\u00fd \u017elab bez okraje s ro\u0161tem pro vlo\u017een\u00ed dla\u017eby APZ15-300 -","robots":{"index":"index","follow":"follow","max-snippet":"max-snippet:-1","max-image-preview":"max-image-preview:large","max-video-preview":"max-video-preview:-1"},"canonical":"https:\/\/www.domkraftpro.com\/index.php\/produkt\/znackovy-podlahovy-zlab-bez-okraje-s-rostem-pro-vlozeni-dlazby-apz15-300-29360\/","og_locale":"cs_CZ","og_type":"article","og_title":"Zna\u010dkov\u00fd Podlahov\u00fd \u017elab bez okraje s ro\u0161tem pro vlo\u017een\u00ed dla\u017eby APZ15-300 -","og_description":"Detailn\u00ed popis produktu Pou\u017eit\u00ed:Pro bezbari\u00e9rov\u00fd p\u0159\u00edstupPro odvodn\u011bn\u00ed sprch v \u00farovni podlahyPro osazen\u00ed do prostoru nebo do bl\u00edzkosti st\u011bnPro pou\u017eit\u00ed r\u016fzn\u00fdch typ\u016f podlahov\u00fdch krytinPro pou\u017eit\u00ed uvnit\u0159 budov Vlastnosti:Elegantn\u00ed design d\u00edky ro\u0161tu pro vlo\u017een\u00ed dla\u017eby bez nerezov\u00e9ho r\u00e1me\u010dkuL\u00edmec a vpust jsou chr\u00e1n\u011bny f\u00f3li\u00ed, vani\u010dka polystyrenovou vlo\u017ekouMateri\u00e1l sifonu: polypropylenMateri\u00e1l \u017elabu: nerezov\u00e1 ocel 2 mm AISI 304, DIN 1.4301Mechanicky [&hellip;]","og_url":"https:\/\/www.domkraftpro.com\/index.php\/produkt\/znackovy-podlahovy-zlab-bez-okraje-s-rostem-pro-vlozeni-dlazby-apz15-300-29360\/","og_image":[{"width":1000,"height":750,"url":"https:\/\/www.domkraftpro.com\/wp-content\/uploads\/2026\/SK0007125-CZ20260425-093351-0-1777080838-1220540-2_photo2_-image-p8846-1.webp","type":"image\/webp"}],"twitter_card":"summary_large_image","twitter_misc":{"Odhadovan\u00e1 doba \u010dten\u00ed":"1 minuta"},"schema":{"@context":"https:\/\/schema.org","@graph":[{"@type":"WebPage","@id":"https:\/\/www.domkraftpro.com\/index.php\/produkt\/znackovy-podlahovy-zlab-bez-okraje-s-rostem-pro-vlozeni-dlazby-apz15-300-29360\/","url":"https:\/\/www.domkraftpro.com\/index.php\/produkt\/znackovy-podlahovy-zlab-bez-okraje-s-rostem-pro-vlozeni-dlazby-apz15-300-29360\/","name":"Zna\u010dkov\u00fd Podlahov\u00fd \u017elab bez okraje s ro\u0161tem pro vlo\u017een\u00ed dla\u017eby APZ15-300 -","isPartOf":{"@id":"https:\/\/www.domkraftpro.com\/#website"},"primaryImageOfPage":{"@id":"https:\/\/www.domkraftpro.com\/index.php\/produkt\/znackovy-podlahovy-zlab-bez-okraje-s-rostem-pro-vlozeni-dlazby-apz15-300-29360\/#primaryimage"},"image":{"@id":"https:\/\/www.domkraftpro.com\/index.php\/produkt\/znackovy-podlahovy-zlab-bez-okraje-s-rostem-pro-vlozeni-dlazby-apz15-300-29360\/#primaryimage"},"thumbnailUrl":"https:\/\/www.domkraftpro.com\/wp-content\/uploads\/2026\/SK0007125-CZ20260425-093351-0-1777080838-1220540-2_photo2_-image-p8846-1.webp","datePublished":"2026-04-27T04:41:39+00:00","breadcrumb":{"@id":"https:\/\/www.domkraftpro.com\/index.php\/produkt\/znackovy-podlahovy-zlab-bez-okraje-s-rostem-pro-vlozeni-dlazby-apz15-300-29360\/#breadcrumb"},"inLanguage":"cs","potentialAction":[{"@type":"ReadAction","target":["https:\/\/www.domkraftpro.com\/index.php\/produkt\/znackovy-podlahovy-zlab-bez-okraje-s-rostem-pro-vlozeni-dlazby-apz15-300-29360\/"]}]},{"@type":"ImageObject","inLanguage":"cs","@id":"https:\/\/www.domkraftpro.com\/index.php\/produkt\/znackovy-podlahovy-zlab-bez-okraje-s-rostem-pro-vlozeni-dlazby-apz15-300-29360\/#primaryimage","url":"https:\/\/www.domkraftpro.com\/wp-content\/uploads\/2026\/SK0007125-CZ20260425-093351-0-1777080838-1220540-2_photo2_-image-p8846-1.webp","contentUrl":"https:\/\/www.domkraftpro.com\/wp-content\/uploads\/2026\/SK0007125-CZ20260425-093351-0-1777080838-1220540-2_photo2_-image-p8846-1.webp","width":1000,"height":750},{"@type":"BreadcrumbList","@id":"https:\/\/www.domkraftpro.com\/index.php\/produkt\/znackovy-podlahovy-zlab-bez-okraje-s-rostem-pro-vlozeni-dlazby-apz15-300-29360\/#breadcrumb","itemListElement":[{"@type":"ListItem","position":1,"name":"Home","item":"https:\/\/www.domkraftpro.com\/"},{"@type":"ListItem","position":2,"name":"Products","item":"https:\/\/www.domkraftpro.com\/index.php\/products\/"},{"@type":"ListItem","position":3,"name":"Zna\u010dkov\u00fd Podlahov\u00fd \u017elab bez okraje s ro\u0161tem pro vlo\u017een\u00ed dla\u017eby APZ15-300"}]},{"@type":"WebSite","@id":"https:\/\/www.domkraftpro.com\/#website","url":"https:\/\/www.domkraftpro.com\/","name":"","description":"","potentialAction":[{"@type":"SearchAction","target":{"@type":"EntryPoint","urlTemplate":"https:\/\/www.domkraftpro.com\/?s={search_term_string}"},"query-input":{"@type":"PropertyValueSpecification","valueRequired":true,"valueName":"search_term_string"}}],"inLanguage":"cs"}]}},"_links":{"self":[{"href":"https:\/\/www.domkraftpro.com\/index.php\/wp-json\/wp\/v2\/product\/29360","targetHints":{"allow":["GET"]}}],"collection":[{"href":"https:\/\/www.domkraftpro.com\/index.php\/wp-json\/wp\/v2\/product"}],"about":[{"href":"https:\/\/www.domkraftpro.com\/index.php\/wp-json\/wp\/v2\/types\/product"}],"replies":[{"embeddable":true,"href":"https:\/\/www.domkraftpro.com\/index.php\/wp-json\/wp\/v2\/comments?post=29360"}],"wp:featuredmedia":[{"embeddable":true,"href":"https:\/\/www.domkraftpro.com\/index.php\/wp-json\/wp\/v2\/media\/29460"}],"wp:attachment":[{"href":"https:\/\/www.domkraftpro.com\/index.php\/wp-json\/wp\/v2\/media?parent=29360"}],"wp:term":[{"taxonomy":"product_brand","embeddable":true,"href":"https:\/\/www.domkraftpro.com\/index.php\/wp-json\/wp\/v2\/product_brand?post=29360"},{"taxonomy":"product_cat","embeddable":true,"href":"https:\/\/www.domkraftpro.com\/index.php\/wp-json\/wp\/v2\/product_cat?post=29360"},{"taxonomy":"product_tag","embeddable":true,"href":"https:\/\/www.domkraftpro.com\/index.php\/wp-json\/wp\/v2\/product_tag?post=29360"}],"curies":[{"name":"wp","href":"https:\/\/api.w.org\/{rel}","templated":true}]}}