{"id":24170,"date":"2026-04-27T04:41:25","date_gmt":"2026-04-27T04:41:25","guid":{"rendered":""},"modified":"2026-04-27T04:41:25","modified_gmt":"2026-04-27T04:41:25","slug":"znackovy-polysan-zoom-line-black-sprchove-dvere-1400mm-cire-sklo-zl1314b-24170","status":"publish","type":"product","link":"https:\/\/www.domkraftpro.com\/index.php\/produkt\/znackovy-polysan-zoom-line-black-sprchove-dvere-1400mm-cire-sklo-zl1314b-24170\/","title":{"rendered":"Zna\u010dkov\u00fd Polysan ZOOM LINE BLACK sprchov\u00e9 dve\u0159e 1400mm, \u010dir\u00e9 sklo ZL1314B"},"content":{"rendered":"<div class=\"tabs__content-outer\" id=\"tab_description\" data-hash=\"description\" data-tabindex=\"-1\">\n<div class=\"tabs__content toggle_description\" id=\"content_description\">\n<div class=\"wysiwyg-content\">\n<div class=\"product__tab product__description full-width\">\n<div class=\"container\">\n<div >\n<h3>Polysan ZOOM LINE BLACK sprchov\u00e9 dve\u0159e 1400mm, \u010dir\u00e9 sklo ZL1314B<\/h3>\n<p style=\"text-align: justify;\">Sprchov\u00e9 z\u00e1st\u011bny <strong>ZOOM BLACK<\/strong> okouzl\u00ed nejen sv\u00fdm proveden\u00edm v modern\u00ed \u010dern\u00e9, ale i propracovanost\u00ed do nejmen\u0161\u00edch detail\u016f. Sprchov\u00e9 dve\u0159e s hranat\u00fdmi oto\u010dn\u00fdmi profily se zvedac\u00edm mechanismem umo\u017e\u0148uj\u00ed snadn\u00e9 otev\u00edr\u00e1n\u00ed vn\u011b i dovnit\u0159 a zaru\u010duj\u00ed maxim\u00e1ln\u00ed \u0161\u00ed\u0159ku vstupu. V\u00fdjimku tvo\u0159\u00ed \u010dtvrtkruhov\u00e1 z\u00e1st\u011bna ZL2615B (90&#215;90 cm), kter\u00e1 se otv\u00edr\u00e1 pouze sm\u011brem ven.<\/p>\n<p><strong>Charakteristika sprchov\u00fdch z\u00e1st\u011bn s\u00e9rie ZOOM LINE BLACK:<\/strong><\/p>\n<ul>\n<li>\u010cir\u00e9 bezpe\u010dnostn\u00ed sklo o s\u00edle 6 mm<\/li>\n<li>Povrchov\u00e1 \u00faprava Antidrop zabra\u0148uje usazov\u00e1n\u00ed vodn\u00edho kamene a usnad\u0148uje \u010di\u0161t\u011bn\u00ed<\/li>\n<li>Hlin\u00edkov\u00e9 oto\u010dn\u00e9 profily v matn\u011b \u010dern\u00e9 povrchov\u00e9 \u00faprav\u011b, s integrovan\u00fdm zdvihov\u00fdm mechanismem<\/li>\n<li>Matn\u011b \u010dern\u00e9 proveden\u00ed profil\u016f dod\u00e1v\u00e1 z\u00e1st\u011bn\u00e1m luxusn\u00ed vzhled<\/li>\n<li>Magnetick\u00e9 t\u011bsn\u011bn\u00ed je skryto v profilech<\/li>\n<li>V\u00fd\u0161ka 2000 mm<\/li>\n<li>Snadn\u00e1 mont\u00e1\u017e, tolerance a\u017e 20 mm nastaven\u00edm skel v profilu<\/li>\n<li>Dve\u0159e 800 a 900 mm jsou jednod\u00edln\u00e9 a umo\u017e\u0148uj\u00ed maxim\u00e1ln\u00ed \u0161\u00ed\u0159ku vstupu<\/li>\n<li>Dve\u0159e 1000-1400 mm jsou d\u011bleny na \u010d\u00e1st pevnou a \u010d\u00e1st oto\u010dnou<\/li>\n<li>Dve\u0159e je mo\u017eno instalovat do niky nebo v kombinaci s bo\u010dn\u00ed st\u011bnou, umo\u017e\u0148uj\u00ed variabiln\u00ed instalaci s lev\u00fdm nebo prav\u00fdm otev\u00edr\u00e1n\u00edm<\/li>\n<li>Dve\u0159e&nbsp;<span>se&nbsp;zdvihov\u00fdm mechanismem profilu<\/span><\/li>\n<li>Vzp\u011bry jsou sou\u010d\u00e1st\u00ed balen\u00ed<\/li>\n<\/ul>\n<table style=\"width: 720px;\" border=\"0\">\n<tbody>\n<tr>\n<td><\/td>\n<td><\/td>\n<td><\/td>\n<td><\/td>\n<\/tr>\n<tr>\n<td style=\"vertical-align: top;\">Speci\u00e1ln\u011b navr\u017een\u00e9 madlo pro pohodln\u00e9 otev\u00edr\u00e1n\u00ed dve\u0159\u00ed.<\/td>\n<td style=\"vertical-align: top;\">Ploch\u00e9 magnetick\u00e9 t\u011bsn\u011bn\u00ed skryt\u00e9 v hlin\u00edkov\u00e9m profilu v modern\u00edm matn\u011b \u010dern\u00e9m proveden\u00ed.<\/td>\n<td style=\"vertical-align: top;\">St\u011bnov\u00e9 nerovnosti skryje hlin\u00edkov\u00fd profil v \u010dern\u00e9, do kter\u00e9ho lze zasounout sklo dle pot\u0159eby a\u017e 20 mm.<\/td>\n<td style=\"vertical-align: top;\">Oto\u010dn\u00fd profil se zvedac\u00ed funkc\u00ed pro pohodln\u00e9 otev\u00edr\u00e1n\u00ed.<br \/>\u010cist\u00e1 linie &#8211; sklo prot\u00edn\u00e1 profil na obou stran\u00e1ch ve stejn\u00e9 \u00farovni.<br \/>Stabilitu skel zaji\u0161\u0165uje elegantn\u00ed vzp\u011bra s nastaviteln\u00fdm \u00fahlem uchycen\u00ed na obou stran\u00e1ch.<\/td>\n<\/tr>\n<\/tbody>\n<\/table>\n<div class=\"product-explanation-item\">\n<h3>Sm\u011br otev\u00edr\u00e1n\u00ed &#8211; univerz\u00e1ln\u00ed<\/h3>\n<p style=\"text-align: justify;\">Instalace je mo\u017en\u00e1 s lev\u00fdm nebo prav\u00fdm otev\u00edr\u00e1n\u00edm dve\u0159\u00ed.<\/p>\n<\/p><\/div>\n<div class=\"product-explanation-item\">\n<h3>Antidrop<\/h3>\n<p style=\"text-align: justify;\">Antidrop je povrchov\u00e1 \u00faprava skla pro jeho snadnou \u00fadr\u017ebu. P\u0159i v\u00fdrob\u011b skla je nan\u00e1\u0161ena na jeho povrch s pou\u017eit\u00edm nanotechnologie a je obsa\u017eena v cen\u011b z\u00e1st\u011bn.<\/p>\n<\/p><\/div>\n<div class=\"product-explanation-item\">\n<h3>Bezr\u00e1mov\u00e9 sprchov\u00e9 z\u00e1st\u011bny<\/h3>\n<p style=\"text-align: justify;\">Ochranu proti p\u0159ete\u010den\u00ed vody u bezr\u00e1mov\u00fdch z\u00e1st\u011bn zaji\u0161\u0165uje n\u00edzk\u00e1 p\u0159etokov\u00e1 li\u0161ta, kter\u00e1 dotv\u00e1\u0159\u00ed \u010dist\u00fd vzhled z\u00e1st\u011bny. Bezr\u00e1mov\u00e9 z\u00e1st\u011bny tak p\u016fsob\u00ed sv\u011b\u017e\u00edm elegantn\u00edm dojmem.<\/p>\n<\/p><\/div>\n<p><\/p>\n<p><b>Vlastnosti<\/b><\/p>\n<ul>\n<li><span>Vlastnosti:<\/span> Otev\u00edr\u00e1n\u00ed vn\u011b i dovnit\u0159, Bezr\u00e1mov\u00e9 proveden\u00ed<\/li>\n<li><span>Tvar:<\/span> Dve\u0159e do niky<\/li>\n<li><span>\u0160\u00ed\u0159ka:<\/span> 1400 mm<\/li>\n<li><span>V\u00fd\u0161ka:<\/span> 2000 mm<\/li>\n<li><span>Typ v\u00fdpln\u011b:<\/span> \u010cir\u00e9 sklo<\/li>\n<li><span>\u00daprava skla:<\/span> Antidrop<\/li>\n<li><span>Tlou\u0161\u0165ka skla:<\/span> 6 mm<\/li>\n<li><span>Barva profilu:<\/span> \u010cern\u00e1 mat<\/li>\n<li><span>Typ otev\u00edran\u00ed:<\/span> Otev\u00edrac\u00ed jednok\u0159\u00eddl\u00e9<\/li>\n<li><span>\u0160\u00ed\u0159ka vstupu:<\/span> 620 mm<\/li>\n<li><span>Sm\u011br otev\u00edr\u00e1n\u00ed:<\/span> Univerz\u00e1ln\u00ed<\/li>\n<li><span>Instala\u010dn\u00ed \u0161\u00ed\u0159ka od:<\/span> 1370 mm<\/li>\n<li><span>Instala\u010dn\u00ed \u0161\u00ed\u0159ka do:<\/span> 1400 mm<\/li>\n<\/ul>\n<\/div><\/div>\n<\/p><\/div>\n<\/p><\/div>\n<\/p><\/div>\n","protected":false},"excerpt":{"rendered":"<p>Polysan ZOOM LINE BLACK sprchov\u00e9 dve\u0159e 1400mm, \u010dir\u00e9 sklo ZL1314B Sprchov\u00e9 z\u00e1st\u011bny ZOOM BLACK okouzl\u00ed nejen sv\u00fdm proveden\u00edm v modern\u00ed \u010dern\u00e9, ale i propracovanost\u00ed do nejmen\u0161\u00edch detail\u016f. Sprchov\u00e9 dve\u0159e s hranat\u00fdmi oto\u010dn\u00fdmi profily se zvedac\u00edm mechanismem umo\u017e\u0148uj\u00ed snadn\u00e9 otev\u00edr\u00e1n\u00ed vn\u011b i dovnit\u0159 a zaru\u010duj\u00ed maxim\u00e1ln\u00ed \u0161\u00ed\u0159ku vstupu. V\u00fdjimku tvo\u0159\u00ed \u010dtvrtkruhov\u00e1 z\u00e1st\u011bna ZL2615B (90&#215;90 cm), kter\u00e1 [&hellip;]<\/p>\n","protected":false},"featured_media":24270,"comment_status":"open","ping_status":"open","template":"","meta":[],"product_brand":[],"product_cat":[95],"product_tag":[],"class_list":{"0":"post-24170","1":"product","2":"type-product","3":"status-publish","4":"has-post-thumbnail","6":"product_cat-koupelna","8":"first","9":"instock","10":"sale","11":"shipping-taxable","12":"purchasable","13":"product-type-simple"},"yoast_head":"<!-- This site is optimized with the Yoast SEO plugin v26.8 - https:\/\/yoast.com\/product\/yoast-seo-wordpress\/ -->\n<title>Zna\u010dkov\u00fd Polysan ZOOM LINE BLACK sprchov\u00e9 dve\u0159e 1400mm, \u010dir\u00e9 sklo ZL1314B -<\/title>\n<meta name=\"robots\" content=\"index, follow, max-snippet:-1, max-image-preview:large, max-video-preview:-1\" \/>\n<link rel=\"canonical\" href=\"https:\/\/www.domkraftpro.com\/index.php\/produkt\/znackovy-polysan-zoom-line-black-sprchove-dvere-1400mm-cire-sklo-zl1314b-24170\/\" \/>\n<meta property=\"og:locale\" content=\"cs_CZ\" \/>\n<meta property=\"og:type\" content=\"article\" \/>\n<meta property=\"og:title\" content=\"Zna\u010dkov\u00fd Polysan ZOOM LINE BLACK sprchov\u00e9 dve\u0159e 1400mm, \u010dir\u00e9 sklo ZL1314B -\" \/>\n<meta property=\"og:description\" content=\"Polysan ZOOM LINE BLACK sprchov\u00e9 dve\u0159e 1400mm, \u010dir\u00e9 sklo ZL1314B Sprchov\u00e9 z\u00e1st\u011bny ZOOM BLACK okouzl\u00ed nejen sv\u00fdm proveden\u00edm v modern\u00ed \u010dern\u00e9, ale i propracovanost\u00ed do nejmen\u0161\u00edch detail\u016f. Sprchov\u00e9 dve\u0159e s hranat\u00fdmi oto\u010dn\u00fdmi profily se zvedac\u00edm mechanismem umo\u017e\u0148uj\u00ed snadn\u00e9 otev\u00edr\u00e1n\u00ed vn\u011b i dovnit\u0159 a zaru\u010duj\u00ed maxim\u00e1ln\u00ed \u0161\u00ed\u0159ku vstupu. V\u00fdjimku tvo\u0159\u00ed \u010dtvrtkruhov\u00e1 z\u00e1st\u011bna ZL2615B (90&#215;90 cm), kter\u00e1 [&hellip;]\" \/>\n<meta property=\"og:url\" content=\"https:\/\/www.domkraftpro.com\/index.php\/produkt\/znackovy-polysan-zoom-line-black-sprchove-dvere-1400mm-cire-sklo-zl1314b-24170\/\" \/>\n<meta property=\"og:image\" content=\"https:\/\/www.domkraftpro.com\/wp-content\/uploads\/2026\/SK0007546-CZ20260425-093041-0-1777080643-6a1953cc187164531cc892923565fd6a.webp\" \/>\n\t<meta property=\"og:image:width\" content=\"694\" \/>\n\t<meta property=\"og:image:height\" content=\"800\" \/>\n\t<meta property=\"og:image:type\" content=\"image\/webp\" \/>\n<meta name=\"twitter:card\" content=\"summary_large_image\" \/>\n<meta name=\"twitter:label1\" content=\"Odhadovan\u00e1 doba \u010dten\u00ed\" \/>\n\t<meta name=\"twitter:data1\" content=\"2 minuty\" \/>\n<script type=\"application\/ld+json\" class=\"yoast-schema-graph\">{\"@context\":\"https:\/\/schema.org\",\"@graph\":[{\"@type\":\"WebPage\",\"@id\":\"https:\/\/www.domkraftpro.com\/index.php\/produkt\/znackovy-polysan-zoom-line-black-sprchove-dvere-1400mm-cire-sklo-zl1314b-24170\/\",\"url\":\"https:\/\/www.domkraftpro.com\/index.php\/produkt\/znackovy-polysan-zoom-line-black-sprchove-dvere-1400mm-cire-sklo-zl1314b-24170\/\",\"name\":\"Zna\u010dkov\u00fd Polysan ZOOM LINE BLACK sprchov\u00e9 dve\u0159e 1400mm, \u010dir\u00e9 sklo ZL1314B -\",\"isPartOf\":{\"@id\":\"https:\/\/www.domkraftpro.com\/#website\"},\"primaryImageOfPage\":{\"@id\":\"https:\/\/www.domkraftpro.com\/index.php\/produkt\/znackovy-polysan-zoom-line-black-sprchove-dvere-1400mm-cire-sklo-zl1314b-24170\/#primaryimage\"},\"image\":{\"@id\":\"https:\/\/www.domkraftpro.com\/index.php\/produkt\/znackovy-polysan-zoom-line-black-sprchove-dvere-1400mm-cire-sklo-zl1314b-24170\/#primaryimage\"},\"thumbnailUrl\":\"https:\/\/www.domkraftpro.com\/wp-content\/uploads\/2026\/SK0007546-CZ20260425-093041-0-1777080643-6a1953cc187164531cc892923565fd6a.webp\",\"datePublished\":\"2026-04-27T04:41:25+00:00\",\"breadcrumb\":{\"@id\":\"https:\/\/www.domkraftpro.com\/index.php\/produkt\/znackovy-polysan-zoom-line-black-sprchove-dvere-1400mm-cire-sklo-zl1314b-24170\/#breadcrumb\"},\"inLanguage\":\"cs\",\"potentialAction\":[{\"@type\":\"ReadAction\",\"target\":[\"https:\/\/www.domkraftpro.com\/index.php\/produkt\/znackovy-polysan-zoom-line-black-sprchove-dvere-1400mm-cire-sklo-zl1314b-24170\/\"]}]},{\"@type\":\"ImageObject\",\"inLanguage\":\"cs\",\"@id\":\"https:\/\/www.domkraftpro.com\/index.php\/produkt\/znackovy-polysan-zoom-line-black-sprchove-dvere-1400mm-cire-sklo-zl1314b-24170\/#primaryimage\",\"url\":\"https:\/\/www.domkraftpro.com\/wp-content\/uploads\/2026\/SK0007546-CZ20260425-093041-0-1777080643-6a1953cc187164531cc892923565fd6a.webp\",\"contentUrl\":\"https:\/\/www.domkraftpro.com\/wp-content\/uploads\/2026\/SK0007546-CZ20260425-093041-0-1777080643-6a1953cc187164531cc892923565fd6a.webp\",\"width\":694,\"height\":800},{\"@type\":\"BreadcrumbList\",\"@id\":\"https:\/\/www.domkraftpro.com\/index.php\/produkt\/znackovy-polysan-zoom-line-black-sprchove-dvere-1400mm-cire-sklo-zl1314b-24170\/#breadcrumb\",\"itemListElement\":[{\"@type\":\"ListItem\",\"position\":1,\"name\":\"Home\",\"item\":\"https:\/\/www.domkraftpro.com\/\"},{\"@type\":\"ListItem\",\"position\":2,\"name\":\"Products\",\"item\":\"https:\/\/www.domkraftpro.com\/index.php\/products\/\"},{\"@type\":\"ListItem\",\"position\":3,\"name\":\"Zna\u010dkov\u00fd Polysan ZOOM LINE BLACK sprchov\u00e9 dve\u0159e 1400mm, \u010dir\u00e9 sklo ZL1314B\"}]},{\"@type\":\"WebSite\",\"@id\":\"https:\/\/www.domkraftpro.com\/#website\",\"url\":\"https:\/\/www.domkraftpro.com\/\",\"name\":\"\",\"description\":\"\",\"potentialAction\":[{\"@type\":\"SearchAction\",\"target\":{\"@type\":\"EntryPoint\",\"urlTemplate\":\"https:\/\/www.domkraftpro.com\/?s={search_term_string}\"},\"query-input\":{\"@type\":\"PropertyValueSpecification\",\"valueRequired\":true,\"valueName\":\"search_term_string\"}}],\"inLanguage\":\"cs\"}]}<\/script>\n<!-- \/ Yoast SEO plugin. -->","yoast_head_json":{"title":"Zna\u010dkov\u00fd Polysan ZOOM LINE BLACK sprchov\u00e9 dve\u0159e 1400mm, \u010dir\u00e9 sklo ZL1314B -","robots":{"index":"index","follow":"follow","max-snippet":"max-snippet:-1","max-image-preview":"max-image-preview:large","max-video-preview":"max-video-preview:-1"},"canonical":"https:\/\/www.domkraftpro.com\/index.php\/produkt\/znackovy-polysan-zoom-line-black-sprchove-dvere-1400mm-cire-sklo-zl1314b-24170\/","og_locale":"cs_CZ","og_type":"article","og_title":"Zna\u010dkov\u00fd Polysan ZOOM LINE BLACK sprchov\u00e9 dve\u0159e 1400mm, \u010dir\u00e9 sklo ZL1314B -","og_description":"Polysan ZOOM LINE BLACK sprchov\u00e9 dve\u0159e 1400mm, \u010dir\u00e9 sklo ZL1314B Sprchov\u00e9 z\u00e1st\u011bny ZOOM BLACK okouzl\u00ed nejen sv\u00fdm proveden\u00edm v modern\u00ed \u010dern\u00e9, ale i propracovanost\u00ed do nejmen\u0161\u00edch detail\u016f. Sprchov\u00e9 dve\u0159e s hranat\u00fdmi oto\u010dn\u00fdmi profily se zvedac\u00edm mechanismem umo\u017e\u0148uj\u00ed snadn\u00e9 otev\u00edr\u00e1n\u00ed vn\u011b i dovnit\u0159 a zaru\u010duj\u00ed maxim\u00e1ln\u00ed \u0161\u00ed\u0159ku vstupu. V\u00fdjimku tvo\u0159\u00ed \u010dtvrtkruhov\u00e1 z\u00e1st\u011bna ZL2615B (90&#215;90 cm), kter\u00e1 [&hellip;]","og_url":"https:\/\/www.domkraftpro.com\/index.php\/produkt\/znackovy-polysan-zoom-line-black-sprchove-dvere-1400mm-cire-sklo-zl1314b-24170\/","og_image":[{"width":694,"height":800,"url":"https:\/\/www.domkraftpro.com\/wp-content\/uploads\/2026\/SK0007546-CZ20260425-093041-0-1777080643-6a1953cc187164531cc892923565fd6a.webp","type":"image\/webp"}],"twitter_card":"summary_large_image","twitter_misc":{"Odhadovan\u00e1 doba \u010dten\u00ed":"2 minuty"},"schema":{"@context":"https:\/\/schema.org","@graph":[{"@type":"WebPage","@id":"https:\/\/www.domkraftpro.com\/index.php\/produkt\/znackovy-polysan-zoom-line-black-sprchove-dvere-1400mm-cire-sklo-zl1314b-24170\/","url":"https:\/\/www.domkraftpro.com\/index.php\/produkt\/znackovy-polysan-zoom-line-black-sprchove-dvere-1400mm-cire-sklo-zl1314b-24170\/","name":"Zna\u010dkov\u00fd Polysan ZOOM LINE BLACK sprchov\u00e9 dve\u0159e 1400mm, \u010dir\u00e9 sklo ZL1314B -","isPartOf":{"@id":"https:\/\/www.domkraftpro.com\/#website"},"primaryImageOfPage":{"@id":"https:\/\/www.domkraftpro.com\/index.php\/produkt\/znackovy-polysan-zoom-line-black-sprchove-dvere-1400mm-cire-sklo-zl1314b-24170\/#primaryimage"},"image":{"@id":"https:\/\/www.domkraftpro.com\/index.php\/produkt\/znackovy-polysan-zoom-line-black-sprchove-dvere-1400mm-cire-sklo-zl1314b-24170\/#primaryimage"},"thumbnailUrl":"https:\/\/www.domkraftpro.com\/wp-content\/uploads\/2026\/SK0007546-CZ20260425-093041-0-1777080643-6a1953cc187164531cc892923565fd6a.webp","datePublished":"2026-04-27T04:41:25+00:00","breadcrumb":{"@id":"https:\/\/www.domkraftpro.com\/index.php\/produkt\/znackovy-polysan-zoom-line-black-sprchove-dvere-1400mm-cire-sklo-zl1314b-24170\/#breadcrumb"},"inLanguage":"cs","potentialAction":[{"@type":"ReadAction","target":["https:\/\/www.domkraftpro.com\/index.php\/produkt\/znackovy-polysan-zoom-line-black-sprchove-dvere-1400mm-cire-sklo-zl1314b-24170\/"]}]},{"@type":"ImageObject","inLanguage":"cs","@id":"https:\/\/www.domkraftpro.com\/index.php\/produkt\/znackovy-polysan-zoom-line-black-sprchove-dvere-1400mm-cire-sklo-zl1314b-24170\/#primaryimage","url":"https:\/\/www.domkraftpro.com\/wp-content\/uploads\/2026\/SK0007546-CZ20260425-093041-0-1777080643-6a1953cc187164531cc892923565fd6a.webp","contentUrl":"https:\/\/www.domkraftpro.com\/wp-content\/uploads\/2026\/SK0007546-CZ20260425-093041-0-1777080643-6a1953cc187164531cc892923565fd6a.webp","width":694,"height":800},{"@type":"BreadcrumbList","@id":"https:\/\/www.domkraftpro.com\/index.php\/produkt\/znackovy-polysan-zoom-line-black-sprchove-dvere-1400mm-cire-sklo-zl1314b-24170\/#breadcrumb","itemListElement":[{"@type":"ListItem","position":1,"name":"Home","item":"https:\/\/www.domkraftpro.com\/"},{"@type":"ListItem","position":2,"name":"Products","item":"https:\/\/www.domkraftpro.com\/index.php\/products\/"},{"@type":"ListItem","position":3,"name":"Zna\u010dkov\u00fd Polysan ZOOM LINE BLACK sprchov\u00e9 dve\u0159e 1400mm, \u010dir\u00e9 sklo ZL1314B"}]},{"@type":"WebSite","@id":"https:\/\/www.domkraftpro.com\/#website","url":"https:\/\/www.domkraftpro.com\/","name":"","description":"","potentialAction":[{"@type":"SearchAction","target":{"@type":"EntryPoint","urlTemplate":"https:\/\/www.domkraftpro.com\/?s={search_term_string}"},"query-input":{"@type":"PropertyValueSpecification","valueRequired":true,"valueName":"search_term_string"}}],"inLanguage":"cs"}]}},"_links":{"self":[{"href":"https:\/\/www.domkraftpro.com\/index.php\/wp-json\/wp\/v2\/product\/24170","targetHints":{"allow":["GET"]}}],"collection":[{"href":"https:\/\/www.domkraftpro.com\/index.php\/wp-json\/wp\/v2\/product"}],"about":[{"href":"https:\/\/www.domkraftpro.com\/index.php\/wp-json\/wp\/v2\/types\/product"}],"replies":[{"embeddable":true,"href":"https:\/\/www.domkraftpro.com\/index.php\/wp-json\/wp\/v2\/comments?post=24170"}],"wp:featuredmedia":[{"embeddable":true,"href":"https:\/\/www.domkraftpro.com\/index.php\/wp-json\/wp\/v2\/media\/24270"}],"wp:attachment":[{"href":"https:\/\/www.domkraftpro.com\/index.php\/wp-json\/wp\/v2\/media?parent=24170"}],"wp:term":[{"taxonomy":"product_brand","embeddable":true,"href":"https:\/\/www.domkraftpro.com\/index.php\/wp-json\/wp\/v2\/product_brand?post=24170"},{"taxonomy":"product_cat","embeddable":true,"href":"https:\/\/www.domkraftpro.com\/index.php\/wp-json\/wp\/v2\/product_cat?post=24170"},{"taxonomy":"product_tag","embeddable":true,"href":"https:\/\/www.domkraftpro.com\/index.php\/wp-json\/wp\/v2\/product_tag?post=24170"}],"curies":[{"name":"wp","href":"https:\/\/api.w.org\/{rel}","templated":true}]}}