{"id":23762,"date":"2026-04-27T04:41:24","date_gmt":"2026-04-27T04:41:24","guid":{"rendered":""},"modified":"2026-04-27T04:41:24","modified_gmt":"2026-04-27T04:41:24","slug":"znackovy-sapho-colonna-otopne-teleso-602x1800-mm-metalicka-stribrna-ir146-23762","status":"publish","type":"product","link":"https:\/\/www.domkraftpro.com\/index.php\/produkt\/znackovy-sapho-colonna-otopne-teleso-602x1800-mm-metalicka-stribrna-ir146-23762\/","title":{"rendered":"Zna\u010dkov\u00fd Sapho COLONNA otopn\u00e9 t\u011bleso 602&#215;1800 mm, metalick\u00e1 st\u0159\u00edbrn\u00e1 IR146"},"content":{"rendered":"<div class=\"tabs__content-outer\" id=\"tab_description\" data-hash=\"description\" data-tabindex=\"-1\">\n<div class=\"tabs__content toggle_description\" id=\"content_description\">\n<div class=\"wysiwyg-content\">\n<div class=\"product__tab product__description full-width\">\n<div class=\"container\">\n<div >\n<h3>Sapho COLONNA otopn\u00e9 t\u011bleso 602&#215;1800 mm, metalick\u00e1 st\u0159\u00edbrn\u00e1 IR146<\/h3>\n<p style=\"text-align: justify;\">Lamelov\u00fd radi\u00e1tor COLONNA je ur\u010den nejen do koupelen, ale i\u00a0jin\u00fdch m\u00edstnost\u00ed nebo jako topn\u00e1 st\u011bna \u010di architektonick\u00fd prvek. Doporu\u010dujeme v\u00a0kombinaci s\u00a0praktick\u00fdm dr\u017e\u00e1kem ru\u010dn\u00edk\u016f z\u00a0le\u0161t\u011bn\u00e9 nerez oceli. Pouze se st\u0159edov\u00fdm p\u0159ipojen\u00edm s\u00a0rozte\u010d\u00ed 50 mm. Barevn\u00e9 varianty otopn\u00fdch t\u011bles t\u00e9to \u0159ady nejen\u017ee vyh\u0159ej\u00ed koupelnu, ale ovlivn\u00ed i\u00a0jej\u00ed atmosf\u00e9ru. Jsou estetick\u00e9 a v\u00a0kombinaci s\u00a0dr\u017e\u00e1kem ru\u010dn\u00edk\u016f tak\u00e9 praktick\u00e9.<\/p>\n<ul>\n<li>P\u0159ipojovac\u00ed ventily nejsou sou\u010d\u00e1st\u00ed balen\u00ed<\/li>\n<li>K radi\u00e1tor\u016fm nelze pou\u017e\u00edt elektrickou topnou ty\u010d<\/li>\n<li><span>Na radi\u00e1tor lze um\u00edstit 1 a\u017e 2 dr\u017e\u00e1ky ru\u010dn\u00edk\u016f (nejsou sou\u010d\u00e1st\u00ed radi\u00e1toru)<\/span><\/li>\n<\/ul>\n<div class=\"product-explanation-item\">\n<h3>\u00dast\u0159edn\u00ed vyt\u00e1p\u011bn\u00ed<\/h3>\n<div style=\"float: left;\"><\/div>\n<p style=\"text-align: justify;\">V p\u0159\u00edpad\u011b \u00fast\u0159edn\u00edho vyt\u00e1p\u011bn\u00ed je d\u016fle\u017eit\u00fd v\u00fdb\u011br p\u0159ipojovac\u00ed sady ventil\u016f. Na v\u00fdb\u011br je pou\u017eit\u00ed ru\u010dn\u00edho ventilu nebo ventilu s termostatickou hlavic\u00ed.<\/p>\n<p style=\"text-align: justify;\"><strong>Ru\u010dn\u00ed ventil:<\/strong> Ovl\u00e1dac\u00ed <strong>hlavice ventilu lze instalovat na levou \/ pravou stranu<\/strong> <strong>bez ohledu na m\u00edsto p\u0159\u00edvodu tepl\u00e9 vody.<\/strong> Ovl\u00e1d\u00e1n\u00ed regulace teploty je manu\u00e1ln\u00ed.<br \/><strong>Ventil s termostatickou hlavic\u00ed:<\/strong> Integrovan\u00fd termostat udr\u017euje nastavenou teplotu okol\u00ed. <strong>Termostatick\u00e1 hlavice mus\u00ed b\u00fdt v m\u00edst\u011b p\u0159\u00edvodu tepl\u00e9 vody (mimo MONO ONE).<\/strong><\/p>\n<p style=\"text-align: justify;\">N\u00e1mi nab\u00edzen\u00e9 p\u0159ipojovac\u00ed ventily jsou dod\u00e1v\u00e1ny v\u010detn\u011b sv\u011brn\u00e9ho \u0161rouben\u00ed na nejb\u011b\u017en\u011bj\u0161\u00ed potrub\u00ed (\u00d815 mm Cu a \u00d816 mm Alupex), pro dopojen\u00ed tak nen\u00ed t\u0159eba nic dokupovat. Pro zakryt\u00ed p\u0159\u00edvodn\u00edch trubek a otvor\u016f ve zdi doporu\u010dujeme p\u0159ikoupit kryc\u00ed rozety.<\/p>\n<div style=\"float: left; width: 40%; text-align: center;\"><strong>Topen\u00ed s p\u0159ipojovac\u00ed rozte\u010d\u00ed 50 mm<\/strong><\/div>\n<div style=\"float: left; width: 40%; text-align: center;\"><strong>Topen\u00ed s bo\u010dn\u00edm p\u0159ipojen\u00edm<\/strong><\/div>\n<div style=\"float: left; width: 20%; text-align: center;\"><strong>Topen\u00ed s jednobodov\u00fdm p\u0159ipojen\u00edm<\/strong><\/div>\n<div style=\"clear: both;\">\u00a0<\/div>\n<\/p><\/div>\n<p> <\/p>\n<p><strong>Vlastnosti<\/strong><\/p>\n<ul>\n<li><span>Materi\u00e1l:<\/span> Ocel<\/li>\n<li><span>Barva:<\/span> St\u0159\u00edbrn\u00e1<\/li>\n<li><span>Tvar:<\/span> Tvar I<\/li>\n<li><span>Rozm\u011br:<\/span> 602&#215;1800 mm<\/li>\n<li><span>\u0160\u00ed\u0159ka:<\/span> 602 mm<\/li>\n<li><span>V\u00fd\u0161ka:<\/span> 1800 mm<\/li>\n<li><span>V\u00fdbava:<\/span> Dr\u017e\u00e1k ru\u010dn\u00edk\u016f: dopl\u0148kov\u00e1 v\u00fdbava<\/li>\n<li><span>Mo\u017enost vyt\u00e1p\u011bn\u00ed:<\/span> \u00dast\u0159edn\u00ed vyt\u00e1p\u011bn\u00ed<\/li>\n<li><span>Objem:<\/span> 7.9 l<\/li>\n<li><span>V\u00fdkon:<\/span> 1205 W<\/li>\n<li><span>Rozte\u010d p\u0159ipojen\u00ed:<\/span> 50 mm<\/li>\n<li><span>Teplotn\u00ed sp\u00e1d:<\/span> 75\/65\/20 \u00b0C<\/li>\n<li><span>Rozte\u010d p\u0159ipojen\u00ed 50 mm:<\/span> Symetrick\u00e9 (na st\u0159ed)<\/li>\n<\/ul>\n<\/div><\/div>\n<\/p><\/div>\n<\/p><\/div>\n<\/p><\/div>\n","protected":false},"excerpt":{"rendered":"<p>Sapho COLONNA otopn\u00e9 t\u011bleso 602&#215;1800 mm, metalick\u00e1 st\u0159\u00edbrn\u00e1 IR146 Lamelov\u00fd radi\u00e1tor COLONNA je ur\u010den nejen do koupelen, ale i\u00a0jin\u00fdch m\u00edstnost\u00ed nebo jako topn\u00e1 st\u011bna \u010di architektonick\u00fd prvek. Doporu\u010dujeme v\u00a0kombinaci s\u00a0praktick\u00fdm dr\u017e\u00e1kem ru\u010dn\u00edk\u016f z\u00a0le\u0161t\u011bn\u00e9 nerez oceli. Pouze se st\u0159edov\u00fdm p\u0159ipojen\u00edm s\u00a0rozte\u010d\u00ed 50 mm. Barevn\u00e9 varianty otopn\u00fdch t\u011bles t\u00e9to \u0159ady nejen\u017ee vyh\u0159ej\u00ed koupelnu, ale ovlivn\u00ed i\u00a0jej\u00ed atmosf\u00e9ru. [&hellip;]<\/p>\n","protected":false},"featured_media":23862,"comment_status":"open","ping_status":"open","template":"","meta":[],"product_brand":[],"product_cat":[95],"product_tag":[],"class_list":{"0":"post-23762","1":"product","2":"type-product","3":"status-publish","4":"has-post-thumbnail","6":"product_cat-koupelna","8":"first","9":"instock","10":"sale","11":"shipping-taxable","12":"purchasable","13":"product-type-simple"},"yoast_head":"<!-- This site is optimized with the Yoast SEO plugin v26.8 - https:\/\/yoast.com\/product\/yoast-seo-wordpress\/ -->\n<title>Zna\u010dkov\u00fd Sapho COLONNA otopn\u00e9 t\u011bleso 602x1800 mm, metalick\u00e1 st\u0159\u00edbrn\u00e1 IR146 -<\/title>\n<meta name=\"robots\" content=\"index, follow, max-snippet:-1, max-image-preview:large, max-video-preview:-1\" \/>\n<link rel=\"canonical\" href=\"https:\/\/www.domkraftpro.com\/index.php\/produkt\/znackovy-sapho-colonna-otopne-teleso-602x1800-mm-metalicka-stribrna-ir146-23762\/\" \/>\n<meta property=\"og:locale\" content=\"cs_CZ\" \/>\n<meta property=\"og:type\" content=\"article\" \/>\n<meta property=\"og:title\" content=\"Zna\u010dkov\u00fd Sapho COLONNA otopn\u00e9 t\u011bleso 602x1800 mm, metalick\u00e1 st\u0159\u00edbrn\u00e1 IR146 -\" \/>\n<meta property=\"og:description\" content=\"Sapho COLONNA otopn\u00e9 t\u011bleso 602&#215;1800 mm, metalick\u00e1 st\u0159\u00edbrn\u00e1 IR146 Lamelov\u00fd radi\u00e1tor COLONNA je ur\u010den nejen do koupelen, ale i\u00a0jin\u00fdch m\u00edstnost\u00ed nebo jako topn\u00e1 st\u011bna \u010di architektonick\u00fd prvek. Doporu\u010dujeme v\u00a0kombinaci s\u00a0praktick\u00fdm dr\u017e\u00e1kem ru\u010dn\u00edk\u016f z\u00a0le\u0161t\u011bn\u00e9 nerez oceli. Pouze se st\u0159edov\u00fdm p\u0159ipojen\u00edm s\u00a0rozte\u010d\u00ed 50 mm. Barevn\u00e9 varianty otopn\u00fdch t\u011bles t\u00e9to \u0159ady nejen\u017ee vyh\u0159ej\u00ed koupelnu, ale ovlivn\u00ed i\u00a0jej\u00ed atmosf\u00e9ru. [&hellip;]\" \/>\n<meta property=\"og:url\" content=\"https:\/\/www.domkraftpro.com\/index.php\/produkt\/znackovy-sapho-colonna-otopne-teleso-602x1800-mm-metalicka-stribrna-ir146-23762\/\" \/>\n<meta property=\"og:image\" content=\"https:\/\/www.domkraftpro.com\/wp-content\/uploads\/2026\/SK0007333-CZ20260425-093041-0-1777080643-42631298eda557860cd1df942fac6c46.webp\" \/>\n\t<meta property=\"og:image:width\" content=\"265\" \/>\n\t<meta property=\"og:image:height\" content=\"800\" \/>\n\t<meta property=\"og:image:type\" content=\"image\/webp\" \/>\n<meta name=\"twitter:card\" content=\"summary_large_image\" \/>\n<meta name=\"twitter:label1\" content=\"Odhadovan\u00e1 doba \u010dten\u00ed\" \/>\n\t<meta name=\"twitter:data1\" content=\"2 minuty\" \/>\n<script type=\"application\/ld+json\" class=\"yoast-schema-graph\">{\"@context\":\"https:\/\/schema.org\",\"@graph\":[{\"@type\":\"WebPage\",\"@id\":\"https:\/\/www.domkraftpro.com\/index.php\/produkt\/znackovy-sapho-colonna-otopne-teleso-602x1800-mm-metalicka-stribrna-ir146-23762\/\",\"url\":\"https:\/\/www.domkraftpro.com\/index.php\/produkt\/znackovy-sapho-colonna-otopne-teleso-602x1800-mm-metalicka-stribrna-ir146-23762\/\",\"name\":\"Zna\u010dkov\u00fd Sapho COLONNA otopn\u00e9 t\u011bleso 602x1800 mm, metalick\u00e1 st\u0159\u00edbrn\u00e1 IR146 -\",\"isPartOf\":{\"@id\":\"https:\/\/www.domkraftpro.com\/#website\"},\"primaryImageOfPage\":{\"@id\":\"https:\/\/www.domkraftpro.com\/index.php\/produkt\/znackovy-sapho-colonna-otopne-teleso-602x1800-mm-metalicka-stribrna-ir146-23762\/#primaryimage\"},\"image\":{\"@id\":\"https:\/\/www.domkraftpro.com\/index.php\/produkt\/znackovy-sapho-colonna-otopne-teleso-602x1800-mm-metalicka-stribrna-ir146-23762\/#primaryimage\"},\"thumbnailUrl\":\"https:\/\/www.domkraftpro.com\/wp-content\/uploads\/2026\/SK0007333-CZ20260425-093041-0-1777080643-42631298eda557860cd1df942fac6c46.webp\",\"datePublished\":\"2026-04-27T04:41:24+00:00\",\"breadcrumb\":{\"@id\":\"https:\/\/www.domkraftpro.com\/index.php\/produkt\/znackovy-sapho-colonna-otopne-teleso-602x1800-mm-metalicka-stribrna-ir146-23762\/#breadcrumb\"},\"inLanguage\":\"cs\",\"potentialAction\":[{\"@type\":\"ReadAction\",\"target\":[\"https:\/\/www.domkraftpro.com\/index.php\/produkt\/znackovy-sapho-colonna-otopne-teleso-602x1800-mm-metalicka-stribrna-ir146-23762\/\"]}]},{\"@type\":\"ImageObject\",\"inLanguage\":\"cs\",\"@id\":\"https:\/\/www.domkraftpro.com\/index.php\/produkt\/znackovy-sapho-colonna-otopne-teleso-602x1800-mm-metalicka-stribrna-ir146-23762\/#primaryimage\",\"url\":\"https:\/\/www.domkraftpro.com\/wp-content\/uploads\/2026\/SK0007333-CZ20260425-093041-0-1777080643-42631298eda557860cd1df942fac6c46.webp\",\"contentUrl\":\"https:\/\/www.domkraftpro.com\/wp-content\/uploads\/2026\/SK0007333-CZ20260425-093041-0-1777080643-42631298eda557860cd1df942fac6c46.webp\",\"width\":265,\"height\":800},{\"@type\":\"BreadcrumbList\",\"@id\":\"https:\/\/www.domkraftpro.com\/index.php\/produkt\/znackovy-sapho-colonna-otopne-teleso-602x1800-mm-metalicka-stribrna-ir146-23762\/#breadcrumb\",\"itemListElement\":[{\"@type\":\"ListItem\",\"position\":1,\"name\":\"Home\",\"item\":\"https:\/\/www.domkraftpro.com\/\"},{\"@type\":\"ListItem\",\"position\":2,\"name\":\"Products\",\"item\":\"https:\/\/www.domkraftpro.com\/index.php\/products\/\"},{\"@type\":\"ListItem\",\"position\":3,\"name\":\"Zna\u010dkov\u00fd Sapho COLONNA otopn\u00e9 t\u011bleso 602&#215;1800 mm, metalick\u00e1 st\u0159\u00edbrn\u00e1 IR146\"}]},{\"@type\":\"WebSite\",\"@id\":\"https:\/\/www.domkraftpro.com\/#website\",\"url\":\"https:\/\/www.domkraftpro.com\/\",\"name\":\"\",\"description\":\"\",\"potentialAction\":[{\"@type\":\"SearchAction\",\"target\":{\"@type\":\"EntryPoint\",\"urlTemplate\":\"https:\/\/www.domkraftpro.com\/?s={search_term_string}\"},\"query-input\":{\"@type\":\"PropertyValueSpecification\",\"valueRequired\":true,\"valueName\":\"search_term_string\"}}],\"inLanguage\":\"cs\"}]}<\/script>\n<!-- \/ Yoast SEO plugin. -->","yoast_head_json":{"title":"Zna\u010dkov\u00fd Sapho COLONNA otopn\u00e9 t\u011bleso 602x1800 mm, metalick\u00e1 st\u0159\u00edbrn\u00e1 IR146 -","robots":{"index":"index","follow":"follow","max-snippet":"max-snippet:-1","max-image-preview":"max-image-preview:large","max-video-preview":"max-video-preview:-1"},"canonical":"https:\/\/www.domkraftpro.com\/index.php\/produkt\/znackovy-sapho-colonna-otopne-teleso-602x1800-mm-metalicka-stribrna-ir146-23762\/","og_locale":"cs_CZ","og_type":"article","og_title":"Zna\u010dkov\u00fd Sapho COLONNA otopn\u00e9 t\u011bleso 602x1800 mm, metalick\u00e1 st\u0159\u00edbrn\u00e1 IR146 -","og_description":"Sapho COLONNA otopn\u00e9 t\u011bleso 602&#215;1800 mm, metalick\u00e1 st\u0159\u00edbrn\u00e1 IR146 Lamelov\u00fd radi\u00e1tor COLONNA je ur\u010den nejen do koupelen, ale i\u00a0jin\u00fdch m\u00edstnost\u00ed nebo jako topn\u00e1 st\u011bna \u010di architektonick\u00fd prvek. Doporu\u010dujeme v\u00a0kombinaci s\u00a0praktick\u00fdm dr\u017e\u00e1kem ru\u010dn\u00edk\u016f z\u00a0le\u0161t\u011bn\u00e9 nerez oceli. Pouze se st\u0159edov\u00fdm p\u0159ipojen\u00edm s\u00a0rozte\u010d\u00ed 50 mm. Barevn\u00e9 varianty otopn\u00fdch t\u011bles t\u00e9to \u0159ady nejen\u017ee vyh\u0159ej\u00ed koupelnu, ale ovlivn\u00ed i\u00a0jej\u00ed atmosf\u00e9ru. [&hellip;]","og_url":"https:\/\/www.domkraftpro.com\/index.php\/produkt\/znackovy-sapho-colonna-otopne-teleso-602x1800-mm-metalicka-stribrna-ir146-23762\/","og_image":[{"width":265,"height":800,"url":"https:\/\/www.domkraftpro.com\/wp-content\/uploads\/2026\/SK0007333-CZ20260425-093041-0-1777080643-42631298eda557860cd1df942fac6c46.webp","type":"image\/webp"}],"twitter_card":"summary_large_image","twitter_misc":{"Odhadovan\u00e1 doba \u010dten\u00ed":"2 minuty"},"schema":{"@context":"https:\/\/schema.org","@graph":[{"@type":"WebPage","@id":"https:\/\/www.domkraftpro.com\/index.php\/produkt\/znackovy-sapho-colonna-otopne-teleso-602x1800-mm-metalicka-stribrna-ir146-23762\/","url":"https:\/\/www.domkraftpro.com\/index.php\/produkt\/znackovy-sapho-colonna-otopne-teleso-602x1800-mm-metalicka-stribrna-ir146-23762\/","name":"Zna\u010dkov\u00fd Sapho COLONNA otopn\u00e9 t\u011bleso 602x1800 mm, metalick\u00e1 st\u0159\u00edbrn\u00e1 IR146 -","isPartOf":{"@id":"https:\/\/www.domkraftpro.com\/#website"},"primaryImageOfPage":{"@id":"https:\/\/www.domkraftpro.com\/index.php\/produkt\/znackovy-sapho-colonna-otopne-teleso-602x1800-mm-metalicka-stribrna-ir146-23762\/#primaryimage"},"image":{"@id":"https:\/\/www.domkraftpro.com\/index.php\/produkt\/znackovy-sapho-colonna-otopne-teleso-602x1800-mm-metalicka-stribrna-ir146-23762\/#primaryimage"},"thumbnailUrl":"https:\/\/www.domkraftpro.com\/wp-content\/uploads\/2026\/SK0007333-CZ20260425-093041-0-1777080643-42631298eda557860cd1df942fac6c46.webp","datePublished":"2026-04-27T04:41:24+00:00","breadcrumb":{"@id":"https:\/\/www.domkraftpro.com\/index.php\/produkt\/znackovy-sapho-colonna-otopne-teleso-602x1800-mm-metalicka-stribrna-ir146-23762\/#breadcrumb"},"inLanguage":"cs","potentialAction":[{"@type":"ReadAction","target":["https:\/\/www.domkraftpro.com\/index.php\/produkt\/znackovy-sapho-colonna-otopne-teleso-602x1800-mm-metalicka-stribrna-ir146-23762\/"]}]},{"@type":"ImageObject","inLanguage":"cs","@id":"https:\/\/www.domkraftpro.com\/index.php\/produkt\/znackovy-sapho-colonna-otopne-teleso-602x1800-mm-metalicka-stribrna-ir146-23762\/#primaryimage","url":"https:\/\/www.domkraftpro.com\/wp-content\/uploads\/2026\/SK0007333-CZ20260425-093041-0-1777080643-42631298eda557860cd1df942fac6c46.webp","contentUrl":"https:\/\/www.domkraftpro.com\/wp-content\/uploads\/2026\/SK0007333-CZ20260425-093041-0-1777080643-42631298eda557860cd1df942fac6c46.webp","width":265,"height":800},{"@type":"BreadcrumbList","@id":"https:\/\/www.domkraftpro.com\/index.php\/produkt\/znackovy-sapho-colonna-otopne-teleso-602x1800-mm-metalicka-stribrna-ir146-23762\/#breadcrumb","itemListElement":[{"@type":"ListItem","position":1,"name":"Home","item":"https:\/\/www.domkraftpro.com\/"},{"@type":"ListItem","position":2,"name":"Products","item":"https:\/\/www.domkraftpro.com\/index.php\/products\/"},{"@type":"ListItem","position":3,"name":"Zna\u010dkov\u00fd Sapho COLONNA otopn\u00e9 t\u011bleso 602&#215;1800 mm, metalick\u00e1 st\u0159\u00edbrn\u00e1 IR146"}]},{"@type":"WebSite","@id":"https:\/\/www.domkraftpro.com\/#website","url":"https:\/\/www.domkraftpro.com\/","name":"","description":"","potentialAction":[{"@type":"SearchAction","target":{"@type":"EntryPoint","urlTemplate":"https:\/\/www.domkraftpro.com\/?s={search_term_string}"},"query-input":{"@type":"PropertyValueSpecification","valueRequired":true,"valueName":"search_term_string"}}],"inLanguage":"cs"}]}},"_links":{"self":[{"href":"https:\/\/www.domkraftpro.com\/index.php\/wp-json\/wp\/v2\/product\/23762","targetHints":{"allow":["GET"]}}],"collection":[{"href":"https:\/\/www.domkraftpro.com\/index.php\/wp-json\/wp\/v2\/product"}],"about":[{"href":"https:\/\/www.domkraftpro.com\/index.php\/wp-json\/wp\/v2\/types\/product"}],"replies":[{"embeddable":true,"href":"https:\/\/www.domkraftpro.com\/index.php\/wp-json\/wp\/v2\/comments?post=23762"}],"wp:featuredmedia":[{"embeddable":true,"href":"https:\/\/www.domkraftpro.com\/index.php\/wp-json\/wp\/v2\/media\/23862"}],"wp:attachment":[{"href":"https:\/\/www.domkraftpro.com\/index.php\/wp-json\/wp\/v2\/media?parent=23762"}],"wp:term":[{"taxonomy":"product_brand","embeddable":true,"href":"https:\/\/www.domkraftpro.com\/index.php\/wp-json\/wp\/v2\/product_brand?post=23762"},{"taxonomy":"product_cat","embeddable":true,"href":"https:\/\/www.domkraftpro.com\/index.php\/wp-json\/wp\/v2\/product_cat?post=23762"},{"taxonomy":"product_tag","embeddable":true,"href":"https:\/\/www.domkraftpro.com\/index.php\/wp-json\/wp\/v2\/product_tag?post=23762"}],"curies":[{"name":"wp","href":"https:\/\/api.w.org\/{rel}","templated":true}]}}