{"id":23336,"date":"2026-04-27T04:41:22","date_gmt":"2026-04-27T04:41:22","guid":{"rendered":""},"modified":"2026-04-27T04:41:22","modified_gmt":"2026-04-27T04:41:22","slug":"akce-koupelnova-zavesna-skrinka-pod-umyvadlo-fidzi-80-cm-bila-23336","status":"publish","type":"product","link":"https:\/\/www.domkraftpro.com\/index.php\/produkt\/akce-koupelnova-zavesna-skrinka-pod-umyvadlo-fidzi-80-cm-bila-23336\/","title":{"rendered":"Akce Koupelnov\u00e1 z\u00e1v\u011bsn\u00e1 sk\u0159\u00ed\u0148ka pod umyvadlo FID\u017dI 80 cm &#8211; b\u00edl\u00e1"},"content":{"rendered":"<div class=\"tabs__content-outer\" id=\"tab_description\" data-hash=\"description\" data-tabindex=\"-1\">\n<div class=\"tabs__content toggle_description\" id=\"content_description\">\n<div class=\"wysiwyg-content\">\n<div class=\"product__tab product__description full-width\">\n<div class=\"container\">\n<div >\n<h3>Koupelnov\u00e1 z\u00e1v\u011bsn\u00e1 sk\u0159\u00ed\u0148ka pod umyvadlo FID\u017dI 80 cm &#8211; b\u00edl\u00e1<\/h3>\n<p><span style=\"font-family: verdana, geneva, sans-serif; font-size: 12pt;\">Luxusn\u00ed z\u00e1v\u011bsn\u00e1 sk\u0159\u00ed\u0148ka pro integraci umyvadla pojme obrovsk\u00e9 mno\u017estv\u00ed v\u011bc\u00ed. Pod \u00farovn\u00ed pro umyvadlo naleznete dva prostorn\u00e9 \u0161upl\u00edky. O bezprobl\u00e9mov\u00e9 u\u017e\u00edv\u00e1n\u00ed a dlouho \u017eivotnost se star\u00e1 korpus z kvalitn\u00edch lamino desek a \u010dela z MDF desek s ABS ochranou hran spolu s pojezdy \u0161upl\u00edk\u016f s tich\u00fdm dov\u00edr\u00e1n\u00edm.<\/span><\/p>\n<p><span style=\"font-family: verdana, geneva, sans-serif; font-size: 12pt;\">\u00a0<strong>Parametry:\u00a0<\/strong><\/span><\/p>\n<ul>\n<li style=\"font-family: verdana, geneva, sans-serif; font-size: 12pt;\"><span style=\"font-family: verdana, geneva, sans-serif; font-size: 12pt;\">materi\u00e1l: lamino korpus, MDF \u010dela\u00a0<\/span><\/li>\n<li style=\"font-family: verdana, geneva, sans-serif; font-size: 12pt;\"><span style=\"font-family: verdana, geneva, sans-serif; font-size: 12pt;\">barva: alpsk\u00e1 b\u00edl\u00e1 polomatn\u00e1\u00a0<\/span><\/li>\n<li style=\"font-family: verdana, geneva, sans-serif; font-size: 12pt;\"><span style=\"font-family: verdana, geneva, sans-serif; font-size: 12pt;\">rozm\u011bry [\u0160xHxV]: 80 x 46 x 62 cm\u00a0<\/span><\/li>\n<li style=\"font-family: verdana, geneva, sans-serif; font-size: 12pt;\"><span style=\"font-family: verdana, geneva, sans-serif; font-size: 12pt;\">hmotnost: 32 kg\u00a0<\/span><\/li>\n<li style=\"font-family: verdana, geneva, sans-serif; font-size: 12pt;\"><span style=\"font-family: verdana, geneva, sans-serif; font-size: 12pt;\">\u00fachytky: v\u00fd\u0159ez pro uchycen\u00ed\u00a0<\/span><\/li>\n<li style=\"font-family: verdana, geneva, sans-serif; font-size: 12pt;\"><span style=\"font-family: verdana, geneva, sans-serif; font-size: 12pt;\">tich\u00e9 pojezdy \u0161upl\u00edku<\/span><\/li>\n<li style=\"font-family: verdana, geneva, sans-serif; font-size: 12pt;\"><span style=\"font-family: verdana, geneva, sans-serif; font-size: 12pt;\">dod\u00e1v\u00e1no v demontu (bez \u0161roub\u016f do st\u011bny)<\/span><\/li>\n<\/ul>\n<p><span style=\"font-family: verdana, geneva, sans-serif; font-size: 12pt;\">Ke sk\u0159\u00ed\u0148ce si m\u016f\u017eete u n\u00e1s p\u0159ikoupit tak\u00e9 umyvadlo s otvorem pro baterii.\u00a0<\/span><\/p>\n<\/div><\/div>\n<\/p><\/div>\n<\/p><\/div>\n<\/p><\/div>\n","protected":false},"excerpt":{"rendered":"<p>Koupelnov\u00e1 z\u00e1v\u011bsn\u00e1 sk\u0159\u00ed\u0148ka pod umyvadlo FID\u017dI 80 cm &#8211; b\u00edl\u00e1 Luxusn\u00ed z\u00e1v\u011bsn\u00e1 sk\u0159\u00ed\u0148ka pro integraci umyvadla pojme obrovsk\u00e9 mno\u017estv\u00ed v\u011bc\u00ed. Pod \u00farovn\u00ed pro umyvadlo naleznete dva prostorn\u00e9 \u0161upl\u00edky. O bezprobl\u00e9mov\u00e9 u\u017e\u00edv\u00e1n\u00ed a dlouho \u017eivotnost se star\u00e1 korpus z kvalitn\u00edch lamino desek a \u010dela z MDF desek s ABS ochranou hran spolu s pojezdy \u0161upl\u00edk\u016f s [&hellip;]<\/p>\n","protected":false},"featured_media":23436,"comment_status":"open","ping_status":"open","template":"","meta":[],"product_brand":[],"product_cat":[95],"product_tag":[],"class_list":{"0":"post-23336","1":"product","2":"type-product","3":"status-publish","4":"has-post-thumbnail","6":"product_cat-koupelna","8":"first","9":"instock","10":"sale","11":"shipping-taxable","12":"purchasable","13":"product-type-simple"},"yoast_head":"<!-- This site is optimized with the Yoast SEO plugin v26.8 - https:\/\/yoast.com\/product\/yoast-seo-wordpress\/ -->\n<title>Akce Koupelnov\u00e1 z\u00e1v\u011bsn\u00e1 sk\u0159\u00ed\u0148ka pod umyvadlo FID\u017dI 80 cm - b\u00edl\u00e1 -<\/title>\n<meta name=\"robots\" content=\"index, follow, max-snippet:-1, max-image-preview:large, max-video-preview:-1\" \/>\n<link rel=\"canonical\" href=\"https:\/\/www.domkraftpro.com\/index.php\/produkt\/akce-koupelnova-zavesna-skrinka-pod-umyvadlo-fidzi-80-cm-bila-23336\/\" \/>\n<meta property=\"og:locale\" content=\"cs_CZ\" \/>\n<meta property=\"og:type\" content=\"article\" \/>\n<meta property=\"og:title\" content=\"Akce Koupelnov\u00e1 z\u00e1v\u011bsn\u00e1 sk\u0159\u00ed\u0148ka pod umyvadlo FID\u017dI 80 cm - b\u00edl\u00e1 -\" \/>\n<meta property=\"og:description\" content=\"Koupelnov\u00e1 z\u00e1v\u011bsn\u00e1 sk\u0159\u00ed\u0148ka pod umyvadlo FID\u017dI 80 cm &#8211; b\u00edl\u00e1 Luxusn\u00ed z\u00e1v\u011bsn\u00e1 sk\u0159\u00ed\u0148ka pro integraci umyvadla pojme obrovsk\u00e9 mno\u017estv\u00ed v\u011bc\u00ed. Pod \u00farovn\u00ed pro umyvadlo naleznete dva prostorn\u00e9 \u0161upl\u00edky. O bezprobl\u00e9mov\u00e9 u\u017e\u00edv\u00e1n\u00ed a dlouho \u017eivotnost se star\u00e1 korpus z kvalitn\u00edch lamino desek a \u010dela z MDF desek s ABS ochranou hran spolu s pojezdy \u0161upl\u00edk\u016f s [&hellip;]\" \/>\n<meta property=\"og:url\" content=\"https:\/\/www.domkraftpro.com\/index.php\/produkt\/akce-koupelnova-zavesna-skrinka-pod-umyvadlo-fidzi-80-cm-bila-23336\/\" \/>\n<meta property=\"og:image\" content=\"https:\/\/www.domkraftpro.com\/wp-content\/uploads\/2026\/SK0007101-CZ20260425-093041-0-1777080643-1_y87c-c1.webp\" \/>\n\t<meta property=\"og:image:width\" content=\"606\" \/>\n\t<meta property=\"og:image:height\" content=\"540\" \/>\n\t<meta property=\"og:image:type\" content=\"image\/webp\" \/>\n<meta name=\"twitter:card\" content=\"summary_large_image\" \/>\n<meta name=\"twitter:label1\" content=\"Odhadovan\u00e1 doba \u010dten\u00ed\" \/>\n\t<meta name=\"twitter:data1\" content=\"1 minuta\" \/>\n<script type=\"application\/ld+json\" class=\"yoast-schema-graph\">{\"@context\":\"https:\/\/schema.org\",\"@graph\":[{\"@type\":\"WebPage\",\"@id\":\"https:\/\/www.domkraftpro.com\/index.php\/produkt\/akce-koupelnova-zavesna-skrinka-pod-umyvadlo-fidzi-80-cm-bila-23336\/\",\"url\":\"https:\/\/www.domkraftpro.com\/index.php\/produkt\/akce-koupelnova-zavesna-skrinka-pod-umyvadlo-fidzi-80-cm-bila-23336\/\",\"name\":\"Akce Koupelnov\u00e1 z\u00e1v\u011bsn\u00e1 sk\u0159\u00ed\u0148ka pod umyvadlo FID\u017dI 80 cm - b\u00edl\u00e1 -\",\"isPartOf\":{\"@id\":\"https:\/\/www.domkraftpro.com\/#website\"},\"primaryImageOfPage\":{\"@id\":\"https:\/\/www.domkraftpro.com\/index.php\/produkt\/akce-koupelnova-zavesna-skrinka-pod-umyvadlo-fidzi-80-cm-bila-23336\/#primaryimage\"},\"image\":{\"@id\":\"https:\/\/www.domkraftpro.com\/index.php\/produkt\/akce-koupelnova-zavesna-skrinka-pod-umyvadlo-fidzi-80-cm-bila-23336\/#primaryimage\"},\"thumbnailUrl\":\"https:\/\/www.domkraftpro.com\/wp-content\/uploads\/2026\/SK0007101-CZ20260425-093041-0-1777080643-1_y87c-c1.webp\",\"datePublished\":\"2026-04-27T04:41:22+00:00\",\"breadcrumb\":{\"@id\":\"https:\/\/www.domkraftpro.com\/index.php\/produkt\/akce-koupelnova-zavesna-skrinka-pod-umyvadlo-fidzi-80-cm-bila-23336\/#breadcrumb\"},\"inLanguage\":\"cs\",\"potentialAction\":[{\"@type\":\"ReadAction\",\"target\":[\"https:\/\/www.domkraftpro.com\/index.php\/produkt\/akce-koupelnova-zavesna-skrinka-pod-umyvadlo-fidzi-80-cm-bila-23336\/\"]}]},{\"@type\":\"ImageObject\",\"inLanguage\":\"cs\",\"@id\":\"https:\/\/www.domkraftpro.com\/index.php\/produkt\/akce-koupelnova-zavesna-skrinka-pod-umyvadlo-fidzi-80-cm-bila-23336\/#primaryimage\",\"url\":\"https:\/\/www.domkraftpro.com\/wp-content\/uploads\/2026\/SK0007101-CZ20260425-093041-0-1777080643-1_y87c-c1.webp\",\"contentUrl\":\"https:\/\/www.domkraftpro.com\/wp-content\/uploads\/2026\/SK0007101-CZ20260425-093041-0-1777080643-1_y87c-c1.webp\",\"width\":606,\"height\":540},{\"@type\":\"BreadcrumbList\",\"@id\":\"https:\/\/www.domkraftpro.com\/index.php\/produkt\/akce-koupelnova-zavesna-skrinka-pod-umyvadlo-fidzi-80-cm-bila-23336\/#breadcrumb\",\"itemListElement\":[{\"@type\":\"ListItem\",\"position\":1,\"name\":\"Home\",\"item\":\"https:\/\/www.domkraftpro.com\/\"},{\"@type\":\"ListItem\",\"position\":2,\"name\":\"Products\",\"item\":\"https:\/\/www.domkraftpro.com\/index.php\/products\/\"},{\"@type\":\"ListItem\",\"position\":3,\"name\":\"Akce Koupelnov\u00e1 z\u00e1v\u011bsn\u00e1 sk\u0159\u00ed\u0148ka pod umyvadlo FID\u017dI 80 cm &#8211; b\u00edl\u00e1\"}]},{\"@type\":\"WebSite\",\"@id\":\"https:\/\/www.domkraftpro.com\/#website\",\"url\":\"https:\/\/www.domkraftpro.com\/\",\"name\":\"\",\"description\":\"\",\"potentialAction\":[{\"@type\":\"SearchAction\",\"target\":{\"@type\":\"EntryPoint\",\"urlTemplate\":\"https:\/\/www.domkraftpro.com\/?s={search_term_string}\"},\"query-input\":{\"@type\":\"PropertyValueSpecification\",\"valueRequired\":true,\"valueName\":\"search_term_string\"}}],\"inLanguage\":\"cs\"}]}<\/script>\n<!-- \/ Yoast SEO plugin. -->","yoast_head_json":{"title":"Akce Koupelnov\u00e1 z\u00e1v\u011bsn\u00e1 sk\u0159\u00ed\u0148ka pod umyvadlo FID\u017dI 80 cm - b\u00edl\u00e1 -","robots":{"index":"index","follow":"follow","max-snippet":"max-snippet:-1","max-image-preview":"max-image-preview:large","max-video-preview":"max-video-preview:-1"},"canonical":"https:\/\/www.domkraftpro.com\/index.php\/produkt\/akce-koupelnova-zavesna-skrinka-pod-umyvadlo-fidzi-80-cm-bila-23336\/","og_locale":"cs_CZ","og_type":"article","og_title":"Akce Koupelnov\u00e1 z\u00e1v\u011bsn\u00e1 sk\u0159\u00ed\u0148ka pod umyvadlo FID\u017dI 80 cm - b\u00edl\u00e1 -","og_description":"Koupelnov\u00e1 z\u00e1v\u011bsn\u00e1 sk\u0159\u00ed\u0148ka pod umyvadlo FID\u017dI 80 cm &#8211; b\u00edl\u00e1 Luxusn\u00ed z\u00e1v\u011bsn\u00e1 sk\u0159\u00ed\u0148ka pro integraci umyvadla pojme obrovsk\u00e9 mno\u017estv\u00ed v\u011bc\u00ed. Pod \u00farovn\u00ed pro umyvadlo naleznete dva prostorn\u00e9 \u0161upl\u00edky. O bezprobl\u00e9mov\u00e9 u\u017e\u00edv\u00e1n\u00ed a dlouho \u017eivotnost se star\u00e1 korpus z kvalitn\u00edch lamino desek a \u010dela z MDF desek s ABS ochranou hran spolu s pojezdy \u0161upl\u00edk\u016f s [&hellip;]","og_url":"https:\/\/www.domkraftpro.com\/index.php\/produkt\/akce-koupelnova-zavesna-skrinka-pod-umyvadlo-fidzi-80-cm-bila-23336\/","og_image":[{"width":606,"height":540,"url":"https:\/\/www.domkraftpro.com\/wp-content\/uploads\/2026\/SK0007101-CZ20260425-093041-0-1777080643-1_y87c-c1.webp","type":"image\/webp"}],"twitter_card":"summary_large_image","twitter_misc":{"Odhadovan\u00e1 doba \u010dten\u00ed":"1 minuta"},"schema":{"@context":"https:\/\/schema.org","@graph":[{"@type":"WebPage","@id":"https:\/\/www.domkraftpro.com\/index.php\/produkt\/akce-koupelnova-zavesna-skrinka-pod-umyvadlo-fidzi-80-cm-bila-23336\/","url":"https:\/\/www.domkraftpro.com\/index.php\/produkt\/akce-koupelnova-zavesna-skrinka-pod-umyvadlo-fidzi-80-cm-bila-23336\/","name":"Akce Koupelnov\u00e1 z\u00e1v\u011bsn\u00e1 sk\u0159\u00ed\u0148ka pod umyvadlo FID\u017dI 80 cm - b\u00edl\u00e1 -","isPartOf":{"@id":"https:\/\/www.domkraftpro.com\/#website"},"primaryImageOfPage":{"@id":"https:\/\/www.domkraftpro.com\/index.php\/produkt\/akce-koupelnova-zavesna-skrinka-pod-umyvadlo-fidzi-80-cm-bila-23336\/#primaryimage"},"image":{"@id":"https:\/\/www.domkraftpro.com\/index.php\/produkt\/akce-koupelnova-zavesna-skrinka-pod-umyvadlo-fidzi-80-cm-bila-23336\/#primaryimage"},"thumbnailUrl":"https:\/\/www.domkraftpro.com\/wp-content\/uploads\/2026\/SK0007101-CZ20260425-093041-0-1777080643-1_y87c-c1.webp","datePublished":"2026-04-27T04:41:22+00:00","breadcrumb":{"@id":"https:\/\/www.domkraftpro.com\/index.php\/produkt\/akce-koupelnova-zavesna-skrinka-pod-umyvadlo-fidzi-80-cm-bila-23336\/#breadcrumb"},"inLanguage":"cs","potentialAction":[{"@type":"ReadAction","target":["https:\/\/www.domkraftpro.com\/index.php\/produkt\/akce-koupelnova-zavesna-skrinka-pod-umyvadlo-fidzi-80-cm-bila-23336\/"]}]},{"@type":"ImageObject","inLanguage":"cs","@id":"https:\/\/www.domkraftpro.com\/index.php\/produkt\/akce-koupelnova-zavesna-skrinka-pod-umyvadlo-fidzi-80-cm-bila-23336\/#primaryimage","url":"https:\/\/www.domkraftpro.com\/wp-content\/uploads\/2026\/SK0007101-CZ20260425-093041-0-1777080643-1_y87c-c1.webp","contentUrl":"https:\/\/www.domkraftpro.com\/wp-content\/uploads\/2026\/SK0007101-CZ20260425-093041-0-1777080643-1_y87c-c1.webp","width":606,"height":540},{"@type":"BreadcrumbList","@id":"https:\/\/www.domkraftpro.com\/index.php\/produkt\/akce-koupelnova-zavesna-skrinka-pod-umyvadlo-fidzi-80-cm-bila-23336\/#breadcrumb","itemListElement":[{"@type":"ListItem","position":1,"name":"Home","item":"https:\/\/www.domkraftpro.com\/"},{"@type":"ListItem","position":2,"name":"Products","item":"https:\/\/www.domkraftpro.com\/index.php\/products\/"},{"@type":"ListItem","position":3,"name":"Akce Koupelnov\u00e1 z\u00e1v\u011bsn\u00e1 sk\u0159\u00ed\u0148ka pod umyvadlo FID\u017dI 80 cm &#8211; b\u00edl\u00e1"}]},{"@type":"WebSite","@id":"https:\/\/www.domkraftpro.com\/#website","url":"https:\/\/www.domkraftpro.com\/","name":"","description":"","potentialAction":[{"@type":"SearchAction","target":{"@type":"EntryPoint","urlTemplate":"https:\/\/www.domkraftpro.com\/?s={search_term_string}"},"query-input":{"@type":"PropertyValueSpecification","valueRequired":true,"valueName":"search_term_string"}}],"inLanguage":"cs"}]}},"_links":{"self":[{"href":"https:\/\/www.domkraftpro.com\/index.php\/wp-json\/wp\/v2\/product\/23336","targetHints":{"allow":["GET"]}}],"collection":[{"href":"https:\/\/www.domkraftpro.com\/index.php\/wp-json\/wp\/v2\/product"}],"about":[{"href":"https:\/\/www.domkraftpro.com\/index.php\/wp-json\/wp\/v2\/types\/product"}],"replies":[{"embeddable":true,"href":"https:\/\/www.domkraftpro.com\/index.php\/wp-json\/wp\/v2\/comments?post=23336"}],"wp:featuredmedia":[{"embeddable":true,"href":"https:\/\/www.domkraftpro.com\/index.php\/wp-json\/wp\/v2\/media\/23436"}],"wp:attachment":[{"href":"https:\/\/www.domkraftpro.com\/index.php\/wp-json\/wp\/v2\/media?parent=23336"}],"wp:term":[{"taxonomy":"product_brand","embeddable":true,"href":"https:\/\/www.domkraftpro.com\/index.php\/wp-json\/wp\/v2\/product_brand?post=23336"},{"taxonomy":"product_cat","embeddable":true,"href":"https:\/\/www.domkraftpro.com\/index.php\/wp-json\/wp\/v2\/product_cat?post=23336"},{"taxonomy":"product_tag","embeddable":true,"href":"https:\/\/www.domkraftpro.com\/index.php\/wp-json\/wp\/v2\/product_tag?post=23336"}],"curies":[{"name":"wp","href":"https:\/\/api.w.org\/{rel}","templated":true}]}}