{"id":22387,"date":"2026-04-27T04:41:19","date_gmt":"2026-04-27T04:41:19","guid":{"rendered":""},"modified":"2026-04-27T04:41:19","modified_gmt":"2026-04-27T04:41:19","slug":"vanova-zastena-prime-1-70x140-cm-horka-nabidka-22387","status":"publish","type":"product","link":"https:\/\/www.domkraftpro.com\/index.php\/produkt\/vanova-zastena-prime-1-70x140-cm-horka-nabidka-22387\/","title":{"rendered":"Vanov\u00e1 z\u00e1st\u011bna PRIME 1 &#8211; 70&#215;140 cm Hork\u00e1 Nab\u00eddka"},"content":{"rendered":"<div class=\"tabs__content-outer\" id=\"tab_description\" data-hash=\"description\" data-tabindex=\"-1\">\n<div class=\"tabs__content toggle_description\" id=\"content_description\">\n<div class=\"wysiwyg-content\">\n<div class=\"product__tab product__description full-width\">\n<div class=\"container\">\n<div >\n<h3>Vanov\u00e1 z\u00e1st\u011bna PRIME 1 &#8211; 70&#215;140 cm<\/h3>\n<p><strong>Vanov\u00e1 z\u00e1st\u011bna PRIME 1 <\/strong>vynik\u00e1 kvalitn\u00edm zpracov\u00e1n\u00edm hlin\u00edkov\u00e9ho r\u00e1mu v barv\u011b <strong>chromu <\/strong>a <strong>bezpe\u010dnostn\u00edho skla.<\/strong> Je vhodn\u00e1 pro v\u0161echny typy obd\u00e9ln\u00edkov\u00fdch i rohov\u00fdch van, kter\u00e9 maj\u00ed dostate\u010dn\u011b dlouhou rovnou plochu. Otev\u00edr\u00e1n\u00ed je koncipov\u00e1no jako <strong>kyvn\u00e9 na ob\u011b strany<\/strong>.<\/p>\n<p><strong>Vanov\u00e1 z\u00e1st\u011bna PRIME 1<\/strong>\u00a0vynik\u00e1 vysoce kvalitn\u00edm zpracov\u00e1n\u00edm a spolehlivou funk\u010dnost\u00ed v\u0161ech sou\u010d\u00e1st\u00ed a materi\u00e1l\u016f.\u00a0<\/p>\n<p>Pod\u00edvejte se tak\u00e9 nab\u00eddku designov\u00fdch dopl\u0148k\u016f pro tuto velmi elegantn\u00ed vanovou z\u00e1st\u011bnu, kter\u00e9 zv\u00fdrazn\u00ed va\u0161i novou modern\u00ed koupelnu. Vyberte si z na\u0161\u00ed bohat\u00e9 nab\u00eddky vanov\u00fdch bateri\u00ed, sprchov\u00fdch hlavic a jejich dr\u017e\u00e1k\u016f \u010di dal\u0161\u00edch modern\u00edch dopl\u0148k\u016f do cel\u00e9 va\u0161\u00ed koupelny.\u00a0<\/p>\n<p><strong>P\u0159ednosti vanov\u00e9 z\u00e1st\u011bny PRIME 1:<\/strong><\/p>\n<ul>\n<li><strong>V\u00fdpl\u0148:<\/strong>\u00a0bezpe\u010dnostn\u00ed sklo \u010dir\u00e9\u00a05 mm<\/li>\n<li><strong>R\u00e1m:<\/strong>\u00a0chrom<\/li>\n<li><strong>Proveden\u00ed:<\/strong> univerz\u00e1ln\u00ed lev\u00e9 a prav\u00e9<\/li>\n<li><strong>Rozm\u011bry:<\/strong>\u00a070 \u00d7 140 cm\u00a0<\/li>\n<li><strong>Otv\u00edr\u00e1n\u00ed:<\/strong> kyvn\u00e9<\/li>\n<li><strong>Z\u00c1RUKA 2 ROKY<\/strong><\/li>\n<\/ul>\n<p><strong>Vlastnosti<\/strong><\/p>\n<ul>\n<li><span>Materi\u00e1l:<\/span> Hlin\u00edk<\/li>\n<li><span>Barva:<\/span> St\u0159\u00edbrn\u00e1<\/li>\n<li><span>Bezr\u00e1mov\u00e9:<\/span> Ano<\/li>\n<li><span>Sm\u011br_zav\u00edr\u00e1n\u00ed:<\/span> Univerz\u00e1ln\u00ed Lev\u00e9 \/ Prav\u00e9<\/li>\n<li><span>Syst\u00e9m otev\u00edr\u00e1n\u00ed dve\u0159\u00ed:<\/span> k\u0159\u00eddlov\u00e9<\/li>\n<li><span>Proveden\u00ed skla:<\/span> \u010cir\u00e9<\/li>\n<li><span>Bezbari\u00e9rov\u00e9:<\/span> Ano<\/li>\n<li><span>Rozm\u011br_C:<\/span> 140 cm<\/li>\n<li><span>Rozm\u011br_A:<\/span> 70 cm<\/li>\n<li><span>Barva r\u00e1mu:<\/span> 70 cm, \u010cir\u00e9 bezpe\u010dnostn\u00ed sklo &#8211; 5 mm, Univerz\u00e1ln\u00ed Lev\u00e9 \/ Prav\u00e9, 70 cm, \u010cern\u00e1<\/li>\n<\/ul>\n<\/div><\/div>\n<\/p><\/div>\n<\/p><\/div>\n<\/p><\/div>\n","protected":false},"excerpt":{"rendered":"<p>Vanov\u00e1 z\u00e1st\u011bna PRIME 1 &#8211; 70&#215;140 cm Vanov\u00e1 z\u00e1st\u011bna PRIME 1 vynik\u00e1 kvalitn\u00edm zpracov\u00e1n\u00edm hlin\u00edkov\u00e9ho r\u00e1mu v barv\u011b chromu a bezpe\u010dnostn\u00edho skla. Je vhodn\u00e1 pro v\u0161echny typy obd\u00e9ln\u00edkov\u00fdch i rohov\u00fdch van, kter\u00e9 maj\u00ed dostate\u010dn\u011b dlouhou rovnou plochu. Otev\u00edr\u00e1n\u00ed je koncipov\u00e1no jako kyvn\u00e9 na ob\u011b strany. Vanov\u00e1 z\u00e1st\u011bna PRIME 1\u00a0vynik\u00e1 vysoce kvalitn\u00edm zpracov\u00e1n\u00edm a spolehlivou funk\u010dnost\u00ed [&hellip;]<\/p>\n","protected":false},"featured_media":22487,"comment_status":"open","ping_status":"open","template":"","meta":[],"product_brand":[],"product_cat":[95],"product_tag":[],"class_list":{"0":"post-22387","1":"product","2":"type-product","3":"status-publish","4":"has-post-thumbnail","6":"product_cat-koupelna","8":"first","9":"instock","10":"sale","11":"shipping-taxable","12":"purchasable","13":"product-type-simple"},"yoast_head":"<!-- This site is optimized with the Yoast SEO plugin v26.8 - https:\/\/yoast.com\/product\/yoast-seo-wordpress\/ -->\n<title>Vanov\u00e1 z\u00e1st\u011bna PRIME 1 - 70x140 cm Hork\u00e1 Nab\u00eddka -<\/title>\n<meta name=\"robots\" content=\"index, follow, max-snippet:-1, max-image-preview:large, max-video-preview:-1\" \/>\n<link rel=\"canonical\" href=\"https:\/\/www.domkraftpro.com\/index.php\/produkt\/vanova-zastena-prime-1-70x140-cm-horka-nabidka-22387\/\" \/>\n<meta property=\"og:locale\" content=\"cs_CZ\" \/>\n<meta property=\"og:type\" content=\"article\" \/>\n<meta property=\"og:title\" content=\"Vanov\u00e1 z\u00e1st\u011bna PRIME 1 - 70x140 cm Hork\u00e1 Nab\u00eddka -\" \/>\n<meta property=\"og:description\" content=\"Vanov\u00e1 z\u00e1st\u011bna PRIME 1 &#8211; 70&#215;140 cm Vanov\u00e1 z\u00e1st\u011bna PRIME 1 vynik\u00e1 kvalitn\u00edm zpracov\u00e1n\u00edm hlin\u00edkov\u00e9ho r\u00e1mu v barv\u011b chromu a bezpe\u010dnostn\u00edho skla. Je vhodn\u00e1 pro v\u0161echny typy obd\u00e9ln\u00edkov\u00fdch i rohov\u00fdch van, kter\u00e9 maj\u00ed dostate\u010dn\u011b dlouhou rovnou plochu. Otev\u00edr\u00e1n\u00ed je koncipov\u00e1no jako kyvn\u00e9 na ob\u011b strany. Vanov\u00e1 z\u00e1st\u011bna PRIME 1\u00a0vynik\u00e1 vysoce kvalitn\u00edm zpracov\u00e1n\u00edm a spolehlivou funk\u010dnost\u00ed [&hellip;]\" \/>\n<meta property=\"og:url\" content=\"https:\/\/www.domkraftpro.com\/index.php\/produkt\/vanova-zastena-prime-1-70x140-cm-horka-nabidka-22387\/\" \/>\n<meta property=\"og:image\" content=\"https:\/\/www.domkraftpro.com\/wp-content\/uploads\/2026\/SK0006643-CZ20260425-093041-0-1777080643-vanova-zastena-prime-1.webp\" \/>\n\t<meta property=\"og:image:width\" content=\"339\" \/>\n\t<meta property=\"og:image:height\" content=\"800\" \/>\n\t<meta property=\"og:image:type\" content=\"image\/webp\" \/>\n<meta name=\"twitter:card\" content=\"summary_large_image\" \/>\n<meta name=\"twitter:label1\" content=\"Odhadovan\u00e1 doba \u010dten\u00ed\" \/>\n\t<meta name=\"twitter:data1\" content=\"1 minuta\" \/>\n<script type=\"application\/ld+json\" class=\"yoast-schema-graph\">{\"@context\":\"https:\/\/schema.org\",\"@graph\":[{\"@type\":\"WebPage\",\"@id\":\"https:\/\/www.domkraftpro.com\/index.php\/produkt\/vanova-zastena-prime-1-70x140-cm-horka-nabidka-22387\/\",\"url\":\"https:\/\/www.domkraftpro.com\/index.php\/produkt\/vanova-zastena-prime-1-70x140-cm-horka-nabidka-22387\/\",\"name\":\"Vanov\u00e1 z\u00e1st\u011bna PRIME 1 - 70x140 cm Hork\u00e1 Nab\u00eddka -\",\"isPartOf\":{\"@id\":\"https:\/\/www.domkraftpro.com\/#website\"},\"primaryImageOfPage\":{\"@id\":\"https:\/\/www.domkraftpro.com\/index.php\/produkt\/vanova-zastena-prime-1-70x140-cm-horka-nabidka-22387\/#primaryimage\"},\"image\":{\"@id\":\"https:\/\/www.domkraftpro.com\/index.php\/produkt\/vanova-zastena-prime-1-70x140-cm-horka-nabidka-22387\/#primaryimage\"},\"thumbnailUrl\":\"https:\/\/www.domkraftpro.com\/wp-content\/uploads\/2026\/SK0006643-CZ20260425-093041-0-1777080643-vanova-zastena-prime-1.webp\",\"datePublished\":\"2026-04-27T04:41:19+00:00\",\"breadcrumb\":{\"@id\":\"https:\/\/www.domkraftpro.com\/index.php\/produkt\/vanova-zastena-prime-1-70x140-cm-horka-nabidka-22387\/#breadcrumb\"},\"inLanguage\":\"cs\",\"potentialAction\":[{\"@type\":\"ReadAction\",\"target\":[\"https:\/\/www.domkraftpro.com\/index.php\/produkt\/vanova-zastena-prime-1-70x140-cm-horka-nabidka-22387\/\"]}]},{\"@type\":\"ImageObject\",\"inLanguage\":\"cs\",\"@id\":\"https:\/\/www.domkraftpro.com\/index.php\/produkt\/vanova-zastena-prime-1-70x140-cm-horka-nabidka-22387\/#primaryimage\",\"url\":\"https:\/\/www.domkraftpro.com\/wp-content\/uploads\/2026\/SK0006643-CZ20260425-093041-0-1777080643-vanova-zastena-prime-1.webp\",\"contentUrl\":\"https:\/\/www.domkraftpro.com\/wp-content\/uploads\/2026\/SK0006643-CZ20260425-093041-0-1777080643-vanova-zastena-prime-1.webp\",\"width\":339,\"height\":800},{\"@type\":\"BreadcrumbList\",\"@id\":\"https:\/\/www.domkraftpro.com\/index.php\/produkt\/vanova-zastena-prime-1-70x140-cm-horka-nabidka-22387\/#breadcrumb\",\"itemListElement\":[{\"@type\":\"ListItem\",\"position\":1,\"name\":\"Home\",\"item\":\"https:\/\/www.domkraftpro.com\/\"},{\"@type\":\"ListItem\",\"position\":2,\"name\":\"Products\",\"item\":\"https:\/\/www.domkraftpro.com\/index.php\/products\/\"},{\"@type\":\"ListItem\",\"position\":3,\"name\":\"Vanov\u00e1 z\u00e1st\u011bna PRIME 1 &#8211; 70&#215;140 cm Hork\u00e1 Nab\u00eddka\"}]},{\"@type\":\"WebSite\",\"@id\":\"https:\/\/www.domkraftpro.com\/#website\",\"url\":\"https:\/\/www.domkraftpro.com\/\",\"name\":\"\",\"description\":\"\",\"potentialAction\":[{\"@type\":\"SearchAction\",\"target\":{\"@type\":\"EntryPoint\",\"urlTemplate\":\"https:\/\/www.domkraftpro.com\/?s={search_term_string}\"},\"query-input\":{\"@type\":\"PropertyValueSpecification\",\"valueRequired\":true,\"valueName\":\"search_term_string\"}}],\"inLanguage\":\"cs\"}]}<\/script>\n<!-- \/ Yoast SEO plugin. -->","yoast_head_json":{"title":"Vanov\u00e1 z\u00e1st\u011bna PRIME 1 - 70x140 cm Hork\u00e1 Nab\u00eddka -","robots":{"index":"index","follow":"follow","max-snippet":"max-snippet:-1","max-image-preview":"max-image-preview:large","max-video-preview":"max-video-preview:-1"},"canonical":"https:\/\/www.domkraftpro.com\/index.php\/produkt\/vanova-zastena-prime-1-70x140-cm-horka-nabidka-22387\/","og_locale":"cs_CZ","og_type":"article","og_title":"Vanov\u00e1 z\u00e1st\u011bna PRIME 1 - 70x140 cm Hork\u00e1 Nab\u00eddka -","og_description":"Vanov\u00e1 z\u00e1st\u011bna PRIME 1 &#8211; 70&#215;140 cm Vanov\u00e1 z\u00e1st\u011bna PRIME 1 vynik\u00e1 kvalitn\u00edm zpracov\u00e1n\u00edm hlin\u00edkov\u00e9ho r\u00e1mu v barv\u011b chromu a bezpe\u010dnostn\u00edho skla. Je vhodn\u00e1 pro v\u0161echny typy obd\u00e9ln\u00edkov\u00fdch i rohov\u00fdch van, kter\u00e9 maj\u00ed dostate\u010dn\u011b dlouhou rovnou plochu. Otev\u00edr\u00e1n\u00ed je koncipov\u00e1no jako kyvn\u00e9 na ob\u011b strany. Vanov\u00e1 z\u00e1st\u011bna PRIME 1\u00a0vynik\u00e1 vysoce kvalitn\u00edm zpracov\u00e1n\u00edm a spolehlivou funk\u010dnost\u00ed [&hellip;]","og_url":"https:\/\/www.domkraftpro.com\/index.php\/produkt\/vanova-zastena-prime-1-70x140-cm-horka-nabidka-22387\/","og_image":[{"width":339,"height":800,"url":"https:\/\/www.domkraftpro.com\/wp-content\/uploads\/2026\/SK0006643-CZ20260425-093041-0-1777080643-vanova-zastena-prime-1.webp","type":"image\/webp"}],"twitter_card":"summary_large_image","twitter_misc":{"Odhadovan\u00e1 doba \u010dten\u00ed":"1 minuta"},"schema":{"@context":"https:\/\/schema.org","@graph":[{"@type":"WebPage","@id":"https:\/\/www.domkraftpro.com\/index.php\/produkt\/vanova-zastena-prime-1-70x140-cm-horka-nabidka-22387\/","url":"https:\/\/www.domkraftpro.com\/index.php\/produkt\/vanova-zastena-prime-1-70x140-cm-horka-nabidka-22387\/","name":"Vanov\u00e1 z\u00e1st\u011bna PRIME 1 - 70x140 cm Hork\u00e1 Nab\u00eddka -","isPartOf":{"@id":"https:\/\/www.domkraftpro.com\/#website"},"primaryImageOfPage":{"@id":"https:\/\/www.domkraftpro.com\/index.php\/produkt\/vanova-zastena-prime-1-70x140-cm-horka-nabidka-22387\/#primaryimage"},"image":{"@id":"https:\/\/www.domkraftpro.com\/index.php\/produkt\/vanova-zastena-prime-1-70x140-cm-horka-nabidka-22387\/#primaryimage"},"thumbnailUrl":"https:\/\/www.domkraftpro.com\/wp-content\/uploads\/2026\/SK0006643-CZ20260425-093041-0-1777080643-vanova-zastena-prime-1.webp","datePublished":"2026-04-27T04:41:19+00:00","breadcrumb":{"@id":"https:\/\/www.domkraftpro.com\/index.php\/produkt\/vanova-zastena-prime-1-70x140-cm-horka-nabidka-22387\/#breadcrumb"},"inLanguage":"cs","potentialAction":[{"@type":"ReadAction","target":["https:\/\/www.domkraftpro.com\/index.php\/produkt\/vanova-zastena-prime-1-70x140-cm-horka-nabidka-22387\/"]}]},{"@type":"ImageObject","inLanguage":"cs","@id":"https:\/\/www.domkraftpro.com\/index.php\/produkt\/vanova-zastena-prime-1-70x140-cm-horka-nabidka-22387\/#primaryimage","url":"https:\/\/www.domkraftpro.com\/wp-content\/uploads\/2026\/SK0006643-CZ20260425-093041-0-1777080643-vanova-zastena-prime-1.webp","contentUrl":"https:\/\/www.domkraftpro.com\/wp-content\/uploads\/2026\/SK0006643-CZ20260425-093041-0-1777080643-vanova-zastena-prime-1.webp","width":339,"height":800},{"@type":"BreadcrumbList","@id":"https:\/\/www.domkraftpro.com\/index.php\/produkt\/vanova-zastena-prime-1-70x140-cm-horka-nabidka-22387\/#breadcrumb","itemListElement":[{"@type":"ListItem","position":1,"name":"Home","item":"https:\/\/www.domkraftpro.com\/"},{"@type":"ListItem","position":2,"name":"Products","item":"https:\/\/www.domkraftpro.com\/index.php\/products\/"},{"@type":"ListItem","position":3,"name":"Vanov\u00e1 z\u00e1st\u011bna PRIME 1 &#8211; 70&#215;140 cm Hork\u00e1 Nab\u00eddka"}]},{"@type":"WebSite","@id":"https:\/\/www.domkraftpro.com\/#website","url":"https:\/\/www.domkraftpro.com\/","name":"","description":"","potentialAction":[{"@type":"SearchAction","target":{"@type":"EntryPoint","urlTemplate":"https:\/\/www.domkraftpro.com\/?s={search_term_string}"},"query-input":{"@type":"PropertyValueSpecification","valueRequired":true,"valueName":"search_term_string"}}],"inLanguage":"cs"}]}},"_links":{"self":[{"href":"https:\/\/www.domkraftpro.com\/index.php\/wp-json\/wp\/v2\/product\/22387","targetHints":{"allow":["GET"]}}],"collection":[{"href":"https:\/\/www.domkraftpro.com\/index.php\/wp-json\/wp\/v2\/product"}],"about":[{"href":"https:\/\/www.domkraftpro.com\/index.php\/wp-json\/wp\/v2\/types\/product"}],"replies":[{"embeddable":true,"href":"https:\/\/www.domkraftpro.com\/index.php\/wp-json\/wp\/v2\/comments?post=22387"}],"wp:featuredmedia":[{"embeddable":true,"href":"https:\/\/www.domkraftpro.com\/index.php\/wp-json\/wp\/v2\/media\/22487"}],"wp:attachment":[{"href":"https:\/\/www.domkraftpro.com\/index.php\/wp-json\/wp\/v2\/media?parent=22387"}],"wp:term":[{"taxonomy":"product_brand","embeddable":true,"href":"https:\/\/www.domkraftpro.com\/index.php\/wp-json\/wp\/v2\/product_brand?post=22387"},{"taxonomy":"product_cat","embeddable":true,"href":"https:\/\/www.domkraftpro.com\/index.php\/wp-json\/wp\/v2\/product_cat?post=22387"},{"taxonomy":"product_tag","embeddable":true,"href":"https:\/\/www.domkraftpro.com\/index.php\/wp-json\/wp\/v2\/product_tag?post=22387"}],"curies":[{"name":"wp","href":"https:\/\/api.w.org\/{rel}","templated":true}]}}