{"id":22386,"date":"2026-04-27T04:41:19","date_gmt":"2026-04-27T04:41:19","guid":{"rendered":""},"modified":"2026-04-27T04:41:19","modified_gmt":"2026-04-27T04:41:19","slug":"casove-omezene-sapho-handicap-dverni-madlo-700mm-cerna-xh574b-22386","status":"publish","type":"product","link":"https:\/\/www.domkraftpro.com\/index.php\/produkt\/casove-omezene-sapho-handicap-dverni-madlo-700mm-cerna-xh574b-22386\/","title":{"rendered":"\u010casov\u011b Omezen\u00e9 Sapho HANDICAP dve\u0159n\u00ed madlo 700mm, \u010dern\u00e1 XH574B"},"content":{"rendered":"<div class=\"tabs__content-outer\" id=\"tab_description\" data-hash=\"description\" data-tabindex=\"-1\">\n<div class=\"tabs__content toggle_description\" id=\"content_description\">\n<div class=\"wysiwyg-content\">\n<div class=\"product__tab product__description full-width\">\n<div class=\"container\">\n<div >\n<h3>Sapho HANDICAP dve\u0159n\u00ed madlo 700mm, \u010dern\u00e1 XH574B<\/h3>\n<p><\/p>\n<p><b>Vlastnosti<\/b><\/p>\n<ul>\n<li><span>Materi\u00e1l:<\/span> Ocel<\/li>\n<li><span>Barva:<\/span> \u010cern\u00e1<\/li>\n<li><span>Tvar:<\/span> Kruhov\u00e9<\/li>\n<li><span>Rozm\u011br:<\/span> 700x40x95 mm<\/li>\n<li><span>Druh:<\/span> Madlo<\/li>\n<li><span>\u0160\u00ed\u0159ka:<\/span> 700 mm<\/li>\n<li><span>V\u00fd\u0161ka:<\/span> 40 mm<\/li>\n<li><span>Hloubka:<\/span> 95 mm<\/li>\n<\/ul>\n<\/div><\/div>\n<\/p><\/div>\n<\/p><\/div>\n<\/p><\/div>\n","protected":false},"excerpt":{"rendered":"<p>Sapho HANDICAP dve\u0159n\u00ed madlo 700mm, \u010dern\u00e1 XH574B Vlastnosti Materi\u00e1l: Ocel Barva: \u010cern\u00e1 Tvar: Kruhov\u00e9 Rozm\u011br: 700x40x95 mm Druh: Madlo \u0160\u00ed\u0159ka: 700 mm V\u00fd\u0161ka: 40 mm Hloubka: 95 mm<\/p>\n","protected":false},"featured_media":22486,"comment_status":"open","ping_status":"open","template":"","meta":[],"product_brand":[],"product_cat":[95],"product_tag":[],"class_list":{"0":"post-22386","1":"product","2":"type-product","3":"status-publish","4":"has-post-thumbnail","6":"product_cat-koupelna","8":"first","9":"instock","10":"sale","11":"shipping-taxable","12":"purchasable","13":"product-type-simple"},"yoast_head":"<!-- This site is optimized with the Yoast SEO plugin v26.8 - https:\/\/yoast.com\/product\/yoast-seo-wordpress\/ -->\n<title>\u010casov\u011b Omezen\u00e9 Sapho HANDICAP dve\u0159n\u00ed madlo 700mm, \u010dern\u00e1 XH574B -<\/title>\n<meta name=\"robots\" content=\"index, follow, max-snippet:-1, max-image-preview:large, max-video-preview:-1\" \/>\n<link rel=\"canonical\" href=\"https:\/\/www.domkraftpro.com\/index.php\/produkt\/casove-omezene-sapho-handicap-dverni-madlo-700mm-cerna-xh574b-22386\/\" \/>\n<meta property=\"og:locale\" content=\"cs_CZ\" \/>\n<meta property=\"og:type\" content=\"article\" \/>\n<meta property=\"og:title\" content=\"\u010casov\u011b Omezen\u00e9 Sapho HANDICAP dve\u0159n\u00ed madlo 700mm, \u010dern\u00e1 XH574B -\" \/>\n<meta property=\"og:description\" content=\"Sapho HANDICAP dve\u0159n\u00ed madlo 700mm, \u010dern\u00e1 XH574B Vlastnosti Materi\u00e1l: Ocel Barva: \u010cern\u00e1 Tvar: Kruhov\u00e9 Rozm\u011br: 700x40x95 mm Druh: Madlo \u0160\u00ed\u0159ka: 700 mm V\u00fd\u0161ka: 40 mm Hloubka: 95 mm\" \/>\n<meta property=\"og:url\" content=\"https:\/\/www.domkraftpro.com\/index.php\/produkt\/casove-omezene-sapho-handicap-dverni-madlo-700mm-cerna-xh574b-22386\/\" \/>\n<meta property=\"og:image\" content=\"https:\/\/www.domkraftpro.com\/wp-content\/uploads\/2026\/SK0006642-CZ20260425-093041-0-1777080643-9ca8fd231ab581fa154fb63b61889459.webp\" \/>\n\t<meta property=\"og:image:width\" content=\"997\" \/>\n\t<meta property=\"og:image:height\" content=\"202\" \/>\n\t<meta property=\"og:image:type\" content=\"image\/webp\" \/>\n<meta name=\"twitter:card\" content=\"summary_large_image\" \/>\n<script type=\"application\/ld+json\" class=\"yoast-schema-graph\">{\"@context\":\"https:\/\/schema.org\",\"@graph\":[{\"@type\":\"WebPage\",\"@id\":\"https:\/\/www.domkraftpro.com\/index.php\/produkt\/casove-omezene-sapho-handicap-dverni-madlo-700mm-cerna-xh574b-22386\/\",\"url\":\"https:\/\/www.domkraftpro.com\/index.php\/produkt\/casove-omezene-sapho-handicap-dverni-madlo-700mm-cerna-xh574b-22386\/\",\"name\":\"\u010casov\u011b Omezen\u00e9 Sapho HANDICAP dve\u0159n\u00ed madlo 700mm, \u010dern\u00e1 XH574B -\",\"isPartOf\":{\"@id\":\"https:\/\/www.domkraftpro.com\/#website\"},\"primaryImageOfPage\":{\"@id\":\"https:\/\/www.domkraftpro.com\/index.php\/produkt\/casove-omezene-sapho-handicap-dverni-madlo-700mm-cerna-xh574b-22386\/#primaryimage\"},\"image\":{\"@id\":\"https:\/\/www.domkraftpro.com\/index.php\/produkt\/casove-omezene-sapho-handicap-dverni-madlo-700mm-cerna-xh574b-22386\/#primaryimage\"},\"thumbnailUrl\":\"https:\/\/www.domkraftpro.com\/wp-content\/uploads\/2026\/SK0006642-CZ20260425-093041-0-1777080643-9ca8fd231ab581fa154fb63b61889459.webp\",\"datePublished\":\"2026-04-27T04:41:19+00:00\",\"breadcrumb\":{\"@id\":\"https:\/\/www.domkraftpro.com\/index.php\/produkt\/casove-omezene-sapho-handicap-dverni-madlo-700mm-cerna-xh574b-22386\/#breadcrumb\"},\"inLanguage\":\"cs\",\"potentialAction\":[{\"@type\":\"ReadAction\",\"target\":[\"https:\/\/www.domkraftpro.com\/index.php\/produkt\/casove-omezene-sapho-handicap-dverni-madlo-700mm-cerna-xh574b-22386\/\"]}]},{\"@type\":\"ImageObject\",\"inLanguage\":\"cs\",\"@id\":\"https:\/\/www.domkraftpro.com\/index.php\/produkt\/casove-omezene-sapho-handicap-dverni-madlo-700mm-cerna-xh574b-22386\/#primaryimage\",\"url\":\"https:\/\/www.domkraftpro.com\/wp-content\/uploads\/2026\/SK0006642-CZ20260425-093041-0-1777080643-9ca8fd231ab581fa154fb63b61889459.webp\",\"contentUrl\":\"https:\/\/www.domkraftpro.com\/wp-content\/uploads\/2026\/SK0006642-CZ20260425-093041-0-1777080643-9ca8fd231ab581fa154fb63b61889459.webp\",\"width\":997,\"height\":202},{\"@type\":\"BreadcrumbList\",\"@id\":\"https:\/\/www.domkraftpro.com\/index.php\/produkt\/casove-omezene-sapho-handicap-dverni-madlo-700mm-cerna-xh574b-22386\/#breadcrumb\",\"itemListElement\":[{\"@type\":\"ListItem\",\"position\":1,\"name\":\"Home\",\"item\":\"https:\/\/www.domkraftpro.com\/\"},{\"@type\":\"ListItem\",\"position\":2,\"name\":\"Products\",\"item\":\"https:\/\/www.domkraftpro.com\/index.php\/products\/\"},{\"@type\":\"ListItem\",\"position\":3,\"name\":\"\u010casov\u011b Omezen\u00e9 Sapho HANDICAP dve\u0159n\u00ed madlo 700mm, \u010dern\u00e1 XH574B\"}]},{\"@type\":\"WebSite\",\"@id\":\"https:\/\/www.domkraftpro.com\/#website\",\"url\":\"https:\/\/www.domkraftpro.com\/\",\"name\":\"\",\"description\":\"\",\"potentialAction\":[{\"@type\":\"SearchAction\",\"target\":{\"@type\":\"EntryPoint\",\"urlTemplate\":\"https:\/\/www.domkraftpro.com\/?s={search_term_string}\"},\"query-input\":{\"@type\":\"PropertyValueSpecification\",\"valueRequired\":true,\"valueName\":\"search_term_string\"}}],\"inLanguage\":\"cs\"}]}<\/script>\n<!-- \/ Yoast SEO plugin. -->","yoast_head_json":{"title":"\u010casov\u011b Omezen\u00e9 Sapho HANDICAP dve\u0159n\u00ed madlo 700mm, \u010dern\u00e1 XH574B -","robots":{"index":"index","follow":"follow","max-snippet":"max-snippet:-1","max-image-preview":"max-image-preview:large","max-video-preview":"max-video-preview:-1"},"canonical":"https:\/\/www.domkraftpro.com\/index.php\/produkt\/casove-omezene-sapho-handicap-dverni-madlo-700mm-cerna-xh574b-22386\/","og_locale":"cs_CZ","og_type":"article","og_title":"\u010casov\u011b Omezen\u00e9 Sapho HANDICAP dve\u0159n\u00ed madlo 700mm, \u010dern\u00e1 XH574B -","og_description":"Sapho HANDICAP dve\u0159n\u00ed madlo 700mm, \u010dern\u00e1 XH574B Vlastnosti Materi\u00e1l: Ocel Barva: \u010cern\u00e1 Tvar: Kruhov\u00e9 Rozm\u011br: 700x40x95 mm Druh: Madlo \u0160\u00ed\u0159ka: 700 mm V\u00fd\u0161ka: 40 mm Hloubka: 95 mm","og_url":"https:\/\/www.domkraftpro.com\/index.php\/produkt\/casove-omezene-sapho-handicap-dverni-madlo-700mm-cerna-xh574b-22386\/","og_image":[{"width":997,"height":202,"url":"https:\/\/www.domkraftpro.com\/wp-content\/uploads\/2026\/SK0006642-CZ20260425-093041-0-1777080643-9ca8fd231ab581fa154fb63b61889459.webp","type":"image\/webp"}],"twitter_card":"summary_large_image","schema":{"@context":"https:\/\/schema.org","@graph":[{"@type":"WebPage","@id":"https:\/\/www.domkraftpro.com\/index.php\/produkt\/casove-omezene-sapho-handicap-dverni-madlo-700mm-cerna-xh574b-22386\/","url":"https:\/\/www.domkraftpro.com\/index.php\/produkt\/casove-omezene-sapho-handicap-dverni-madlo-700mm-cerna-xh574b-22386\/","name":"\u010casov\u011b Omezen\u00e9 Sapho HANDICAP dve\u0159n\u00ed madlo 700mm, \u010dern\u00e1 XH574B -","isPartOf":{"@id":"https:\/\/www.domkraftpro.com\/#website"},"primaryImageOfPage":{"@id":"https:\/\/www.domkraftpro.com\/index.php\/produkt\/casove-omezene-sapho-handicap-dverni-madlo-700mm-cerna-xh574b-22386\/#primaryimage"},"image":{"@id":"https:\/\/www.domkraftpro.com\/index.php\/produkt\/casove-omezene-sapho-handicap-dverni-madlo-700mm-cerna-xh574b-22386\/#primaryimage"},"thumbnailUrl":"https:\/\/www.domkraftpro.com\/wp-content\/uploads\/2026\/SK0006642-CZ20260425-093041-0-1777080643-9ca8fd231ab581fa154fb63b61889459.webp","datePublished":"2026-04-27T04:41:19+00:00","breadcrumb":{"@id":"https:\/\/www.domkraftpro.com\/index.php\/produkt\/casove-omezene-sapho-handicap-dverni-madlo-700mm-cerna-xh574b-22386\/#breadcrumb"},"inLanguage":"cs","potentialAction":[{"@type":"ReadAction","target":["https:\/\/www.domkraftpro.com\/index.php\/produkt\/casove-omezene-sapho-handicap-dverni-madlo-700mm-cerna-xh574b-22386\/"]}]},{"@type":"ImageObject","inLanguage":"cs","@id":"https:\/\/www.domkraftpro.com\/index.php\/produkt\/casove-omezene-sapho-handicap-dverni-madlo-700mm-cerna-xh574b-22386\/#primaryimage","url":"https:\/\/www.domkraftpro.com\/wp-content\/uploads\/2026\/SK0006642-CZ20260425-093041-0-1777080643-9ca8fd231ab581fa154fb63b61889459.webp","contentUrl":"https:\/\/www.domkraftpro.com\/wp-content\/uploads\/2026\/SK0006642-CZ20260425-093041-0-1777080643-9ca8fd231ab581fa154fb63b61889459.webp","width":997,"height":202},{"@type":"BreadcrumbList","@id":"https:\/\/www.domkraftpro.com\/index.php\/produkt\/casove-omezene-sapho-handicap-dverni-madlo-700mm-cerna-xh574b-22386\/#breadcrumb","itemListElement":[{"@type":"ListItem","position":1,"name":"Home","item":"https:\/\/www.domkraftpro.com\/"},{"@type":"ListItem","position":2,"name":"Products","item":"https:\/\/www.domkraftpro.com\/index.php\/products\/"},{"@type":"ListItem","position":3,"name":"\u010casov\u011b Omezen\u00e9 Sapho HANDICAP dve\u0159n\u00ed madlo 700mm, \u010dern\u00e1 XH574B"}]},{"@type":"WebSite","@id":"https:\/\/www.domkraftpro.com\/#website","url":"https:\/\/www.domkraftpro.com\/","name":"","description":"","potentialAction":[{"@type":"SearchAction","target":{"@type":"EntryPoint","urlTemplate":"https:\/\/www.domkraftpro.com\/?s={search_term_string}"},"query-input":{"@type":"PropertyValueSpecification","valueRequired":true,"valueName":"search_term_string"}}],"inLanguage":"cs"}]}},"_links":{"self":[{"href":"https:\/\/www.domkraftpro.com\/index.php\/wp-json\/wp\/v2\/product\/22386","targetHints":{"allow":["GET"]}}],"collection":[{"href":"https:\/\/www.domkraftpro.com\/index.php\/wp-json\/wp\/v2\/product"}],"about":[{"href":"https:\/\/www.domkraftpro.com\/index.php\/wp-json\/wp\/v2\/types\/product"}],"replies":[{"embeddable":true,"href":"https:\/\/www.domkraftpro.com\/index.php\/wp-json\/wp\/v2\/comments?post=22386"}],"wp:featuredmedia":[{"embeddable":true,"href":"https:\/\/www.domkraftpro.com\/index.php\/wp-json\/wp\/v2\/media\/22486"}],"wp:attachment":[{"href":"https:\/\/www.domkraftpro.com\/index.php\/wp-json\/wp\/v2\/media?parent=22386"}],"wp:term":[{"taxonomy":"product_brand","embeddable":true,"href":"https:\/\/www.domkraftpro.com\/index.php\/wp-json\/wp\/v2\/product_brand?post=22386"},{"taxonomy":"product_cat","embeddable":true,"href":"https:\/\/www.domkraftpro.com\/index.php\/wp-json\/wp\/v2\/product_cat?post=22386"},{"taxonomy":"product_tag","embeddable":true,"href":"https:\/\/www.domkraftpro.com\/index.php\/wp-json\/wp\/v2\/product_tag?post=22386"}],"curies":[{"name":"wp","href":"https:\/\/api.w.org\/{rel}","templated":true}]}}

Časově Omezené Sapho HANDICAP dveřní madlo 700mm, černá XH574B

<div class="tabs__content-outer" id="tab_description" data-hash="description" data-tabindex="-1">
<div class="tabs__content toggle_description" id="content_description">
<div class="wysiwyg-content">
<div class="product__tab product__description full-width">
<div class="container">
<div >
<h3>Sapho HANDICAP dveřní madlo 700mm, černá XH574B</h3>
<p></p>
<p><b>Vlastnosti</b></p>
<ul>
<li><span>Materiál:</span> Ocel</li>
<li><span>Barva:</span> Černá</li>
<li><span>Tvar:</span> Kruhové</li>
<li><span>Rozměr:</span> 700x40x95 mm</li>
<li><span>Druh:</span> Madlo</li>
<li><span>Šířka:</span> 700 mm</li>
<li><span>Výška:</span> 40 mm</li>
<li><span>Hloubka:</span> 95 mm</li>
</ul>
</div></div>
</p></div>
</p></div>
</p></div>

<p>Sapho HANDICAP dveřní madlo 700mm, černá XH574B Vlastnosti Materiál: Ocel Barva: Černá Tvar: Kruhové Rozměr: 700x40x95 mm Druh: Madlo Šířka: 700 mm Výška: 40 mm Hloubka: 95 mm</p>

<!-- This site is optimized with the Yoast SEO plugin v26.8 - https://yoast.com/product/yoast-seo-wordpress/ -->
<title>Časově Omezené Sapho HANDICAP dveřní madlo 700mm, černá XH574B -</title>
<meta name="robots" content="index, follow, max-snippet:-1, max-image-preview:large, max-video-preview:-1" />
<link rel="canonical" href="https://www.domkraftpro.com/index.php/produkt/casove-omezene-sapho-handicap-dverni-madlo-700mm-cerna-xh574b-22386/" />
<meta property="og:locale" content="cs_CZ" />
<meta property="og:type" content="article" />
<meta property="og:title" content="Časově Omezené Sapho HANDICAP dveřní madlo 700mm, černá XH574B -" />
<meta property="og:description" content="Sapho HANDICAP dveřní madlo 700mm, černá XH574B Vlastnosti Materiál: Ocel Barva: Černá Tvar: Kruhové Rozměr: 700x40x95 mm Druh: Madlo Šířka: 700 mm Výška: 40 mm Hloubka: 95 mm" />
<meta property="og:url" content="https://www.domkraftpro.com/index.php/produkt/casove-omezene-sapho-handicap-dverni-madlo-700mm-cerna-xh574b-22386/" />
<meta property="og:image" content="https://www.domkraftpro.com/wp-content/uploads/2026/SK0006642-CZ20260425-093041-0-1777080643-9ca8fd231ab581fa154fb63b61889459.webp" />
	<meta property="og:image:width" content="997" />
	<meta property="og:image:height" content="202" />
	<meta property="og:image:type" content="image/webp" />
<meta name="twitter:card" content="summary_large_image" />
<script type="application/ld+json" class="yoast-schema-graph">{"@context":"https://schema.org","@graph":[{"@type":"WebPage","@id":"https://www.domkraftpro.com/index.php/produkt/casove-omezene-sapho-handicap-dverni-madlo-700mm-cerna-xh574b-22386/","url":"https://www.domkraftpro.com/index.php/produkt/casove-omezene-sapho-handicap-dverni-madlo-700mm-cerna-xh574b-22386/","name":"Časově Omezené Sapho HANDICAP dveřní madlo 700mm, černá XH574B -","isPartOf":{"@id":"https://www.domkraftpro.com/#website"},"primaryImageOfPage":{"@id":"https://www.domkraftpro.com/index.php/produkt/casove-omezene-sapho-handicap-dverni-madlo-700mm-cerna-xh574b-22386/#primaryimage"},"image":{"@id":"https://www.domkraftpro.com/index.php/produkt/casove-omezene-sapho-handicap-dverni-madlo-700mm-cerna-xh574b-22386/#primaryimage"},"thumbnailUrl":"https://www.domkraftpro.com/wp-content/uploads/2026/SK0006642-CZ20260425-093041-0-1777080643-9ca8fd231ab581fa154fb63b61889459.webp","datePublished":"2026-04-27T04:41:19+00:00","breadcrumb":{"@id":"https://www.domkraftpro.com/index.php/produkt/casove-omezene-sapho-handicap-dverni-madlo-700mm-cerna-xh574b-22386/#breadcrumb"},"inLanguage":"cs","potentialAction":[{"@type":"ReadAction","target":["https://www.domkraftpro.com/index.php/produkt/casove-omezene-sapho-handicap-dverni-madlo-700mm-cerna-xh574b-22386/"]}]},{"@type":"ImageObject","inLanguage":"cs","@id":"https://www.domkraftpro.com/index.php/produkt/casove-omezene-sapho-handicap-dverni-madlo-700mm-cerna-xh574b-22386/#primaryimage","url":"https://www.domkraftpro.com/wp-content/uploads/2026/SK0006642-CZ20260425-093041-0-1777080643-9ca8fd231ab581fa154fb63b61889459.webp","contentUrl":"https://www.domkraftpro.com/wp-content/uploads/2026/SK0006642-CZ20260425-093041-0-1777080643-9ca8fd231ab581fa154fb63b61889459.webp","width":997,"height":202},{"@type":"BreadcrumbList","@id":"https://www.domkraftpro.com/index.php/produkt/casove-omezene-sapho-handicap-dverni-madlo-700mm-cerna-xh574b-22386/#breadcrumb","itemListElement":[{"@type":"ListItem","position":1,"name":"Home","item":"https://www.domkraftpro.com/"},{"@type":"ListItem","position":2,"name":"Products","item":"https://www.domkraftpro.com/index.php/products/"},{"@type":"ListItem","position":3,"name":"Časově Omezené Sapho HANDICAP dveřní madlo 700mm, černá XH574B"}]},{"@type":"WebSite","@id":"https://www.domkraftpro.com/#website","url":"https://www.domkraftpro.com/","name":"","description":"","potentialAction":[{"@type":"SearchAction","target":{"@type":"EntryPoint","urlTemplate":"https://www.domkraftpro.com/?s={search_term_string}"},"query-input":{"@type":"PropertyValueSpecification","valueRequired":true,"valueName":"search_term_string"}}],"inLanguage":"cs"}]}</script>
<!-- / Yoast SEO plugin. -->

Časově Omezené Sapho HANDICAP dveřní madlo 700mm, černá XH574B -

Sapho HANDICAP dveřní madlo 700mm, černá XH574B Vlastnosti Materiál: Ocel Barva: Černá Tvar: Kruhové Rozměr: 700x40x95 mm Druh: Madlo Šířka: 700 mm Výška: 40 mm Hloubka: 95 mm
