{"id":22376,"date":"2026-04-27T04:41:19","date_gmt":"2026-04-27T04:41:19","guid":{"rendered":""},"modified":"2026-04-27T04:41:19","modified_gmt":"2026-04-27T04:41:19","slug":"drzak-na-toaletni-papir-myken-cerny-top-prodej-22376","status":"publish","type":"product","link":"https:\/\/www.domkraftpro.com\/index.php\/produkt\/drzak-na-toaletni-papir-myken-cerny-top-prodej-22376\/","title":{"rendered":"Dr\u017e\u00e1k na toaletn\u00ed pap\u00edr MYKEN &#8211; \u010dern\u00fd Top Prodej"},"content":{"rendered":"<div class=\"tabs__content-outer\" id=\"tab_description\" data-hash=\"description\" data-tabindex=\"-1\">\n<div class=\"tabs__content toggle_description\" id=\"content_description\">\n<div class=\"wysiwyg-content\">\n<div class=\"product__tab product__description full-width\">\n<div class=\"container\">\n<div >\n<h3>Dr\u017e\u00e1k na toaletn\u00ed pap\u00edr MYKEN &#8211; \u010dern\u00fd<\/h3>\n<p>Dr\u017e\u00e1k toaletn\u00edho pap\u00edru je vyroben z nejkvalitn\u011bj\u0161\u00edho hlin\u00edku s d\u016frazem na nejmen\u0161\u00ed detaily. Rukoje\u0165 je hladk\u00e1 se zaoblen\u00fdmi rohy a dokon\u010dena v tmav\u011b matn\u00e9 \u010dern\u00e9 barv\u011b. \u010cern\u00e1 barva se hod\u00ed do ka\u017ed\u00e9 koupelny. Skv\u011ble se hod\u00ed do loftov\u00e9ho stylu.<\/p>\n<ul>\n<li>odoln\u00fd proti korozi<\/li>\n<li>v\u00fd\u0161ka: 130 mm<\/li>\n<li>\u0161\u00ed\u0159ka: 130 mm<\/li>\n<li>vzd\u00e1lenost od st\u011bny: 60 mm<\/li>\n<li>v\u00e1ha: 0,25 kg<br \/>\u00a0<\/li>\n<\/ul>\n<\/div><\/div>\n<\/p><\/div>\n<\/p><\/div>\n<\/p><\/div>\n","protected":false},"excerpt":{"rendered":"<p>Dr\u017e\u00e1k na toaletn\u00ed pap\u00edr MYKEN &#8211; \u010dern\u00fd Dr\u017e\u00e1k toaletn\u00edho pap\u00edru je vyroben z nejkvalitn\u011bj\u0161\u00edho hlin\u00edku s d\u016frazem na nejmen\u0161\u00ed detaily. Rukoje\u0165 je hladk\u00e1 se zaoblen\u00fdmi rohy a dokon\u010dena v tmav\u011b matn\u00e9 \u010dern\u00e9 barv\u011b. \u010cern\u00e1 barva se hod\u00ed do ka\u017ed\u00e9 koupelny. Skv\u011ble se hod\u00ed do loftov\u00e9ho stylu. odoln\u00fd proti korozi v\u00fd\u0161ka: 130 mm \u0161\u00ed\u0159ka: 130 mm [&hellip;]<\/p>\n","protected":false},"featured_media":22476,"comment_status":"open","ping_status":"open","template":"","meta":[],"product_brand":[],"product_cat":[95],"product_tag":[],"class_list":{"0":"post-22376","1":"product","2":"type-product","3":"status-publish","4":"has-post-thumbnail","6":"product_cat-koupelna","8":"first","9":"instock","10":"sale","11":"shipping-taxable","12":"purchasable","13":"product-type-simple"},"yoast_head":"<!-- This site is optimized with the Yoast SEO plugin v26.8 - https:\/\/yoast.com\/product\/yoast-seo-wordpress\/ -->\n<title>Dr\u017e\u00e1k na toaletn\u00ed pap\u00edr MYKEN - \u010dern\u00fd Top Prodej -<\/title>\n<meta name=\"robots\" content=\"index, follow, max-snippet:-1, max-image-preview:large, max-video-preview:-1\" \/>\n<link rel=\"canonical\" href=\"https:\/\/www.domkraftpro.com\/index.php\/produkt\/drzak-na-toaletni-papir-myken-cerny-top-prodej-22376\/\" \/>\n<meta property=\"og:locale\" content=\"cs_CZ\" \/>\n<meta property=\"og:type\" content=\"article\" \/>\n<meta property=\"og:title\" content=\"Dr\u017e\u00e1k na toaletn\u00ed pap\u00edr MYKEN - \u010dern\u00fd Top Prodej -\" \/>\n<meta property=\"og:description\" content=\"Dr\u017e\u00e1k na toaletn\u00ed pap\u00edr MYKEN &#8211; \u010dern\u00fd Dr\u017e\u00e1k toaletn\u00edho pap\u00edru je vyroben z nejkvalitn\u011bj\u0161\u00edho hlin\u00edku s d\u016frazem na nejmen\u0161\u00ed detaily. Rukoje\u0165 je hladk\u00e1 se zaoblen\u00fdmi rohy a dokon\u010dena v tmav\u011b matn\u00e9 \u010dern\u00e9 barv\u011b. \u010cern\u00e1 barva se hod\u00ed do ka\u017ed\u00e9 koupelny. Skv\u011ble se hod\u00ed do loftov\u00e9ho stylu. odoln\u00fd proti korozi v\u00fd\u0161ka: 130 mm \u0161\u00ed\u0159ka: 130 mm [&hellip;]\" \/>\n<meta property=\"og:url\" content=\"https:\/\/www.domkraftpro.com\/index.php\/produkt\/drzak-na-toaletni-papir-myken-cerny-top-prodej-22376\/\" \/>\n<meta property=\"og:image\" content=\"https:\/\/www.domkraftpro.com\/wp-content\/uploads\/2026\/SK0006631-CZ20260425-093041-0-1777080643-Uchwyt_na_papier_toaletowy_MYKEN_czarny.webp\" \/>\n\t<meta property=\"og:image:width\" content=\"718\" \/>\n\t<meta property=\"og:image:height\" content=\"800\" \/>\n\t<meta property=\"og:image:type\" content=\"image\/webp\" \/>\n<meta name=\"twitter:card\" content=\"summary_large_image\" \/>\n<script type=\"application\/ld+json\" class=\"yoast-schema-graph\">{\"@context\":\"https:\/\/schema.org\",\"@graph\":[{\"@type\":\"WebPage\",\"@id\":\"https:\/\/www.domkraftpro.com\/index.php\/produkt\/drzak-na-toaletni-papir-myken-cerny-top-prodej-22376\/\",\"url\":\"https:\/\/www.domkraftpro.com\/index.php\/produkt\/drzak-na-toaletni-papir-myken-cerny-top-prodej-22376\/\",\"name\":\"Dr\u017e\u00e1k na toaletn\u00ed pap\u00edr MYKEN - \u010dern\u00fd Top Prodej -\",\"isPartOf\":{\"@id\":\"https:\/\/www.domkraftpro.com\/#website\"},\"primaryImageOfPage\":{\"@id\":\"https:\/\/www.domkraftpro.com\/index.php\/produkt\/drzak-na-toaletni-papir-myken-cerny-top-prodej-22376\/#primaryimage\"},\"image\":{\"@id\":\"https:\/\/www.domkraftpro.com\/index.php\/produkt\/drzak-na-toaletni-papir-myken-cerny-top-prodej-22376\/#primaryimage\"},\"thumbnailUrl\":\"https:\/\/www.domkraftpro.com\/wp-content\/uploads\/2026\/SK0006631-CZ20260425-093041-0-1777080643-Uchwyt_na_papier_toaletowy_MYKEN_czarny.webp\",\"datePublished\":\"2026-04-27T04:41:19+00:00\",\"breadcrumb\":{\"@id\":\"https:\/\/www.domkraftpro.com\/index.php\/produkt\/drzak-na-toaletni-papir-myken-cerny-top-prodej-22376\/#breadcrumb\"},\"inLanguage\":\"cs\",\"potentialAction\":[{\"@type\":\"ReadAction\",\"target\":[\"https:\/\/www.domkraftpro.com\/index.php\/produkt\/drzak-na-toaletni-papir-myken-cerny-top-prodej-22376\/\"]}]},{\"@type\":\"ImageObject\",\"inLanguage\":\"cs\",\"@id\":\"https:\/\/www.domkraftpro.com\/index.php\/produkt\/drzak-na-toaletni-papir-myken-cerny-top-prodej-22376\/#primaryimage\",\"url\":\"https:\/\/www.domkraftpro.com\/wp-content\/uploads\/2026\/SK0006631-CZ20260425-093041-0-1777080643-Uchwyt_na_papier_toaletowy_MYKEN_czarny.webp\",\"contentUrl\":\"https:\/\/www.domkraftpro.com\/wp-content\/uploads\/2026\/SK0006631-CZ20260425-093041-0-1777080643-Uchwyt_na_papier_toaletowy_MYKEN_czarny.webp\",\"width\":718,\"height\":800},{\"@type\":\"BreadcrumbList\",\"@id\":\"https:\/\/www.domkraftpro.com\/index.php\/produkt\/drzak-na-toaletni-papir-myken-cerny-top-prodej-22376\/#breadcrumb\",\"itemListElement\":[{\"@type\":\"ListItem\",\"position\":1,\"name\":\"Home\",\"item\":\"https:\/\/www.domkraftpro.com\/\"},{\"@type\":\"ListItem\",\"position\":2,\"name\":\"Products\",\"item\":\"https:\/\/www.domkraftpro.com\/index.php\/products\/\"},{\"@type\":\"ListItem\",\"position\":3,\"name\":\"Dr\u017e\u00e1k na toaletn\u00ed pap\u00edr MYKEN &#8211; \u010dern\u00fd Top Prodej\"}]},{\"@type\":\"WebSite\",\"@id\":\"https:\/\/www.domkraftpro.com\/#website\",\"url\":\"https:\/\/www.domkraftpro.com\/\",\"name\":\"\",\"description\":\"\",\"potentialAction\":[{\"@type\":\"SearchAction\",\"target\":{\"@type\":\"EntryPoint\",\"urlTemplate\":\"https:\/\/www.domkraftpro.com\/?s={search_term_string}\"},\"query-input\":{\"@type\":\"PropertyValueSpecification\",\"valueRequired\":true,\"valueName\":\"search_term_string\"}}],\"inLanguage\":\"cs\"}]}<\/script>\n<!-- \/ Yoast SEO plugin. -->","yoast_head_json":{"title":"Dr\u017e\u00e1k na toaletn\u00ed pap\u00edr MYKEN - \u010dern\u00fd Top Prodej -","robots":{"index":"index","follow":"follow","max-snippet":"max-snippet:-1","max-image-preview":"max-image-preview:large","max-video-preview":"max-video-preview:-1"},"canonical":"https:\/\/www.domkraftpro.com\/index.php\/produkt\/drzak-na-toaletni-papir-myken-cerny-top-prodej-22376\/","og_locale":"cs_CZ","og_type":"article","og_title":"Dr\u017e\u00e1k na toaletn\u00ed pap\u00edr MYKEN - \u010dern\u00fd Top Prodej -","og_description":"Dr\u017e\u00e1k na toaletn\u00ed pap\u00edr MYKEN &#8211; \u010dern\u00fd Dr\u017e\u00e1k toaletn\u00edho pap\u00edru je vyroben z nejkvalitn\u011bj\u0161\u00edho hlin\u00edku s d\u016frazem na nejmen\u0161\u00ed detaily. Rukoje\u0165 je hladk\u00e1 se zaoblen\u00fdmi rohy a dokon\u010dena v tmav\u011b matn\u00e9 \u010dern\u00e9 barv\u011b. \u010cern\u00e1 barva se hod\u00ed do ka\u017ed\u00e9 koupelny. Skv\u011ble se hod\u00ed do loftov\u00e9ho stylu. odoln\u00fd proti korozi v\u00fd\u0161ka: 130 mm \u0161\u00ed\u0159ka: 130 mm [&hellip;]","og_url":"https:\/\/www.domkraftpro.com\/index.php\/produkt\/drzak-na-toaletni-papir-myken-cerny-top-prodej-22376\/","og_image":[{"width":718,"height":800,"url":"https:\/\/www.domkraftpro.com\/wp-content\/uploads\/2026\/SK0006631-CZ20260425-093041-0-1777080643-Uchwyt_na_papier_toaletowy_MYKEN_czarny.webp","type":"image\/webp"}],"twitter_card":"summary_large_image","schema":{"@context":"https:\/\/schema.org","@graph":[{"@type":"WebPage","@id":"https:\/\/www.domkraftpro.com\/index.php\/produkt\/drzak-na-toaletni-papir-myken-cerny-top-prodej-22376\/","url":"https:\/\/www.domkraftpro.com\/index.php\/produkt\/drzak-na-toaletni-papir-myken-cerny-top-prodej-22376\/","name":"Dr\u017e\u00e1k na toaletn\u00ed pap\u00edr MYKEN - \u010dern\u00fd Top Prodej -","isPartOf":{"@id":"https:\/\/www.domkraftpro.com\/#website"},"primaryImageOfPage":{"@id":"https:\/\/www.domkraftpro.com\/index.php\/produkt\/drzak-na-toaletni-papir-myken-cerny-top-prodej-22376\/#primaryimage"},"image":{"@id":"https:\/\/www.domkraftpro.com\/index.php\/produkt\/drzak-na-toaletni-papir-myken-cerny-top-prodej-22376\/#primaryimage"},"thumbnailUrl":"https:\/\/www.domkraftpro.com\/wp-content\/uploads\/2026\/SK0006631-CZ20260425-093041-0-1777080643-Uchwyt_na_papier_toaletowy_MYKEN_czarny.webp","datePublished":"2026-04-27T04:41:19+00:00","breadcrumb":{"@id":"https:\/\/www.domkraftpro.com\/index.php\/produkt\/drzak-na-toaletni-papir-myken-cerny-top-prodej-22376\/#breadcrumb"},"inLanguage":"cs","potentialAction":[{"@type":"ReadAction","target":["https:\/\/www.domkraftpro.com\/index.php\/produkt\/drzak-na-toaletni-papir-myken-cerny-top-prodej-22376\/"]}]},{"@type":"ImageObject","inLanguage":"cs","@id":"https:\/\/www.domkraftpro.com\/index.php\/produkt\/drzak-na-toaletni-papir-myken-cerny-top-prodej-22376\/#primaryimage","url":"https:\/\/www.domkraftpro.com\/wp-content\/uploads\/2026\/SK0006631-CZ20260425-093041-0-1777080643-Uchwyt_na_papier_toaletowy_MYKEN_czarny.webp","contentUrl":"https:\/\/www.domkraftpro.com\/wp-content\/uploads\/2026\/SK0006631-CZ20260425-093041-0-1777080643-Uchwyt_na_papier_toaletowy_MYKEN_czarny.webp","width":718,"height":800},{"@type":"BreadcrumbList","@id":"https:\/\/www.domkraftpro.com\/index.php\/produkt\/drzak-na-toaletni-papir-myken-cerny-top-prodej-22376\/#breadcrumb","itemListElement":[{"@type":"ListItem","position":1,"name":"Home","item":"https:\/\/www.domkraftpro.com\/"},{"@type":"ListItem","position":2,"name":"Products","item":"https:\/\/www.domkraftpro.com\/index.php\/products\/"},{"@type":"ListItem","position":3,"name":"Dr\u017e\u00e1k na toaletn\u00ed pap\u00edr MYKEN &#8211; \u010dern\u00fd Top Prodej"}]},{"@type":"WebSite","@id":"https:\/\/www.domkraftpro.com\/#website","url":"https:\/\/www.domkraftpro.com\/","name":"","description":"","potentialAction":[{"@type":"SearchAction","target":{"@type":"EntryPoint","urlTemplate":"https:\/\/www.domkraftpro.com\/?s={search_term_string}"},"query-input":{"@type":"PropertyValueSpecification","valueRequired":true,"valueName":"search_term_string"}}],"inLanguage":"cs"}]}},"_links":{"self":[{"href":"https:\/\/www.domkraftpro.com\/index.php\/wp-json\/wp\/v2\/product\/22376","targetHints":{"allow":["GET"]}}],"collection":[{"href":"https:\/\/www.domkraftpro.com\/index.php\/wp-json\/wp\/v2\/product"}],"about":[{"href":"https:\/\/www.domkraftpro.com\/index.php\/wp-json\/wp\/v2\/types\/product"}],"replies":[{"embeddable":true,"href":"https:\/\/www.domkraftpro.com\/index.php\/wp-json\/wp\/v2\/comments?post=22376"}],"wp:featuredmedia":[{"embeddable":true,"href":"https:\/\/www.domkraftpro.com\/index.php\/wp-json\/wp\/v2\/media\/22476"}],"wp:attachment":[{"href":"https:\/\/www.domkraftpro.com\/index.php\/wp-json\/wp\/v2\/media?parent=22376"}],"wp:term":[{"taxonomy":"product_brand","embeddable":true,"href":"https:\/\/www.domkraftpro.com\/index.php\/wp-json\/wp\/v2\/product_brand?post=22376"},{"taxonomy":"product_cat","embeddable":true,"href":"https:\/\/www.domkraftpro.com\/index.php\/wp-json\/wp\/v2\/product_cat?post=22376"},{"taxonomy":"product_tag","embeddable":true,"href":"https:\/\/www.domkraftpro.com\/index.php\/wp-json\/wp\/v2\/product_tag?post=22376"}],"curies":[{"name":"wp","href":"https:\/\/api.w.org\/{rel}","templated":true}]}}