{"id":22374,"date":"2026-04-27T04:41:19","date_gmt":"2026-04-27T04:41:19","guid":{"rendered":""},"modified":"2026-04-27T04:41:19","modified_gmt":"2026-04-27T04:41:19","slug":"horka-nabidka-obdelnikove-zrcadlo-mexen-miko-80x60-cm-s-led-podsvicenim-a-vyhrivanim-9819-080-060-611-00-22374","status":"publish","type":"product","link":"https:\/\/www.domkraftpro.com\/index.php\/produkt\/horka-nabidka-obdelnikove-zrcadlo-mexen-miko-80x60-cm-s-led-podsvicenim-a-vyhrivanim-9819-080-060-611-00-22374\/","title":{"rendered":"Hork\u00e1 Nab\u00eddka Obd\u00e9ln\u00edkov\u00e9 zrcadlo MEXEN MIKO 80&#215;60 cm &#8211; s LED podsv\u00edcen\u00edm a vyh\u0159\u00edv\u00e1n\u00edm, 9819-080-060-611-00"},"content":{"rendered":"<div class=\"tabs__content-outer\" id=\"tab_description\" data-hash=\"description\" data-tabindex=\"-1\">\n<div class=\"tabs__content toggle_description\" id=\"content_description\">\n<div class=\"wysiwyg-content\">\n<div class=\"product__tab product__description full-width\">\n<div class=\"container\">\n<div >\n<h3>Obd\u00e9ln\u00edkov\u00e9 zrcadlo MIKO 80&#215;60 cm &#8211; s LED podsv\u00edcen\u00edm a vyh\u0159\u00edv\u00e1n\u00edm<\/h3>\n<p><span><span>Elegantn\u00ed a jednoduch\u00e9 obd\u00e9ln\u00edkov\u00e9 zrcadlo kolekce MIKO je vybaveno LED podsv\u00edcen\u00edm, kter\u00e9 se snadno ovl\u00e1d\u00e1 pomoc\u00ed dotykov\u00e9ho tla\u010d\u00edtka p\u0159\u00edmo na plo\u0161e zrcadla. Zrcadlo je vybaveno vyh\u0159\u00edvac\u00ed podlo\u017ekou, kter\u00e1 eliminuje zaml\u017een\u00ed skla.\u00a0<\/span><\/span><\/p>\n<p><strong>Parametry:\u00a0<\/strong><\/p>\n<ul>\n<li>rozm\u011br: 80 x 60 cm\u00a0<\/li>\n<li>hloubka: 25 mm\u00a0<\/li>\n<li>s\u00edla skla: 4 mm\u00a0<\/li>\n<li>stupe\u0148 kryt\u00ed: IP44\u00a0<\/li>\n<li>60 LED\/m, teplota 6000K (studen\u00e1 b\u00edl\u00e1), \u017eivotnost a\u017e 30 000 hodin\u00a0<\/li>\n<li>p\u0159ipojen\u00ed: (AC) 210-250 V 50-60Hz\u00a0<\/li>\n<li>spot\u0159eba: 4,8 W\/bm<span>\u00a0<\/span><\/li>\n<\/ul>\n<\/div><\/div>\n<\/p><\/div>\n<\/p><\/div>\n<\/p><\/div>\n","protected":false},"excerpt":{"rendered":"<p>Obd\u00e9ln\u00edkov\u00e9 zrcadlo MIKO 80&#215;60 cm &#8211; s LED podsv\u00edcen\u00edm a vyh\u0159\u00edv\u00e1n\u00edm Elegantn\u00ed a jednoduch\u00e9 obd\u00e9ln\u00edkov\u00e9 zrcadlo kolekce MIKO je vybaveno LED podsv\u00edcen\u00edm, kter\u00e9 se snadno ovl\u00e1d\u00e1 pomoc\u00ed dotykov\u00e9ho tla\u010d\u00edtka p\u0159\u00edmo na plo\u0161e zrcadla. Zrcadlo je vybaveno vyh\u0159\u00edvac\u00ed podlo\u017ekou, kter\u00e1 eliminuje zaml\u017een\u00ed skla.\u00a0 Parametry:\u00a0 rozm\u011br: 80 x 60 cm\u00a0 hloubka: 25 mm\u00a0 s\u00edla skla: 4 mm\u00a0 [&hellip;]<\/p>\n","protected":false},"featured_media":22474,"comment_status":"open","ping_status":"open","template":"","meta":[],"product_brand":[],"product_cat":[95],"product_tag":[],"class_list":{"0":"post-22374","1":"product","2":"type-product","3":"status-publish","4":"has-post-thumbnail","6":"product_cat-koupelna","8":"first","9":"instock","10":"sale","11":"shipping-taxable","12":"purchasable","13":"product-type-simple"},"yoast_head":"<!-- This site is optimized with the Yoast SEO plugin v26.8 - https:\/\/yoast.com\/product\/yoast-seo-wordpress\/ -->\n<title>Hork\u00e1 Nab\u00eddka Obd\u00e9ln\u00edkov\u00e9 zrcadlo MEXEN MIKO 80x60 cm - s LED podsv\u00edcen\u00edm a vyh\u0159\u00edv\u00e1n\u00edm, 9819-080-060-611-00 -<\/title>\n<meta name=\"robots\" content=\"index, follow, max-snippet:-1, max-image-preview:large, max-video-preview:-1\" \/>\n<link rel=\"canonical\" href=\"https:\/\/www.domkraftpro.com\/index.php\/produkt\/horka-nabidka-obdelnikove-zrcadlo-mexen-miko-80x60-cm-s-led-podsvicenim-a-vyhrivanim-9819-080-060-611-00-22374\/\" \/>\n<meta property=\"og:locale\" content=\"cs_CZ\" \/>\n<meta property=\"og:type\" content=\"article\" \/>\n<meta property=\"og:title\" content=\"Hork\u00e1 Nab\u00eddka Obd\u00e9ln\u00edkov\u00e9 zrcadlo MEXEN MIKO 80x60 cm - s LED podsv\u00edcen\u00edm a vyh\u0159\u00edv\u00e1n\u00edm, 9819-080-060-611-00 -\" \/>\n<meta property=\"og:description\" content=\"Obd\u00e9ln\u00edkov\u00e9 zrcadlo MIKO 80&#215;60 cm &#8211; s LED podsv\u00edcen\u00edm a vyh\u0159\u00edv\u00e1n\u00edm Elegantn\u00ed a jednoduch\u00e9 obd\u00e9ln\u00edkov\u00e9 zrcadlo kolekce MIKO je vybaveno LED podsv\u00edcen\u00edm, kter\u00e9 se snadno ovl\u00e1d\u00e1 pomoc\u00ed dotykov\u00e9ho tla\u010d\u00edtka p\u0159\u00edmo na plo\u0161e zrcadla. Zrcadlo je vybaveno vyh\u0159\u00edvac\u00ed podlo\u017ekou, kter\u00e1 eliminuje zaml\u017een\u00ed skla.\u00a0 Parametry:\u00a0 rozm\u011br: 80 x 60 cm\u00a0 hloubka: 25 mm\u00a0 s\u00edla skla: 4 mm\u00a0 [&hellip;]\" \/>\n<meta property=\"og:url\" content=\"https:\/\/www.domkraftpro.com\/index.php\/produkt\/horka-nabidka-obdelnikove-zrcadlo-mexen-miko-80x60-cm-s-led-podsvicenim-a-vyhrivanim-9819-080-060-611-00-22374\/\" \/>\n<meta property=\"og:image\" content=\"https:\/\/www.domkraftpro.com\/wp-content\/uploads\/2026\/SK0006629-CZ20260425-093041-0-1777080643-obdelnikove-zrcadlo-mexen-miko-80x60-cm-s-led-podsvicenim-a.webp\" \/>\n\t<meta property=\"og:image:width\" content=\"1000\" \/>\n\t<meta property=\"og:image:height\" content=\"750\" \/>\n\t<meta property=\"og:image:type\" content=\"image\/webp\" \/>\n<meta name=\"twitter:card\" content=\"summary_large_image\" \/>\n<script type=\"application\/ld+json\" class=\"yoast-schema-graph\">{\"@context\":\"https:\/\/schema.org\",\"@graph\":[{\"@type\":\"WebPage\",\"@id\":\"https:\/\/www.domkraftpro.com\/index.php\/produkt\/horka-nabidka-obdelnikove-zrcadlo-mexen-miko-80x60-cm-s-led-podsvicenim-a-vyhrivanim-9819-080-060-611-00-22374\/\",\"url\":\"https:\/\/www.domkraftpro.com\/index.php\/produkt\/horka-nabidka-obdelnikove-zrcadlo-mexen-miko-80x60-cm-s-led-podsvicenim-a-vyhrivanim-9819-080-060-611-00-22374\/\",\"name\":\"Hork\u00e1 Nab\u00eddka Obd\u00e9ln\u00edkov\u00e9 zrcadlo MEXEN MIKO 80x60 cm - s LED podsv\u00edcen\u00edm a vyh\u0159\u00edv\u00e1n\u00edm, 9819-080-060-611-00 -\",\"isPartOf\":{\"@id\":\"https:\/\/www.domkraftpro.com\/#website\"},\"primaryImageOfPage\":{\"@id\":\"https:\/\/www.domkraftpro.com\/index.php\/produkt\/horka-nabidka-obdelnikove-zrcadlo-mexen-miko-80x60-cm-s-led-podsvicenim-a-vyhrivanim-9819-080-060-611-00-22374\/#primaryimage\"},\"image\":{\"@id\":\"https:\/\/www.domkraftpro.com\/index.php\/produkt\/horka-nabidka-obdelnikove-zrcadlo-mexen-miko-80x60-cm-s-led-podsvicenim-a-vyhrivanim-9819-080-060-611-00-22374\/#primaryimage\"},\"thumbnailUrl\":\"https:\/\/www.domkraftpro.com\/wp-content\/uploads\/2026\/SK0006629-CZ20260425-093041-0-1777080643-obdelnikove-zrcadlo-mexen-miko-80x60-cm-s-led-podsvicenim-a.webp\",\"datePublished\":\"2026-04-27T04:41:19+00:00\",\"breadcrumb\":{\"@id\":\"https:\/\/www.domkraftpro.com\/index.php\/produkt\/horka-nabidka-obdelnikove-zrcadlo-mexen-miko-80x60-cm-s-led-podsvicenim-a-vyhrivanim-9819-080-060-611-00-22374\/#breadcrumb\"},\"inLanguage\":\"cs\",\"potentialAction\":[{\"@type\":\"ReadAction\",\"target\":[\"https:\/\/www.domkraftpro.com\/index.php\/produkt\/horka-nabidka-obdelnikove-zrcadlo-mexen-miko-80x60-cm-s-led-podsvicenim-a-vyhrivanim-9819-080-060-611-00-22374\/\"]}]},{\"@type\":\"ImageObject\",\"inLanguage\":\"cs\",\"@id\":\"https:\/\/www.domkraftpro.com\/index.php\/produkt\/horka-nabidka-obdelnikove-zrcadlo-mexen-miko-80x60-cm-s-led-podsvicenim-a-vyhrivanim-9819-080-060-611-00-22374\/#primaryimage\",\"url\":\"https:\/\/www.domkraftpro.com\/wp-content\/uploads\/2026\/SK0006629-CZ20260425-093041-0-1777080643-obdelnikove-zrcadlo-mexen-miko-80x60-cm-s-led-podsvicenim-a.webp\",\"contentUrl\":\"https:\/\/www.domkraftpro.com\/wp-content\/uploads\/2026\/SK0006629-CZ20260425-093041-0-1777080643-obdelnikove-zrcadlo-mexen-miko-80x60-cm-s-led-podsvicenim-a.webp\",\"width\":1000,\"height\":750},{\"@type\":\"BreadcrumbList\",\"@id\":\"https:\/\/www.domkraftpro.com\/index.php\/produkt\/horka-nabidka-obdelnikove-zrcadlo-mexen-miko-80x60-cm-s-led-podsvicenim-a-vyhrivanim-9819-080-060-611-00-22374\/#breadcrumb\",\"itemListElement\":[{\"@type\":\"ListItem\",\"position\":1,\"name\":\"Home\",\"item\":\"https:\/\/www.domkraftpro.com\/\"},{\"@type\":\"ListItem\",\"position\":2,\"name\":\"Products\",\"item\":\"https:\/\/www.domkraftpro.com\/index.php\/products\/\"},{\"@type\":\"ListItem\",\"position\":3,\"name\":\"Hork\u00e1 Nab\u00eddka Obd\u00e9ln\u00edkov\u00e9 zrcadlo MEXEN MIKO 80&#215;60 cm &#8211; s LED podsv\u00edcen\u00edm a vyh\u0159\u00edv\u00e1n\u00edm, 9819-080-060-611-00\"}]},{\"@type\":\"WebSite\",\"@id\":\"https:\/\/www.domkraftpro.com\/#website\",\"url\":\"https:\/\/www.domkraftpro.com\/\",\"name\":\"\",\"description\":\"\",\"potentialAction\":[{\"@type\":\"SearchAction\",\"target\":{\"@type\":\"EntryPoint\",\"urlTemplate\":\"https:\/\/www.domkraftpro.com\/?s={search_term_string}\"},\"query-input\":{\"@type\":\"PropertyValueSpecification\",\"valueRequired\":true,\"valueName\":\"search_term_string\"}}],\"inLanguage\":\"cs\"}]}<\/script>\n<!-- \/ Yoast SEO plugin. -->","yoast_head_json":{"title":"Hork\u00e1 Nab\u00eddka Obd\u00e9ln\u00edkov\u00e9 zrcadlo MEXEN MIKO 80x60 cm - s LED podsv\u00edcen\u00edm a vyh\u0159\u00edv\u00e1n\u00edm, 9819-080-060-611-00 -","robots":{"index":"index","follow":"follow","max-snippet":"max-snippet:-1","max-image-preview":"max-image-preview:large","max-video-preview":"max-video-preview:-1"},"canonical":"https:\/\/www.domkraftpro.com\/index.php\/produkt\/horka-nabidka-obdelnikove-zrcadlo-mexen-miko-80x60-cm-s-led-podsvicenim-a-vyhrivanim-9819-080-060-611-00-22374\/","og_locale":"cs_CZ","og_type":"article","og_title":"Hork\u00e1 Nab\u00eddka Obd\u00e9ln\u00edkov\u00e9 zrcadlo MEXEN MIKO 80x60 cm - s LED podsv\u00edcen\u00edm a vyh\u0159\u00edv\u00e1n\u00edm, 9819-080-060-611-00 -","og_description":"Obd\u00e9ln\u00edkov\u00e9 zrcadlo MIKO 80&#215;60 cm &#8211; s LED podsv\u00edcen\u00edm a vyh\u0159\u00edv\u00e1n\u00edm Elegantn\u00ed a jednoduch\u00e9 obd\u00e9ln\u00edkov\u00e9 zrcadlo kolekce MIKO je vybaveno LED podsv\u00edcen\u00edm, kter\u00e9 se snadno ovl\u00e1d\u00e1 pomoc\u00ed dotykov\u00e9ho tla\u010d\u00edtka p\u0159\u00edmo na plo\u0161e zrcadla. Zrcadlo je vybaveno vyh\u0159\u00edvac\u00ed podlo\u017ekou, kter\u00e1 eliminuje zaml\u017een\u00ed skla.\u00a0 Parametry:\u00a0 rozm\u011br: 80 x 60 cm\u00a0 hloubka: 25 mm\u00a0 s\u00edla skla: 4 mm\u00a0 [&hellip;]","og_url":"https:\/\/www.domkraftpro.com\/index.php\/produkt\/horka-nabidka-obdelnikove-zrcadlo-mexen-miko-80x60-cm-s-led-podsvicenim-a-vyhrivanim-9819-080-060-611-00-22374\/","og_image":[{"width":1000,"height":750,"url":"https:\/\/www.domkraftpro.com\/wp-content\/uploads\/2026\/SK0006629-CZ20260425-093041-0-1777080643-obdelnikove-zrcadlo-mexen-miko-80x60-cm-s-led-podsvicenim-a.webp","type":"image\/webp"}],"twitter_card":"summary_large_image","schema":{"@context":"https:\/\/schema.org","@graph":[{"@type":"WebPage","@id":"https:\/\/www.domkraftpro.com\/index.php\/produkt\/horka-nabidka-obdelnikove-zrcadlo-mexen-miko-80x60-cm-s-led-podsvicenim-a-vyhrivanim-9819-080-060-611-00-22374\/","url":"https:\/\/www.domkraftpro.com\/index.php\/produkt\/horka-nabidka-obdelnikove-zrcadlo-mexen-miko-80x60-cm-s-led-podsvicenim-a-vyhrivanim-9819-080-060-611-00-22374\/","name":"Hork\u00e1 Nab\u00eddka Obd\u00e9ln\u00edkov\u00e9 zrcadlo MEXEN MIKO 80x60 cm - s LED podsv\u00edcen\u00edm a vyh\u0159\u00edv\u00e1n\u00edm, 9819-080-060-611-00 -","isPartOf":{"@id":"https:\/\/www.domkraftpro.com\/#website"},"primaryImageOfPage":{"@id":"https:\/\/www.domkraftpro.com\/index.php\/produkt\/horka-nabidka-obdelnikove-zrcadlo-mexen-miko-80x60-cm-s-led-podsvicenim-a-vyhrivanim-9819-080-060-611-00-22374\/#primaryimage"},"image":{"@id":"https:\/\/www.domkraftpro.com\/index.php\/produkt\/horka-nabidka-obdelnikove-zrcadlo-mexen-miko-80x60-cm-s-led-podsvicenim-a-vyhrivanim-9819-080-060-611-00-22374\/#primaryimage"},"thumbnailUrl":"https:\/\/www.domkraftpro.com\/wp-content\/uploads\/2026\/SK0006629-CZ20260425-093041-0-1777080643-obdelnikove-zrcadlo-mexen-miko-80x60-cm-s-led-podsvicenim-a.webp","datePublished":"2026-04-27T04:41:19+00:00","breadcrumb":{"@id":"https:\/\/www.domkraftpro.com\/index.php\/produkt\/horka-nabidka-obdelnikove-zrcadlo-mexen-miko-80x60-cm-s-led-podsvicenim-a-vyhrivanim-9819-080-060-611-00-22374\/#breadcrumb"},"inLanguage":"cs","potentialAction":[{"@type":"ReadAction","target":["https:\/\/www.domkraftpro.com\/index.php\/produkt\/horka-nabidka-obdelnikove-zrcadlo-mexen-miko-80x60-cm-s-led-podsvicenim-a-vyhrivanim-9819-080-060-611-00-22374\/"]}]},{"@type":"ImageObject","inLanguage":"cs","@id":"https:\/\/www.domkraftpro.com\/index.php\/produkt\/horka-nabidka-obdelnikove-zrcadlo-mexen-miko-80x60-cm-s-led-podsvicenim-a-vyhrivanim-9819-080-060-611-00-22374\/#primaryimage","url":"https:\/\/www.domkraftpro.com\/wp-content\/uploads\/2026\/SK0006629-CZ20260425-093041-0-1777080643-obdelnikove-zrcadlo-mexen-miko-80x60-cm-s-led-podsvicenim-a.webp","contentUrl":"https:\/\/www.domkraftpro.com\/wp-content\/uploads\/2026\/SK0006629-CZ20260425-093041-0-1777080643-obdelnikove-zrcadlo-mexen-miko-80x60-cm-s-led-podsvicenim-a.webp","width":1000,"height":750},{"@type":"BreadcrumbList","@id":"https:\/\/www.domkraftpro.com\/index.php\/produkt\/horka-nabidka-obdelnikove-zrcadlo-mexen-miko-80x60-cm-s-led-podsvicenim-a-vyhrivanim-9819-080-060-611-00-22374\/#breadcrumb","itemListElement":[{"@type":"ListItem","position":1,"name":"Home","item":"https:\/\/www.domkraftpro.com\/"},{"@type":"ListItem","position":2,"name":"Products","item":"https:\/\/www.domkraftpro.com\/index.php\/products\/"},{"@type":"ListItem","position":3,"name":"Hork\u00e1 Nab\u00eddka Obd\u00e9ln\u00edkov\u00e9 zrcadlo MEXEN MIKO 80&#215;60 cm &#8211; s LED podsv\u00edcen\u00edm a vyh\u0159\u00edv\u00e1n\u00edm, 9819-080-060-611-00"}]},{"@type":"WebSite","@id":"https:\/\/www.domkraftpro.com\/#website","url":"https:\/\/www.domkraftpro.com\/","name":"","description":"","potentialAction":[{"@type":"SearchAction","target":{"@type":"EntryPoint","urlTemplate":"https:\/\/www.domkraftpro.com\/?s={search_term_string}"},"query-input":{"@type":"PropertyValueSpecification","valueRequired":true,"valueName":"search_term_string"}}],"inLanguage":"cs"}]}},"_links":{"self":[{"href":"https:\/\/www.domkraftpro.com\/index.php\/wp-json\/wp\/v2\/product\/22374","targetHints":{"allow":["GET"]}}],"collection":[{"href":"https:\/\/www.domkraftpro.com\/index.php\/wp-json\/wp\/v2\/product"}],"about":[{"href":"https:\/\/www.domkraftpro.com\/index.php\/wp-json\/wp\/v2\/types\/product"}],"replies":[{"embeddable":true,"href":"https:\/\/www.domkraftpro.com\/index.php\/wp-json\/wp\/v2\/comments?post=22374"}],"wp:featuredmedia":[{"embeddable":true,"href":"https:\/\/www.domkraftpro.com\/index.php\/wp-json\/wp\/v2\/media\/22474"}],"wp:attachment":[{"href":"https:\/\/www.domkraftpro.com\/index.php\/wp-json\/wp\/v2\/media?parent=22374"}],"wp:term":[{"taxonomy":"product_brand","embeddable":true,"href":"https:\/\/www.domkraftpro.com\/index.php\/wp-json\/wp\/v2\/product_brand?post=22374"},{"taxonomy":"product_cat","embeddable":true,"href":"https:\/\/www.domkraftpro.com\/index.php\/wp-json\/wp\/v2\/product_cat?post=22374"},{"taxonomy":"product_tag","embeddable":true,"href":"https:\/\/www.domkraftpro.com\/index.php\/wp-json\/wp\/v2\/product_tag?post=22374"}],"curies":[{"name":"wp","href":"https:\/\/api.w.org\/{rel}","templated":true}]}}