{"id":19544,"date":"2026-04-27T04:41:12","date_gmt":"2026-04-27T04:41:12","guid":{"rendered":""},"modified":"2026-04-27T04:41:12","modified_gmt":"2026-04-27T04:41:12","slug":"drzak-sprchove-ruzice-duplex-metal-nizka-cena-19544","status":"publish","type":"product","link":"https:\/\/www.domkraftpro.com\/index.php\/produkt\/drzak-sprchove-ruzice-duplex-metal-nizka-cena-19544\/","title":{"rendered":"Dr\u017e\u00e1k sprchov\u00e9 r\u016f\u017eice DUPLEX METAL N\u00edzk\u00e1 Cena"},"content":{"rendered":"<div class=\"basic-description\">\n<h3>Detailn\u00ed popis produktu<\/h3>\n<p>                                    <html><body><\/p>\n<p>Velmi u\u017eite\u010dn\u00fd\u00a0<strong>dr\u017e\u00e1k sprchov\u00e9 r\u016f\u017eice DUPLEX METAL <\/strong>m\u016f\u017eete doplnit o\u00a0sprchov\u00e9 baterie,\u00a0sprchov\u00e9 r\u016f\u017eice\u00a0\u010di\u00a0hadice.\u00a0<\/p>\n<p><strong><span>Z\u00e1kladn\u00ed informace:<\/span><\/strong><span>\u00a0<\/span><\/p>\n<ul>\n<li><strong><span>Materi\u00e1l:<\/span><\/strong><span>\u00a0kov<\/span><\/li>\n<li><strong><span>Povrchov\u00e1 \u00faprava:<\/span><\/strong><span>\u00a0chrom<\/span><\/li>\n<li><strong><span>Kvalitn\u00ed<\/span><\/strong><span>\u00a0materi\u00e1l i zpracov\u00e1n\u00ed<\/span><\/li>\n<li><strong><span>Oto\u010dn\u00ed kloub<\/span><\/strong><\/li>\n<li><strong><span>Dlouh\u00e1 \u017eivotnost<\/span><\/strong><\/li>\n<\/ul>\n<ul>\n<li><strong><span>Z\u00c1RUKA 2 roky<\/span><\/strong><\/li>\n<\/ul>\n<p><\/body><\/html>                            <\/div>\n<div class=\"extended-description\">\n<h3>Dopl\u0148kov\u00e9 parametry<\/h3>\n<table class=\"detail-parameters\">\n<tbody>\n<tr>\n<th>        <span class=\"row-header-label\">            Kategorie<span class=\"row-header-label-colon\">:<\/span>        <\/span>    <\/th>\n<td>            <\/td>\n<\/tr>\n<tr>\n<th>            <span class=\"row-header-label\">                Z\u00e1ruka<span class=\"row-header-label-colon\">:<\/span>            <\/span>        <\/th>\n<td>            2 roky        <\/td>\n<\/tr>\n<tr>\n<th>            <span class=\"row-header-label\">                Hmotnost<span class=\"row-header-label-colon\">:<\/span>            <\/span>        <\/th>\n<td>            5 kg        <\/td>\n<\/tr>\n<tr class=\"productEan\">\n<th>          <span class=\"row-header-label productEan__label\">              EAN<span class=\"row-header-label-colon\">:<\/span>          <\/span>      <\/th>\n<td>          <span class=\"productEan__value\">4779028803523<\/span>      <\/td>\n<\/tr>\n<tr>\n<th>                <span class=\"row-header-label\">                                            Barva<span class=\"row-header-label-colon\">:<\/span>                                    <\/span>            <\/th>\n<td>                                                            Chrom                                                <\/td>\n<\/tr>\n<tr>\n<th>                <span class=\"row-header-label\">                                            Katalog<span class=\"row-header-label-colon\">:<\/span>                                    <\/span>            <\/th>\n<td>                                                            Olsen-Spa                                                <\/td>\n<\/tr>\n<tr>\n<th>                <span class=\"row-header-label\">                                            Materi\u00e1l<span class=\"row-header-label-colon\">:<\/span>                                    <\/span>            <\/th>\n<td>                                                            Kov                                                <\/td>\n<\/tr>\n<tr>\n<th>                <span class=\"row-header-label\">                                            S\u00e9rie<span class=\"row-header-label-colon\">:<\/span>                                    <\/span>            <\/th>\n<td>                                                            DUPLEX METAL                                                <\/td>\n<\/tr>\n<tr>\n<th>                <span class=\"row-header-label\">                                            Skupina artiklu<span class=\"row-header-label-colon\">:<\/span>                                    <\/span>            <\/th>\n<td>                                                            S23BR                                                <\/td>\n<\/tr>\n<tr>\n<th>                <span class=\"row-header-label\">                                            Z\u00e1ruka<span class=\"row-header-label-colon\">:<\/span>                                    <\/span>            <\/th>\n<td>                                                            2 roky                                                <\/td>\n<\/tr>\n<\/tbody>\n<\/table><\/div>\n<\/p><\/div>\n<\/p><\/div>\n","protected":false},"excerpt":{"rendered":"<p>Detailn\u00ed popis produktu Velmi u\u017eite\u010dn\u00fd\u00a0dr\u017e\u00e1k sprchov\u00e9 r\u016f\u017eice DUPLEX METAL m\u016f\u017eete doplnit o\u00a0sprchov\u00e9 baterie,\u00a0sprchov\u00e9 r\u016f\u017eice\u00a0\u010di\u00a0hadice.\u00a0 Z\u00e1kladn\u00ed informace:\u00a0 Materi\u00e1l:\u00a0kov Povrchov\u00e1 \u00faprava:\u00a0chrom Kvalitn\u00ed\u00a0materi\u00e1l i zpracov\u00e1n\u00ed Oto\u010dn\u00ed kloub Dlouh\u00e1 \u017eivotnost Z\u00c1RUKA 2 roky Dopl\u0148kov\u00e9 parametry Kategorie: Z\u00e1ruka: 2 roky Hmotnost: 5 kg EAN: 4779028803523 Barva: Chrom Katalog: Olsen-Spa Materi\u00e1l: Kov S\u00e9rie: DUPLEX METAL Skupina artiklu: S23BR Z\u00e1ruka: 2 roky<\/p>\n","protected":false},"featured_media":19644,"comment_status":"open","ping_status":"open","template":"","meta":[],"product_brand":[],"product_cat":[65],"product_tag":[],"class_list":{"0":"post-19544","1":"product","2":"type-product","3":"status-publish","4":"has-post-thumbnail","6":"product_cat-prislusenstvi-do-sprch","8":"first","9":"instock","10":"sale","11":"shipping-taxable","12":"purchasable","13":"product-type-simple"},"yoast_head":"<!-- This site is optimized with the Yoast SEO plugin v26.8 - https:\/\/yoast.com\/product\/yoast-seo-wordpress\/ -->\n<title>Dr\u017e\u00e1k sprchov\u00e9 r\u016f\u017eice DUPLEX METAL N\u00edzk\u00e1 Cena -<\/title>\n<meta name=\"robots\" content=\"index, follow, max-snippet:-1, max-image-preview:large, max-video-preview:-1\" \/>\n<link rel=\"canonical\" href=\"https:\/\/www.domkraftpro.com\/index.php\/produkt\/drzak-sprchove-ruzice-duplex-metal-nizka-cena-19544\/\" \/>\n<meta property=\"og:locale\" content=\"cs_CZ\" \/>\n<meta property=\"og:type\" content=\"article\" \/>\n<meta property=\"og:title\" content=\"Dr\u017e\u00e1k sprchov\u00e9 r\u016f\u017eice DUPLEX METAL N\u00edzk\u00e1 Cena -\" \/>\n<meta property=\"og:description\" content=\"Detailn\u00ed popis produktu Velmi u\u017eite\u010dn\u00fd\u00a0dr\u017e\u00e1k sprchov\u00e9 r\u016f\u017eice DUPLEX METAL m\u016f\u017eete doplnit o\u00a0sprchov\u00e9 baterie,\u00a0sprchov\u00e9 r\u016f\u017eice\u00a0\u010di\u00a0hadice.\u00a0 Z\u00e1kladn\u00ed informace:\u00a0 Materi\u00e1l:\u00a0kov Povrchov\u00e1 \u00faprava:\u00a0chrom Kvalitn\u00ed\u00a0materi\u00e1l i zpracov\u00e1n\u00ed Oto\u010dn\u00ed kloub Dlouh\u00e1 \u017eivotnost Z\u00c1RUKA 2 roky Dopl\u0148kov\u00e9 parametry Kategorie: Z\u00e1ruka: 2 roky Hmotnost: 5 kg EAN: 4779028803523 Barva: Chrom Katalog: Olsen-Spa Materi\u00e1l: Kov S\u00e9rie: DUPLEX METAL Skupina artiklu: S23BR Z\u00e1ruka: 2 roky\" \/>\n<meta property=\"og:url\" content=\"https:\/\/www.domkraftpro.com\/index.php\/produkt\/drzak-sprchove-ruzice-duplex-metal-nizka-cena-19544\/\" \/>\n<meta property=\"og:image\" content=\"https:\/\/www.domkraftpro.com\/wp-content\/uploads\/2026\/SK0008363-CZ20260425-092556-0-1777080363-822090_drzak-sprchove-ruzice-duplex-metal.webp\" \/>\n\t<meta property=\"og:image:width\" content=\"1000\" \/>\n\t<meta property=\"og:image:height\" content=\"750\" \/>\n\t<meta property=\"og:image:type\" content=\"image\/webp\" \/>\n<meta name=\"twitter:card\" content=\"summary_large_image\" \/>\n<script type=\"application\/ld+json\" class=\"yoast-schema-graph\">{\"@context\":\"https:\/\/schema.org\",\"@graph\":[{\"@type\":\"WebPage\",\"@id\":\"https:\/\/www.domkraftpro.com\/index.php\/produkt\/drzak-sprchove-ruzice-duplex-metal-nizka-cena-19544\/\",\"url\":\"https:\/\/www.domkraftpro.com\/index.php\/produkt\/drzak-sprchove-ruzice-duplex-metal-nizka-cena-19544\/\",\"name\":\"Dr\u017e\u00e1k sprchov\u00e9 r\u016f\u017eice DUPLEX METAL N\u00edzk\u00e1 Cena -\",\"isPartOf\":{\"@id\":\"https:\/\/www.domkraftpro.com\/#website\"},\"primaryImageOfPage\":{\"@id\":\"https:\/\/www.domkraftpro.com\/index.php\/produkt\/drzak-sprchove-ruzice-duplex-metal-nizka-cena-19544\/#primaryimage\"},\"image\":{\"@id\":\"https:\/\/www.domkraftpro.com\/index.php\/produkt\/drzak-sprchove-ruzice-duplex-metal-nizka-cena-19544\/#primaryimage\"},\"thumbnailUrl\":\"https:\/\/www.domkraftpro.com\/wp-content\/uploads\/2026\/SK0008363-CZ20260425-092556-0-1777080363-822090_drzak-sprchove-ruzice-duplex-metal.webp\",\"datePublished\":\"2026-04-27T04:41:12+00:00\",\"breadcrumb\":{\"@id\":\"https:\/\/www.domkraftpro.com\/index.php\/produkt\/drzak-sprchove-ruzice-duplex-metal-nizka-cena-19544\/#breadcrumb\"},\"inLanguage\":\"cs\",\"potentialAction\":[{\"@type\":\"ReadAction\",\"target\":[\"https:\/\/www.domkraftpro.com\/index.php\/produkt\/drzak-sprchove-ruzice-duplex-metal-nizka-cena-19544\/\"]}]},{\"@type\":\"ImageObject\",\"inLanguage\":\"cs\",\"@id\":\"https:\/\/www.domkraftpro.com\/index.php\/produkt\/drzak-sprchove-ruzice-duplex-metal-nizka-cena-19544\/#primaryimage\",\"url\":\"https:\/\/www.domkraftpro.com\/wp-content\/uploads\/2026\/SK0008363-CZ20260425-092556-0-1777080363-822090_drzak-sprchove-ruzice-duplex-metal.webp\",\"contentUrl\":\"https:\/\/www.domkraftpro.com\/wp-content\/uploads\/2026\/SK0008363-CZ20260425-092556-0-1777080363-822090_drzak-sprchove-ruzice-duplex-metal.webp\",\"width\":1000,\"height\":750},{\"@type\":\"BreadcrumbList\",\"@id\":\"https:\/\/www.domkraftpro.com\/index.php\/produkt\/drzak-sprchove-ruzice-duplex-metal-nizka-cena-19544\/#breadcrumb\",\"itemListElement\":[{\"@type\":\"ListItem\",\"position\":1,\"name\":\"Home\",\"item\":\"https:\/\/www.domkraftpro.com\/\"},{\"@type\":\"ListItem\",\"position\":2,\"name\":\"Products\",\"item\":\"https:\/\/www.domkraftpro.com\/index.php\/products\/\"},{\"@type\":\"ListItem\",\"position\":3,\"name\":\"Dr\u017e\u00e1k sprchov\u00e9 r\u016f\u017eice DUPLEX METAL N\u00edzk\u00e1 Cena\"}]},{\"@type\":\"WebSite\",\"@id\":\"https:\/\/www.domkraftpro.com\/#website\",\"url\":\"https:\/\/www.domkraftpro.com\/\",\"name\":\"\",\"description\":\"\",\"potentialAction\":[{\"@type\":\"SearchAction\",\"target\":{\"@type\":\"EntryPoint\",\"urlTemplate\":\"https:\/\/www.domkraftpro.com\/?s={search_term_string}\"},\"query-input\":{\"@type\":\"PropertyValueSpecification\",\"valueRequired\":true,\"valueName\":\"search_term_string\"}}],\"inLanguage\":\"cs\"}]}<\/script>\n<!-- \/ Yoast SEO plugin. -->","yoast_head_json":{"title":"Dr\u017e\u00e1k sprchov\u00e9 r\u016f\u017eice DUPLEX METAL N\u00edzk\u00e1 Cena -","robots":{"index":"index","follow":"follow","max-snippet":"max-snippet:-1","max-image-preview":"max-image-preview:large","max-video-preview":"max-video-preview:-1"},"canonical":"https:\/\/www.domkraftpro.com\/index.php\/produkt\/drzak-sprchove-ruzice-duplex-metal-nizka-cena-19544\/","og_locale":"cs_CZ","og_type":"article","og_title":"Dr\u017e\u00e1k sprchov\u00e9 r\u016f\u017eice DUPLEX METAL N\u00edzk\u00e1 Cena -","og_description":"Detailn\u00ed popis produktu Velmi u\u017eite\u010dn\u00fd\u00a0dr\u017e\u00e1k sprchov\u00e9 r\u016f\u017eice DUPLEX METAL m\u016f\u017eete doplnit o\u00a0sprchov\u00e9 baterie,\u00a0sprchov\u00e9 r\u016f\u017eice\u00a0\u010di\u00a0hadice.\u00a0 Z\u00e1kladn\u00ed informace:\u00a0 Materi\u00e1l:\u00a0kov Povrchov\u00e1 \u00faprava:\u00a0chrom Kvalitn\u00ed\u00a0materi\u00e1l i zpracov\u00e1n\u00ed Oto\u010dn\u00ed kloub Dlouh\u00e1 \u017eivotnost Z\u00c1RUKA 2 roky Dopl\u0148kov\u00e9 parametry Kategorie: Z\u00e1ruka: 2 roky Hmotnost: 5 kg EAN: 4779028803523 Barva: Chrom Katalog: Olsen-Spa Materi\u00e1l: Kov S\u00e9rie: DUPLEX METAL Skupina artiklu: S23BR Z\u00e1ruka: 2 roky","og_url":"https:\/\/www.domkraftpro.com\/index.php\/produkt\/drzak-sprchove-ruzice-duplex-metal-nizka-cena-19544\/","og_image":[{"width":1000,"height":750,"url":"https:\/\/www.domkraftpro.com\/wp-content\/uploads\/2026\/SK0008363-CZ20260425-092556-0-1777080363-822090_drzak-sprchove-ruzice-duplex-metal.webp","type":"image\/webp"}],"twitter_card":"summary_large_image","schema":{"@context":"https:\/\/schema.org","@graph":[{"@type":"WebPage","@id":"https:\/\/www.domkraftpro.com\/index.php\/produkt\/drzak-sprchove-ruzice-duplex-metal-nizka-cena-19544\/","url":"https:\/\/www.domkraftpro.com\/index.php\/produkt\/drzak-sprchove-ruzice-duplex-metal-nizka-cena-19544\/","name":"Dr\u017e\u00e1k sprchov\u00e9 r\u016f\u017eice DUPLEX METAL N\u00edzk\u00e1 Cena -","isPartOf":{"@id":"https:\/\/www.domkraftpro.com\/#website"},"primaryImageOfPage":{"@id":"https:\/\/www.domkraftpro.com\/index.php\/produkt\/drzak-sprchove-ruzice-duplex-metal-nizka-cena-19544\/#primaryimage"},"image":{"@id":"https:\/\/www.domkraftpro.com\/index.php\/produkt\/drzak-sprchove-ruzice-duplex-metal-nizka-cena-19544\/#primaryimage"},"thumbnailUrl":"https:\/\/www.domkraftpro.com\/wp-content\/uploads\/2026\/SK0008363-CZ20260425-092556-0-1777080363-822090_drzak-sprchove-ruzice-duplex-metal.webp","datePublished":"2026-04-27T04:41:12+00:00","breadcrumb":{"@id":"https:\/\/www.domkraftpro.com\/index.php\/produkt\/drzak-sprchove-ruzice-duplex-metal-nizka-cena-19544\/#breadcrumb"},"inLanguage":"cs","potentialAction":[{"@type":"ReadAction","target":["https:\/\/www.domkraftpro.com\/index.php\/produkt\/drzak-sprchove-ruzice-duplex-metal-nizka-cena-19544\/"]}]},{"@type":"ImageObject","inLanguage":"cs","@id":"https:\/\/www.domkraftpro.com\/index.php\/produkt\/drzak-sprchove-ruzice-duplex-metal-nizka-cena-19544\/#primaryimage","url":"https:\/\/www.domkraftpro.com\/wp-content\/uploads\/2026\/SK0008363-CZ20260425-092556-0-1777080363-822090_drzak-sprchove-ruzice-duplex-metal.webp","contentUrl":"https:\/\/www.domkraftpro.com\/wp-content\/uploads\/2026\/SK0008363-CZ20260425-092556-0-1777080363-822090_drzak-sprchove-ruzice-duplex-metal.webp","width":1000,"height":750},{"@type":"BreadcrumbList","@id":"https:\/\/www.domkraftpro.com\/index.php\/produkt\/drzak-sprchove-ruzice-duplex-metal-nizka-cena-19544\/#breadcrumb","itemListElement":[{"@type":"ListItem","position":1,"name":"Home","item":"https:\/\/www.domkraftpro.com\/"},{"@type":"ListItem","position":2,"name":"Products","item":"https:\/\/www.domkraftpro.com\/index.php\/products\/"},{"@type":"ListItem","position":3,"name":"Dr\u017e\u00e1k sprchov\u00e9 r\u016f\u017eice DUPLEX METAL N\u00edzk\u00e1 Cena"}]},{"@type":"WebSite","@id":"https:\/\/www.domkraftpro.com\/#website","url":"https:\/\/www.domkraftpro.com\/","name":"","description":"","potentialAction":[{"@type":"SearchAction","target":{"@type":"EntryPoint","urlTemplate":"https:\/\/www.domkraftpro.com\/?s={search_term_string}"},"query-input":{"@type":"PropertyValueSpecification","valueRequired":true,"valueName":"search_term_string"}}],"inLanguage":"cs"}]}},"_links":{"self":[{"href":"https:\/\/www.domkraftpro.com\/index.php\/wp-json\/wp\/v2\/product\/19544","targetHints":{"allow":["GET"]}}],"collection":[{"href":"https:\/\/www.domkraftpro.com\/index.php\/wp-json\/wp\/v2\/product"}],"about":[{"href":"https:\/\/www.domkraftpro.com\/index.php\/wp-json\/wp\/v2\/types\/product"}],"replies":[{"embeddable":true,"href":"https:\/\/www.domkraftpro.com\/index.php\/wp-json\/wp\/v2\/comments?post=19544"}],"wp:featuredmedia":[{"embeddable":true,"href":"https:\/\/www.domkraftpro.com\/index.php\/wp-json\/wp\/v2\/media\/19644"}],"wp:attachment":[{"href":"https:\/\/www.domkraftpro.com\/index.php\/wp-json\/wp\/v2\/media?parent=19544"}],"wp:term":[{"taxonomy":"product_brand","embeddable":true,"href":"https:\/\/www.domkraftpro.com\/index.php\/wp-json\/wp\/v2\/product_brand?post=19544"},{"taxonomy":"product_cat","embeddable":true,"href":"https:\/\/www.domkraftpro.com\/index.php\/wp-json\/wp\/v2\/product_cat?post=19544"},{"taxonomy":"product_tag","embeddable":true,"href":"https:\/\/www.domkraftpro.com\/index.php\/wp-json\/wp\/v2\/product_tag?post=19544"}],"curies":[{"name":"wp","href":"https:\/\/api.w.org\/{rel}","templated":true}]}}