{"id":1891,"date":"2026-04-27T04:40:34","date_gmt":"2026-04-27T04:40:34","guid":{"rendered":""},"modified":"2026-04-27T04:40:34","modified_gmt":"2026-04-27T04:40:34","slug":"nejlepsi-volba-decori-melange-150-cm-x-81-cm-hneda-1891","status":"publish","type":"product","link":"https:\/\/www.domkraftpro.com\/index.php\/produkt\/nejlepsi-volba-decori-melange-150-cm-x-81-cm-hneda-1891\/","title":{"rendered":"Nejlep\u0161\u00ed Volba Decori Melange 150 cm x 81 cm hn\u011bd\u00e1"},"content":{"rendered":"<div class=\"detail-description__right\">\n<div class=\"parameters\">\n<div class=\"table table--simple\">\n<table>\n<tbody>\n<tr>\n<td colspan=\"2\">\n<h4>Vlastnosti<\/h4>\n<\/td>\n<\/tr>\n<tr>\n<td>Materi\u00e1l<\/td>\n<td>polyester<\/td>\n<\/tr>\n<tr>\n<td>UV odolnost<\/td>\n<td>ano<\/td>\n<\/tr>\n<tr data-perex=\"1\">\n<td>Termo-izola\u010dn\u00ed vrstva<\/td>\n<td>ne<\/td>\n<\/tr>\n<tr>\n<td>Ochrana p\u0159ed svitem<\/td>\n<td>ano<\/td>\n<\/tr>\n<tr>\n<td colspan=\"2\">\n<h4>Rozm\u011bry<\/h4>\n<\/td>\n<\/tr>\n<tr data-perex=\"1\">\n<td>Propustnost<\/td>\n<td>20 %<\/td>\n<\/tr>\n<tr data-perex=\"1\">\n<td>\u0160\u00ed\u0159ka<\/td>\n<td>42\u00a0\u2013 97\u00a0cm<\/td>\n<\/tr>\n<tr data-perex=\"1\">\n<td>D\u00e9lka<\/td>\n<td>150\u00a0\u2013 210\u00a0cm<\/td>\n<\/tr>\n<tr>\n<td>Vrstvy<\/td>\n<td>2<\/td>\n<\/tr>\n<tr>\n<td>\u0160\u00ed\u0159e pr\u016fhledn\u00fdch pruh\u016f<\/td>\n<td>55 mm<\/td>\n<\/tr>\n<tr>\n<td>\u0160\u00ed\u0159e pln\u00fdch pruh\u016f<\/td>\n<td>75 mm<\/td>\n<\/tr>\n<tr>\n<td>Hmotnost<\/td>\n<td>570\u00a0\u2013 960\u00a0g<\/td>\n<\/tr>\n<tr data-perex=\"1\">\n<td>Gram\u00e1\u017e tkaniny<\/td>\n<td>175 g\/m\u00b2<\/td>\n<\/tr>\n<tr>\n<td colspan=\"2\">\n<h4>Instalace<\/h4>\n<\/td>\n<\/tr>\n<tr>\n<td>Zp\u016fsob upevn\u011bn\u00ed<\/td>\n<td>bez vrt\u00e1n\u00ed a \u0161roubov\u00e1n\u00ed<\/td>\n<\/tr>\n<tr>\n<td>Pozice ta\u017en\u00e9ho \u00fastroj\u00ed<\/td>\n<td>prav\u00e1 \/ lev\u00e1<\/td>\n<\/tr>\n<tr>\n<td>Rektifikace d\u00e9lky<\/td>\n<td>ano (u\u017eivatelsky)<\/td>\n<\/tr>\n<tr>\n<td>Kompatibilita<\/td>\n<td>univerz\u00e1ln\u00ed<\/td>\n<\/tr>\n<tr>\n<td colspan=\"2\">\n<h4>V\u00fdbava<\/h4>\n<\/td>\n<\/tr>\n<tr>\n<td>Ovl\u00e1d\u00e1n\u00ed<\/td>\n<td>\u0159et\u00edzkov\u00e9<\/td>\n<\/tr>\n<tr>\n<td>Vym\u011bniteln\u00fd mechanismus<\/td>\n<td>ano<\/td>\n<\/tr>\n<tr>\n<td>Barva mechanismu<\/td>\n<td>b\u00edl\u00e1<\/td>\n<\/tr>\n<tr>\n<td>Vod\u00edc\u00ed silony<\/td>\n<td>ano<\/td>\n<\/tr>\n<tr>\n<td>T\u011b\u017e\u00edtko<\/td>\n<td>ne<\/td>\n<\/tr>\n<tr>\n<td colspan=\"2\">\n<h4>Parametry<\/h4>\n<\/td>\n<\/tr>\n<tr>\n<td>P\u016fvod<\/td>\n<td>Vyrobeno v\u00a0PL<\/td>\n<\/tr>\n<tr>\n<td>Z\u00e1ruka<\/td>\n<td>2 roky<\/td>\n<\/tr>\n<tr>\n<td>Zna\u010dka<\/td>\n<td>Decori<\/td>\n<\/tr>\n<\/tbody>\n<\/table><\/div>\n<\/div><\/div>\n<div class=\"detail-description__top\">\t\t\t\t<\/div>\n<div class=\"detail-description__left\">\n<div class=\"detail-description__left__overflow\">\n<div class=\"detail-description__left__head\">\t\t\t\t\t\tPopis:\t\t\t\t\t<\/div>\n<div class=\"ul-style ul-style--check\">\n<p>Polopr\u016fsvitn\u00e1 roleta se \u017e\u00edhanou tkaninou <strong>s v\u011bt\u0161\u00ed gram\u00e1\u017e\u00ed a men\u0161\u00ed propustnost\u00ed sv\u011btla<\/strong>. Sou\u010d\u00e1st\u00ed balen\u00ed jsou i vod\u00edc\u00ed silony poskytuj\u00edc\u00ed v\u011bt\u0161\u00ed stabilitu.<\/p>\n<ul class=\"plusminus\">\n<li><i class=\"fas fa-check\"><\/i><span>Pro v\u0161echny typy oken<\/span><\/li>\n<li><i class=\"fas fa-check\"><\/i><span>\u017d\u00edhan\u00e1 tkanina<\/span><\/li>\n<li><i class=\"fas fa-check\"><\/i><span>Vod\u00edc\u00ed silon<\/span><\/li>\n<li><i class=\"far fa-minus\"><\/i><span> Bez termoizola\u010dn\u00ed vrstvy<\/span><\/li>\n<\/ul>\n<p>Metoda SmartRollo\u00a0umo\u017e\u0148uje snadnou mont\u00e1\u017e rolety\u00a0<strong>na kter\u00fd koliv typ okna<\/strong> bez pot\u0159eby vrt\u00e1n\u00ed. \u0158et\u00edzek lze nastavit podle pot\u0159eb na pravou \u010di levou stranu.<\/p>\n<\/div>\n<div class=\"detail-description__left__more\">\t\t\t\t\t\t<span> <\/span><span> <\/span>\t\t\t\t\t<\/div>\n<\/p><\/div>\n<\/p><\/div>\n<div class=\"detail-description__more\"><span> <\/span><span> <\/span><\/div>\n<\/p><\/div>\n<\/p><\/div>\n<div class=\"tab tab-detail-7\">\n<div class=\"table-size-classic  table-size--selectable\">\n<table>\n<thead>\n<tr>\n<th data-product-code=\"[&quot;K\u00f3d&quot;]\"><span class=\"selected\">Vybr\u00e1no<\/span><span><\/span><\/th>\n<th data-product-code=\"[&quot;50066&quot;,&quot;50060&quot;,&quot;50054&quot;]\"><span class=\"selected\">Vybr\u00e1no<\/span><span>42 x 150<\/span><\/th>\n<th data-product-code=\"[&quot;50067&quot;,&quot;50061&quot;,&quot;50055&quot;]\"><span class=\"selected\">Vybr\u00e1no<\/span><span>57 x 150<\/span><\/th>\n<th data-product-code=\"[&quot;50068&quot;,&quot;50062&quot;,&quot;50056&quot;]\"><span class=\"selected\">Vybr\u00e1no<\/span><span>73 x 150<\/span><\/th>\n<th data-product-code=\"[&quot;50069&quot;,&quot;50063&quot;,&quot;50057&quot;]\"><span class=\"selected\">Vybr\u00e1no<\/span><span>81 x 150<\/span><\/th>\n<th data-product-code=\"[&quot;50070&quot;,&quot;50064&quot;,&quot;50058&quot;]\"><span class=\"selected\">Vybr\u00e1no<\/span><span>97 x 150<\/span><\/th>\n<th data-product-code=\"[&quot;50071&quot;,&quot;50065&quot;,&quot;50059&quot;]\"><span class=\"selected\">Vybr\u00e1no<\/span><span>68 x 210<\/span><\/th>\n<\/tr>\n<\/thead>\n<tbody>\n<tr class=\"space\">\n<td><\/td>\n<td><\/td>\n<td><\/td>\n<td><\/td>\n<td><\/td>\n<td><\/td>\n<td><\/td>\n<\/tr>\n<tr>\n<td><strong>\u0160\u00ed\u0159ka<\/strong><\/td>\n<td>42 cm<\/td>\n<td>57 cm<\/td>\n<td>73 cm<\/td>\n<td>81 cm<\/td>\n<td>97 cm<\/td>\n<td>68 cm<\/td>\n<\/tr>\n<tr>\n<td><strong>D\u00e9lka<\/strong><\/td>\n<td>150 cm<\/td>\n<td>150 cm<\/td>\n<td>150 cm<\/td>\n<td>150 cm<\/td>\n<td>150 cm<\/td>\n<td>210 cm<\/td>\n<\/tr>\n<tr>\n<td><strong>Hmotnost<\/strong><\/td>\n<td>570 g<\/td>\n<td>720 g<\/td>\n<td>750 g<\/td>\n<td>790 g<\/td>\n<td>880 g<\/td>\n<td>960 g<\/td>\n<\/tr>\n<\/tbody>\n<\/table>\n<\/div><\/div>\n","protected":false},"excerpt":{"rendered":"<p>Vlastnosti Materi\u00e1l polyester UV odolnost ano Termo-izola\u010dn\u00ed vrstva ne Ochrana p\u0159ed svitem ano Rozm\u011bry Propustnost 20 % \u0160\u00ed\u0159ka 42\u00a0\u2013 97\u00a0cm D\u00e9lka 150\u00a0\u2013 210\u00a0cm Vrstvy 2 \u0160\u00ed\u0159e pr\u016fhledn\u00fdch pruh\u016f 55 mm \u0160\u00ed\u0159e pln\u00fdch pruh\u016f 75 mm Hmotnost 570\u00a0\u2013 960\u00a0g Gram\u00e1\u017e tkaniny 175 g\/m\u00b2 Instalace Zp\u016fsob upevn\u011bn\u00ed bez vrt\u00e1n\u00ed a \u0161roubov\u00e1n\u00ed Pozice ta\u017en\u00e9ho \u00fastroj\u00ed prav\u00e1 \/ lev\u00e1 [&hellip;]<\/p>\n","protected":false},"featured_media":1991,"comment_status":"open","ping_status":"open","template":"","meta":[],"product_brand":[],"product_cat":[45],"product_tag":[],"class_list":{"0":"post-1891","1":"product","2":"type-product","3":"status-publish","4":"has-post-thumbnail","6":"product_cat-bydleni","8":"first","9":"instock","10":"sale","11":"shipping-taxable","12":"purchasable","13":"product-type-simple"},"yoast_head":"<!-- This site is optimized with the Yoast SEO plugin v26.8 - https:\/\/yoast.com\/product\/yoast-seo-wordpress\/ -->\n<title>Nejlep\u0161\u00ed Volba Decori Melange 150 cm x 81 cm hn\u011bd\u00e1 -<\/title>\n<meta name=\"robots\" content=\"index, follow, max-snippet:-1, max-image-preview:large, max-video-preview:-1\" \/>\n<link rel=\"canonical\" href=\"https:\/\/www.domkraftpro.com\/index.php\/produkt\/nejlepsi-volba-decori-melange-150-cm-x-81-cm-hneda-1891\/\" \/>\n<meta property=\"og:locale\" content=\"cs_CZ\" \/>\n<meta property=\"og:type\" content=\"article\" \/>\n<meta property=\"og:title\" content=\"Nejlep\u0161\u00ed Volba Decori Melange 150 cm x 81 cm hn\u011bd\u00e1 -\" \/>\n<meta property=\"og:description\" content=\"Vlastnosti Materi\u00e1l polyester UV odolnost ano Termo-izola\u010dn\u00ed vrstva ne Ochrana p\u0159ed svitem ano Rozm\u011bry Propustnost 20 % \u0160\u00ed\u0159ka 42\u00a0\u2013 97\u00a0cm D\u00e9lka 150\u00a0\u2013 210\u00a0cm Vrstvy 2 \u0160\u00ed\u0159e pr\u016fhledn\u00fdch pruh\u016f 55 mm \u0160\u00ed\u0159e pln\u00fdch pruh\u016f 75 mm Hmotnost 570\u00a0\u2013 960\u00a0g Gram\u00e1\u017e tkaniny 175 g\/m\u00b2 Instalace Zp\u016fsob upevn\u011bn\u00ed bez vrt\u00e1n\u00ed a \u0161roubov\u00e1n\u00ed Pozice ta\u017en\u00e9ho \u00fastroj\u00ed prav\u00e1 \/ lev\u00e1 [&hellip;]\" \/>\n<meta property=\"og:url\" content=\"https:\/\/www.domkraftpro.com\/index.php\/produkt\/nejlepsi-volba-decori-melange-150-cm-x-81-cm-hneda-1891\/\" \/>\n<meta property=\"og:image\" content=\"https:\/\/www.domkraftpro.com\/wp-content\/uploads\/2026\/SK0008878-CZ20260425-091936-0-1777079982-bau-roleta-mini-decori-melange-150-cm-x-81-cm-hneda-w1200-h.webp\" \/>\n\t<meta property=\"og:image:width\" content=\"1000\" \/>\n\t<meta property=\"og:image:height\" content=\"523\" \/>\n\t<meta property=\"og:image:type\" content=\"image\/webp\" \/>\n<meta name=\"twitter:card\" content=\"summary_large_image\" \/>\n<meta name=\"twitter:label1\" content=\"Odhadovan\u00e1 doba \u010dten\u00ed\" \/>\n\t<meta name=\"twitter:data1\" content=\"1 minuta\" \/>\n<script type=\"application\/ld+json\" class=\"yoast-schema-graph\">{\"@context\":\"https:\/\/schema.org\",\"@graph\":[{\"@type\":\"WebPage\",\"@id\":\"https:\/\/www.domkraftpro.com\/index.php\/produkt\/nejlepsi-volba-decori-melange-150-cm-x-81-cm-hneda-1891\/\",\"url\":\"https:\/\/www.domkraftpro.com\/index.php\/produkt\/nejlepsi-volba-decori-melange-150-cm-x-81-cm-hneda-1891\/\",\"name\":\"Nejlep\u0161\u00ed Volba Decori Melange 150 cm x 81 cm hn\u011bd\u00e1 -\",\"isPartOf\":{\"@id\":\"https:\/\/www.domkraftpro.com\/#website\"},\"primaryImageOfPage\":{\"@id\":\"https:\/\/www.domkraftpro.com\/index.php\/produkt\/nejlepsi-volba-decori-melange-150-cm-x-81-cm-hneda-1891\/#primaryimage\"},\"image\":{\"@id\":\"https:\/\/www.domkraftpro.com\/index.php\/produkt\/nejlepsi-volba-decori-melange-150-cm-x-81-cm-hneda-1891\/#primaryimage\"},\"thumbnailUrl\":\"https:\/\/www.domkraftpro.com\/wp-content\/uploads\/2026\/SK0008878-CZ20260425-091936-0-1777079982-bau-roleta-mini-decori-melange-150-cm-x-81-cm-hneda-w1200-h.webp\",\"datePublished\":\"2026-04-27T04:40:34+00:00\",\"breadcrumb\":{\"@id\":\"https:\/\/www.domkraftpro.com\/index.php\/produkt\/nejlepsi-volba-decori-melange-150-cm-x-81-cm-hneda-1891\/#breadcrumb\"},\"inLanguage\":\"cs\",\"potentialAction\":[{\"@type\":\"ReadAction\",\"target\":[\"https:\/\/www.domkraftpro.com\/index.php\/produkt\/nejlepsi-volba-decori-melange-150-cm-x-81-cm-hneda-1891\/\"]}]},{\"@type\":\"ImageObject\",\"inLanguage\":\"cs\",\"@id\":\"https:\/\/www.domkraftpro.com\/index.php\/produkt\/nejlepsi-volba-decori-melange-150-cm-x-81-cm-hneda-1891\/#primaryimage\",\"url\":\"https:\/\/www.domkraftpro.com\/wp-content\/uploads\/2026\/SK0008878-CZ20260425-091936-0-1777079982-bau-roleta-mini-decori-melange-150-cm-x-81-cm-hneda-w1200-h.webp\",\"contentUrl\":\"https:\/\/www.domkraftpro.com\/wp-content\/uploads\/2026\/SK0008878-CZ20260425-091936-0-1777079982-bau-roleta-mini-decori-melange-150-cm-x-81-cm-hneda-w1200-h.webp\",\"width\":1000,\"height\":523},{\"@type\":\"BreadcrumbList\",\"@id\":\"https:\/\/www.domkraftpro.com\/index.php\/produkt\/nejlepsi-volba-decori-melange-150-cm-x-81-cm-hneda-1891\/#breadcrumb\",\"itemListElement\":[{\"@type\":\"ListItem\",\"position\":1,\"name\":\"Home\",\"item\":\"https:\/\/www.domkraftpro.com\/\"},{\"@type\":\"ListItem\",\"position\":2,\"name\":\"Products\",\"item\":\"https:\/\/www.domkraftpro.com\/index.php\/products\/\"},{\"@type\":\"ListItem\",\"position\":3,\"name\":\"Nejlep\u0161\u00ed Volba Decori Melange 150 cm x 81 cm hn\u011bd\u00e1\"}]},{\"@type\":\"WebSite\",\"@id\":\"https:\/\/www.domkraftpro.com\/#website\",\"url\":\"https:\/\/www.domkraftpro.com\/\",\"name\":\"\",\"description\":\"\",\"potentialAction\":[{\"@type\":\"SearchAction\",\"target\":{\"@type\":\"EntryPoint\",\"urlTemplate\":\"https:\/\/www.domkraftpro.com\/?s={search_term_string}\"},\"query-input\":{\"@type\":\"PropertyValueSpecification\",\"valueRequired\":true,\"valueName\":\"search_term_string\"}}],\"inLanguage\":\"cs\"}]}<\/script>\n<!-- \/ Yoast SEO plugin. -->","yoast_head_json":{"title":"Nejlep\u0161\u00ed Volba Decori Melange 150 cm x 81 cm hn\u011bd\u00e1 -","robots":{"index":"index","follow":"follow","max-snippet":"max-snippet:-1","max-image-preview":"max-image-preview:large","max-video-preview":"max-video-preview:-1"},"canonical":"https:\/\/www.domkraftpro.com\/index.php\/produkt\/nejlepsi-volba-decori-melange-150-cm-x-81-cm-hneda-1891\/","og_locale":"cs_CZ","og_type":"article","og_title":"Nejlep\u0161\u00ed Volba Decori Melange 150 cm x 81 cm hn\u011bd\u00e1 -","og_description":"Vlastnosti Materi\u00e1l polyester UV odolnost ano Termo-izola\u010dn\u00ed vrstva ne Ochrana p\u0159ed svitem ano Rozm\u011bry Propustnost 20 % \u0160\u00ed\u0159ka 42\u00a0\u2013 97\u00a0cm D\u00e9lka 150\u00a0\u2013 210\u00a0cm Vrstvy 2 \u0160\u00ed\u0159e pr\u016fhledn\u00fdch pruh\u016f 55 mm \u0160\u00ed\u0159e pln\u00fdch pruh\u016f 75 mm Hmotnost 570\u00a0\u2013 960\u00a0g Gram\u00e1\u017e tkaniny 175 g\/m\u00b2 Instalace Zp\u016fsob upevn\u011bn\u00ed bez vrt\u00e1n\u00ed a \u0161roubov\u00e1n\u00ed Pozice ta\u017en\u00e9ho \u00fastroj\u00ed prav\u00e1 \/ lev\u00e1 [&hellip;]","og_url":"https:\/\/www.domkraftpro.com\/index.php\/produkt\/nejlepsi-volba-decori-melange-150-cm-x-81-cm-hneda-1891\/","og_image":[{"width":1000,"height":523,"url":"https:\/\/www.domkraftpro.com\/wp-content\/uploads\/2026\/SK0008878-CZ20260425-091936-0-1777079982-bau-roleta-mini-decori-melange-150-cm-x-81-cm-hneda-w1200-h.webp","type":"image\/webp"}],"twitter_card":"summary_large_image","twitter_misc":{"Odhadovan\u00e1 doba \u010dten\u00ed":"1 minuta"},"schema":{"@context":"https:\/\/schema.org","@graph":[{"@type":"WebPage","@id":"https:\/\/www.domkraftpro.com\/index.php\/produkt\/nejlepsi-volba-decori-melange-150-cm-x-81-cm-hneda-1891\/","url":"https:\/\/www.domkraftpro.com\/index.php\/produkt\/nejlepsi-volba-decori-melange-150-cm-x-81-cm-hneda-1891\/","name":"Nejlep\u0161\u00ed Volba Decori Melange 150 cm x 81 cm hn\u011bd\u00e1 -","isPartOf":{"@id":"https:\/\/www.domkraftpro.com\/#website"},"primaryImageOfPage":{"@id":"https:\/\/www.domkraftpro.com\/index.php\/produkt\/nejlepsi-volba-decori-melange-150-cm-x-81-cm-hneda-1891\/#primaryimage"},"image":{"@id":"https:\/\/www.domkraftpro.com\/index.php\/produkt\/nejlepsi-volba-decori-melange-150-cm-x-81-cm-hneda-1891\/#primaryimage"},"thumbnailUrl":"https:\/\/www.domkraftpro.com\/wp-content\/uploads\/2026\/SK0008878-CZ20260425-091936-0-1777079982-bau-roleta-mini-decori-melange-150-cm-x-81-cm-hneda-w1200-h.webp","datePublished":"2026-04-27T04:40:34+00:00","breadcrumb":{"@id":"https:\/\/www.domkraftpro.com\/index.php\/produkt\/nejlepsi-volba-decori-melange-150-cm-x-81-cm-hneda-1891\/#breadcrumb"},"inLanguage":"cs","potentialAction":[{"@type":"ReadAction","target":["https:\/\/www.domkraftpro.com\/index.php\/produkt\/nejlepsi-volba-decori-melange-150-cm-x-81-cm-hneda-1891\/"]}]},{"@type":"ImageObject","inLanguage":"cs","@id":"https:\/\/www.domkraftpro.com\/index.php\/produkt\/nejlepsi-volba-decori-melange-150-cm-x-81-cm-hneda-1891\/#primaryimage","url":"https:\/\/www.domkraftpro.com\/wp-content\/uploads\/2026\/SK0008878-CZ20260425-091936-0-1777079982-bau-roleta-mini-decori-melange-150-cm-x-81-cm-hneda-w1200-h.webp","contentUrl":"https:\/\/www.domkraftpro.com\/wp-content\/uploads\/2026\/SK0008878-CZ20260425-091936-0-1777079982-bau-roleta-mini-decori-melange-150-cm-x-81-cm-hneda-w1200-h.webp","width":1000,"height":523},{"@type":"BreadcrumbList","@id":"https:\/\/www.domkraftpro.com\/index.php\/produkt\/nejlepsi-volba-decori-melange-150-cm-x-81-cm-hneda-1891\/#breadcrumb","itemListElement":[{"@type":"ListItem","position":1,"name":"Home","item":"https:\/\/www.domkraftpro.com\/"},{"@type":"ListItem","position":2,"name":"Products","item":"https:\/\/www.domkraftpro.com\/index.php\/products\/"},{"@type":"ListItem","position":3,"name":"Nejlep\u0161\u00ed Volba Decori Melange 150 cm x 81 cm hn\u011bd\u00e1"}]},{"@type":"WebSite","@id":"https:\/\/www.domkraftpro.com\/#website","url":"https:\/\/www.domkraftpro.com\/","name":"","description":"","potentialAction":[{"@type":"SearchAction","target":{"@type":"EntryPoint","urlTemplate":"https:\/\/www.domkraftpro.com\/?s={search_term_string}"},"query-input":{"@type":"PropertyValueSpecification","valueRequired":true,"valueName":"search_term_string"}}],"inLanguage":"cs"}]}},"_links":{"self":[{"href":"https:\/\/www.domkraftpro.com\/index.php\/wp-json\/wp\/v2\/product\/1891","targetHints":{"allow":["GET"]}}],"collection":[{"href":"https:\/\/www.domkraftpro.com\/index.php\/wp-json\/wp\/v2\/product"}],"about":[{"href":"https:\/\/www.domkraftpro.com\/index.php\/wp-json\/wp\/v2\/types\/product"}],"replies":[{"embeddable":true,"href":"https:\/\/www.domkraftpro.com\/index.php\/wp-json\/wp\/v2\/comments?post=1891"}],"wp:featuredmedia":[{"embeddable":true,"href":"https:\/\/www.domkraftpro.com\/index.php\/wp-json\/wp\/v2\/media\/1991"}],"wp:attachment":[{"href":"https:\/\/www.domkraftpro.com\/index.php\/wp-json\/wp\/v2\/media?parent=1891"}],"wp:term":[{"taxonomy":"product_brand","embeddable":true,"href":"https:\/\/www.domkraftpro.com\/index.php\/wp-json\/wp\/v2\/product_brand?post=1891"},{"taxonomy":"product_cat","embeddable":true,"href":"https:\/\/www.domkraftpro.com\/index.php\/wp-json\/wp\/v2\/product_cat?post=1891"},{"taxonomy":"product_tag","embeddable":true,"href":"https:\/\/www.domkraftpro.com\/index.php\/wp-json\/wp\/v2\/product_tag?post=1891"}],"curies":[{"name":"wp","href":"https:\/\/api.w.org\/{rel}","templated":true}]}}