{"id":17925,"date":"2026-04-27T04:41:07","date_gmt":"2026-04-27T04:41:07","guid":{"rendered":""},"modified":"2026-04-27T04:41:07","modified_gmt":"2026-04-27T04:41:07","slug":"odetta-umyvadlova-skrinka-67x50x43-5cm-antracit-matny-doprava-zdarma-17925","status":"publish","type":"product","link":"https:\/\/www.domkraftpro.com\/index.php\/produkt\/odetta-umyvadlova-skrinka-67x50x43-5cm-antracit-matny-doprava-zdarma-17925\/","title":{"rendered":"ODETTA umyvadlov\u00e1 sk\u0159\u00ed\u0148ka 67x50x43,5cm, antracit matn\u00fd Doprava Zdarma"},"content":{"rendered":"<div class=\"basic-description\">\n<h3>Detailn\u00ed popis produktu<\/h3>\n<ul>\n<li>Li\u0161ta mezi z\u00e1suvkami v \u010dern\u00e9\u00a0barv\u011b (mo\u017eno vym\u011bnit za jinou barvu &#8211; k   dokoupen\u00ed).   <\/li>\n<li>Mo\u017enost v\u00fdb\u011bru DTDL nebo Rockstone desky pro umyvadlo na postaven\u00ed.   <\/li>\n<li>P\u0159i instalaci keramick\u00e9ho umyvadla KARE je nutn\u00e9 pou\u017e\u00edt distan\u010dn\u00ed podlo\u017eky   (sou\u010d\u00e1st\u00ed balen\u00ed sk\u0159\u00ed\u0148ky) a sifon URBINO s Click Clack v\u00fdpust\u00ed (k   dokoupen\u00ed).<\/li>\n<\/ul>\n<p style=\"text-align: justify;\">S\u00e9rie ODETTA nab\u00edz\u00ed umyvadlov\u00e9 sk\u0159\u00ed\u0148ky v kombinaci se 3 druhy umyvadel &#8211; keramick\u00e1 KARE, z lit\u00e9ho mramoru GODIVA a betonov\u00e1 QUADRADO. S\u00e9rie je tak\u00e9 navr\u017eena pro vybran\u00e1 umyvadla na postaven\u00ed. Rozm\u011brovou variabilitu umo\u017e\u0148uje kombinace umyvadlov\u00fdch a spodn\u00edch sk\u0159\u00ed\u0148ek. Bez\u00fachytkov\u00e9 z\u00e1suvky jsou vybaveny v\u00fdsuvy BLUM s tlumen\u00fdm dov\u00edr\u00e1n\u00edm. Horn\u00ed z\u00e1suvka je bez v\u00fd\u0159ezu pro sifon, \u010d\u00edm\u017e se zvy\u0161uje \u00falo\u017en\u00e1 plocha z\u00e1suvky. Mezi z\u00e1suvkami je hlin\u00edkov\u00e1 li\u0161ta CHANEL v \u010dern\u00e9 nebo b\u00edl\u00e9 barv\u011b. Na p\u0159\u00e1n\u00ed lze dodat li\u0161tu i ve zlat\u00e9 barv\u011b.Dal\u0161\u00ed mo\u017enost\u00ed, jak zm\u011bnit design n\u00e1bytku, je pou\u017eit\u00ed ocelov\u00fdch podp\u011brn\u00fdch noh, kter\u00e9 jsou v nab\u00eddce ve dvou variant\u00e1ch. \u0160irok\u00e1 nab\u00eddka modern\u00edch dekor\u016f a barev je samoz\u0159ejmost\u00ed.Dopln\u011bn\u00edm sk\u0159\u00edn\u011bk o zrcadla NIROX ve stejn\u00e9m dekoru nebo barv\u011b z\u00edsk\u00e1te slad\u011bn\u00fd celek pro svou koupelnu. \u00dalo\u017en\u00fd prostor lze nav\u00edc roz\u0161\u00ed\u0159it p\u0159id\u00e1n\u00edm dopl\u0148kov\u00fdch sk\u0159\u00edn\u011bk ESPACE do sestavy.<\/p>\n<p style=\"text-align: justify;\"><span>N\u00e1bytek je dod\u00e1v\u00e1n ve smontovan\u00e9m stavu, p\u0159ipraven k&nbsp;okam\u017eit\u00e9 instalaci.<\/span><span>N\u00e1bytek instalujte na rovnou st\u011bnu. P\u0159i zkroucen\u00ed korpusu sk\u0159\u00ed\u0148ky m\u016f\u017ee doj\u00edt k&nbsp;poru\u0161e funkce dov\u00edrac\u00edch mechanism\u016f. Nevystavujte n\u00e1bytek trval\u00e9 vlhkosti a&nbsp;styku s&nbsp;vodou.<\/span><span>Po pou\u017eit\u00ed koupelnu \u0159\u00e1dn\u011b odv\u011btrejte. Proti p\u0159\u00edpadn\u00e9mu zat\u00e9k\u00e1n\u00ed do sk\u0159\u00ed\u0148ky pou\u017eijte silikonov\u00fd tmel.<\/span><\/p>\n<div class=\"product-explanation-item\">\n<h3>Lze vyrobit v tomto barevn\u00e9m proveden\u00ed:<\/h3>\n<p><strong>Cenov\u00e1 skupina A  <\/strong>p\u0159\u00edplatek 0%<\/p>\n<div class=\"vzorniky-list\">\n<div class=\"vzorniky-item\">30 B\u00edl\u00e1 lesk<\/div>\n<div class=\"vzorniky-item\">11 Dub st\u0159\u00edbrn\u00fd<\/div>\n<div class=\"vzorniky-item\">16 Borovice rustik<\/div>\n<div class=\"vzorniky-item\">22 Dub alabama<\/div>\n<div class=\"vzorniky-item\">25 Dub cuneo<\/div>\n<\/div>\n<div style=\"clear: both;\"><\/div>\n<p><strong>Cenov\u00e1 skupina B:<\/strong>  p\u0159\u00edplatek 30%<\/p>\n<div class=\"vzorniky-list\">\n<div class=\"vzorniky-item\">10 Dub polar<\/div>\n<div class=\"vzorniky-item\">12 Dub mocca<\/div>\n<div class=\"vzorniky-item\">20 Dub texas<\/div>\n<div class=\"vzorniky-item\">15 Dub sherwood<\/div>\n<div class=\"vzorniky-item\">13 Jilm bardini<\/div>\n<div class=\"vzorniky-item\">21 Mali wenge<\/div>\n<div class=\"vzorniky-item\">17 O\u0159ech yosemite<\/div>\n<div class=\"vzorniky-item\">18 Dub \u010dern\u00fd<\/div>\n<div class=\"vzorniky-item\">31 B\u00edl\u00e1 mat<\/div>\n<div class=\"vzorniky-item\">32 Ka\u0161m\u00edrov\u00e1 matn\u00e1<\/div>\n<div class=\"vzorniky-item\">33 \u0160ed\u00e1 matn\u00e1<\/div>\n<div class=\"vzorniky-item\">34 Antracit matn\u00fd<\/div>\n<div class=\"vzorniky-item\">35 \u010cern\u00e1 matn\u00e1<\/div>\n<\/div>\n<div style=\"clear: both;\"><\/div>\n<p><strong>Cenov\u00e1 skupina C:<\/strong> p\u0159\u00edplatek 50%<\/p>\n<div class=\"vzorniky-list\">\n<div class=\"vzorniky-item\">23 Dub alabama strip(pouze dv\u00ed\u0159ka\/\u010delo)<\/div>\n<div class=\"vzorniky-item\">41 Carina41S Carina strip(pouze dv\u00ed\u0159ka\/\u010delo)<\/div>\n<div class=\"vzorniky-item\">42 Siena42S Siena strip(pouze dv\u00ed\u0159ka\/\u010delo)<\/div>\n<div class=\"vzorniky-item\">43 Agila43S Agila strip(pouze dv\u00ed\u0159ka\/\u010delo)<\/div>\n<div class=\"vzorniky-item\">44 Verde44S Verde strip(pouze dv\u00ed\u0159ka\/\u010delo)<\/div>\n<\/div>\n<div style=\"clear: both;\"><\/div>\n<p>jak\u00e1koliv barva dle vzorn\u00edku RAL nebo NCS v leskl\u00e9m nebo matn\u00e9m proveden\u00ed<\/p>\n<div class=\"vzorniky-list\">\n<div class=\"vzorniky-item\">RAL1019 \u0160edob\u00e9\u017eov\u00e1<\/div>\n<div class=\"vzorniky-item\">RAL3004 Bord\u00f3<\/div>\n<div class=\"vzorniky-item\">RAL6004 Modrozelen\u00e1<\/div>\n<div class=\"vzorniky-item\">RAL7031 \u0160edomodr\u00e1<\/div>\n<\/div>\n<div style=\"clear: both;\"><\/div>\n<p>Dodac\u00ed lh\u016fta cenov\u00fdch skupin B a C je 6 t\u00fddn\u016f.<\/p>\n<\/div>\n<div class=\"product-explanation-item\">\n<h3>Tich\u00e9 a plynul\u00e9 zav\u00edr\u00e1n\u00ed<\/h3>\n<div style=\"float: left;\"><\/div>\n<p style=\"text-align: justify;\">N\u00e1bytek je vybaven pojezdy z\u00e1suvek s pomal\u00fdm dojezdem a syst\u00e9mem automatick\u00e9ho dov\u0159en\u00ed z\u00e1suvek. Ji\u017e \u017e\u00e1dn\u00e9 hlu\u010dn\u00e9 dov\u00edr\u00e1n\u00ed.<\/p>\n<\/div>\n<p><b>Video ke shl\u00e9dnut\u00ed<\/b><video width=\"640\" height=\"480\" controls><source src=\"https:\/\/ubc.k2.cz\/K2FTPdata\/UBC\/video\/produkt_ostatne\/nabytek-odetta.mp4\" type=\"video\/mp4\">V\u00e1\u0161 prohl\u00ed\u017ee\u010d nepodporuje video tag.<\/video>                            <\/div>\n<div class=\"extended-description\">\n<h3>Dopl\u0148kov\u00e9 parametry<\/h3>\n<table class=\"detail-parameters\">\n<tbody>\n<tr>\n<th>        <span class=\"row-header-label\">            Kategorie<span class=\"row-header-label-colon\">:<\/span>        <\/span>    <\/th>\n<td>            <\/td>\n<\/tr>\n<tr>\n<th>            <span class=\"row-header-label\">                Z\u00e1ruka<span class=\"row-header-label-colon\">:<\/span>            <\/span>        <\/th>\n<td>            24        <\/td>\n<\/tr>\n<tr>\n<th>            <span class=\"row-header-label\">                Hmotnost<span class=\"row-header-label-colon\">:<\/span>            <\/span>        <\/th>\n<td>            28.74 kg        <\/td>\n<\/tr>\n<tr class=\"productEan\">\n<th>          <span class=\"row-header-label productEan__label\">              EAN<span class=\"row-header-label-colon\">:<\/span>          <\/span>      <\/th>\n<td>          <span class=\"productEan__value\">8590913965531<\/span>      <\/td>\n<\/tr>\n<tr>\n<th>                <span class=\"row-header-label\">                                            3D model<span class=\"row-header-label-colon\">:<\/span>                                    <\/span>            <\/th>\n<td>                                                            ANO                                                <\/td>\n<\/tr>\n<tr>\n<th>                <span class=\"row-header-label\">                                            Balen\u00ed<span class=\"row-header-label-colon\">:<\/span>                                    <\/span>            <\/th>\n<td>                                                            1 ks                                                <\/td>\n<\/tr>\n<tr>\n<th>                <span class=\"row-header-label\">                                            Balen\u00ed neobsahuje<span class=\"row-header-label-colon\">:<\/span>                                    <\/span>            <\/th>\n<td>                                                            Umyvadlo                                                <\/td>\n<\/tr>\n<tr>\n<th>                <span class=\"row-header-label\">                                            Barva<span class=\"row-header-label-colon\">:<\/span>                                    <\/span>            <\/th>\n<td>                                                            \u010cern\u00e1                                                <\/td>\n<\/tr>\n<tr>\n<th>                <span class=\"row-header-label\">                                            Dostupnost<span class=\"row-header-label-colon\">:<\/span>                                    <\/span>            <\/th>\n<td>                                                            Dod\u00e1n\u00ed do 6ti t\u00fddn\u016f                                                <\/td>\n<\/tr>\n<tr>\n<th>                <span class=\"row-header-label\">                                            Hloubka<span class=\"row-header-label-colon\">:<\/span>                                    <\/span>            <\/th>\n<td>                                                            435 mm                                                <\/td>\n<\/tr>\n<tr>\n<th>                <span class=\"row-header-label\">                                            Instalace<span class=\"row-header-label-colon\">:<\/span>                                    <\/span>            <\/th>\n<td>                                                            Z\u00e1v\u011bsn\u00e9 na st\u011bnu                                                <\/td>\n<\/tr>\n<tr>\n<th>                <span class=\"row-header-label\">                                            Jin\u00e9 barevn\u00e9 proveden\u00ed<span class=\"row-header-label-colon\">:<\/span>                                    <\/span>            <\/th>\n<td>                                                            Dle vzorn\u00edku                                                <\/td>\n<\/tr>\n<tr>\n<th>                <span class=\"row-header-label\">                                            Materi\u00e1l<span class=\"row-header-label-colon\">:<\/span>                                    <\/span>            <\/th>\n<td>                                                            MDF\/lamino                                                <\/td>\n<\/tr>\n<tr>\n<th>                <span class=\"row-header-label\">                                            Rozm\u011br<span class=\"row-header-label-colon\">:<\/span>                                    <\/span>            <\/th>\n<td>                                                            67x50x43,5 cm                                                <\/td>\n<\/tr>\n<tr>\n<th>                <span class=\"row-header-label\">                                            \u0160\u00ed\u0159ka<span class=\"row-header-label-colon\">:<\/span>                                    <\/span>            <\/th>\n<td>                                                            670 mm                                                <\/td>\n<\/tr>\n<tr>\n<th>                <span class=\"row-header-label\">                                            Typ sk\u0159\u00ed\u0148ky<span class=\"row-header-label-colon\">:<\/span>                                    <\/span>            <\/th>\n<td>                                                            Z\u00e1suvky                                                <\/td>\n<\/tr>\n<tr>\n<th>                <span class=\"row-header-label\">                                            Typ umyvadla<span class=\"row-header-label-colon\">:<\/span>                                    <\/span>            <\/th>\n<td>                                                            Klasick\u00e9 umyvadlo                                                <\/td>\n<\/tr>\n<tr>\n<th>                <span class=\"row-header-label\">                                            V\u00fdbava<span class=\"row-header-label-colon\">:<\/span>                                    <\/span>            <\/th>\n<td>                                                            Tich\u00e9 a plynul\u00e9 zav\u00edr\u00e1n\u00ed                                                <\/td>\n<\/tr>\n<tr>\n<th>                <span class=\"row-header-label\">                                            V\u00fd\u0161ka<span class=\"row-header-label-colon\">:<\/span>                                    <\/span>            <\/th>\n<td>                                                            500 mm                                                <\/td>\n<\/tr>\n<tr>\n<th>                <span class=\"row-header-label\">                                            Z\u00e1ruka<span class=\"row-header-label-colon\">:<\/span>                                    <\/span>            <\/th>\n<td>                                                            2 roky                                                <\/td>\n<\/tr>\n<\/tbody>\n<\/table><\/div>\n<\/p><\/div>\n<\/p><\/div>\n","protected":false},"excerpt":{"rendered":"<p>Detailn\u00ed popis produktu Li\u0161ta mezi z\u00e1suvkami v \u010dern\u00e9\u00a0barv\u011b (mo\u017eno vym\u011bnit za jinou barvu &#8211; k dokoupen\u00ed). Mo\u017enost v\u00fdb\u011bru DTDL nebo Rockstone desky pro umyvadlo na postaven\u00ed. P\u0159i instalaci keramick\u00e9ho umyvadla KARE je nutn\u00e9 pou\u017e\u00edt distan\u010dn\u00ed podlo\u017eky (sou\u010d\u00e1st\u00ed balen\u00ed sk\u0159\u00ed\u0148ky) a sifon URBINO s Click Clack v\u00fdpust\u00ed (k dokoupen\u00ed). S\u00e9rie ODETTA nab\u00edz\u00ed umyvadlov\u00e9 sk\u0159\u00ed\u0148ky v kombinaci [&hellip;]<\/p>\n","protected":false},"featured_media":18025,"comment_status":"open","ping_status":"open","template":"","meta":[],"product_brand":[],"product_cat":[68],"product_tag":[],"class_list":{"0":"post-17925","1":"product","2":"type-product","3":"status-publish","4":"has-post-thumbnail","6":"product_cat-umyvadlove-skrinky","8":"first","9":"instock","10":"sale","11":"shipping-taxable","12":"purchasable","13":"product-type-simple"},"yoast_head":"<!-- This site is optimized with the Yoast SEO plugin v26.8 - https:\/\/yoast.com\/product\/yoast-seo-wordpress\/ -->\n<title>ODETTA umyvadlov\u00e1 sk\u0159\u00ed\u0148ka 67x50x43,5cm, antracit matn\u00fd Doprava Zdarma -<\/title>\n<meta name=\"robots\" content=\"index, follow, max-snippet:-1, max-image-preview:large, max-video-preview:-1\" \/>\n<link rel=\"canonical\" href=\"https:\/\/www.domkraftpro.com\/index.php\/produkt\/odetta-umyvadlova-skrinka-67x50x43-5cm-antracit-matny-doprava-zdarma-17925\/\" \/>\n<meta property=\"og:locale\" content=\"cs_CZ\" \/>\n<meta property=\"og:type\" content=\"article\" \/>\n<meta property=\"og:title\" content=\"ODETTA umyvadlov\u00e1 sk\u0159\u00ed\u0148ka 67x50x43,5cm, antracit matn\u00fd Doprava Zdarma -\" \/>\n<meta property=\"og:description\" content=\"Detailn\u00ed popis produktu Li\u0161ta mezi z\u00e1suvkami v \u010dern\u00e9\u00a0barv\u011b (mo\u017eno vym\u011bnit za jinou barvu &#8211; k dokoupen\u00ed). Mo\u017enost v\u00fdb\u011bru DTDL nebo Rockstone desky pro umyvadlo na postaven\u00ed. P\u0159i instalaci keramick\u00e9ho umyvadla KARE je nutn\u00e9 pou\u017e\u00edt distan\u010dn\u00ed podlo\u017eky (sou\u010d\u00e1st\u00ed balen\u00ed sk\u0159\u00ed\u0148ky) a sifon URBINO s Click Clack v\u00fdpust\u00ed (k dokoupen\u00ed). S\u00e9rie ODETTA nab\u00edz\u00ed umyvadlov\u00e9 sk\u0159\u00ed\u0148ky v kombinaci [&hellip;]\" \/>\n<meta property=\"og:url\" content=\"https:\/\/www.domkraftpro.com\/index.php\/produkt\/odetta-umyvadlova-skrinka-67x50x43-5cm-antracit-matny-doprava-zdarma-17925\/\" \/>\n<meta property=\"og:image\" content=\"https:\/\/www.domkraftpro.com\/wp-content\/uploads\/2026\/SK0007514-CZ20260425-092556-0-1777080363-670080_dt070-3434-225743481077995.webp\" \/>\n\t<meta property=\"og:image:width\" content=\"1000\" \/>\n\t<meta property=\"og:image:height\" content=\"750\" \/>\n\t<meta property=\"og:image:type\" content=\"image\/webp\" \/>\n<meta name=\"twitter:card\" content=\"summary_large_image\" \/>\n<meta name=\"twitter:label1\" content=\"Odhadovan\u00e1 doba \u010dten\u00ed\" \/>\n\t<meta name=\"twitter:data1\" content=\"3 minuty\" \/>\n<script type=\"application\/ld+json\" class=\"yoast-schema-graph\">{\"@context\":\"https:\/\/schema.org\",\"@graph\":[{\"@type\":\"WebPage\",\"@id\":\"https:\/\/www.domkraftpro.com\/index.php\/produkt\/odetta-umyvadlova-skrinka-67x50x43-5cm-antracit-matny-doprava-zdarma-17925\/\",\"url\":\"https:\/\/www.domkraftpro.com\/index.php\/produkt\/odetta-umyvadlova-skrinka-67x50x43-5cm-antracit-matny-doprava-zdarma-17925\/\",\"name\":\"ODETTA umyvadlov\u00e1 sk\u0159\u00ed\u0148ka 67x50x43,5cm, antracit matn\u00fd Doprava Zdarma -\",\"isPartOf\":{\"@id\":\"https:\/\/www.domkraftpro.com\/#website\"},\"primaryImageOfPage\":{\"@id\":\"https:\/\/www.domkraftpro.com\/index.php\/produkt\/odetta-umyvadlova-skrinka-67x50x43-5cm-antracit-matny-doprava-zdarma-17925\/#primaryimage\"},\"image\":{\"@id\":\"https:\/\/www.domkraftpro.com\/index.php\/produkt\/odetta-umyvadlova-skrinka-67x50x43-5cm-antracit-matny-doprava-zdarma-17925\/#primaryimage\"},\"thumbnailUrl\":\"https:\/\/www.domkraftpro.com\/wp-content\/uploads\/2026\/SK0007514-CZ20260425-092556-0-1777080363-670080_dt070-3434-225743481077995.webp\",\"datePublished\":\"2026-04-27T04:41:07+00:00\",\"breadcrumb\":{\"@id\":\"https:\/\/www.domkraftpro.com\/index.php\/produkt\/odetta-umyvadlova-skrinka-67x50x43-5cm-antracit-matny-doprava-zdarma-17925\/#breadcrumb\"},\"inLanguage\":\"cs\",\"potentialAction\":[{\"@type\":\"ReadAction\",\"target\":[\"https:\/\/www.domkraftpro.com\/index.php\/produkt\/odetta-umyvadlova-skrinka-67x50x43-5cm-antracit-matny-doprava-zdarma-17925\/\"]}]},{\"@type\":\"ImageObject\",\"inLanguage\":\"cs\",\"@id\":\"https:\/\/www.domkraftpro.com\/index.php\/produkt\/odetta-umyvadlova-skrinka-67x50x43-5cm-antracit-matny-doprava-zdarma-17925\/#primaryimage\",\"url\":\"https:\/\/www.domkraftpro.com\/wp-content\/uploads\/2026\/SK0007514-CZ20260425-092556-0-1777080363-670080_dt070-3434-225743481077995.webp\",\"contentUrl\":\"https:\/\/www.domkraftpro.com\/wp-content\/uploads\/2026\/SK0007514-CZ20260425-092556-0-1777080363-670080_dt070-3434-225743481077995.webp\",\"width\":1000,\"height\":750},{\"@type\":\"BreadcrumbList\",\"@id\":\"https:\/\/www.domkraftpro.com\/index.php\/produkt\/odetta-umyvadlova-skrinka-67x50x43-5cm-antracit-matny-doprava-zdarma-17925\/#breadcrumb\",\"itemListElement\":[{\"@type\":\"ListItem\",\"position\":1,\"name\":\"Home\",\"item\":\"https:\/\/www.domkraftpro.com\/\"},{\"@type\":\"ListItem\",\"position\":2,\"name\":\"Products\",\"item\":\"https:\/\/www.domkraftpro.com\/index.php\/products\/\"},{\"@type\":\"ListItem\",\"position\":3,\"name\":\"ODETTA umyvadlov\u00e1 sk\u0159\u00ed\u0148ka 67x50x43,5cm, antracit matn\u00fd Doprava Zdarma\"}]},{\"@type\":\"WebSite\",\"@id\":\"https:\/\/www.domkraftpro.com\/#website\",\"url\":\"https:\/\/www.domkraftpro.com\/\",\"name\":\"\",\"description\":\"\",\"potentialAction\":[{\"@type\":\"SearchAction\",\"target\":{\"@type\":\"EntryPoint\",\"urlTemplate\":\"https:\/\/www.domkraftpro.com\/?s={search_term_string}\"},\"query-input\":{\"@type\":\"PropertyValueSpecification\",\"valueRequired\":true,\"valueName\":\"search_term_string\"}}],\"inLanguage\":\"cs\"}]}<\/script>\n<!-- \/ Yoast SEO plugin. -->","yoast_head_json":{"title":"ODETTA umyvadlov\u00e1 sk\u0159\u00ed\u0148ka 67x50x43,5cm, antracit matn\u00fd Doprava Zdarma -","robots":{"index":"index","follow":"follow","max-snippet":"max-snippet:-1","max-image-preview":"max-image-preview:large","max-video-preview":"max-video-preview:-1"},"canonical":"https:\/\/www.domkraftpro.com\/index.php\/produkt\/odetta-umyvadlova-skrinka-67x50x43-5cm-antracit-matny-doprava-zdarma-17925\/","og_locale":"cs_CZ","og_type":"article","og_title":"ODETTA umyvadlov\u00e1 sk\u0159\u00ed\u0148ka 67x50x43,5cm, antracit matn\u00fd Doprava Zdarma -","og_description":"Detailn\u00ed popis produktu Li\u0161ta mezi z\u00e1suvkami v \u010dern\u00e9\u00a0barv\u011b (mo\u017eno vym\u011bnit za jinou barvu &#8211; k dokoupen\u00ed). Mo\u017enost v\u00fdb\u011bru DTDL nebo Rockstone desky pro umyvadlo na postaven\u00ed. P\u0159i instalaci keramick\u00e9ho umyvadla KARE je nutn\u00e9 pou\u017e\u00edt distan\u010dn\u00ed podlo\u017eky (sou\u010d\u00e1st\u00ed balen\u00ed sk\u0159\u00ed\u0148ky) a sifon URBINO s Click Clack v\u00fdpust\u00ed (k dokoupen\u00ed). S\u00e9rie ODETTA nab\u00edz\u00ed umyvadlov\u00e9 sk\u0159\u00ed\u0148ky v kombinaci [&hellip;]","og_url":"https:\/\/www.domkraftpro.com\/index.php\/produkt\/odetta-umyvadlova-skrinka-67x50x43-5cm-antracit-matny-doprava-zdarma-17925\/","og_image":[{"width":1000,"height":750,"url":"https:\/\/www.domkraftpro.com\/wp-content\/uploads\/2026\/SK0007514-CZ20260425-092556-0-1777080363-670080_dt070-3434-225743481077995.webp","type":"image\/webp"}],"twitter_card":"summary_large_image","twitter_misc":{"Odhadovan\u00e1 doba \u010dten\u00ed":"3 minuty"},"schema":{"@context":"https:\/\/schema.org","@graph":[{"@type":"WebPage","@id":"https:\/\/www.domkraftpro.com\/index.php\/produkt\/odetta-umyvadlova-skrinka-67x50x43-5cm-antracit-matny-doprava-zdarma-17925\/","url":"https:\/\/www.domkraftpro.com\/index.php\/produkt\/odetta-umyvadlova-skrinka-67x50x43-5cm-antracit-matny-doprava-zdarma-17925\/","name":"ODETTA umyvadlov\u00e1 sk\u0159\u00ed\u0148ka 67x50x43,5cm, antracit matn\u00fd Doprava Zdarma -","isPartOf":{"@id":"https:\/\/www.domkraftpro.com\/#website"},"primaryImageOfPage":{"@id":"https:\/\/www.domkraftpro.com\/index.php\/produkt\/odetta-umyvadlova-skrinka-67x50x43-5cm-antracit-matny-doprava-zdarma-17925\/#primaryimage"},"image":{"@id":"https:\/\/www.domkraftpro.com\/index.php\/produkt\/odetta-umyvadlova-skrinka-67x50x43-5cm-antracit-matny-doprava-zdarma-17925\/#primaryimage"},"thumbnailUrl":"https:\/\/www.domkraftpro.com\/wp-content\/uploads\/2026\/SK0007514-CZ20260425-092556-0-1777080363-670080_dt070-3434-225743481077995.webp","datePublished":"2026-04-27T04:41:07+00:00","breadcrumb":{"@id":"https:\/\/www.domkraftpro.com\/index.php\/produkt\/odetta-umyvadlova-skrinka-67x50x43-5cm-antracit-matny-doprava-zdarma-17925\/#breadcrumb"},"inLanguage":"cs","potentialAction":[{"@type":"ReadAction","target":["https:\/\/www.domkraftpro.com\/index.php\/produkt\/odetta-umyvadlova-skrinka-67x50x43-5cm-antracit-matny-doprava-zdarma-17925\/"]}]},{"@type":"ImageObject","inLanguage":"cs","@id":"https:\/\/www.domkraftpro.com\/index.php\/produkt\/odetta-umyvadlova-skrinka-67x50x43-5cm-antracit-matny-doprava-zdarma-17925\/#primaryimage","url":"https:\/\/www.domkraftpro.com\/wp-content\/uploads\/2026\/SK0007514-CZ20260425-092556-0-1777080363-670080_dt070-3434-225743481077995.webp","contentUrl":"https:\/\/www.domkraftpro.com\/wp-content\/uploads\/2026\/SK0007514-CZ20260425-092556-0-1777080363-670080_dt070-3434-225743481077995.webp","width":1000,"height":750},{"@type":"BreadcrumbList","@id":"https:\/\/www.domkraftpro.com\/index.php\/produkt\/odetta-umyvadlova-skrinka-67x50x43-5cm-antracit-matny-doprava-zdarma-17925\/#breadcrumb","itemListElement":[{"@type":"ListItem","position":1,"name":"Home","item":"https:\/\/www.domkraftpro.com\/"},{"@type":"ListItem","position":2,"name":"Products","item":"https:\/\/www.domkraftpro.com\/index.php\/products\/"},{"@type":"ListItem","position":3,"name":"ODETTA umyvadlov\u00e1 sk\u0159\u00ed\u0148ka 67x50x43,5cm, antracit matn\u00fd Doprava Zdarma"}]},{"@type":"WebSite","@id":"https:\/\/www.domkraftpro.com\/#website","url":"https:\/\/www.domkraftpro.com\/","name":"","description":"","potentialAction":[{"@type":"SearchAction","target":{"@type":"EntryPoint","urlTemplate":"https:\/\/www.domkraftpro.com\/?s={search_term_string}"},"query-input":{"@type":"PropertyValueSpecification","valueRequired":true,"valueName":"search_term_string"}}],"inLanguage":"cs"}]}},"_links":{"self":[{"href":"https:\/\/www.domkraftpro.com\/index.php\/wp-json\/wp\/v2\/product\/17925","targetHints":{"allow":["GET"]}}],"collection":[{"href":"https:\/\/www.domkraftpro.com\/index.php\/wp-json\/wp\/v2\/product"}],"about":[{"href":"https:\/\/www.domkraftpro.com\/index.php\/wp-json\/wp\/v2\/types\/product"}],"replies":[{"embeddable":true,"href":"https:\/\/www.domkraftpro.com\/index.php\/wp-json\/wp\/v2\/comments?post=17925"}],"wp:featuredmedia":[{"embeddable":true,"href":"https:\/\/www.domkraftpro.com\/index.php\/wp-json\/wp\/v2\/media\/18025"}],"wp:attachment":[{"href":"https:\/\/www.domkraftpro.com\/index.php\/wp-json\/wp\/v2\/media?parent=17925"}],"wp:term":[{"taxonomy":"product_brand","embeddable":true,"href":"https:\/\/www.domkraftpro.com\/index.php\/wp-json\/wp\/v2\/product_brand?post=17925"},{"taxonomy":"product_cat","embeddable":true,"href":"https:\/\/www.domkraftpro.com\/index.php\/wp-json\/wp\/v2\/product_cat?post=17925"},{"taxonomy":"product_tag","embeddable":true,"href":"https:\/\/www.domkraftpro.com\/index.php\/wp-json\/wp\/v2\/product_tag?post=17925"}],"curies":[{"name":"wp","href":"https:\/\/api.w.org\/{rel}","templated":true}]}}