{"id":17902,"date":"2026-04-27T04:41:07","date_gmt":"2026-04-27T04:41:07","guid":{"rendered":""},"modified":"2026-04-27T04:41:07","modified_gmt":"2026-04-27T04:41:07","slug":"nejlepsi-volba-deep-hluboka-sprchova-vanicka-obdelnik-110x90x26cm-bila-17902","status":"publish","type":"product","link":"https:\/\/www.domkraftpro.com\/index.php\/produkt\/nejlepsi-volba-deep-hluboka-sprchova-vanicka-obdelnik-110x90x26cm-bila-17902\/","title":{"rendered":"Nejlep\u0161\u00ed Volba DEEP hlubok\u00e1 sprchov\u00e1 vani\u010dka, obd\u00e9ln\u00edk 110x90x26cm, b\u00edl\u00e1"},"content":{"rendered":"<div class=\"basic-description\">\n<h3>Detailn\u00ed popis produktu<\/h3>\n<ul>\n<li>V p\u0159\u00edpad\u011b podezd\u011bn\u00ed doporu\u010dujeme k vani\u010dce zakoupit nohy (podstavec).   <\/li>\n<li>V p\u0159\u00edpad\u011b instalace s obkladov\u00fdm panelem doporu\u010dujeme k vani\u010dce zakoupit   nosnou konstrukci.<\/li>\n<\/ul>\n<p><strong>Charakteristika vani\u010dek DEEP<\/strong><strong><\/strong><\/p>\n<ul>\n<li><span>V\u00fdborn\u011b se hod\u00ed pro rekonstrukce koupelen v panelov\u00fdch domech<\/span><\/li>\n<li><span><span>Vani\u010dka je vybavena p\u0159epadov\u00fdm otvorem, lze ji tedy bezpe\u010dn\u011b napustit<\/span><\/span><\/li>\n<li><span>Vani\u010dku lze usadit na no\u017ei\u010dky nebo nosnou konstrukci, vhodn\u00e9 typy jsou uvedeny u ka\u017ed\u00e9 vani\u010dky<\/span><span><span><\/span><\/span><\/li>\n<li><span><span><span>Vani\u010dku lze klasicky podezd\u00edt nebo pou\u017e\u00edt obkladov\u00e9 panely PLAIN<\/span><\/span><\/span><\/li>\n<\/ul>\n<p><strong>Na sprchov\u00e9 vani\u010dky POLYSAN vyroben\u00e9 z&nbsp;akryl\u00e1tu poskytujeme z\u00e1ruku 10 let.Podm\u00ednkou z\u00e1ruky je spr\u00e1vn\u00e1 instalace podle n\u00e1vodu, v\u010detn\u011b pou\u017eit\u00ed origin\u00e1ln\u00edch podstavc\u016f POLYSAN dle typu hlubok\u00e9 vani\u010dky.&nbsp;Doporu\u010den\u00fd typ podstavce je v\u017edy uveden u&nbsp;ka\u017ed\u00e9 hlubok\u00e9 vani\u010dky.<\/strong><\/p>\n<div class=\"product-explanation-item\">\n<h3>Akryl\u00e1t<\/h3>\n<p style=\"text-align: justify;\">Akryl\u00e1tov\u00e9 vany a vani\u010dky jsou vyr\u00e1b\u011bny ze zna\u010dkov\u00e9ho akryl\u00e1tu. Na rozd\u00edl od koextrudovan\u00fdch akryl\u00e1tov\u00fdch desek, kter\u00e9 maj\u00ed m\u011bk\u010d\u00ed povrch a men\u0161\u00ed chemickou odolnost, se vyr\u00e1b\u00ed lit\u00edm. To mj. znamen\u00e1, \u017ee je probarven\u00fd v cel\u00e9 tlou\u0161\u0165ce, pln\u011b st\u00e1lobarevn\u00fd, nepor\u00e9zn\u00ed a s vysokou povrchovou pevnost\u00ed. M\u00e1 hladk\u00fd povrch s minim\u00e1ln\u00ed mo\u017enost\u00ed uklouznut\u00ed a dob\u0159e tlum\u00ed hluk dopadaj\u00edc\u00ed vody.<\/p>\n<\/div><\/div>\n<div class=\"extended-description\">\n<h3>Dopl\u0148kov\u00e9 parametry<\/h3>\n<table class=\"detail-parameters\">\n<tbody>\n<tr>\n<th>        <span class=\"row-header-label\">            Kategorie<span class=\"row-header-label-colon\">:<\/span>        <\/span>    <\/th>\n<td>            <\/td>\n<\/tr>\n<tr>\n<th>            <span class=\"row-header-label\">                Z\u00e1ruka<span class=\"row-header-label-colon\">:<\/span>            <\/span>        <\/th>\n<td>            120        <\/td>\n<\/tr>\n<tr>\n<th>            <span class=\"row-header-label\">                Hmotnost<span class=\"row-header-label-colon\">:<\/span>            <\/span>        <\/th>\n<td>            12.24 kg        <\/td>\n<\/tr>\n<tr class=\"productEan\">\n<th>          <span class=\"row-header-label productEan__label\">              EAN<span class=\"row-header-label-colon\">:<\/span>          <\/span>      <\/th>\n<td>          <span class=\"productEan__value\">8590729074908<\/span>      <\/td>\n<\/tr>\n<tr>\n<th>                <span class=\"row-header-label\">                                            3D model<span class=\"row-header-label-colon\">:<\/span>                                    <\/span>            <\/th>\n<td>                                                            ANO                                                <\/td>\n<\/tr>\n<tr>\n<th>                <span class=\"row-header-label\">                                            Balen\u00ed<span class=\"row-header-label-colon\">:<\/span>                                    <\/span>            <\/th>\n<td>                                                            1 ks                                                <\/td>\n<\/tr>\n<tr>\n<th>                <span class=\"row-header-label\">                                            Barva<span class=\"row-header-label-colon\">:<\/span>                                    <\/span>            <\/th>\n<td>                                                            B\u00edl\u00e1                                                <\/td>\n<\/tr>\n<tr>\n<th>                <span class=\"row-header-label\">                                            D\u00e9lka<span class=\"row-header-label-colon\">:<\/span>                                    <\/span>            <\/th>\n<td>                                                            1100 mm                                                <\/td>\n<\/tr>\n<tr>\n<th>                <span class=\"row-header-label\">                                            Dostupnost<span class=\"row-header-label-colon\">:<\/span>                                    <\/span>            <\/th>\n<td>                                                            Skladem                                                <\/td>\n<\/tr>\n<tr>\n<th>                <span class=\"row-header-label\">                                            Materi\u00e1l<span class=\"row-header-label-colon\">:<\/span>                                    <\/span>            <\/th>\n<td>                                                            Akryl\u00e1t                                                <\/td>\n<\/tr>\n<tr>\n<th>                <span class=\"row-header-label\">                                            Objem<span class=\"row-header-label-colon\">:<\/span>                                    <\/span>            <\/th>\n<td>                                                            107 l                                                <\/td>\n<\/tr>\n<tr>\n<th>                <span class=\"row-header-label\">                                            Pr\u016fm\u011br odpadu<span class=\"row-header-label-colon\">:<\/span>                                    <\/span>            <\/th>\n<td>                                                            52 mm                                                <\/td>\n<\/tr>\n<tr>\n<th>                <span class=\"row-header-label\">                                            Reli\u00e9f (povrch) dna<span class=\"row-header-label-colon\">:<\/span>                                    <\/span>            <\/th>\n<td>                                                            Hladk\u00fd                                                <\/td>\n<\/tr>\n<tr>\n<th>                <span class=\"row-header-label\">                                            Rozm\u011br<span class=\"row-header-label-colon\">:<\/span>                                    <\/span>            <\/th>\n<td>                                                            110x90x26 cm                                                <\/td>\n<\/tr>\n<tr>\n<th>                <span class=\"row-header-label\">                                            \u0160\u00ed\u0159ka<span class=\"row-header-label-colon\">:<\/span>                                    <\/span>            <\/th>\n<td>                                                            900 mm                                                <\/td>\n<\/tr>\n<tr>\n<th>                <span class=\"row-header-label\">                                            Tvar<span class=\"row-header-label-colon\">:<\/span>                                    <\/span>            <\/th>\n<td>                                                            Hlubok\u00e9                                                <\/td>\n<\/tr>\n<tr>\n<th>                <span class=\"row-header-label\">                                            V\u00fd\u0161ka<span class=\"row-header-label-colon\">:<\/span>                                    <\/span>            <\/th>\n<td>                                                            260 mm                                                <\/td>\n<\/tr>\n<tr>\n<th>                <span class=\"row-header-label\">                                            Z\u00e1ruka<span class=\"row-header-label-colon\">:<\/span>                                    <\/span>            <\/th>\n<td>                                                            10 let                                                <\/td>\n<\/tr>\n<\/tbody>\n<\/table><\/div>\n<\/p><\/div>\n<\/p><\/div>\n","protected":false},"excerpt":{"rendered":"<p>Detailn\u00ed popis produktu V p\u0159\u00edpad\u011b podezd\u011bn\u00ed doporu\u010dujeme k vani\u010dce zakoupit nohy (podstavec). V p\u0159\u00edpad\u011b instalace s obkladov\u00fdm panelem doporu\u010dujeme k vani\u010dce zakoupit nosnou konstrukci. Charakteristika vani\u010dek DEEP V\u00fdborn\u011b se hod\u00ed pro rekonstrukce koupelen v panelov\u00fdch domech Vani\u010dka je vybavena p\u0159epadov\u00fdm otvorem, lze ji tedy bezpe\u010dn\u011b napustit Vani\u010dku lze usadit na no\u017ei\u010dky nebo nosnou konstrukci, vhodn\u00e9 [&hellip;]<\/p>\n","protected":false},"featured_media":18002,"comment_status":"open","ping_status":"open","template":"","meta":[],"product_brand":[],"product_cat":[79],"product_tag":[],"class_list":{"0":"post-17902","1":"product","2":"type-product","3":"status-publish","4":"has-post-thumbnail","6":"product_cat-sprchove-vanicky","8":"first","9":"instock","10":"sale","11":"shipping-taxable","12":"purchasable","13":"product-type-simple"},"yoast_head":"<!-- This site is optimized with the Yoast SEO plugin v26.8 - https:\/\/yoast.com\/product\/yoast-seo-wordpress\/ -->\n<title>Nejlep\u0161\u00ed Volba DEEP hlubok\u00e1 sprchov\u00e1 vani\u010dka, obd\u00e9ln\u00edk 110x90x26cm, b\u00edl\u00e1 -<\/title>\n<meta name=\"robots\" content=\"index, follow, max-snippet:-1, max-image-preview:large, max-video-preview:-1\" \/>\n<link rel=\"canonical\" href=\"https:\/\/www.domkraftpro.com\/index.php\/produkt\/nejlepsi-volba-deep-hluboka-sprchova-vanicka-obdelnik-110x90x26cm-bila-17902\/\" \/>\n<meta property=\"og:locale\" content=\"cs_CZ\" \/>\n<meta property=\"og:type\" content=\"article\" \/>\n<meta property=\"og:title\" content=\"Nejlep\u0161\u00ed Volba DEEP hlubok\u00e1 sprchov\u00e1 vani\u010dka, obd\u00e9ln\u00edk 110x90x26cm, b\u00edl\u00e1 -\" \/>\n<meta property=\"og:description\" content=\"Detailn\u00ed popis produktu V p\u0159\u00edpad\u011b podezd\u011bn\u00ed doporu\u010dujeme k vani\u010dce zakoupit nohy (podstavec). V p\u0159\u00edpad\u011b instalace s obkladov\u00fdm panelem doporu\u010dujeme k vani\u010dce zakoupit nosnou konstrukci. Charakteristika vani\u010dek DEEP V\u00fdborn\u011b se hod\u00ed pro rekonstrukce koupelen v panelov\u00fdch domech Vani\u010dka je vybavena p\u0159epadov\u00fdm otvorem, lze ji tedy bezpe\u010dn\u011b napustit Vani\u010dku lze usadit na no\u017ei\u010dky nebo nosnou konstrukci, vhodn\u00e9 [&hellip;]\" \/>\n<meta property=\"og:url\" content=\"https:\/\/www.domkraftpro.com\/index.php\/produkt\/nejlepsi-volba-deep-hluboka-sprchova-vanicka-obdelnik-110x90x26cm-bila-17902\/\" \/>\n<meta property=\"og:image\" content=\"https:\/\/www.domkraftpro.com\/wp-content\/uploads\/2026\/SK0007491-CZ20260425-092556-0-1777080363-668400-7_deep-hluboka-sprchova-vanicka--obdelnik-110x90x26c.webp\" \/>\n\t<meta property=\"og:image:width\" content=\"1000\" \/>\n\t<meta property=\"og:image:height\" content=\"750\" \/>\n\t<meta property=\"og:image:type\" content=\"image\/webp\" \/>\n<meta name=\"twitter:card\" content=\"summary_large_image\" \/>\n<meta name=\"twitter:label1\" content=\"Odhadovan\u00e1 doba \u010dten\u00ed\" \/>\n\t<meta name=\"twitter:data1\" content=\"1 minuta\" \/>\n<script type=\"application\/ld+json\" class=\"yoast-schema-graph\">{\"@context\":\"https:\/\/schema.org\",\"@graph\":[{\"@type\":\"WebPage\",\"@id\":\"https:\/\/www.domkraftpro.com\/index.php\/produkt\/nejlepsi-volba-deep-hluboka-sprchova-vanicka-obdelnik-110x90x26cm-bila-17902\/\",\"url\":\"https:\/\/www.domkraftpro.com\/index.php\/produkt\/nejlepsi-volba-deep-hluboka-sprchova-vanicka-obdelnik-110x90x26cm-bila-17902\/\",\"name\":\"Nejlep\u0161\u00ed Volba DEEP hlubok\u00e1 sprchov\u00e1 vani\u010dka, obd\u00e9ln\u00edk 110x90x26cm, b\u00edl\u00e1 -\",\"isPartOf\":{\"@id\":\"https:\/\/www.domkraftpro.com\/#website\"},\"primaryImageOfPage\":{\"@id\":\"https:\/\/www.domkraftpro.com\/index.php\/produkt\/nejlepsi-volba-deep-hluboka-sprchova-vanicka-obdelnik-110x90x26cm-bila-17902\/#primaryimage\"},\"image\":{\"@id\":\"https:\/\/www.domkraftpro.com\/index.php\/produkt\/nejlepsi-volba-deep-hluboka-sprchova-vanicka-obdelnik-110x90x26cm-bila-17902\/#primaryimage\"},\"thumbnailUrl\":\"https:\/\/www.domkraftpro.com\/wp-content\/uploads\/2026\/SK0007491-CZ20260425-092556-0-1777080363-668400-7_deep-hluboka-sprchova-vanicka--obdelnik-110x90x26c.webp\",\"datePublished\":\"2026-04-27T04:41:07+00:00\",\"breadcrumb\":{\"@id\":\"https:\/\/www.domkraftpro.com\/index.php\/produkt\/nejlepsi-volba-deep-hluboka-sprchova-vanicka-obdelnik-110x90x26cm-bila-17902\/#breadcrumb\"},\"inLanguage\":\"cs\",\"potentialAction\":[{\"@type\":\"ReadAction\",\"target\":[\"https:\/\/www.domkraftpro.com\/index.php\/produkt\/nejlepsi-volba-deep-hluboka-sprchova-vanicka-obdelnik-110x90x26cm-bila-17902\/\"]}]},{\"@type\":\"ImageObject\",\"inLanguage\":\"cs\",\"@id\":\"https:\/\/www.domkraftpro.com\/index.php\/produkt\/nejlepsi-volba-deep-hluboka-sprchova-vanicka-obdelnik-110x90x26cm-bila-17902\/#primaryimage\",\"url\":\"https:\/\/www.domkraftpro.com\/wp-content\/uploads\/2026\/SK0007491-CZ20260425-092556-0-1777080363-668400-7_deep-hluboka-sprchova-vanicka--obdelnik-110x90x26c.webp\",\"contentUrl\":\"https:\/\/www.domkraftpro.com\/wp-content\/uploads\/2026\/SK0007491-CZ20260425-092556-0-1777080363-668400-7_deep-hluboka-sprchova-vanicka--obdelnik-110x90x26c.webp\",\"width\":1000,\"height\":750},{\"@type\":\"BreadcrumbList\",\"@id\":\"https:\/\/www.domkraftpro.com\/index.php\/produkt\/nejlepsi-volba-deep-hluboka-sprchova-vanicka-obdelnik-110x90x26cm-bila-17902\/#breadcrumb\",\"itemListElement\":[{\"@type\":\"ListItem\",\"position\":1,\"name\":\"Home\",\"item\":\"https:\/\/www.domkraftpro.com\/\"},{\"@type\":\"ListItem\",\"position\":2,\"name\":\"Products\",\"item\":\"https:\/\/www.domkraftpro.com\/index.php\/products\/\"},{\"@type\":\"ListItem\",\"position\":3,\"name\":\"Nejlep\u0161\u00ed Volba DEEP hlubok\u00e1 sprchov\u00e1 vani\u010dka, obd\u00e9ln\u00edk 110x90x26cm, b\u00edl\u00e1\"}]},{\"@type\":\"WebSite\",\"@id\":\"https:\/\/www.domkraftpro.com\/#website\",\"url\":\"https:\/\/www.domkraftpro.com\/\",\"name\":\"\",\"description\":\"\",\"potentialAction\":[{\"@type\":\"SearchAction\",\"target\":{\"@type\":\"EntryPoint\",\"urlTemplate\":\"https:\/\/www.domkraftpro.com\/?s={search_term_string}\"},\"query-input\":{\"@type\":\"PropertyValueSpecification\",\"valueRequired\":true,\"valueName\":\"search_term_string\"}}],\"inLanguage\":\"cs\"}]}<\/script>\n<!-- \/ Yoast SEO plugin. -->","yoast_head_json":{"title":"Nejlep\u0161\u00ed Volba DEEP hlubok\u00e1 sprchov\u00e1 vani\u010dka, obd\u00e9ln\u00edk 110x90x26cm, b\u00edl\u00e1 -","robots":{"index":"index","follow":"follow","max-snippet":"max-snippet:-1","max-image-preview":"max-image-preview:large","max-video-preview":"max-video-preview:-1"},"canonical":"https:\/\/www.domkraftpro.com\/index.php\/produkt\/nejlepsi-volba-deep-hluboka-sprchova-vanicka-obdelnik-110x90x26cm-bila-17902\/","og_locale":"cs_CZ","og_type":"article","og_title":"Nejlep\u0161\u00ed Volba DEEP hlubok\u00e1 sprchov\u00e1 vani\u010dka, obd\u00e9ln\u00edk 110x90x26cm, b\u00edl\u00e1 -","og_description":"Detailn\u00ed popis produktu V p\u0159\u00edpad\u011b podezd\u011bn\u00ed doporu\u010dujeme k vani\u010dce zakoupit nohy (podstavec). V p\u0159\u00edpad\u011b instalace s obkladov\u00fdm panelem doporu\u010dujeme k vani\u010dce zakoupit nosnou konstrukci. Charakteristika vani\u010dek DEEP V\u00fdborn\u011b se hod\u00ed pro rekonstrukce koupelen v panelov\u00fdch domech Vani\u010dka je vybavena p\u0159epadov\u00fdm otvorem, lze ji tedy bezpe\u010dn\u011b napustit Vani\u010dku lze usadit na no\u017ei\u010dky nebo nosnou konstrukci, vhodn\u00e9 [&hellip;]","og_url":"https:\/\/www.domkraftpro.com\/index.php\/produkt\/nejlepsi-volba-deep-hluboka-sprchova-vanicka-obdelnik-110x90x26cm-bila-17902\/","og_image":[{"width":1000,"height":750,"url":"https:\/\/www.domkraftpro.com\/wp-content\/uploads\/2026\/SK0007491-CZ20260425-092556-0-1777080363-668400-7_deep-hluboka-sprchova-vanicka--obdelnik-110x90x26c.webp","type":"image\/webp"}],"twitter_card":"summary_large_image","twitter_misc":{"Odhadovan\u00e1 doba \u010dten\u00ed":"1 minuta"},"schema":{"@context":"https:\/\/schema.org","@graph":[{"@type":"WebPage","@id":"https:\/\/www.domkraftpro.com\/index.php\/produkt\/nejlepsi-volba-deep-hluboka-sprchova-vanicka-obdelnik-110x90x26cm-bila-17902\/","url":"https:\/\/www.domkraftpro.com\/index.php\/produkt\/nejlepsi-volba-deep-hluboka-sprchova-vanicka-obdelnik-110x90x26cm-bila-17902\/","name":"Nejlep\u0161\u00ed Volba DEEP hlubok\u00e1 sprchov\u00e1 vani\u010dka, obd\u00e9ln\u00edk 110x90x26cm, b\u00edl\u00e1 -","isPartOf":{"@id":"https:\/\/www.domkraftpro.com\/#website"},"primaryImageOfPage":{"@id":"https:\/\/www.domkraftpro.com\/index.php\/produkt\/nejlepsi-volba-deep-hluboka-sprchova-vanicka-obdelnik-110x90x26cm-bila-17902\/#primaryimage"},"image":{"@id":"https:\/\/www.domkraftpro.com\/index.php\/produkt\/nejlepsi-volba-deep-hluboka-sprchova-vanicka-obdelnik-110x90x26cm-bila-17902\/#primaryimage"},"thumbnailUrl":"https:\/\/www.domkraftpro.com\/wp-content\/uploads\/2026\/SK0007491-CZ20260425-092556-0-1777080363-668400-7_deep-hluboka-sprchova-vanicka--obdelnik-110x90x26c.webp","datePublished":"2026-04-27T04:41:07+00:00","breadcrumb":{"@id":"https:\/\/www.domkraftpro.com\/index.php\/produkt\/nejlepsi-volba-deep-hluboka-sprchova-vanicka-obdelnik-110x90x26cm-bila-17902\/#breadcrumb"},"inLanguage":"cs","potentialAction":[{"@type":"ReadAction","target":["https:\/\/www.domkraftpro.com\/index.php\/produkt\/nejlepsi-volba-deep-hluboka-sprchova-vanicka-obdelnik-110x90x26cm-bila-17902\/"]}]},{"@type":"ImageObject","inLanguage":"cs","@id":"https:\/\/www.domkraftpro.com\/index.php\/produkt\/nejlepsi-volba-deep-hluboka-sprchova-vanicka-obdelnik-110x90x26cm-bila-17902\/#primaryimage","url":"https:\/\/www.domkraftpro.com\/wp-content\/uploads\/2026\/SK0007491-CZ20260425-092556-0-1777080363-668400-7_deep-hluboka-sprchova-vanicka--obdelnik-110x90x26c.webp","contentUrl":"https:\/\/www.domkraftpro.com\/wp-content\/uploads\/2026\/SK0007491-CZ20260425-092556-0-1777080363-668400-7_deep-hluboka-sprchova-vanicka--obdelnik-110x90x26c.webp","width":1000,"height":750},{"@type":"BreadcrumbList","@id":"https:\/\/www.domkraftpro.com\/index.php\/produkt\/nejlepsi-volba-deep-hluboka-sprchova-vanicka-obdelnik-110x90x26cm-bila-17902\/#breadcrumb","itemListElement":[{"@type":"ListItem","position":1,"name":"Home","item":"https:\/\/www.domkraftpro.com\/"},{"@type":"ListItem","position":2,"name":"Products","item":"https:\/\/www.domkraftpro.com\/index.php\/products\/"},{"@type":"ListItem","position":3,"name":"Nejlep\u0161\u00ed Volba DEEP hlubok\u00e1 sprchov\u00e1 vani\u010dka, obd\u00e9ln\u00edk 110x90x26cm, b\u00edl\u00e1"}]},{"@type":"WebSite","@id":"https:\/\/www.domkraftpro.com\/#website","url":"https:\/\/www.domkraftpro.com\/","name":"","description":"","potentialAction":[{"@type":"SearchAction","target":{"@type":"EntryPoint","urlTemplate":"https:\/\/www.domkraftpro.com\/?s={search_term_string}"},"query-input":{"@type":"PropertyValueSpecification","valueRequired":true,"valueName":"search_term_string"}}],"inLanguage":"cs"}]}},"_links":{"self":[{"href":"https:\/\/www.domkraftpro.com\/index.php\/wp-json\/wp\/v2\/product\/17902","targetHints":{"allow":["GET"]}}],"collection":[{"href":"https:\/\/www.domkraftpro.com\/index.php\/wp-json\/wp\/v2\/product"}],"about":[{"href":"https:\/\/www.domkraftpro.com\/index.php\/wp-json\/wp\/v2\/types\/product"}],"replies":[{"embeddable":true,"href":"https:\/\/www.domkraftpro.com\/index.php\/wp-json\/wp\/v2\/comments?post=17902"}],"wp:featuredmedia":[{"embeddable":true,"href":"https:\/\/www.domkraftpro.com\/index.php\/wp-json\/wp\/v2\/media\/18002"}],"wp:attachment":[{"href":"https:\/\/www.domkraftpro.com\/index.php\/wp-json\/wp\/v2\/media?parent=17902"}],"wp:term":[{"taxonomy":"product_brand","embeddable":true,"href":"https:\/\/www.domkraftpro.com\/index.php\/wp-json\/wp\/v2\/product_brand?post=17902"},{"taxonomy":"product_cat","embeddable":true,"href":"https:\/\/www.domkraftpro.com\/index.php\/wp-json\/wp\/v2\/product_cat?post=17902"},{"taxonomy":"product_tag","embeddable":true,"href":"https:\/\/www.domkraftpro.com\/index.php\/wp-json\/wp\/v2\/product_tag?post=17902"}],"curies":[{"name":"wp","href":"https:\/\/api.w.org\/{rel}","templated":true}]}}