{"id":1715,"date":"2026-04-27T04:40:34","date_gmt":"2026-04-27T04:40:34","guid":{"rendered":""},"modified":"2026-04-27T04:40:34","modified_gmt":"2026-04-27T04:40:34","slug":"koelner-rovnoramenny-tramovy-uhelnik-d-mk-tezky-typ-80-x-80-x-20-mm-nova-kolekce-1715","status":"publish","type":"product","link":"https:\/\/www.domkraftpro.com\/index.php\/produkt\/koelner-rovnoramenny-tramovy-uhelnik-d-mk-tezky-typ-80-x-80-x-20-mm-nova-kolekce-1715\/","title":{"rendered":"Koelner Rovnoramenn\u00fd tr\u00e1mov\u00fd \u00faheln\u00edk D-MK t\u011b\u017ek\u00fd typ 80 x 80 x 20 mm Nov\u00e1 Kolekce"},"content":{"rendered":"<div class=\"detail-description__right\">\n<div class=\"parameters\">\n<div class=\"table table--simple\">\n<table>\n<tbody>\n<tr>\n<td colspan=\"2\">\n<h4>Vlastnosti<\/h4>\n<\/td>\n<\/tr>\n<tr>\n<td>Materi\u00e1l<\/td>\n<td>pozinkovan\u00e1 ocel<\/td>\n<\/tr>\n<tr data-perex=\"1\">\n<td>\u0160\u00ed\u0159ka<\/td>\n<td>20 mm<\/td>\n<\/tr>\n<tr data-perex=\"1\">\n<td>V\u00fd\u0161ka<\/td>\n<td>80\u00a0\u2013180 mm<\/td>\n<\/tr>\n<tr data-perex=\"1\">\n<td>Hloubka<\/td>\n<td>80\u00a0\u2013180 mm<\/td>\n<\/tr>\n<tr data-perex=\"1\">\n<td>Tlou\u0161\u0165ka<\/td>\n<td>5,0\u00a0mm<\/td>\n<\/tr>\n<tr>\n<td>Pr\u016fm\u011br otvor\u016f<\/td>\n<td>6,6\u00a0mm<\/td>\n<\/tr>\n<tr>\n<td>Nosnost<\/td>\n<td>1,4\u00a0\u2013 3,5\u00a0kN<\/td>\n<\/tr>\n<tr>\n<td colspan=\"2\">\n<h4>Parametry<\/h4>\n<\/td>\n<\/tr>\n<tr>\n<td>P\u016fvod<\/td>\n<td>Vyrobeno v\u00a0PL<\/td>\n<\/tr>\n<tr>\n<td>Z\u00e1ruka<\/td>\n<td>2 roky<\/td>\n<\/tr>\n<tr>\n<td>Zna\u010dka<\/td>\n<td>Koelner<\/td>\n<\/tr>\n<\/tbody>\n<\/table><\/div>\n<\/div><\/div>\n<div class=\"detail-description__top\">\t\t\t\t<\/div>\n<div class=\"detail-description__left\">\n<div class=\"detail-description__left__overflow\">\n<div class=\"detail-description__left__head\">\t\t\t\t\t\tPopis:\t\t\t\t\t<\/div>\n<div class=\"ul-style ul-style--check\">\n<p>\u017d\u00e1rov\u011b pozinkovan\u00fd ocelov\u00fd rovnoramenn\u00fd tr\u00e1mov\u00fd \u00faheln\u00edk o tlou\u0161\u0165ce 5,0 mm je ur\u010den pro spojov\u00e1n\u00ed d\u0159ev\u011bn\u00fdch tesa\u0159sk\u00fdch konstrukc\u00ed.<\/p>\n<ul class=\"plusminus\">\n<li><i class=\"fas fa-check\"><\/i><span>Pro spojov\u00e1n\u00ed d\u0159ev\u011bn\u00fdch konstrukc\u00ed<\/span><\/li>\n<li><i class=\"fas fa-check\"><\/i><span>\u017d\u00e1rov\u011b pozinkovan\u00e1 ocel<\/span><\/li>\n<\/ul>\n<\/div>\n<div class=\"detail-description__left__more\">\t\t\t\t\t\t<span> <\/span><span> <\/span>\t\t\t\t\t<\/div>\n<\/p><\/div>\n<\/p><\/div>\n<div class=\"detail-description__more\"><span> <\/span><span> <\/span><\/div>\n<\/p><\/div>\n<\/p><\/div>\n<div class=\"tab tab-detail-7\">\n<div class=\"table-size-classic  table-size--selectable\">\n<table>\n<thead>\n<tr>\n<th data-product-code=\"[&quot;K\u00f3d&quot;]\"><span class=\"selected\">Vybr\u00e1no<\/span><span>D-MK<\/span><\/th>\n<th><\/th>\n<th data-product-code=\"[&quot;95922&quot;]\"><span class=\"selected\">Vybr\u00e1no<\/span><span>085<\/span><\/th>\n<th data-product-code=\"[&quot;9593&quot;]\"><span class=\"selected\">Vybr\u00e1no<\/span><span>105<\/span><\/th>\n<th data-product-code=\"[&quot;9594&quot;]\"><span class=\"selected\">Vybr\u00e1no<\/span><span>125<\/span><\/th>\n<th data-product-code=\"[&quot;9595&quot;]\"><span class=\"selected\">Vybr\u00e1no<\/span><span>145<\/span><\/th>\n<th data-product-code=\"[&quot;9596&quot;]\"><span class=\"selected\">Vybr\u00e1no<\/span><span>165<\/span><\/th>\n<th data-product-code=\"[&quot;9597&quot;]\"><span class=\"selected\">Vybr\u00e1no<\/span><span>185<\/span><\/th>\n<\/tr>\n<\/thead>\n<tbody>\n<tr class=\"space\">\n<td><\/td>\n<td><\/td>\n<td><\/td>\n<td><\/td>\n<td><\/td>\n<td><\/td>\n<td><\/td>\n<td><\/td>\n<\/tr>\n<tr>\n<td><strong>\u0160\u00ed\u0159ka<\/strong><\/td>\n<td><\/td>\n<td>20 mm<\/td>\n<td>20 mm<\/td>\n<td>20 mm<\/td>\n<td>20 mm<\/td>\n<td>20 mm<\/td>\n<td>20 mm<\/td>\n<\/tr>\n<tr>\n<td><strong>V\u00fd\u0161ka<\/strong><\/td>\n<td><\/td>\n<td>80 mm<\/td>\n<td>100 mm<\/td>\n<td>120 mm<\/td>\n<td>140 mm<\/td>\n<td>160 mm<\/td>\n<td>180 mm<\/td>\n<\/tr>\n<tr>\n<td><strong>Hloubka<\/strong><\/td>\n<td><\/td>\n<td>80 mm<\/td>\n<td>100 mm<\/td>\n<td>120 mm<\/td>\n<td>140 mm<\/td>\n<td>160 mm<\/td>\n<td>180 mm<\/td>\n<\/tr>\n<tr>\n<td><strong>Tlou\u0161\u0165ka<\/strong><\/td>\n<td><\/td>\n<td>5,0 mm<\/td>\n<td>5,0 mm<\/td>\n<td>5,0 mm<\/td>\n<td>5,0 mm<\/td>\n<td>5,0 mm<\/td>\n<td>5,0 mm<\/td>\n<\/tr>\n<tr>\n<td><strong>Po\u010det otvor\u016f \u00f8 6,6<\/strong><\/td>\n<td><\/td>\n<td>2&#215;2<\/td>\n<td>2&#215;2<\/td>\n<td>2&#215;2<\/td>\n<td>2&#215;3<\/td>\n<td>2&#215;3<\/td>\n<td>2&#215;3<\/td>\n<\/tr>\n<tr>\n<td><strong>Rozm\u011bry nxX<\/strong><\/td>\n<td><\/td>\n<td>1&#215;40<\/td>\n<td>1&#215;50<\/td>\n<td>1&#215;70<\/td>\n<td>2&#215;50<\/td>\n<td>2&#215;60<\/td>\n<td>2&#215;65<\/td>\n<\/tr>\n<tr>\n<td><strong>Charakteristick\u00e1 nostnost<\/strong><\/td>\n<td><\/td>\n<td>3,5 (11,3) kN<\/td>\n<td>3,5 (11,3) kN<\/td>\n<td>3,5 (11,3) kN<\/td>\n<td>1,4 (4,5) kN<\/td>\n<td>1,4 (4,5) kN<\/td>\n<td>1,4 (4,5) kN<\/td>\n<\/tr>\n<\/tbody>\n<\/table>\n<\/div><\/div>\n","protected":false},"excerpt":{"rendered":"<p>Vlastnosti Materi\u00e1l pozinkovan\u00e1 ocel \u0160\u00ed\u0159ka 20 mm V\u00fd\u0161ka 80\u00a0\u2013180 mm Hloubka 80\u00a0\u2013180 mm Tlou\u0161\u0165ka 5,0\u00a0mm Pr\u016fm\u011br otvor\u016f 6,6\u00a0mm Nosnost 1,4\u00a0\u2013 3,5\u00a0kN Parametry P\u016fvod Vyrobeno v\u00a0PL Z\u00e1ruka 2 roky Zna\u010dka Koelner Popis: \u017d\u00e1rov\u011b pozinkovan\u00fd ocelov\u00fd rovnoramenn\u00fd tr\u00e1mov\u00fd \u00faheln\u00edk o tlou\u0161\u0165ce 5,0 mm je ur\u010den pro spojov\u00e1n\u00ed d\u0159ev\u011bn\u00fdch tesa\u0159sk\u00fdch konstrukc\u00ed. Pro spojov\u00e1n\u00ed d\u0159ev\u011bn\u00fdch konstrukc\u00ed \u017d\u00e1rov\u011b pozinkovan\u00e1 ocel [&hellip;]<\/p>\n","protected":false},"featured_media":1815,"comment_status":"open","ping_status":"open","template":"","meta":[],"product_brand":[],"product_cat":[44],"product_tag":[],"class_list":{"0":"post-1715","1":"product","2":"type-product","3":"status-publish","4":"has-post-thumbnail","6":"product_cat-stavba","8":"first","9":"instock","10":"sale","11":"shipping-taxable","12":"purchasable","13":"product-type-simple"},"yoast_head":"<!-- This site is optimized with the Yoast SEO plugin v26.8 - https:\/\/yoast.com\/product\/yoast-seo-wordpress\/ -->\n<title>Koelner Rovnoramenn\u00fd tr\u00e1mov\u00fd \u00faheln\u00edk D-MK t\u011b\u017ek\u00fd typ 80 x 80 x 20 mm Nov\u00e1 Kolekce -<\/title>\n<meta name=\"robots\" content=\"index, follow, max-snippet:-1, max-image-preview:large, max-video-preview:-1\" \/>\n<link rel=\"canonical\" href=\"https:\/\/www.domkraftpro.com\/index.php\/produkt\/koelner-rovnoramenny-tramovy-uhelnik-d-mk-tezky-typ-80-x-80-x-20-mm-nova-kolekce-1715\/\" \/>\n<meta property=\"og:locale\" content=\"cs_CZ\" \/>\n<meta property=\"og:type\" content=\"article\" \/>\n<meta property=\"og:title\" content=\"Koelner Rovnoramenn\u00fd tr\u00e1mov\u00fd \u00faheln\u00edk D-MK t\u011b\u017ek\u00fd typ 80 x 80 x 20 mm Nov\u00e1 Kolekce -\" \/>\n<meta property=\"og:description\" content=\"Vlastnosti Materi\u00e1l pozinkovan\u00e1 ocel \u0160\u00ed\u0159ka 20 mm V\u00fd\u0161ka 80\u00a0\u2013180 mm Hloubka 80\u00a0\u2013180 mm Tlou\u0161\u0165ka 5,0\u00a0mm Pr\u016fm\u011br otvor\u016f 6,6\u00a0mm Nosnost 1,4\u00a0\u2013 3,5\u00a0kN Parametry P\u016fvod Vyrobeno v\u00a0PL Z\u00e1ruka 2 roky Zna\u010dka Koelner Popis: \u017d\u00e1rov\u011b pozinkovan\u00fd ocelov\u00fd rovnoramenn\u00fd tr\u00e1mov\u00fd \u00faheln\u00edk o tlou\u0161\u0165ce 5,0 mm je ur\u010den pro spojov\u00e1n\u00ed d\u0159ev\u011bn\u00fdch tesa\u0159sk\u00fdch konstrukc\u00ed. Pro spojov\u00e1n\u00ed d\u0159ev\u011bn\u00fdch konstrukc\u00ed \u017d\u00e1rov\u011b pozinkovan\u00e1 ocel [&hellip;]\" \/>\n<meta property=\"og:url\" content=\"https:\/\/www.domkraftpro.com\/index.php\/produkt\/koelner-rovnoramenny-tramovy-uhelnik-d-mk-tezky-typ-80-x-80-x-20-mm-nova-kolekce-1715\/\" \/>\n<meta property=\"og:image\" content=\"https:\/\/www.domkraftpro.com\/wp-content\/uploads\/2026\/SK0009105-CZ20260425-091936-0-1777079982-rovnoramenny-tramovy-uhelnik-koelner-d-mk-w1200-h628-f8-358.webp\" \/>\n\t<meta property=\"og:image:width\" content=\"1000\" \/>\n\t<meta property=\"og:image:height\" content=\"523\" \/>\n\t<meta property=\"og:image:type\" content=\"image\/webp\" \/>\n<meta name=\"twitter:card\" content=\"summary_large_image\" \/>\n<meta name=\"twitter:label1\" content=\"Odhadovan\u00e1 doba \u010dten\u00ed\" \/>\n\t<meta name=\"twitter:data1\" content=\"1 minuta\" \/>\n<script type=\"application\/ld+json\" class=\"yoast-schema-graph\">{\"@context\":\"https:\/\/schema.org\",\"@graph\":[{\"@type\":\"WebPage\",\"@id\":\"https:\/\/www.domkraftpro.com\/index.php\/produkt\/koelner-rovnoramenny-tramovy-uhelnik-d-mk-tezky-typ-80-x-80-x-20-mm-nova-kolekce-1715\/\",\"url\":\"https:\/\/www.domkraftpro.com\/index.php\/produkt\/koelner-rovnoramenny-tramovy-uhelnik-d-mk-tezky-typ-80-x-80-x-20-mm-nova-kolekce-1715\/\",\"name\":\"Koelner Rovnoramenn\u00fd tr\u00e1mov\u00fd \u00faheln\u00edk D-MK t\u011b\u017ek\u00fd typ 80 x 80 x 20 mm Nov\u00e1 Kolekce -\",\"isPartOf\":{\"@id\":\"https:\/\/www.domkraftpro.com\/#website\"},\"primaryImageOfPage\":{\"@id\":\"https:\/\/www.domkraftpro.com\/index.php\/produkt\/koelner-rovnoramenny-tramovy-uhelnik-d-mk-tezky-typ-80-x-80-x-20-mm-nova-kolekce-1715\/#primaryimage\"},\"image\":{\"@id\":\"https:\/\/www.domkraftpro.com\/index.php\/produkt\/koelner-rovnoramenny-tramovy-uhelnik-d-mk-tezky-typ-80-x-80-x-20-mm-nova-kolekce-1715\/#primaryimage\"},\"thumbnailUrl\":\"https:\/\/www.domkraftpro.com\/wp-content\/uploads\/2026\/SK0009105-CZ20260425-091936-0-1777079982-rovnoramenny-tramovy-uhelnik-koelner-d-mk-w1200-h628-f8-358.webp\",\"datePublished\":\"2026-04-27T04:40:34+00:00\",\"breadcrumb\":{\"@id\":\"https:\/\/www.domkraftpro.com\/index.php\/produkt\/koelner-rovnoramenny-tramovy-uhelnik-d-mk-tezky-typ-80-x-80-x-20-mm-nova-kolekce-1715\/#breadcrumb\"},\"inLanguage\":\"cs\",\"potentialAction\":[{\"@type\":\"ReadAction\",\"target\":[\"https:\/\/www.domkraftpro.com\/index.php\/produkt\/koelner-rovnoramenny-tramovy-uhelnik-d-mk-tezky-typ-80-x-80-x-20-mm-nova-kolekce-1715\/\"]}]},{\"@type\":\"ImageObject\",\"inLanguage\":\"cs\",\"@id\":\"https:\/\/www.domkraftpro.com\/index.php\/produkt\/koelner-rovnoramenny-tramovy-uhelnik-d-mk-tezky-typ-80-x-80-x-20-mm-nova-kolekce-1715\/#primaryimage\",\"url\":\"https:\/\/www.domkraftpro.com\/wp-content\/uploads\/2026\/SK0009105-CZ20260425-091936-0-1777079982-rovnoramenny-tramovy-uhelnik-koelner-d-mk-w1200-h628-f8-358.webp\",\"contentUrl\":\"https:\/\/www.domkraftpro.com\/wp-content\/uploads\/2026\/SK0009105-CZ20260425-091936-0-1777079982-rovnoramenny-tramovy-uhelnik-koelner-d-mk-w1200-h628-f8-358.webp\",\"width\":1000,\"height\":523},{\"@type\":\"BreadcrumbList\",\"@id\":\"https:\/\/www.domkraftpro.com\/index.php\/produkt\/koelner-rovnoramenny-tramovy-uhelnik-d-mk-tezky-typ-80-x-80-x-20-mm-nova-kolekce-1715\/#breadcrumb\",\"itemListElement\":[{\"@type\":\"ListItem\",\"position\":1,\"name\":\"Home\",\"item\":\"https:\/\/www.domkraftpro.com\/\"},{\"@type\":\"ListItem\",\"position\":2,\"name\":\"Products\",\"item\":\"https:\/\/www.domkraftpro.com\/index.php\/products\/\"},{\"@type\":\"ListItem\",\"position\":3,\"name\":\"Koelner Rovnoramenn\u00fd tr\u00e1mov\u00fd \u00faheln\u00edk D-MK t\u011b\u017ek\u00fd typ 80 x 80 x 20 mm Nov\u00e1 Kolekce\"}]},{\"@type\":\"WebSite\",\"@id\":\"https:\/\/www.domkraftpro.com\/#website\",\"url\":\"https:\/\/www.domkraftpro.com\/\",\"name\":\"\",\"description\":\"\",\"potentialAction\":[{\"@type\":\"SearchAction\",\"target\":{\"@type\":\"EntryPoint\",\"urlTemplate\":\"https:\/\/www.domkraftpro.com\/?s={search_term_string}\"},\"query-input\":{\"@type\":\"PropertyValueSpecification\",\"valueRequired\":true,\"valueName\":\"search_term_string\"}}],\"inLanguage\":\"cs\"}]}<\/script>\n<!-- \/ Yoast SEO plugin. -->","yoast_head_json":{"title":"Koelner Rovnoramenn\u00fd tr\u00e1mov\u00fd \u00faheln\u00edk D-MK t\u011b\u017ek\u00fd typ 80 x 80 x 20 mm Nov\u00e1 Kolekce -","robots":{"index":"index","follow":"follow","max-snippet":"max-snippet:-1","max-image-preview":"max-image-preview:large","max-video-preview":"max-video-preview:-1"},"canonical":"https:\/\/www.domkraftpro.com\/index.php\/produkt\/koelner-rovnoramenny-tramovy-uhelnik-d-mk-tezky-typ-80-x-80-x-20-mm-nova-kolekce-1715\/","og_locale":"cs_CZ","og_type":"article","og_title":"Koelner Rovnoramenn\u00fd tr\u00e1mov\u00fd \u00faheln\u00edk D-MK t\u011b\u017ek\u00fd typ 80 x 80 x 20 mm Nov\u00e1 Kolekce -","og_description":"Vlastnosti Materi\u00e1l pozinkovan\u00e1 ocel \u0160\u00ed\u0159ka 20 mm V\u00fd\u0161ka 80\u00a0\u2013180 mm Hloubka 80\u00a0\u2013180 mm Tlou\u0161\u0165ka 5,0\u00a0mm Pr\u016fm\u011br otvor\u016f 6,6\u00a0mm Nosnost 1,4\u00a0\u2013 3,5\u00a0kN Parametry P\u016fvod Vyrobeno v\u00a0PL Z\u00e1ruka 2 roky Zna\u010dka Koelner Popis: \u017d\u00e1rov\u011b pozinkovan\u00fd ocelov\u00fd rovnoramenn\u00fd tr\u00e1mov\u00fd \u00faheln\u00edk o tlou\u0161\u0165ce 5,0 mm je ur\u010den pro spojov\u00e1n\u00ed d\u0159ev\u011bn\u00fdch tesa\u0159sk\u00fdch konstrukc\u00ed. Pro spojov\u00e1n\u00ed d\u0159ev\u011bn\u00fdch konstrukc\u00ed \u017d\u00e1rov\u011b pozinkovan\u00e1 ocel [&hellip;]","og_url":"https:\/\/www.domkraftpro.com\/index.php\/produkt\/koelner-rovnoramenny-tramovy-uhelnik-d-mk-tezky-typ-80-x-80-x-20-mm-nova-kolekce-1715\/","og_image":[{"width":1000,"height":523,"url":"https:\/\/www.domkraftpro.com\/wp-content\/uploads\/2026\/SK0009105-CZ20260425-091936-0-1777079982-rovnoramenny-tramovy-uhelnik-koelner-d-mk-w1200-h628-f8-358.webp","type":"image\/webp"}],"twitter_card":"summary_large_image","twitter_misc":{"Odhadovan\u00e1 doba \u010dten\u00ed":"1 minuta"},"schema":{"@context":"https:\/\/schema.org","@graph":[{"@type":"WebPage","@id":"https:\/\/www.domkraftpro.com\/index.php\/produkt\/koelner-rovnoramenny-tramovy-uhelnik-d-mk-tezky-typ-80-x-80-x-20-mm-nova-kolekce-1715\/","url":"https:\/\/www.domkraftpro.com\/index.php\/produkt\/koelner-rovnoramenny-tramovy-uhelnik-d-mk-tezky-typ-80-x-80-x-20-mm-nova-kolekce-1715\/","name":"Koelner Rovnoramenn\u00fd tr\u00e1mov\u00fd \u00faheln\u00edk D-MK t\u011b\u017ek\u00fd typ 80 x 80 x 20 mm Nov\u00e1 Kolekce -","isPartOf":{"@id":"https:\/\/www.domkraftpro.com\/#website"},"primaryImageOfPage":{"@id":"https:\/\/www.domkraftpro.com\/index.php\/produkt\/koelner-rovnoramenny-tramovy-uhelnik-d-mk-tezky-typ-80-x-80-x-20-mm-nova-kolekce-1715\/#primaryimage"},"image":{"@id":"https:\/\/www.domkraftpro.com\/index.php\/produkt\/koelner-rovnoramenny-tramovy-uhelnik-d-mk-tezky-typ-80-x-80-x-20-mm-nova-kolekce-1715\/#primaryimage"},"thumbnailUrl":"https:\/\/www.domkraftpro.com\/wp-content\/uploads\/2026\/SK0009105-CZ20260425-091936-0-1777079982-rovnoramenny-tramovy-uhelnik-koelner-d-mk-w1200-h628-f8-358.webp","datePublished":"2026-04-27T04:40:34+00:00","breadcrumb":{"@id":"https:\/\/www.domkraftpro.com\/index.php\/produkt\/koelner-rovnoramenny-tramovy-uhelnik-d-mk-tezky-typ-80-x-80-x-20-mm-nova-kolekce-1715\/#breadcrumb"},"inLanguage":"cs","potentialAction":[{"@type":"ReadAction","target":["https:\/\/www.domkraftpro.com\/index.php\/produkt\/koelner-rovnoramenny-tramovy-uhelnik-d-mk-tezky-typ-80-x-80-x-20-mm-nova-kolekce-1715\/"]}]},{"@type":"ImageObject","inLanguage":"cs","@id":"https:\/\/www.domkraftpro.com\/index.php\/produkt\/koelner-rovnoramenny-tramovy-uhelnik-d-mk-tezky-typ-80-x-80-x-20-mm-nova-kolekce-1715\/#primaryimage","url":"https:\/\/www.domkraftpro.com\/wp-content\/uploads\/2026\/SK0009105-CZ20260425-091936-0-1777079982-rovnoramenny-tramovy-uhelnik-koelner-d-mk-w1200-h628-f8-358.webp","contentUrl":"https:\/\/www.domkraftpro.com\/wp-content\/uploads\/2026\/SK0009105-CZ20260425-091936-0-1777079982-rovnoramenny-tramovy-uhelnik-koelner-d-mk-w1200-h628-f8-358.webp","width":1000,"height":523},{"@type":"BreadcrumbList","@id":"https:\/\/www.domkraftpro.com\/index.php\/produkt\/koelner-rovnoramenny-tramovy-uhelnik-d-mk-tezky-typ-80-x-80-x-20-mm-nova-kolekce-1715\/#breadcrumb","itemListElement":[{"@type":"ListItem","position":1,"name":"Home","item":"https:\/\/www.domkraftpro.com\/"},{"@type":"ListItem","position":2,"name":"Products","item":"https:\/\/www.domkraftpro.com\/index.php\/products\/"},{"@type":"ListItem","position":3,"name":"Koelner Rovnoramenn\u00fd tr\u00e1mov\u00fd \u00faheln\u00edk D-MK t\u011b\u017ek\u00fd typ 80 x 80 x 20 mm Nov\u00e1 Kolekce"}]},{"@type":"WebSite","@id":"https:\/\/www.domkraftpro.com\/#website","url":"https:\/\/www.domkraftpro.com\/","name":"","description":"","potentialAction":[{"@type":"SearchAction","target":{"@type":"EntryPoint","urlTemplate":"https:\/\/www.domkraftpro.com\/?s={search_term_string}"},"query-input":{"@type":"PropertyValueSpecification","valueRequired":true,"valueName":"search_term_string"}}],"inLanguage":"cs"}]}},"_links":{"self":[{"href":"https:\/\/www.domkraftpro.com\/index.php\/wp-json\/wp\/v2\/product\/1715","targetHints":{"allow":["GET"]}}],"collection":[{"href":"https:\/\/www.domkraftpro.com\/index.php\/wp-json\/wp\/v2\/product"}],"about":[{"href":"https:\/\/www.domkraftpro.com\/index.php\/wp-json\/wp\/v2\/types\/product"}],"replies":[{"embeddable":true,"href":"https:\/\/www.domkraftpro.com\/index.php\/wp-json\/wp\/v2\/comments?post=1715"}],"wp:featuredmedia":[{"embeddable":true,"href":"https:\/\/www.domkraftpro.com\/index.php\/wp-json\/wp\/v2\/media\/1815"}],"wp:attachment":[{"href":"https:\/\/www.domkraftpro.com\/index.php\/wp-json\/wp\/v2\/media?parent=1715"}],"wp:term":[{"taxonomy":"product_brand","embeddable":true,"href":"https:\/\/www.domkraftpro.com\/index.php\/wp-json\/wp\/v2\/product_brand?post=1715"},{"taxonomy":"product_cat","embeddable":true,"href":"https:\/\/www.domkraftpro.com\/index.php\/wp-json\/wp\/v2\/product_cat?post=1715"},{"taxonomy":"product_tag","embeddable":true,"href":"https:\/\/www.domkraftpro.com\/index.php\/wp-json\/wp\/v2\/product_tag?post=1715"}],"curies":[{"name":"wp","href":"https:\/\/api.w.org\/{rel}","templated":true}]}}