{"id":17133,"date":"2026-04-27T04:41:05","date_gmt":"2026-04-27T04:41:05","guid":{"rendered":""},"modified":"2026-04-27T04:41:05","modified_gmt":"2026-04-27T04:41:05","slug":"finalni-vyprodej-hepa-filtr-pro-bezdotykovy-elektronicky-osousec-rukou-fuga-evo-koupelny-sanita-cz-17133","status":"publish","type":"product","link":"https:\/\/www.domkraftpro.com\/index.php\/produkt\/finalni-vyprodej-hepa-filtr-pro-bezdotykovy-elektronicky-osousec-rukou-fuga-evo-koupelny-sanita-cz-17133\/","title":{"rendered":"Fin\u00e1ln\u00ed V\u00fdprodej HEPA filtr pro bezdotykov\u00fd elektronick\u00fd osou\u0161e\u010d rukou FUGA EVO &#8211; koupelny-sanita.cz"},"content":{"rendered":"<div class=\"basic-description\">\n<h3>Detailn\u00ed popis produktu<\/h3>\n<p>Popis produktu nen\u00ed dostupn\u00fd<\/p>\n<\/p><\/div>\n<div class=\"extended-description\">\n<h3>Dopl\u0148kov\u00e9 parametry<\/h3>\n<table class=\"detail-parameters\">\n<tbody>\n<tr>\n<th>        <span class=\"row-header-label\">            Kategorie<span class=\"row-header-label-colon\">:<\/span>        <\/span>    <\/th>\n<td>            <\/td>\n<\/tr>\n<tr>\n<th>            <span class=\"row-header-label\">                Z\u00e1ruka<span class=\"row-header-label-colon\">:<\/span>            <\/span>        <\/th>\n<td>            24        <\/td>\n<\/tr>\n<tr>\n<th>            <span class=\"row-header-label\">                Hmotnost<span class=\"row-header-label-colon\">:<\/span>            <\/span>        <\/th>\n<td>            0.37 kg        <\/td>\n<\/tr>\n<tr class=\"productEan\">\n<th>          <span class=\"row-header-label productEan__label\">              EAN<span class=\"row-header-label-colon\">:<\/span>          <\/span>      <\/th>\n<td>          <span class=\"productEan__value\">8435368926259<\/span>      <\/td>\n<\/tr>\n<tr>\n<th>                <span class=\"row-header-label\">                                            Balen\u00ed<span class=\"row-header-label-colon\">:<\/span>                                    <\/span>            <\/th>\n<td>                                                            1 ks                                                <\/td>\n<\/tr>\n<tr>\n<th>                <span class=\"row-header-label\">                                            Dostupnost<span class=\"row-header-label-colon\">:<\/span>                                    <\/span>            <\/th>\n<td>                                                            Dod\u00e1n\u00ed do 8 t\u00fddn\u016f                                                <\/td>\n<\/tr>\n<tr>\n<th>                <span class=\"row-header-label\">                                            Z\u00e1ruka<span class=\"row-header-label-colon\">:<\/span>                                    <\/span>            <\/th>\n<td>                                                            2 roky                                                <\/td>\n<\/tr>\n<\/tbody>\n<\/table><\/div>\n<\/p><\/div>\n<\/p><\/div>\n","protected":false},"excerpt":{"rendered":"<p>Detailn\u00ed popis produktu Popis produktu nen\u00ed dostupn\u00fd Dopl\u0148kov\u00e9 parametry Kategorie: Z\u00e1ruka: 24 Hmotnost: 0.37 kg EAN: 8435368926259 Balen\u00ed: 1 ks Dostupnost: Dod\u00e1n\u00ed do 8 t\u00fddn\u016f Z\u00e1ruka: 2 roky<\/p>\n","protected":false},"featured_media":17233,"comment_status":"open","ping_status":"open","template":"","meta":[],"product_brand":[],"product_cat":[73],"product_tag":[],"class_list":{"0":"post-17133","1":"product","2":"type-product","3":"status-publish","4":"has-post-thumbnail","6":"product_cat-koupelnove-doplnky","8":"first","9":"instock","10":"sale","11":"shipping-taxable","12":"purchasable","13":"product-type-simple"},"yoast_head":"<!-- This site is optimized with the Yoast SEO plugin v26.8 - https:\/\/yoast.com\/product\/yoast-seo-wordpress\/ -->\n<title>Fin\u00e1ln\u00ed V\u00fdprodej HEPA filtr pro bezdotykov\u00fd elektronick\u00fd osou\u0161e\u010d rukou FUGA EVO - koupelny-sanita.cz -<\/title>\n<meta name=\"robots\" content=\"index, follow, max-snippet:-1, max-image-preview:large, max-video-preview:-1\" \/>\n<link rel=\"canonical\" href=\"https:\/\/www.domkraftpro.com\/index.php\/produkt\/finalni-vyprodej-hepa-filtr-pro-bezdotykovy-elektronicky-osousec-rukou-fuga-evo-koupelny-sanita-cz-17133\/\" \/>\n<meta property=\"og:locale\" content=\"cs_CZ\" \/>\n<meta property=\"og:type\" content=\"article\" \/>\n<meta property=\"og:title\" content=\"Fin\u00e1ln\u00ed V\u00fdprodej HEPA filtr pro bezdotykov\u00fd elektronick\u00fd osou\u0161e\u010d rukou FUGA EVO - koupelny-sanita.cz -\" \/>\n<meta property=\"og:description\" content=\"Detailn\u00ed popis produktu Popis produktu nen\u00ed dostupn\u00fd Dopl\u0148kov\u00e9 parametry Kategorie: Z\u00e1ruka: 24 Hmotnost: 0.37 kg EAN: 8435368926259 Balen\u00ed: 1 ks Dostupnost: Dod\u00e1n\u00ed do 8 t\u00fddn\u016f Z\u00e1ruka: 2 roky\" \/>\n<meta property=\"og:url\" content=\"https:\/\/www.domkraftpro.com\/index.php\/produkt\/finalni-vyprodej-hepa-filtr-pro-bezdotykovy-elektronicky-osousec-rukou-fuga-evo-koupelny-sanita-cz-17133\/\" \/>\n<meta property=\"og:image\" content=\"https:\/\/www.domkraftpro.com\/wp-content\/uploads\/2026\/SK0007114-CZ20260425-092556-0-1777080363-641688_06029-fge-224261717361879.webp\" \/>\n\t<meta property=\"og:image:width\" content=\"1000\" \/>\n\t<meta property=\"og:image:height\" content=\"750\" \/>\n\t<meta property=\"og:image:type\" content=\"image\/webp\" \/>\n<meta name=\"twitter:card\" content=\"summary_large_image\" \/>\n<script type=\"application\/ld+json\" class=\"yoast-schema-graph\">{\"@context\":\"https:\/\/schema.org\",\"@graph\":[{\"@type\":\"WebPage\",\"@id\":\"https:\/\/www.domkraftpro.com\/index.php\/produkt\/finalni-vyprodej-hepa-filtr-pro-bezdotykovy-elektronicky-osousec-rukou-fuga-evo-koupelny-sanita-cz-17133\/\",\"url\":\"https:\/\/www.domkraftpro.com\/index.php\/produkt\/finalni-vyprodej-hepa-filtr-pro-bezdotykovy-elektronicky-osousec-rukou-fuga-evo-koupelny-sanita-cz-17133\/\",\"name\":\"Fin\u00e1ln\u00ed V\u00fdprodej HEPA filtr pro bezdotykov\u00fd elektronick\u00fd osou\u0161e\u010d rukou FUGA EVO - koupelny-sanita.cz -\",\"isPartOf\":{\"@id\":\"https:\/\/www.domkraftpro.com\/#website\"},\"primaryImageOfPage\":{\"@id\":\"https:\/\/www.domkraftpro.com\/index.php\/produkt\/finalni-vyprodej-hepa-filtr-pro-bezdotykovy-elektronicky-osousec-rukou-fuga-evo-koupelny-sanita-cz-17133\/#primaryimage\"},\"image\":{\"@id\":\"https:\/\/www.domkraftpro.com\/index.php\/produkt\/finalni-vyprodej-hepa-filtr-pro-bezdotykovy-elektronicky-osousec-rukou-fuga-evo-koupelny-sanita-cz-17133\/#primaryimage\"},\"thumbnailUrl\":\"https:\/\/www.domkraftpro.com\/wp-content\/uploads\/2026\/SK0007114-CZ20260425-092556-0-1777080363-641688_06029-fge-224261717361879.webp\",\"datePublished\":\"2026-04-27T04:41:05+00:00\",\"breadcrumb\":{\"@id\":\"https:\/\/www.domkraftpro.com\/index.php\/produkt\/finalni-vyprodej-hepa-filtr-pro-bezdotykovy-elektronicky-osousec-rukou-fuga-evo-koupelny-sanita-cz-17133\/#breadcrumb\"},\"inLanguage\":\"cs\",\"potentialAction\":[{\"@type\":\"ReadAction\",\"target\":[\"https:\/\/www.domkraftpro.com\/index.php\/produkt\/finalni-vyprodej-hepa-filtr-pro-bezdotykovy-elektronicky-osousec-rukou-fuga-evo-koupelny-sanita-cz-17133\/\"]}]},{\"@type\":\"ImageObject\",\"inLanguage\":\"cs\",\"@id\":\"https:\/\/www.domkraftpro.com\/index.php\/produkt\/finalni-vyprodej-hepa-filtr-pro-bezdotykovy-elektronicky-osousec-rukou-fuga-evo-koupelny-sanita-cz-17133\/#primaryimage\",\"url\":\"https:\/\/www.domkraftpro.com\/wp-content\/uploads\/2026\/SK0007114-CZ20260425-092556-0-1777080363-641688_06029-fge-224261717361879.webp\",\"contentUrl\":\"https:\/\/www.domkraftpro.com\/wp-content\/uploads\/2026\/SK0007114-CZ20260425-092556-0-1777080363-641688_06029-fge-224261717361879.webp\",\"width\":1000,\"height\":750},{\"@type\":\"BreadcrumbList\",\"@id\":\"https:\/\/www.domkraftpro.com\/index.php\/produkt\/finalni-vyprodej-hepa-filtr-pro-bezdotykovy-elektronicky-osousec-rukou-fuga-evo-koupelny-sanita-cz-17133\/#breadcrumb\",\"itemListElement\":[{\"@type\":\"ListItem\",\"position\":1,\"name\":\"Home\",\"item\":\"https:\/\/www.domkraftpro.com\/\"},{\"@type\":\"ListItem\",\"position\":2,\"name\":\"Products\",\"item\":\"https:\/\/www.domkraftpro.com\/index.php\/products\/\"},{\"@type\":\"ListItem\",\"position\":3,\"name\":\"Fin\u00e1ln\u00ed V\u00fdprodej HEPA filtr pro bezdotykov\u00fd elektronick\u00fd osou\u0161e\u010d rukou FUGA EVO &#8211; koupelny-sanita.cz\"}]},{\"@type\":\"WebSite\",\"@id\":\"https:\/\/www.domkraftpro.com\/#website\",\"url\":\"https:\/\/www.domkraftpro.com\/\",\"name\":\"\",\"description\":\"\",\"potentialAction\":[{\"@type\":\"SearchAction\",\"target\":{\"@type\":\"EntryPoint\",\"urlTemplate\":\"https:\/\/www.domkraftpro.com\/?s={search_term_string}\"},\"query-input\":{\"@type\":\"PropertyValueSpecification\",\"valueRequired\":true,\"valueName\":\"search_term_string\"}}],\"inLanguage\":\"cs\"}]}<\/script>\n<!-- \/ Yoast SEO plugin. -->","yoast_head_json":{"title":"Fin\u00e1ln\u00ed V\u00fdprodej HEPA filtr pro bezdotykov\u00fd elektronick\u00fd osou\u0161e\u010d rukou FUGA EVO - koupelny-sanita.cz -","robots":{"index":"index","follow":"follow","max-snippet":"max-snippet:-1","max-image-preview":"max-image-preview:large","max-video-preview":"max-video-preview:-1"},"canonical":"https:\/\/www.domkraftpro.com\/index.php\/produkt\/finalni-vyprodej-hepa-filtr-pro-bezdotykovy-elektronicky-osousec-rukou-fuga-evo-koupelny-sanita-cz-17133\/","og_locale":"cs_CZ","og_type":"article","og_title":"Fin\u00e1ln\u00ed V\u00fdprodej HEPA filtr pro bezdotykov\u00fd elektronick\u00fd osou\u0161e\u010d rukou FUGA EVO - koupelny-sanita.cz -","og_description":"Detailn\u00ed popis produktu Popis produktu nen\u00ed dostupn\u00fd Dopl\u0148kov\u00e9 parametry Kategorie: Z\u00e1ruka: 24 Hmotnost: 0.37 kg EAN: 8435368926259 Balen\u00ed: 1 ks Dostupnost: Dod\u00e1n\u00ed do 8 t\u00fddn\u016f Z\u00e1ruka: 2 roky","og_url":"https:\/\/www.domkraftpro.com\/index.php\/produkt\/finalni-vyprodej-hepa-filtr-pro-bezdotykovy-elektronicky-osousec-rukou-fuga-evo-koupelny-sanita-cz-17133\/","og_image":[{"width":1000,"height":750,"url":"https:\/\/www.domkraftpro.com\/wp-content\/uploads\/2026\/SK0007114-CZ20260425-092556-0-1777080363-641688_06029-fge-224261717361879.webp","type":"image\/webp"}],"twitter_card":"summary_large_image","schema":{"@context":"https:\/\/schema.org","@graph":[{"@type":"WebPage","@id":"https:\/\/www.domkraftpro.com\/index.php\/produkt\/finalni-vyprodej-hepa-filtr-pro-bezdotykovy-elektronicky-osousec-rukou-fuga-evo-koupelny-sanita-cz-17133\/","url":"https:\/\/www.domkraftpro.com\/index.php\/produkt\/finalni-vyprodej-hepa-filtr-pro-bezdotykovy-elektronicky-osousec-rukou-fuga-evo-koupelny-sanita-cz-17133\/","name":"Fin\u00e1ln\u00ed V\u00fdprodej HEPA filtr pro bezdotykov\u00fd elektronick\u00fd osou\u0161e\u010d rukou FUGA EVO - koupelny-sanita.cz -","isPartOf":{"@id":"https:\/\/www.domkraftpro.com\/#website"},"primaryImageOfPage":{"@id":"https:\/\/www.domkraftpro.com\/index.php\/produkt\/finalni-vyprodej-hepa-filtr-pro-bezdotykovy-elektronicky-osousec-rukou-fuga-evo-koupelny-sanita-cz-17133\/#primaryimage"},"image":{"@id":"https:\/\/www.domkraftpro.com\/index.php\/produkt\/finalni-vyprodej-hepa-filtr-pro-bezdotykovy-elektronicky-osousec-rukou-fuga-evo-koupelny-sanita-cz-17133\/#primaryimage"},"thumbnailUrl":"https:\/\/www.domkraftpro.com\/wp-content\/uploads\/2026\/SK0007114-CZ20260425-092556-0-1777080363-641688_06029-fge-224261717361879.webp","datePublished":"2026-04-27T04:41:05+00:00","breadcrumb":{"@id":"https:\/\/www.domkraftpro.com\/index.php\/produkt\/finalni-vyprodej-hepa-filtr-pro-bezdotykovy-elektronicky-osousec-rukou-fuga-evo-koupelny-sanita-cz-17133\/#breadcrumb"},"inLanguage":"cs","potentialAction":[{"@type":"ReadAction","target":["https:\/\/www.domkraftpro.com\/index.php\/produkt\/finalni-vyprodej-hepa-filtr-pro-bezdotykovy-elektronicky-osousec-rukou-fuga-evo-koupelny-sanita-cz-17133\/"]}]},{"@type":"ImageObject","inLanguage":"cs","@id":"https:\/\/www.domkraftpro.com\/index.php\/produkt\/finalni-vyprodej-hepa-filtr-pro-bezdotykovy-elektronicky-osousec-rukou-fuga-evo-koupelny-sanita-cz-17133\/#primaryimage","url":"https:\/\/www.domkraftpro.com\/wp-content\/uploads\/2026\/SK0007114-CZ20260425-092556-0-1777080363-641688_06029-fge-224261717361879.webp","contentUrl":"https:\/\/www.domkraftpro.com\/wp-content\/uploads\/2026\/SK0007114-CZ20260425-092556-0-1777080363-641688_06029-fge-224261717361879.webp","width":1000,"height":750},{"@type":"BreadcrumbList","@id":"https:\/\/www.domkraftpro.com\/index.php\/produkt\/finalni-vyprodej-hepa-filtr-pro-bezdotykovy-elektronicky-osousec-rukou-fuga-evo-koupelny-sanita-cz-17133\/#breadcrumb","itemListElement":[{"@type":"ListItem","position":1,"name":"Home","item":"https:\/\/www.domkraftpro.com\/"},{"@type":"ListItem","position":2,"name":"Products","item":"https:\/\/www.domkraftpro.com\/index.php\/products\/"},{"@type":"ListItem","position":3,"name":"Fin\u00e1ln\u00ed V\u00fdprodej HEPA filtr pro bezdotykov\u00fd elektronick\u00fd osou\u0161e\u010d rukou FUGA EVO &#8211; koupelny-sanita.cz"}]},{"@type":"WebSite","@id":"https:\/\/www.domkraftpro.com\/#website","url":"https:\/\/www.domkraftpro.com\/","name":"","description":"","potentialAction":[{"@type":"SearchAction","target":{"@type":"EntryPoint","urlTemplate":"https:\/\/www.domkraftpro.com\/?s={search_term_string}"},"query-input":{"@type":"PropertyValueSpecification","valueRequired":true,"valueName":"search_term_string"}}],"inLanguage":"cs"}]}},"_links":{"self":[{"href":"https:\/\/www.domkraftpro.com\/index.php\/wp-json\/wp\/v2\/product\/17133","targetHints":{"allow":["GET"]}}],"collection":[{"href":"https:\/\/www.domkraftpro.com\/index.php\/wp-json\/wp\/v2\/product"}],"about":[{"href":"https:\/\/www.domkraftpro.com\/index.php\/wp-json\/wp\/v2\/types\/product"}],"replies":[{"embeddable":true,"href":"https:\/\/www.domkraftpro.com\/index.php\/wp-json\/wp\/v2\/comments?post=17133"}],"wp:featuredmedia":[{"embeddable":true,"href":"https:\/\/www.domkraftpro.com\/index.php\/wp-json\/wp\/v2\/media\/17233"}],"wp:attachment":[{"href":"https:\/\/www.domkraftpro.com\/index.php\/wp-json\/wp\/v2\/media?parent=17133"}],"wp:term":[{"taxonomy":"product_brand","embeddable":true,"href":"https:\/\/www.domkraftpro.com\/index.php\/wp-json\/wp\/v2\/product_brand?post=17133"},{"taxonomy":"product_cat","embeddable":true,"href":"https:\/\/www.domkraftpro.com\/index.php\/wp-json\/wp\/v2\/product_cat?post=17133"},{"taxonomy":"product_tag","embeddable":true,"href":"https:\/\/www.domkraftpro.com\/index.php\/wp-json\/wp\/v2\/product_tag?post=17133"}],"curies":[{"name":"wp","href":"https:\/\/api.w.org\/{rel}","templated":true}]}}