{"id":17107,"date":"2026-04-27T04:41:05","date_gmt":"2026-04-27T04:41:05","guid":{"rendered":""},"modified":"2026-04-27T04:41:05","modified_gmt":"2026-04-27T04:41:05","slug":"horka-nabidka-antique-sprchove-dvere-otocne-800mm-prave-cire-sklo-bronz-svetly-odstin-17107","status":"publish","type":"product","link":"https:\/\/www.domkraftpro.com\/index.php\/produkt\/horka-nabidka-antique-sprchove-dvere-otocne-800mm-prave-cire-sklo-bronz-svetly-odstin-17107\/","title":{"rendered":"Hork\u00e1 Nab\u00eddka ANTIQUE sprchov\u00e9 dve\u0159e oto\u010dn\u00e9, 800mm, prav\u00e9, \u010cIR\u00c9 sklo, bronz, sv\u011btl\u00fd odst\u00edn"},"content":{"rendered":"<div class=\"basic-description\">\n<h3>Detailn\u00ed popis produktu<\/h3>\n<p style=\"text-align: justify;\">\u0158ada ANTIQUE je uk\u00e1zkou toho, \u017ee klasick\u00e9 \u0159e\u0161en\u00ed&nbsp;koupelnov\u00e9ho interi\u00e9ru m\u016f\u017ee b\u00fdt st\u00e1le aktu\u00e1ln\u00ed a stylov\u00e9. Klasick\u00e9 tvary, jemnost zpracov\u00e1n\u00ed detail\u016f, pou\u017eit\u00ed noblesn\u00edch dopl\u0148k\u016f, ale i&nbsp;nejmodern\u011bj\u0161\u00edch materi\u00e1l\u016f &#8211; to v\u0161e poskytuje maxim\u00e1ln\u00ed komfort v&nbsp;koupeln\u011b. Bo\u010dn\u00ed st\u011bnu je mo\u017en\u00e9 kombinovat s oto\u010dn\u00fdmi nebo posuvn\u00fdmi dve\u0159mi. Z\u00edsk\u00e1te tak \u010dtvercov\u00e9 nebo obd\u00e9ln\u00edkov\u00e9 z\u00e1st\u011bny v bronzov\u00e9m proveden\u00ed. V&nbsp;kombinaci se sanit\u00e1rn\u00ed keramikou&nbsp;\u0159ady RETRO a CLASSIC, dopl\u0148ky \u0159ady DIAMOND, bateriemi SASSARI, VIENNA nebo ANTEA v\u00fdborn\u011b dokresluje autentickou dobovou atmosf\u00e9ru.<\/p>\n<p><strong>Celkov\u00e1 charakteristika sprchov\u00fdch z\u00e1st\u011bn s\u00e9rie ANTIQUE:<\/strong><\/p>\n<ul>\n<li>Bronzov\u00e9 profily a zdobn\u00e9 prvky dokonale navod\u00ed dobovou atmosf\u00e9ru<\/li>\n<li>Bezpe\u010dnostn\u00ed \u010dir\u00e9 sklo o s\u00edle 8 mm<\/li>\n<li>V\u00fd\u0161ka 1900 mm, s ozdobou na profilu 1950 mm<\/li>\n<li>V\u00fd\u0161ka skla v oblouku u oto\u010dn\u00fdch dve\u0159\u00ed 2115 mm<\/li>\n<li>Rozst\u0159iku vody zabra\u0148uje prahov\u00e1 li\u0161ta a magnetick\u00e9 t\u011bsn\u011bn\u00ed<\/li>\n<li>Posuvn\u00e9 i oto\u010dn\u00e9 dve\u0159e umo\u017e\u0148uj\u00ed instalaci do niky nebo kombinaci s bo\u010dn\u00ed st\u011bnou<\/li>\n<li>Posuvn\u00e9 dve\u0159e maj\u00ed zdvojen\u00e9 lo\u017eiskov\u00e9 pojezdy<\/li>\n<li>Posuvn\u00e9 dve\u0159e jsou na spodn\u00ed stran\u011b opat\u0159eny v\u00fdklopn\u00fdm syst\u00e9mem pro snadn\u00e9 \u010di\u0161t\u011bn\u00ed<\/li>\n<li>V\u0161echna skla jsou opat\u0159ena chemickou vrstvou COATED GLASS, kter\u00e1 zabra\u0148uje usazov\u00e1n\u00ed vodn\u00edho kamene<\/li>\n<li>Prodlou\u017een\u00e1 z\u00e1ruka 3 roky&nbsp;<\/li>\n<\/ul>\n<div class=\"product-explanation-item\">\n<h3><span><strong>Coated glass<\/strong><\/span><\/h3>\n<p style=\"text-align: justify;\">Coated glass p\u0159edstavuje jednu z nejkvalitn\u011bj\u0161\u00edch \u00faprav skla sprchov\u00fdch kout\u016f. Jedn\u00e1 se o chemickou slou\u010deninu sm\u011bsi polymer\u016f, kter\u00e1 ve spojen\u00ed s katalyz\u00e1tory reaguje s k\u0159emi\u010ditanov\u00fdmi skupinami obsa\u017een\u00fdmi ve skle. Na sklen\u011bn\u00fdch ploch\u00e1ch tak vytv\u00e1\u0159\u00ed souvislou vrstvu filmu, kter\u00e1 vypln\u00ed mikrop\u00f3ry ve skle a odpuzuje vodu. Vlivem vod\u011bodpudiv\u00e9ho filmu se kapky vody shlukuj\u00ed a st\u00e9kaj\u00ed z povrchu skla. I kdy\u017e dojde k nepatrn\u00e9mu udr\u017een\u00ed men\u0161\u00edch kapek na skle, nedojde k chemick\u00e9 vazb\u011b, sklo nebude naru\u0161eno a neze\u0161edne.<\/p>\n<\/div>\n<div class=\"product-explanation-item\">\n<h3>R\u00e1mov\u00e9 sprchov\u00e9 z\u00e1st\u011bny<\/h3>\n<p style=\"text-align: justify;\">V\u00fdhodou r\u00e1mov\u00e9ho proveden\u00ed z\u00e1st\u011bny je lep\u0161\u00ed ochrana proti st\u0159\u00edkaj\u00edc\u00ed vod\u011b. I v p\u0159\u00edpad\u011b intenzivn\u00edho sprchov\u00e1n\u00ed zabr\u00e1n\u00ed r\u00e1m ve spodn\u00ed vodorovn\u00e9 \u010d\u00e1sti dve\u0159\u00ed p\u0159ete\u010den\u00ed vody mimo sprchov\u00fd kout. Ur\u010ditou nev\u00fdhodou je, \u017ee tyto z\u00e1st\u011bny nejsou bezbari\u00e9rov\u00e9 a r\u00e1m p\u016fsob\u00ed robustn\u011b.<\/p>\n<\/p>\n<\/div><\/div>\n<div class=\"extended-description\">\n<h3>Dopl\u0148kov\u00e9 parametry<\/h3>\n<table class=\"detail-parameters\">\n<tbody>\n<tr>\n<th>        <span class=\"row-header-label\">            Kategorie<span class=\"row-header-label-colon\">:<\/span>        <\/span>    <\/th>\n<td>            <\/td>\n<\/tr>\n<tr>\n<th>            <span class=\"row-header-label\">                Z\u00e1ruka<span class=\"row-header-label-colon\">:<\/span>            <\/span>        <\/th>\n<td>            36        <\/td>\n<\/tr>\n<tr>\n<th>            <span class=\"row-header-label\">                Hmotnost<span class=\"row-header-label-colon\">:<\/span>            <\/span>        <\/th>\n<td>            35 kg        <\/td>\n<\/tr>\n<tr class=\"productEan\">\n<th>          <span class=\"row-header-label productEan__label\">              EAN<span class=\"row-header-label-colon\">:<\/span>          <\/span>      <\/th>\n<td>          <span class=\"productEan__value\">8590913951183<\/span>      <\/td>\n<\/tr>\n<tr>\n<th>                <span class=\"row-header-label\">                                            Balen\u00ed<span class=\"row-header-label-colon\">:<\/span>                                    <\/span>            <\/th>\n<td>                                                            1 ks                                                <\/td>\n<\/tr>\n<tr>\n<th>                <span class=\"row-header-label\">                                            Barva profilu<span class=\"row-header-label-colon\">:<\/span>                                    <\/span>            <\/th>\n<td>                                                            Bronz                                                <\/td>\n<\/tr>\n<tr>\n<th>                <span class=\"row-header-label\">                                            Dostupnost<span class=\"row-header-label-colon\">:<\/span>                                    <\/span>            <\/th>\n<td>                                                            Skladem                                                <\/td>\n<\/tr>\n<tr>\n<th>                <span class=\"row-header-label\">                                            Instala\u010dn\u00ed \u0161\u00ed\u0159ka do<span class=\"row-header-label-colon\">:<\/span>                                    <\/span>            <\/th>\n<td>                                                            800 mm                                                <\/td>\n<\/tr>\n<tr>\n<th>                <span class=\"row-header-label\">                                            Instala\u010dn\u00ed \u0161\u00ed\u0159ka od<span class=\"row-header-label-colon\">:<\/span>                                    <\/span>            <\/th>\n<td>                                                            775 mm                                                <\/td>\n<\/tr>\n<tr>\n<th>                <span class=\"row-header-label\">                                            Sm\u011br otev\u00edr\u00e1n\u00ed<span class=\"row-header-label-colon\">:<\/span>                                    <\/span>            <\/th>\n<td>                                                            Prav\u00e9                                                <\/td>\n<\/tr>\n<tr>\n<th>                <span class=\"row-header-label\">                                            \u0160\u00ed\u0159ka<span class=\"row-header-label-colon\">:<\/span>                                    <\/span>            <\/th>\n<td>                                                            800 mm                                                <\/td>\n<\/tr>\n<tr>\n<th>                <span class=\"row-header-label\">                                            \u0160\u00ed\u0159ka vstupu<span class=\"row-header-label-colon\">:<\/span>                                    <\/span>            <\/th>\n<td>                                                            635 mm                                                <\/td>\n<\/tr>\n<tr>\n<th>                <span class=\"row-header-label\">                                            Tlou\u0161\u0165ka skla<span class=\"row-header-label-colon\">:<\/span>                                    <\/span>            <\/th>\n<td>                                                            8 mm                                                <\/td>\n<\/tr>\n<tr>\n<th>                <span class=\"row-header-label\">                                            Tvar<span class=\"row-header-label-colon\">:<\/span>                                    <\/span>            <\/th>\n<td>                                                            Dve\u0159e do niky                                                <\/td>\n<\/tr>\n<tr>\n<th>                <span class=\"row-header-label\">                                            Typ otev\u00edr\u00e1n\u00ed<span class=\"row-header-label-colon\">:<\/span>                                    <\/span>            <\/th>\n<td>                                                            Otev\u00edrac\u00ed jednok\u0159\u00eddl\u00e9                                                <\/td>\n<\/tr>\n<tr>\n<th>                <span class=\"row-header-label\">                                            Typ v\u00fdpln\u011b<span class=\"row-header-label-colon\">:<\/span>                                    <\/span>            <\/th>\n<td>                                                            \u010cIR\u00c9 sklo                                                <\/td>\n<\/tr>\n<tr>\n<th>                <span class=\"row-header-label\">                                            \u00daprava skla<span class=\"row-header-label-colon\">:<\/span>                                    <\/span>            <\/th>\n<td>                                                            Coated glass                                                <\/td>\n<\/tr>\n<tr>\n<th>                <span class=\"row-header-label\">                                            Vlastnosti<span class=\"row-header-label-colon\">:<\/span>                                    <\/span>            <\/th>\n<td>                                                            R\u00e1mov\u00e9 proveden\u00ed                                                <\/td>\n<\/tr>\n<tr>\n<th>                <span class=\"row-header-label\">                                            V\u00fd\u0161ka<span class=\"row-header-label-colon\">:<\/span>                                    <\/span>            <\/th>\n<td>                                                            1900 mm                                                <\/td>\n<\/tr>\n<tr>\n<th>                <span class=\"row-header-label\">                                            Z\u00e1ruka<span class=\"row-header-label-colon\">:<\/span>                                    <\/span>            <\/th>\n<td>                                                            3 roky                                                <\/td>\n<\/tr>\n<\/tbody>\n<\/table><\/div>\n<\/p><\/div>\n<\/p><\/div>\n","protected":false},"excerpt":{"rendered":"<p>Detailn\u00ed popis produktu \u0158ada ANTIQUE je uk\u00e1zkou toho, \u017ee klasick\u00e9 \u0159e\u0161en\u00ed&nbsp;koupelnov\u00e9ho interi\u00e9ru m\u016f\u017ee b\u00fdt st\u00e1le aktu\u00e1ln\u00ed a stylov\u00e9. Klasick\u00e9 tvary, jemnost zpracov\u00e1n\u00ed detail\u016f, pou\u017eit\u00ed noblesn\u00edch dopl\u0148k\u016f, ale i&nbsp;nejmodern\u011bj\u0161\u00edch materi\u00e1l\u016f &#8211; to v\u0161e poskytuje maxim\u00e1ln\u00ed komfort v&nbsp;koupeln\u011b. Bo\u010dn\u00ed st\u011bnu je mo\u017en\u00e9 kombinovat s oto\u010dn\u00fdmi nebo posuvn\u00fdmi dve\u0159mi. Z\u00edsk\u00e1te tak \u010dtvercov\u00e9 nebo obd\u00e9ln\u00edkov\u00e9 z\u00e1st\u011bny v bronzov\u00e9m proveden\u00ed. [&hellip;]<\/p>\n","protected":false},"featured_media":17207,"comment_status":"open","ping_status":"open","template":"","meta":[],"product_brand":[],"product_cat":[67],"product_tag":[],"class_list":{"0":"post-17107","1":"product","2":"type-product","3":"status-publish","4":"has-post-thumbnail","6":"product_cat-sprchove-kouty","8":"first","9":"instock","10":"sale","11":"shipping-taxable","12":"purchasable","13":"product-type-simple"},"yoast_head":"<!-- This site is optimized with the Yoast SEO plugin v26.8 - https:\/\/yoast.com\/product\/yoast-seo-wordpress\/ -->\n<title>Hork\u00e1 Nab\u00eddka ANTIQUE sprchov\u00e9 dve\u0159e oto\u010dn\u00e9, 800mm, prav\u00e9, \u010cIR\u00c9 sklo, bronz, sv\u011btl\u00fd odst\u00edn -<\/title>\n<meta name=\"robots\" content=\"index, follow, max-snippet:-1, max-image-preview:large, max-video-preview:-1\" \/>\n<link rel=\"canonical\" href=\"https:\/\/www.domkraftpro.com\/index.php\/produkt\/horka-nabidka-antique-sprchove-dvere-otocne-800mm-prave-cire-sklo-bronz-svetly-odstin-17107\/\" \/>\n<meta property=\"og:locale\" content=\"cs_CZ\" \/>\n<meta property=\"og:type\" content=\"article\" \/>\n<meta property=\"og:title\" content=\"Hork\u00e1 Nab\u00eddka ANTIQUE sprchov\u00e9 dve\u0159e oto\u010dn\u00e9, 800mm, prav\u00e9, \u010cIR\u00c9 sklo, bronz, sv\u011btl\u00fd odst\u00edn -\" \/>\n<meta property=\"og:description\" content=\"Detailn\u00ed popis produktu \u0158ada ANTIQUE je uk\u00e1zkou toho, \u017ee klasick\u00e9 \u0159e\u0161en\u00ed&nbsp;koupelnov\u00e9ho interi\u00e9ru m\u016f\u017ee b\u00fdt st\u00e1le aktu\u00e1ln\u00ed a stylov\u00e9. Klasick\u00e9 tvary, jemnost zpracov\u00e1n\u00ed detail\u016f, pou\u017eit\u00ed noblesn\u00edch dopl\u0148k\u016f, ale i&nbsp;nejmodern\u011bj\u0161\u00edch materi\u00e1l\u016f &#8211; to v\u0161e poskytuje maxim\u00e1ln\u00ed komfort v&nbsp;koupeln\u011b. Bo\u010dn\u00ed st\u011bnu je mo\u017en\u00e9 kombinovat s oto\u010dn\u00fdmi nebo posuvn\u00fdmi dve\u0159mi. Z\u00edsk\u00e1te tak \u010dtvercov\u00e9 nebo obd\u00e9ln\u00edkov\u00e9 z\u00e1st\u011bny v bronzov\u00e9m proveden\u00ed. [&hellip;]\" \/>\n<meta property=\"og:url\" content=\"https:\/\/www.domkraftpro.com\/index.php\/produkt\/horka-nabidka-antique-sprchove-dvere-otocne-800mm-prave-cire-sklo-bronz-svetly-odstin-17107\/\" \/>\n<meta property=\"og:image\" content=\"https:\/\/www.domkraftpro.com\/wp-content\/uploads\/2026\/SK0007082-CZ20260425-092556-0-1777080363-628386_gq1380rcl-194540543672477.webp\" \/>\n\t<meta property=\"og:image:width\" content=\"1000\" \/>\n\t<meta property=\"og:image:height\" content=\"750\" \/>\n\t<meta property=\"og:image:type\" content=\"image\/webp\" \/>\n<meta name=\"twitter:card\" content=\"summary_large_image\" \/>\n<meta name=\"twitter:label1\" content=\"Odhadovan\u00e1 doba \u010dten\u00ed\" \/>\n\t<meta name=\"twitter:data1\" content=\"2 minuty\" \/>\n<script type=\"application\/ld+json\" class=\"yoast-schema-graph\">{\"@context\":\"https:\/\/schema.org\",\"@graph\":[{\"@type\":\"WebPage\",\"@id\":\"https:\/\/www.domkraftpro.com\/index.php\/produkt\/horka-nabidka-antique-sprchove-dvere-otocne-800mm-prave-cire-sklo-bronz-svetly-odstin-17107\/\",\"url\":\"https:\/\/www.domkraftpro.com\/index.php\/produkt\/horka-nabidka-antique-sprchove-dvere-otocne-800mm-prave-cire-sklo-bronz-svetly-odstin-17107\/\",\"name\":\"Hork\u00e1 Nab\u00eddka ANTIQUE sprchov\u00e9 dve\u0159e oto\u010dn\u00e9, 800mm, prav\u00e9, \u010cIR\u00c9 sklo, bronz, sv\u011btl\u00fd odst\u00edn -\",\"isPartOf\":{\"@id\":\"https:\/\/www.domkraftpro.com\/#website\"},\"primaryImageOfPage\":{\"@id\":\"https:\/\/www.domkraftpro.com\/index.php\/produkt\/horka-nabidka-antique-sprchove-dvere-otocne-800mm-prave-cire-sklo-bronz-svetly-odstin-17107\/#primaryimage\"},\"image\":{\"@id\":\"https:\/\/www.domkraftpro.com\/index.php\/produkt\/horka-nabidka-antique-sprchove-dvere-otocne-800mm-prave-cire-sklo-bronz-svetly-odstin-17107\/#primaryimage\"},\"thumbnailUrl\":\"https:\/\/www.domkraftpro.com\/wp-content\/uploads\/2026\/SK0007082-CZ20260425-092556-0-1777080363-628386_gq1380rcl-194540543672477.webp\",\"datePublished\":\"2026-04-27T04:41:05+00:00\",\"breadcrumb\":{\"@id\":\"https:\/\/www.domkraftpro.com\/index.php\/produkt\/horka-nabidka-antique-sprchove-dvere-otocne-800mm-prave-cire-sklo-bronz-svetly-odstin-17107\/#breadcrumb\"},\"inLanguage\":\"cs\",\"potentialAction\":[{\"@type\":\"ReadAction\",\"target\":[\"https:\/\/www.domkraftpro.com\/index.php\/produkt\/horka-nabidka-antique-sprchove-dvere-otocne-800mm-prave-cire-sklo-bronz-svetly-odstin-17107\/\"]}]},{\"@type\":\"ImageObject\",\"inLanguage\":\"cs\",\"@id\":\"https:\/\/www.domkraftpro.com\/index.php\/produkt\/horka-nabidka-antique-sprchove-dvere-otocne-800mm-prave-cire-sklo-bronz-svetly-odstin-17107\/#primaryimage\",\"url\":\"https:\/\/www.domkraftpro.com\/wp-content\/uploads\/2026\/SK0007082-CZ20260425-092556-0-1777080363-628386_gq1380rcl-194540543672477.webp\",\"contentUrl\":\"https:\/\/www.domkraftpro.com\/wp-content\/uploads\/2026\/SK0007082-CZ20260425-092556-0-1777080363-628386_gq1380rcl-194540543672477.webp\",\"width\":1000,\"height\":750},{\"@type\":\"BreadcrumbList\",\"@id\":\"https:\/\/www.domkraftpro.com\/index.php\/produkt\/horka-nabidka-antique-sprchove-dvere-otocne-800mm-prave-cire-sklo-bronz-svetly-odstin-17107\/#breadcrumb\",\"itemListElement\":[{\"@type\":\"ListItem\",\"position\":1,\"name\":\"Home\",\"item\":\"https:\/\/www.domkraftpro.com\/\"},{\"@type\":\"ListItem\",\"position\":2,\"name\":\"Products\",\"item\":\"https:\/\/www.domkraftpro.com\/index.php\/products\/\"},{\"@type\":\"ListItem\",\"position\":3,\"name\":\"Hork\u00e1 Nab\u00eddka ANTIQUE sprchov\u00e9 dve\u0159e oto\u010dn\u00e9, 800mm, prav\u00e9, \u010cIR\u00c9 sklo, bronz, sv\u011btl\u00fd odst\u00edn\"}]},{\"@type\":\"WebSite\",\"@id\":\"https:\/\/www.domkraftpro.com\/#website\",\"url\":\"https:\/\/www.domkraftpro.com\/\",\"name\":\"\",\"description\":\"\",\"potentialAction\":[{\"@type\":\"SearchAction\",\"target\":{\"@type\":\"EntryPoint\",\"urlTemplate\":\"https:\/\/www.domkraftpro.com\/?s={search_term_string}\"},\"query-input\":{\"@type\":\"PropertyValueSpecification\",\"valueRequired\":true,\"valueName\":\"search_term_string\"}}],\"inLanguage\":\"cs\"}]}<\/script>\n<!-- \/ Yoast SEO plugin. -->","yoast_head_json":{"title":"Hork\u00e1 Nab\u00eddka ANTIQUE sprchov\u00e9 dve\u0159e oto\u010dn\u00e9, 800mm, prav\u00e9, \u010cIR\u00c9 sklo, bronz, sv\u011btl\u00fd odst\u00edn -","robots":{"index":"index","follow":"follow","max-snippet":"max-snippet:-1","max-image-preview":"max-image-preview:large","max-video-preview":"max-video-preview:-1"},"canonical":"https:\/\/www.domkraftpro.com\/index.php\/produkt\/horka-nabidka-antique-sprchove-dvere-otocne-800mm-prave-cire-sklo-bronz-svetly-odstin-17107\/","og_locale":"cs_CZ","og_type":"article","og_title":"Hork\u00e1 Nab\u00eddka ANTIQUE sprchov\u00e9 dve\u0159e oto\u010dn\u00e9, 800mm, prav\u00e9, \u010cIR\u00c9 sklo, bronz, sv\u011btl\u00fd odst\u00edn -","og_description":"Detailn\u00ed popis produktu \u0158ada ANTIQUE je uk\u00e1zkou toho, \u017ee klasick\u00e9 \u0159e\u0161en\u00ed&nbsp;koupelnov\u00e9ho interi\u00e9ru m\u016f\u017ee b\u00fdt st\u00e1le aktu\u00e1ln\u00ed a stylov\u00e9. Klasick\u00e9 tvary, jemnost zpracov\u00e1n\u00ed detail\u016f, pou\u017eit\u00ed noblesn\u00edch dopl\u0148k\u016f, ale i&nbsp;nejmodern\u011bj\u0161\u00edch materi\u00e1l\u016f &#8211; to v\u0161e poskytuje maxim\u00e1ln\u00ed komfort v&nbsp;koupeln\u011b. Bo\u010dn\u00ed st\u011bnu je mo\u017en\u00e9 kombinovat s oto\u010dn\u00fdmi nebo posuvn\u00fdmi dve\u0159mi. Z\u00edsk\u00e1te tak \u010dtvercov\u00e9 nebo obd\u00e9ln\u00edkov\u00e9 z\u00e1st\u011bny v bronzov\u00e9m proveden\u00ed. [&hellip;]","og_url":"https:\/\/www.domkraftpro.com\/index.php\/produkt\/horka-nabidka-antique-sprchove-dvere-otocne-800mm-prave-cire-sklo-bronz-svetly-odstin-17107\/","og_image":[{"width":1000,"height":750,"url":"https:\/\/www.domkraftpro.com\/wp-content\/uploads\/2026\/SK0007082-CZ20260425-092556-0-1777080363-628386_gq1380rcl-194540543672477.webp","type":"image\/webp"}],"twitter_card":"summary_large_image","twitter_misc":{"Odhadovan\u00e1 doba \u010dten\u00ed":"2 minuty"},"schema":{"@context":"https:\/\/schema.org","@graph":[{"@type":"WebPage","@id":"https:\/\/www.domkraftpro.com\/index.php\/produkt\/horka-nabidka-antique-sprchove-dvere-otocne-800mm-prave-cire-sklo-bronz-svetly-odstin-17107\/","url":"https:\/\/www.domkraftpro.com\/index.php\/produkt\/horka-nabidka-antique-sprchove-dvere-otocne-800mm-prave-cire-sklo-bronz-svetly-odstin-17107\/","name":"Hork\u00e1 Nab\u00eddka ANTIQUE sprchov\u00e9 dve\u0159e oto\u010dn\u00e9, 800mm, prav\u00e9, \u010cIR\u00c9 sklo, bronz, sv\u011btl\u00fd odst\u00edn -","isPartOf":{"@id":"https:\/\/www.domkraftpro.com\/#website"},"primaryImageOfPage":{"@id":"https:\/\/www.domkraftpro.com\/index.php\/produkt\/horka-nabidka-antique-sprchove-dvere-otocne-800mm-prave-cire-sklo-bronz-svetly-odstin-17107\/#primaryimage"},"image":{"@id":"https:\/\/www.domkraftpro.com\/index.php\/produkt\/horka-nabidka-antique-sprchove-dvere-otocne-800mm-prave-cire-sklo-bronz-svetly-odstin-17107\/#primaryimage"},"thumbnailUrl":"https:\/\/www.domkraftpro.com\/wp-content\/uploads\/2026\/SK0007082-CZ20260425-092556-0-1777080363-628386_gq1380rcl-194540543672477.webp","datePublished":"2026-04-27T04:41:05+00:00","breadcrumb":{"@id":"https:\/\/www.domkraftpro.com\/index.php\/produkt\/horka-nabidka-antique-sprchove-dvere-otocne-800mm-prave-cire-sklo-bronz-svetly-odstin-17107\/#breadcrumb"},"inLanguage":"cs","potentialAction":[{"@type":"ReadAction","target":["https:\/\/www.domkraftpro.com\/index.php\/produkt\/horka-nabidka-antique-sprchove-dvere-otocne-800mm-prave-cire-sklo-bronz-svetly-odstin-17107\/"]}]},{"@type":"ImageObject","inLanguage":"cs","@id":"https:\/\/www.domkraftpro.com\/index.php\/produkt\/horka-nabidka-antique-sprchove-dvere-otocne-800mm-prave-cire-sklo-bronz-svetly-odstin-17107\/#primaryimage","url":"https:\/\/www.domkraftpro.com\/wp-content\/uploads\/2026\/SK0007082-CZ20260425-092556-0-1777080363-628386_gq1380rcl-194540543672477.webp","contentUrl":"https:\/\/www.domkraftpro.com\/wp-content\/uploads\/2026\/SK0007082-CZ20260425-092556-0-1777080363-628386_gq1380rcl-194540543672477.webp","width":1000,"height":750},{"@type":"BreadcrumbList","@id":"https:\/\/www.domkraftpro.com\/index.php\/produkt\/horka-nabidka-antique-sprchove-dvere-otocne-800mm-prave-cire-sklo-bronz-svetly-odstin-17107\/#breadcrumb","itemListElement":[{"@type":"ListItem","position":1,"name":"Home","item":"https:\/\/www.domkraftpro.com\/"},{"@type":"ListItem","position":2,"name":"Products","item":"https:\/\/www.domkraftpro.com\/index.php\/products\/"},{"@type":"ListItem","position":3,"name":"Hork\u00e1 Nab\u00eddka ANTIQUE sprchov\u00e9 dve\u0159e oto\u010dn\u00e9, 800mm, prav\u00e9, \u010cIR\u00c9 sklo, bronz, sv\u011btl\u00fd odst\u00edn"}]},{"@type":"WebSite","@id":"https:\/\/www.domkraftpro.com\/#website","url":"https:\/\/www.domkraftpro.com\/","name":"","description":"","potentialAction":[{"@type":"SearchAction","target":{"@type":"EntryPoint","urlTemplate":"https:\/\/www.domkraftpro.com\/?s={search_term_string}"},"query-input":{"@type":"PropertyValueSpecification","valueRequired":true,"valueName":"search_term_string"}}],"inLanguage":"cs"}]}},"_links":{"self":[{"href":"https:\/\/www.domkraftpro.com\/index.php\/wp-json\/wp\/v2\/product\/17107","targetHints":{"allow":["GET"]}}],"collection":[{"href":"https:\/\/www.domkraftpro.com\/index.php\/wp-json\/wp\/v2\/product"}],"about":[{"href":"https:\/\/www.domkraftpro.com\/index.php\/wp-json\/wp\/v2\/types\/product"}],"replies":[{"embeddable":true,"href":"https:\/\/www.domkraftpro.com\/index.php\/wp-json\/wp\/v2\/comments?post=17107"}],"wp:featuredmedia":[{"embeddable":true,"href":"https:\/\/www.domkraftpro.com\/index.php\/wp-json\/wp\/v2\/media\/17207"}],"wp:attachment":[{"href":"https:\/\/www.domkraftpro.com\/index.php\/wp-json\/wp\/v2\/media?parent=17107"}],"wp:term":[{"taxonomy":"product_brand","embeddable":true,"href":"https:\/\/www.domkraftpro.com\/index.php\/wp-json\/wp\/v2\/product_brand?post=17107"},{"taxonomy":"product_cat","embeddable":true,"href":"https:\/\/www.domkraftpro.com\/index.php\/wp-json\/wp\/v2\/product_cat?post=17107"},{"taxonomy":"product_tag","embeddable":true,"href":"https:\/\/www.domkraftpro.com\/index.php\/wp-json\/wp\/v2\/product_tag?post=17107"}],"curies":[{"name":"wp","href":"https:\/\/api.w.org\/{rel}","templated":true}]}}