{"id":16987,"date":"2026-04-27T04:41:05","date_gmt":"2026-04-27T04:41:05","guid":{"rendered":""},"modified":"2026-04-27T04:41:05","modified_gmt":"2026-04-27T04:41:05","slug":"cenova-bomba-reflexni-kriz-zluty-ardon-r-ref701-element-shop-cz-16987","status":"publish","type":"product","link":"https:\/\/www.domkraftpro.com\/index.php\/produkt\/cenova-bomba-reflexni-kriz-zluty-ardon-r-ref701-element-shop-cz-16987\/","title":{"rendered":"Cenov\u00e1 Bomba Reflexn\u00ed k\u0159\u00ed\u017e, \u017elut\u00fd, ARDON\u00ae REF701 | element-shop.cz"},"content":{"rendered":"<div class=\"basic-description\">\n<h3>Detailn\u00ed popis produktu<\/h3>\n<p>                                    Reflexn\u00ed bezpe\u010dnostn\u00ed k\u0159\u00ed\u017e s nastaviteln\u00fdmi popruhy \u2013 ide\u00e1ln\u00ed pro b\u011bh, cyklistiku i pr\u00e1ciZvy\u0161te svou viditelnost a bezpe\u010dnost ve tm\u011b i za \u0161era s reflexn\u00edm bezpe\u010dnostn\u00edm k\u0159\u00ed\u017eem. D\u00edky \u0161irok\u00fdm reflexn\u00edm p\u00e1s\u016fm s vysokou odrazivost\u00ed v\u00e1s \u0159idi\u010di a ostatn\u00ed \u00fa\u010dastn\u00edci provozu uvid\u00ed v\u010das ze v\u0161ech sm\u011br\u016f. Lehk\u00fd, skladn\u00fd a snadno nastaviteln\u00fd postroj se p\u0159izp\u016fsob\u00ed ka\u017ed\u00e9 postav\u011b \u2013 hod\u00ed se pro mu\u017ee, \u017eeny i v\u011bt\u0161\u00ed d\u011bti.Reflexn\u00ed k\u0159\u00ed\u017e je ide\u00e1ln\u00ed volbou pro sportovce, chodce, cyklisty, pracovn\u00edky na silnic\u00edch nebo p\u0159i ven\u010den\u00ed psa za sn\u00ed\u017een\u00e9 viditelnosti.Kl\u00ed\u010dov\u00e9 vlastnosti:&#8226; Vysok\u00e1 viditelnost \u2013 reflexn\u00ed p\u00e1sky po cel\u00e9m obvodu (ramena + pas)&#8226; Pln\u011b nastaviteln\u00e9 popruhy \u2013 snadno uprav\u00edte <span class=\"show-tooltip\" title=\"D\u00e9lka&amp;nbsp;je jedna ze z\u00e1kladn\u00edch&amp;nbsp;fyzik\u00e1ln\u00edch veli\u010din. Pomoc\u00ed d\u00e9lky se vyjad\u0159uje vz\u00e1jemn\u00e1 poloha a rozprostran\u011bnost objekt\u016f v prostoru. D\u00e9lka jako fyzik\u00e1ln\u00ed veli\u010dina vych\u00e1z\u00ed z geometrick\u00e9ho pojmu&amp;nbsp;d\u00e9lky&amp;nbsp;jako&amp;nbsp;m\u00edry&amp;nbsp;ohrani\u010den\u00e9&amp;hellip;\">d\u00e9lku<\/span> podle postavy&#8226; Univerz\u00e1ln\u00ed velikost \u2013 vhodn\u00e1 pro v\u011bt\u0161inu dosp\u011bl\u00fdch a v\u011bt\u0161\u00ed d\u011bti&#8226; Rychl\u00e9 zap\u00edn\u00e1n\u00ed \u2013 <span class=\"show-tooltip\" title=\"Pevnost je materi\u00e1lov\u00e1 vlastnost charakterizuj\u00edc\u00ed schopnost materi\u00e1lu odol\u00e1vat vn\u011bj\u0161\u00edm sil\u00e1m, kter\u00e9 by mohly zp\u016fsobit jeho deformaci, roztr\u017een\u00ed nebo jin\u00e9 formy selh\u00e1n\u00ed.Pevnost je z\u00e1kladn\u00edm parametrem pro posouzen\u00ed odolnosti materi\u00e1l\u016f v konstrukci a&amp;hellip;\">pevn\u00e1<\/span> <span class=\"show-tooltip\" title=\"Plastyn\u011bkdy tak\u00e9 naz\u00fdvan\u00e9 plastick\u00e9 \u010di um\u011bl\u00e9 hmoty, p\u0159edstavuj\u00ed \u0161irokou \u0161k\u00e1lu syntetick\u00fdch nebo \u010d\u00e1ste\u010dn\u011b syntetick\u00fdch organick\u00fdch slou\u010denin a polymern\u00edch materi\u00e1l\u016f. \u010casto obsahuj\u00ed p\u0159\u00edsady zlep\u0161uj\u00edc\u00ed jejich funk\u010dn\u00ed vlastnosti, nap\u0159\u00edklad&amp;hellip;\">plastov\u00e1<\/span> p\u0159ezka zaji\u0161\u0165uje pohodln\u00e9 no\u0161en\u00ed&#8226; Lehk\u00fd a skladn\u00fd <span class=\"show-tooltip\" title=\"Design je proces tvorby a uspo\u0159\u00e1d\u00e1n\u00ed prvk\u016f tak, aby vytvo\u0159ily n\u011bco s ur\u010dit\u00fdm \u00fa\u010delem nebo estetick\u00fdm dojmem. Term\u00edn &quot;design&quot; se pou\u017e\u00edv\u00e1 v r\u016fzn\u00fdch kontextech a odv\u011btv\u00edch, a m\u016f\u017ee se t\u00fdkat n\u00e1vrhu v\u00fdrobk\u016f, grafick\u00e9ho designu, interi\u00e9rov\u00e9ho designu,&amp;hellip;\">design<\/span> \u2013 vejde se do kapsy, batohu nebo ta\u0161kyVyu\u017eit\u00ed:&#8226; No\u010dn\u00ed b\u011bh, j\u00edzda na kole, ven\u010den\u00ed psa, turistika, nordic walking&#8226; Bezpe\u010dnostn\u00ed <span class=\"show-tooltip\" title=\"N\u00e1stroj&amp;nbsp;je pracovn\u00ed prost\u0159edek, pom\u016fcka k zpracov\u00e1n\u00ed n\u011b\u010deho (pracovn\u00ed n\u00e1stroj, \u0159emeslnick\u00fd n\u00e1stroj, chirurgick\u00fd n\u00e1stroj aj.), p\u0159\u00edp. v\u00fdrobn\u00ed pom\u016fcka slou\u017e\u00edc\u00ed p\u0159i ru\u010dn\u00edm nebo strojn\u00edm obr\u00e1b\u011bn\u00ed ke zm\u011bn\u011b velikosti nebo tvaru opracov\u00e1van\u00e9ho&amp;hellip;\">vybaven\u00ed<\/span> p\u0159i pr\u00e1ci na silnici nebo v rizikov\u00e9m provozu                            <\/div>\n","protected":false},"excerpt":{"rendered":"<p>Detailn\u00ed popis produktu Reflexn\u00ed bezpe\u010dnostn\u00ed k\u0159\u00ed\u017e s nastaviteln\u00fdmi popruhy \u2013 ide\u00e1ln\u00ed pro b\u011bh, cyklistiku i pr\u00e1ciZvy\u0161te svou viditelnost a bezpe\u010dnost ve tm\u011b i za \u0161era s reflexn\u00edm bezpe\u010dnostn\u00edm k\u0159\u00ed\u017eem. D\u00edky \u0161irok\u00fdm reflexn\u00edm p\u00e1s\u016fm s vysokou odrazivost\u00ed v\u00e1s \u0159idi\u010di a ostatn\u00ed \u00fa\u010dastn\u00edci provozu uvid\u00ed v\u010das ze v\u0161ech sm\u011br\u016f. Lehk\u00fd, skladn\u00fd a snadno nastaviteln\u00fd postroj se p\u0159izp\u016fsob\u00ed [&hellip;]<\/p>\n","protected":false},"featured_media":17087,"comment_status":"open","ping_status":"open","template":"","meta":[],"product_brand":[],"product_cat":[59],"product_tag":[],"class_list":{"0":"post-16987","1":"product","2":"type-product","3":"status-publish","4":"has-post-thumbnail","6":"product_cat-ochranne-pomucky","8":"first","9":"instock","10":"sale","11":"shipping-taxable","12":"purchasable","13":"product-type-simple"},"yoast_head":"<!-- This site is optimized with the Yoast SEO plugin v26.8 - https:\/\/yoast.com\/product\/yoast-seo-wordpress\/ -->\n<title>Cenov\u00e1 Bomba Reflexn\u00ed k\u0159\u00ed\u017e, \u017elut\u00fd, ARDON\u00ae REF701 | element-shop.cz -<\/title>\n<meta name=\"robots\" content=\"index, follow, max-snippet:-1, max-image-preview:large, max-video-preview:-1\" \/>\n<link rel=\"canonical\" href=\"https:\/\/www.domkraftpro.com\/index.php\/produkt\/cenova-bomba-reflexni-kriz-zluty-ardon-r-ref701-element-shop-cz-16987\/\" \/>\n<meta property=\"og:locale\" content=\"cs_CZ\" \/>\n<meta property=\"og:type\" content=\"article\" \/>\n<meta property=\"og:title\" content=\"Cenov\u00e1 Bomba Reflexn\u00ed k\u0159\u00ed\u017e, \u017elut\u00fd, ARDON\u00ae REF701 | element-shop.cz -\" \/>\n<meta property=\"og:description\" content=\"Detailn\u00ed popis produktu Reflexn\u00ed bezpe\u010dnostn\u00ed k\u0159\u00ed\u017e s nastaviteln\u00fdmi popruhy \u2013 ide\u00e1ln\u00ed pro b\u011bh, cyklistiku i pr\u00e1ciZvy\u0161te svou viditelnost a bezpe\u010dnost ve tm\u011b i za \u0161era s reflexn\u00edm bezpe\u010dnostn\u00edm k\u0159\u00ed\u017eem. D\u00edky \u0161irok\u00fdm reflexn\u00edm p\u00e1s\u016fm s vysokou odrazivost\u00ed v\u00e1s \u0159idi\u010di a ostatn\u00ed \u00fa\u010dastn\u00edci provozu uvid\u00ed v\u010das ze v\u0161ech sm\u011br\u016f. Lehk\u00fd, skladn\u00fd a snadno nastaviteln\u00fd postroj se p\u0159izp\u016fsob\u00ed [&hellip;]\" \/>\n<meta property=\"og:url\" content=\"https:\/\/www.domkraftpro.com\/index.php\/produkt\/cenova-bomba-reflexni-kriz-zluty-ardon-r-ref701-element-shop-cz-16987\/\" \/>\n<meta property=\"og:image\" content=\"https:\/\/www.domkraftpro.com\/wp-content\/uploads\/2026\/SK0007994-CZ20260425-092522-0-1777080324-121435_rewrite-57014-h8907.webp\" \/>\n\t<meta property=\"og:image:width\" content=\"1000\" \/>\n\t<meta property=\"og:image:height\" content=\"750\" \/>\n\t<meta property=\"og:image:type\" content=\"image\/webp\" \/>\n<meta name=\"twitter:card\" content=\"summary_large_image\" \/>\n<meta name=\"twitter:label1\" content=\"Odhadovan\u00e1 doba \u010dten\u00ed\" \/>\n\t<meta name=\"twitter:data1\" content=\"1 minuta\" \/>\n<script type=\"application\/ld+json\" class=\"yoast-schema-graph\">{\"@context\":\"https:\/\/schema.org\",\"@graph\":[{\"@type\":\"WebPage\",\"@id\":\"https:\/\/www.domkraftpro.com\/index.php\/produkt\/cenova-bomba-reflexni-kriz-zluty-ardon-r-ref701-element-shop-cz-16987\/\",\"url\":\"https:\/\/www.domkraftpro.com\/index.php\/produkt\/cenova-bomba-reflexni-kriz-zluty-ardon-r-ref701-element-shop-cz-16987\/\",\"name\":\"Cenov\u00e1 Bomba Reflexn\u00ed k\u0159\u00ed\u017e, \u017elut\u00fd, ARDON\u00ae REF701 | element-shop.cz -\",\"isPartOf\":{\"@id\":\"https:\/\/www.domkraftpro.com\/#website\"},\"primaryImageOfPage\":{\"@id\":\"https:\/\/www.domkraftpro.com\/index.php\/produkt\/cenova-bomba-reflexni-kriz-zluty-ardon-r-ref701-element-shop-cz-16987\/#primaryimage\"},\"image\":{\"@id\":\"https:\/\/www.domkraftpro.com\/index.php\/produkt\/cenova-bomba-reflexni-kriz-zluty-ardon-r-ref701-element-shop-cz-16987\/#primaryimage\"},\"thumbnailUrl\":\"https:\/\/www.domkraftpro.com\/wp-content\/uploads\/2026\/SK0007994-CZ20260425-092522-0-1777080324-121435_rewrite-57014-h8907.webp\",\"datePublished\":\"2026-04-27T04:41:05+00:00\",\"breadcrumb\":{\"@id\":\"https:\/\/www.domkraftpro.com\/index.php\/produkt\/cenova-bomba-reflexni-kriz-zluty-ardon-r-ref701-element-shop-cz-16987\/#breadcrumb\"},\"inLanguage\":\"cs\",\"potentialAction\":[{\"@type\":\"ReadAction\",\"target\":[\"https:\/\/www.domkraftpro.com\/index.php\/produkt\/cenova-bomba-reflexni-kriz-zluty-ardon-r-ref701-element-shop-cz-16987\/\"]}]},{\"@type\":\"ImageObject\",\"inLanguage\":\"cs\",\"@id\":\"https:\/\/www.domkraftpro.com\/index.php\/produkt\/cenova-bomba-reflexni-kriz-zluty-ardon-r-ref701-element-shop-cz-16987\/#primaryimage\",\"url\":\"https:\/\/www.domkraftpro.com\/wp-content\/uploads\/2026\/SK0007994-CZ20260425-092522-0-1777080324-121435_rewrite-57014-h8907.webp\",\"contentUrl\":\"https:\/\/www.domkraftpro.com\/wp-content\/uploads\/2026\/SK0007994-CZ20260425-092522-0-1777080324-121435_rewrite-57014-h8907.webp\",\"width\":1000,\"height\":750},{\"@type\":\"BreadcrumbList\",\"@id\":\"https:\/\/www.domkraftpro.com\/index.php\/produkt\/cenova-bomba-reflexni-kriz-zluty-ardon-r-ref701-element-shop-cz-16987\/#breadcrumb\",\"itemListElement\":[{\"@type\":\"ListItem\",\"position\":1,\"name\":\"Home\",\"item\":\"https:\/\/www.domkraftpro.com\/\"},{\"@type\":\"ListItem\",\"position\":2,\"name\":\"Products\",\"item\":\"https:\/\/www.domkraftpro.com\/index.php\/products\/\"},{\"@type\":\"ListItem\",\"position\":3,\"name\":\"Cenov\u00e1 Bomba Reflexn\u00ed k\u0159\u00ed\u017e, \u017elut\u00fd, ARDON\u00ae REF701 | element-shop.cz\"}]},{\"@type\":\"WebSite\",\"@id\":\"https:\/\/www.domkraftpro.com\/#website\",\"url\":\"https:\/\/www.domkraftpro.com\/\",\"name\":\"\",\"description\":\"\",\"potentialAction\":[{\"@type\":\"SearchAction\",\"target\":{\"@type\":\"EntryPoint\",\"urlTemplate\":\"https:\/\/www.domkraftpro.com\/?s={search_term_string}\"},\"query-input\":{\"@type\":\"PropertyValueSpecification\",\"valueRequired\":true,\"valueName\":\"search_term_string\"}}],\"inLanguage\":\"cs\"}]}<\/script>\n<!-- \/ Yoast SEO plugin. -->","yoast_head_json":{"title":"Cenov\u00e1 Bomba Reflexn\u00ed k\u0159\u00ed\u017e, \u017elut\u00fd, ARDON\u00ae REF701 | element-shop.cz -","robots":{"index":"index","follow":"follow","max-snippet":"max-snippet:-1","max-image-preview":"max-image-preview:large","max-video-preview":"max-video-preview:-1"},"canonical":"https:\/\/www.domkraftpro.com\/index.php\/produkt\/cenova-bomba-reflexni-kriz-zluty-ardon-r-ref701-element-shop-cz-16987\/","og_locale":"cs_CZ","og_type":"article","og_title":"Cenov\u00e1 Bomba Reflexn\u00ed k\u0159\u00ed\u017e, \u017elut\u00fd, ARDON\u00ae REF701 | element-shop.cz -","og_description":"Detailn\u00ed popis produktu Reflexn\u00ed bezpe\u010dnostn\u00ed k\u0159\u00ed\u017e s nastaviteln\u00fdmi popruhy \u2013 ide\u00e1ln\u00ed pro b\u011bh, cyklistiku i pr\u00e1ciZvy\u0161te svou viditelnost a bezpe\u010dnost ve tm\u011b i za \u0161era s reflexn\u00edm bezpe\u010dnostn\u00edm k\u0159\u00ed\u017eem. D\u00edky \u0161irok\u00fdm reflexn\u00edm p\u00e1s\u016fm s vysokou odrazivost\u00ed v\u00e1s \u0159idi\u010di a ostatn\u00ed \u00fa\u010dastn\u00edci provozu uvid\u00ed v\u010das ze v\u0161ech sm\u011br\u016f. Lehk\u00fd, skladn\u00fd a snadno nastaviteln\u00fd postroj se p\u0159izp\u016fsob\u00ed [&hellip;]","og_url":"https:\/\/www.domkraftpro.com\/index.php\/produkt\/cenova-bomba-reflexni-kriz-zluty-ardon-r-ref701-element-shop-cz-16987\/","og_image":[{"width":1000,"height":750,"url":"https:\/\/www.domkraftpro.com\/wp-content\/uploads\/2026\/SK0007994-CZ20260425-092522-0-1777080324-121435_rewrite-57014-h8907.webp","type":"image\/webp"}],"twitter_card":"summary_large_image","twitter_misc":{"Odhadovan\u00e1 doba \u010dten\u00ed":"1 minuta"},"schema":{"@context":"https:\/\/schema.org","@graph":[{"@type":"WebPage","@id":"https:\/\/www.domkraftpro.com\/index.php\/produkt\/cenova-bomba-reflexni-kriz-zluty-ardon-r-ref701-element-shop-cz-16987\/","url":"https:\/\/www.domkraftpro.com\/index.php\/produkt\/cenova-bomba-reflexni-kriz-zluty-ardon-r-ref701-element-shop-cz-16987\/","name":"Cenov\u00e1 Bomba Reflexn\u00ed k\u0159\u00ed\u017e, \u017elut\u00fd, ARDON\u00ae REF701 | element-shop.cz -","isPartOf":{"@id":"https:\/\/www.domkraftpro.com\/#website"},"primaryImageOfPage":{"@id":"https:\/\/www.domkraftpro.com\/index.php\/produkt\/cenova-bomba-reflexni-kriz-zluty-ardon-r-ref701-element-shop-cz-16987\/#primaryimage"},"image":{"@id":"https:\/\/www.domkraftpro.com\/index.php\/produkt\/cenova-bomba-reflexni-kriz-zluty-ardon-r-ref701-element-shop-cz-16987\/#primaryimage"},"thumbnailUrl":"https:\/\/www.domkraftpro.com\/wp-content\/uploads\/2026\/SK0007994-CZ20260425-092522-0-1777080324-121435_rewrite-57014-h8907.webp","datePublished":"2026-04-27T04:41:05+00:00","breadcrumb":{"@id":"https:\/\/www.domkraftpro.com\/index.php\/produkt\/cenova-bomba-reflexni-kriz-zluty-ardon-r-ref701-element-shop-cz-16987\/#breadcrumb"},"inLanguage":"cs","potentialAction":[{"@type":"ReadAction","target":["https:\/\/www.domkraftpro.com\/index.php\/produkt\/cenova-bomba-reflexni-kriz-zluty-ardon-r-ref701-element-shop-cz-16987\/"]}]},{"@type":"ImageObject","inLanguage":"cs","@id":"https:\/\/www.domkraftpro.com\/index.php\/produkt\/cenova-bomba-reflexni-kriz-zluty-ardon-r-ref701-element-shop-cz-16987\/#primaryimage","url":"https:\/\/www.domkraftpro.com\/wp-content\/uploads\/2026\/SK0007994-CZ20260425-092522-0-1777080324-121435_rewrite-57014-h8907.webp","contentUrl":"https:\/\/www.domkraftpro.com\/wp-content\/uploads\/2026\/SK0007994-CZ20260425-092522-0-1777080324-121435_rewrite-57014-h8907.webp","width":1000,"height":750},{"@type":"BreadcrumbList","@id":"https:\/\/www.domkraftpro.com\/index.php\/produkt\/cenova-bomba-reflexni-kriz-zluty-ardon-r-ref701-element-shop-cz-16987\/#breadcrumb","itemListElement":[{"@type":"ListItem","position":1,"name":"Home","item":"https:\/\/www.domkraftpro.com\/"},{"@type":"ListItem","position":2,"name":"Products","item":"https:\/\/www.domkraftpro.com\/index.php\/products\/"},{"@type":"ListItem","position":3,"name":"Cenov\u00e1 Bomba Reflexn\u00ed k\u0159\u00ed\u017e, \u017elut\u00fd, ARDON\u00ae REF701 | element-shop.cz"}]},{"@type":"WebSite","@id":"https:\/\/www.domkraftpro.com\/#website","url":"https:\/\/www.domkraftpro.com\/","name":"","description":"","potentialAction":[{"@type":"SearchAction","target":{"@type":"EntryPoint","urlTemplate":"https:\/\/www.domkraftpro.com\/?s={search_term_string}"},"query-input":{"@type":"PropertyValueSpecification","valueRequired":true,"valueName":"search_term_string"}}],"inLanguage":"cs"}]}},"_links":{"self":[{"href":"https:\/\/www.domkraftpro.com\/index.php\/wp-json\/wp\/v2\/product\/16987","targetHints":{"allow":["GET"]}}],"collection":[{"href":"https:\/\/www.domkraftpro.com\/index.php\/wp-json\/wp\/v2\/product"}],"about":[{"href":"https:\/\/www.domkraftpro.com\/index.php\/wp-json\/wp\/v2\/types\/product"}],"replies":[{"embeddable":true,"href":"https:\/\/www.domkraftpro.com\/index.php\/wp-json\/wp\/v2\/comments?post=16987"}],"wp:featuredmedia":[{"embeddable":true,"href":"https:\/\/www.domkraftpro.com\/index.php\/wp-json\/wp\/v2\/media\/17087"}],"wp:attachment":[{"href":"https:\/\/www.domkraftpro.com\/index.php\/wp-json\/wp\/v2\/media?parent=16987"}],"wp:term":[{"taxonomy":"product_brand","embeddable":true,"href":"https:\/\/www.domkraftpro.com\/index.php\/wp-json\/wp\/v2\/product_brand?post=16987"},{"taxonomy":"product_cat","embeddable":true,"href":"https:\/\/www.domkraftpro.com\/index.php\/wp-json\/wp\/v2\/product_cat?post=16987"},{"taxonomy":"product_tag","embeddable":true,"href":"https:\/\/www.domkraftpro.com\/index.php\/wp-json\/wp\/v2\/product_tag?post=16987"}],"curies":[{"name":"wp","href":"https:\/\/api.w.org\/{rel}","templated":true}]}}