{"id":16958,"date":"2026-04-27T04:41:05","date_gmt":"2026-04-27T04:41:05","guid":{"rendered":""},"modified":"2026-04-27T04:41:05","modified_gmt":"2026-04-27T04:41:05","slug":"kanystr-na-vodu-s-ventilem-10l-plast-element-shop-cz-expresni-doruceni-16958","status":"publish","type":"product","link":"https:\/\/www.domkraftpro.com\/index.php\/produkt\/kanystr-na-vodu-s-ventilem-10l-plast-element-shop-cz-expresni-doruceni-16958\/","title":{"rendered":"Kanystr na vodu s ventilem 10L, plast | element-shop.cz Expresn\u00ed Doru\u010den\u00ed"},"content":{"rendered":"<div class=\"basic-description\">\n<h3>Detailn\u00ed popis produktu<\/h3>\n<p>                                    <span class=\"show-tooltip\" title=\"Plastyn\u011bkdy tak\u00e9 naz\u00fdvan\u00e9 plastick\u00e9 \u010di um\u011bl\u00e9 hmoty, p\u0159edstavuj\u00ed \u0161irokou \u0161k\u00e1lu syntetick\u00fdch nebo \u010d\u00e1ste\u010dn\u011b syntetick\u00fdch organick\u00fdch slou\u010denin a polymern\u00edch materi\u00e1l\u016f. \u010casto obsahuj\u00ed p\u0159\u00edsady zlep\u0161uj\u00edc\u00ed jejich funk\u010dn\u00ed vlastnosti, nap\u0159\u00edklad&amp;hellip;\">Plastov\u00fd<\/span> kanystr na vodu s v\u00fdpustn\u00fdm ventilem \u2013 10 lPraktick\u00fd kanystr na vodu o objemu 10 litr\u016f je ide\u00e1ln\u00edm pomocn\u00edkem pro kempov\u00e1n\u00ed, cestov\u00e1n\u00ed, zahradu, d\u00edlnu nebo dom\u00e1cnost. Je vyroben z pevn\u00e9ho a zdravotn\u011b nez\u00e1vadn\u00e9ho plastu, vhodn\u00e9ho pro pitnou vodu i jin\u00e9 neagresivn\u00ed <span class=\"show-tooltip\" title=\"Kapalina je skupenstv\u00ed l\u00e1tky, kter\u00e9 se vyzna\u010duje t\u00edm, \u017ee m\u00e1 pevn\u00fd objem, ale nen\u00ed schopna udr\u017eet sv\u016fj tvar a p\u0159izp\u016fsobuje se tvaru n\u00e1doby, do kter\u00e9 je um\u00edst\u011bna. Kapaliny zahrnuj\u00ed \u0161irokou \u0161k\u00e1lu l\u00e1tek, od vody a oleje po alkoholy a benz\u00edn.Kapaliny&amp;hellip;\">kapaliny<\/span>.Sou\u010d\u00e1st\u00ed kanystru je integrovan\u00fd v\u00fdpustn\u00fd ventil, kter\u00fd usnad\u0148uje pohodln\u00e9 d\u00e1vkov\u00e1n\u00ed bez nutnosti zved\u00e1n\u00ed nebo nakl\u00e1n\u011bn\u00ed n\u00e1doby. Hlavn\u00ed v\u00fdhodou <span class=\"show-tooltip\" title=\"Konstrukce je proces tvorby a sestaven\u00ed r\u016fzn\u00fdch prvk\u016f nebo sou\u010d\u00e1st\u00ed do funk\u010dn\u00edho celku, kter\u00fd m\u016f\u017ee slou\u017eit k ur\u010dit\u00e9mu \u00fa\u010delu. V kontextu stavebnictv\u00ed a in\u017een\u00fdrstv\u00ed zahrnuje konstrukce tvorbu budov, most\u016f, silnic, pr\u016fmyslov\u00fdch za\u0159\u00edzen\u00ed,&amp;hellip;\">konstrukce<\/span> je, \u017ee ventil nep\u0159esahuje spodn\u00ed hranu kanystru, tak\u017ee je mo\u017en\u00e9 n\u00e1dobu stabiln\u011b postavit na st\u016fl \u010di rovnou <span class=\"show-tooltip\" title=\"&amp;nbsp;Obsah je fyzik\u00e1ln\u00ed veli\u010dina, kter\u00e1 vyjad\u0159uje plochu n\u011bjak\u00e9ho geometrick\u00e9ho tvaru. Obsah se zpravidla m\u011b\u0159\u00ed v \u010dtvere\u010dn\u00fdch jednotk\u00e1ch, nap\u0159\u00edklad \u010dtvere\u010dn\u00fdch metrech (m\u00b2) nebo \u010dtvere\u010dn\u00fdch centimetrech (cm\u00b2).Zde jsou vzorce pro v\u00fdpo\u010det&amp;hellip;\">plochu<\/span> bez nutnosti podlo\u017een\u00ed.Kl\u00ed\u010dov\u00e9 vlastnosti:&#8226; <span class=\"show-tooltip\" title=\"Objem je fyzik\u00e1ln\u00ed veli\u010dina, kter\u00e1 vyjad\u0159uje prostor obsazen\u00fd t\u011blesem. Objem se zpravidla m\u011b\u0159\u00ed v krychlov\u00fdch jednotk\u00e1ch, nap\u0159\u00edklad krychlov\u00e9 metry (m\u00b3) nebo krychlov\u00e9 centimetry (cm\u00b3). Objem lze vypo\u010d\u00edtat r\u016fzn\u00fdmi zp\u016fsoby, v z\u00e1vislosti na&amp;hellip;\">Objem<\/span>: 10 litr\u016f&#8226; Materi\u00e1l: zdravotn\u011b nez\u00e1vadn\u00fd plast (vhodn\u00fd pro styk s potravinami)&#8226; V\u00fdpustn\u00fd ventil: oto\u010dn\u00fd kohout \u2013 snadn\u00e9 a p\u0159esn\u00e9 d\u00e1vkov\u00e1n\u00ed&#8226; Tvar: ploch\u00fd a stabiln\u00ed \u2013 ide\u00e1ln\u00ed pro p\u0159evoz i skladov\u00e1n\u00ed&#8226; Ventil nep\u0159esahuje dno \u2013 lze postavit p\u0159\u00edmo na st\u016fl&#8226; Madlo pro p\u0159en\u00e1\u0161en\u00ed a \u0161roubovac\u00ed uz\u00e1v\u011brSkv\u011bl\u00e1 volba pro cestov\u00e1n\u00ed, karavany, <span class=\"show-tooltip\" title=\"Stavba je proces tvorby a vytv\u00e1\u0159en\u00ed r\u016fzn\u00fdch stavebn\u00edch objekt\u016f nebo konstrukc\u00ed. Stavba m\u016f\u017ee zahrnovat v\u00fdstavbu budov, most\u016f, silnic, tunel\u016f, hr\u00e1z\u00ed, pr\u016fmyslov\u00fdch za\u0159\u00edzen\u00ed, vodn\u00edch n\u00e1dr\u017e\u00ed, sportovn\u00edch za\u0159\u00edzen\u00ed a dal\u0161\u00edch&amp;hellip;\">stavby<\/span>, chalupy i ka\u017edodenn\u00ed pou\u017eit\u00ed.Snadn\u00e1 manipulace, \u00faspora m\u00edsta a pohodln\u00e9 pou\u017eit\u00ed.                            <\/div>\n","protected":false},"excerpt":{"rendered":"<p>Detailn\u00ed popis produktu Plastov\u00fd kanystr na vodu s v\u00fdpustn\u00fdm ventilem \u2013 10 lPraktick\u00fd kanystr na vodu o objemu 10 litr\u016f je ide\u00e1ln\u00edm pomocn\u00edkem pro kempov\u00e1n\u00ed, cestov\u00e1n\u00ed, zahradu, d\u00edlnu nebo dom\u00e1cnost. Je vyroben z pevn\u00e9ho a zdravotn\u011b nez\u00e1vadn\u00e9ho plastu, vhodn\u00e9ho pro pitnou vodu i jin\u00e9 neagresivn\u00ed kapaliny.Sou\u010d\u00e1st\u00ed kanystru je integrovan\u00fd v\u00fdpustn\u00fd ventil, kter\u00fd usnad\u0148uje pohodln\u00e9 d\u00e1vkov\u00e1n\u00ed [&hellip;]<\/p>\n","protected":false},"featured_media":17058,"comment_status":"open","ping_status":"open","template":"","meta":[],"product_brand":[],"product_cat":[63],"product_tag":[],"class_list":{"0":"post-16958","1":"product","2":"type-product","3":"status-publish","4":"has-post-thumbnail","6":"product_cat-automotive","8":"first","9":"instock","10":"sale","11":"shipping-taxable","12":"purchasable","13":"product-type-simple"},"yoast_head":"<!-- This site is optimized with the Yoast SEO plugin v26.8 - https:\/\/yoast.com\/product\/yoast-seo-wordpress\/ -->\n<title>Kanystr na vodu s ventilem 10L, plast | element-shop.cz Expresn\u00ed Doru\u010den\u00ed -<\/title>\n<meta name=\"robots\" content=\"index, follow, max-snippet:-1, max-image-preview:large, max-video-preview:-1\" \/>\n<link rel=\"canonical\" href=\"https:\/\/www.domkraftpro.com\/index.php\/produkt\/kanystr-na-vodu-s-ventilem-10l-plast-element-shop-cz-expresni-doruceni-16958\/\" \/>\n<meta property=\"og:locale\" content=\"cs_CZ\" \/>\n<meta property=\"og:type\" content=\"article\" \/>\n<meta property=\"og:title\" content=\"Kanystr na vodu s ventilem 10L, plast | element-shop.cz Expresn\u00ed Doru\u010den\u00ed -\" \/>\n<meta property=\"og:description\" content=\"Detailn\u00ed popis produktu Plastov\u00fd kanystr na vodu s v\u00fdpustn\u00fdm ventilem \u2013 10 lPraktick\u00fd kanystr na vodu o objemu 10 litr\u016f je ide\u00e1ln\u00edm pomocn\u00edkem pro kempov\u00e1n\u00ed, cestov\u00e1n\u00ed, zahradu, d\u00edlnu nebo dom\u00e1cnost. Je vyroben z pevn\u00e9ho a zdravotn\u011b nez\u00e1vadn\u00e9ho plastu, vhodn\u00e9ho pro pitnou vodu i jin\u00e9 neagresivn\u00ed kapaliny.Sou\u010d\u00e1st\u00ed kanystru je integrovan\u00fd v\u00fdpustn\u00fd ventil, kter\u00fd usnad\u0148uje pohodln\u00e9 d\u00e1vkov\u00e1n\u00ed [&hellip;]\" \/>\n<meta property=\"og:url\" content=\"https:\/\/www.domkraftpro.com\/index.php\/produkt\/kanystr-na-vodu-s-ventilem-10l-plast-element-shop-cz-expresni-doruceni-16958\/\" \/>\n<meta property=\"og:image\" content=\"https:\/\/www.domkraftpro.com\/wp-content\/uploads\/2026\/SK0007965-CZ20260425-092522-0-1777080324-121300_rewrite-70959-99212105.webp\" \/>\n\t<meta property=\"og:image:width\" content=\"1000\" \/>\n\t<meta property=\"og:image:height\" content=\"750\" \/>\n\t<meta property=\"og:image:type\" content=\"image\/webp\" \/>\n<meta name=\"twitter:card\" content=\"summary_large_image\" \/>\n<meta name=\"twitter:label1\" content=\"Odhadovan\u00e1 doba \u010dten\u00ed\" \/>\n\t<meta name=\"twitter:data1\" content=\"1 minuta\" \/>\n<script type=\"application\/ld+json\" class=\"yoast-schema-graph\">{\"@context\":\"https:\/\/schema.org\",\"@graph\":[{\"@type\":\"WebPage\",\"@id\":\"https:\/\/www.domkraftpro.com\/index.php\/produkt\/kanystr-na-vodu-s-ventilem-10l-plast-element-shop-cz-expresni-doruceni-16958\/\",\"url\":\"https:\/\/www.domkraftpro.com\/index.php\/produkt\/kanystr-na-vodu-s-ventilem-10l-plast-element-shop-cz-expresni-doruceni-16958\/\",\"name\":\"Kanystr na vodu s ventilem 10L, plast | element-shop.cz Expresn\u00ed Doru\u010den\u00ed -\",\"isPartOf\":{\"@id\":\"https:\/\/www.domkraftpro.com\/#website\"},\"primaryImageOfPage\":{\"@id\":\"https:\/\/www.domkraftpro.com\/index.php\/produkt\/kanystr-na-vodu-s-ventilem-10l-plast-element-shop-cz-expresni-doruceni-16958\/#primaryimage\"},\"image\":{\"@id\":\"https:\/\/www.domkraftpro.com\/index.php\/produkt\/kanystr-na-vodu-s-ventilem-10l-plast-element-shop-cz-expresni-doruceni-16958\/#primaryimage\"},\"thumbnailUrl\":\"https:\/\/www.domkraftpro.com\/wp-content\/uploads\/2026\/SK0007965-CZ20260425-092522-0-1777080324-121300_rewrite-70959-99212105.webp\",\"datePublished\":\"2026-04-27T04:41:05+00:00\",\"breadcrumb\":{\"@id\":\"https:\/\/www.domkraftpro.com\/index.php\/produkt\/kanystr-na-vodu-s-ventilem-10l-plast-element-shop-cz-expresni-doruceni-16958\/#breadcrumb\"},\"inLanguage\":\"cs\",\"potentialAction\":[{\"@type\":\"ReadAction\",\"target\":[\"https:\/\/www.domkraftpro.com\/index.php\/produkt\/kanystr-na-vodu-s-ventilem-10l-plast-element-shop-cz-expresni-doruceni-16958\/\"]}]},{\"@type\":\"ImageObject\",\"inLanguage\":\"cs\",\"@id\":\"https:\/\/www.domkraftpro.com\/index.php\/produkt\/kanystr-na-vodu-s-ventilem-10l-plast-element-shop-cz-expresni-doruceni-16958\/#primaryimage\",\"url\":\"https:\/\/www.domkraftpro.com\/wp-content\/uploads\/2026\/SK0007965-CZ20260425-092522-0-1777080324-121300_rewrite-70959-99212105.webp\",\"contentUrl\":\"https:\/\/www.domkraftpro.com\/wp-content\/uploads\/2026\/SK0007965-CZ20260425-092522-0-1777080324-121300_rewrite-70959-99212105.webp\",\"width\":1000,\"height\":750},{\"@type\":\"BreadcrumbList\",\"@id\":\"https:\/\/www.domkraftpro.com\/index.php\/produkt\/kanystr-na-vodu-s-ventilem-10l-plast-element-shop-cz-expresni-doruceni-16958\/#breadcrumb\",\"itemListElement\":[{\"@type\":\"ListItem\",\"position\":1,\"name\":\"Home\",\"item\":\"https:\/\/www.domkraftpro.com\/\"},{\"@type\":\"ListItem\",\"position\":2,\"name\":\"Products\",\"item\":\"https:\/\/www.domkraftpro.com\/index.php\/products\/\"},{\"@type\":\"ListItem\",\"position\":3,\"name\":\"Kanystr na vodu s ventilem 10L, plast | element-shop.cz Expresn\u00ed Doru\u010den\u00ed\"}]},{\"@type\":\"WebSite\",\"@id\":\"https:\/\/www.domkraftpro.com\/#website\",\"url\":\"https:\/\/www.domkraftpro.com\/\",\"name\":\"\",\"description\":\"\",\"potentialAction\":[{\"@type\":\"SearchAction\",\"target\":{\"@type\":\"EntryPoint\",\"urlTemplate\":\"https:\/\/www.domkraftpro.com\/?s={search_term_string}\"},\"query-input\":{\"@type\":\"PropertyValueSpecification\",\"valueRequired\":true,\"valueName\":\"search_term_string\"}}],\"inLanguage\":\"cs\"}]}<\/script>\n<!-- \/ Yoast SEO plugin. -->","yoast_head_json":{"title":"Kanystr na vodu s ventilem 10L, plast | element-shop.cz Expresn\u00ed Doru\u010den\u00ed -","robots":{"index":"index","follow":"follow","max-snippet":"max-snippet:-1","max-image-preview":"max-image-preview:large","max-video-preview":"max-video-preview:-1"},"canonical":"https:\/\/www.domkraftpro.com\/index.php\/produkt\/kanystr-na-vodu-s-ventilem-10l-plast-element-shop-cz-expresni-doruceni-16958\/","og_locale":"cs_CZ","og_type":"article","og_title":"Kanystr na vodu s ventilem 10L, plast | element-shop.cz Expresn\u00ed Doru\u010den\u00ed -","og_description":"Detailn\u00ed popis produktu Plastov\u00fd kanystr na vodu s v\u00fdpustn\u00fdm ventilem \u2013 10 lPraktick\u00fd kanystr na vodu o objemu 10 litr\u016f je ide\u00e1ln\u00edm pomocn\u00edkem pro kempov\u00e1n\u00ed, cestov\u00e1n\u00ed, zahradu, d\u00edlnu nebo dom\u00e1cnost. Je vyroben z pevn\u00e9ho a zdravotn\u011b nez\u00e1vadn\u00e9ho plastu, vhodn\u00e9ho pro pitnou vodu i jin\u00e9 neagresivn\u00ed kapaliny.Sou\u010d\u00e1st\u00ed kanystru je integrovan\u00fd v\u00fdpustn\u00fd ventil, kter\u00fd usnad\u0148uje pohodln\u00e9 d\u00e1vkov\u00e1n\u00ed [&hellip;]","og_url":"https:\/\/www.domkraftpro.com\/index.php\/produkt\/kanystr-na-vodu-s-ventilem-10l-plast-element-shop-cz-expresni-doruceni-16958\/","og_image":[{"width":1000,"height":750,"url":"https:\/\/www.domkraftpro.com\/wp-content\/uploads\/2026\/SK0007965-CZ20260425-092522-0-1777080324-121300_rewrite-70959-99212105.webp","type":"image\/webp"}],"twitter_card":"summary_large_image","twitter_misc":{"Odhadovan\u00e1 doba \u010dten\u00ed":"1 minuta"},"schema":{"@context":"https:\/\/schema.org","@graph":[{"@type":"WebPage","@id":"https:\/\/www.domkraftpro.com\/index.php\/produkt\/kanystr-na-vodu-s-ventilem-10l-plast-element-shop-cz-expresni-doruceni-16958\/","url":"https:\/\/www.domkraftpro.com\/index.php\/produkt\/kanystr-na-vodu-s-ventilem-10l-plast-element-shop-cz-expresni-doruceni-16958\/","name":"Kanystr na vodu s ventilem 10L, plast | element-shop.cz Expresn\u00ed Doru\u010den\u00ed -","isPartOf":{"@id":"https:\/\/www.domkraftpro.com\/#website"},"primaryImageOfPage":{"@id":"https:\/\/www.domkraftpro.com\/index.php\/produkt\/kanystr-na-vodu-s-ventilem-10l-plast-element-shop-cz-expresni-doruceni-16958\/#primaryimage"},"image":{"@id":"https:\/\/www.domkraftpro.com\/index.php\/produkt\/kanystr-na-vodu-s-ventilem-10l-plast-element-shop-cz-expresni-doruceni-16958\/#primaryimage"},"thumbnailUrl":"https:\/\/www.domkraftpro.com\/wp-content\/uploads\/2026\/SK0007965-CZ20260425-092522-0-1777080324-121300_rewrite-70959-99212105.webp","datePublished":"2026-04-27T04:41:05+00:00","breadcrumb":{"@id":"https:\/\/www.domkraftpro.com\/index.php\/produkt\/kanystr-na-vodu-s-ventilem-10l-plast-element-shop-cz-expresni-doruceni-16958\/#breadcrumb"},"inLanguage":"cs","potentialAction":[{"@type":"ReadAction","target":["https:\/\/www.domkraftpro.com\/index.php\/produkt\/kanystr-na-vodu-s-ventilem-10l-plast-element-shop-cz-expresni-doruceni-16958\/"]}]},{"@type":"ImageObject","inLanguage":"cs","@id":"https:\/\/www.domkraftpro.com\/index.php\/produkt\/kanystr-na-vodu-s-ventilem-10l-plast-element-shop-cz-expresni-doruceni-16958\/#primaryimage","url":"https:\/\/www.domkraftpro.com\/wp-content\/uploads\/2026\/SK0007965-CZ20260425-092522-0-1777080324-121300_rewrite-70959-99212105.webp","contentUrl":"https:\/\/www.domkraftpro.com\/wp-content\/uploads\/2026\/SK0007965-CZ20260425-092522-0-1777080324-121300_rewrite-70959-99212105.webp","width":1000,"height":750},{"@type":"BreadcrumbList","@id":"https:\/\/www.domkraftpro.com\/index.php\/produkt\/kanystr-na-vodu-s-ventilem-10l-plast-element-shop-cz-expresni-doruceni-16958\/#breadcrumb","itemListElement":[{"@type":"ListItem","position":1,"name":"Home","item":"https:\/\/www.domkraftpro.com\/"},{"@type":"ListItem","position":2,"name":"Products","item":"https:\/\/www.domkraftpro.com\/index.php\/products\/"},{"@type":"ListItem","position":3,"name":"Kanystr na vodu s ventilem 10L, plast | element-shop.cz Expresn\u00ed Doru\u010den\u00ed"}]},{"@type":"WebSite","@id":"https:\/\/www.domkraftpro.com\/#website","url":"https:\/\/www.domkraftpro.com\/","name":"","description":"","potentialAction":[{"@type":"SearchAction","target":{"@type":"EntryPoint","urlTemplate":"https:\/\/www.domkraftpro.com\/?s={search_term_string}"},"query-input":{"@type":"PropertyValueSpecification","valueRequired":true,"valueName":"search_term_string"}}],"inLanguage":"cs"}]}},"_links":{"self":[{"href":"https:\/\/www.domkraftpro.com\/index.php\/wp-json\/wp\/v2\/product\/16958","targetHints":{"allow":["GET"]}}],"collection":[{"href":"https:\/\/www.domkraftpro.com\/index.php\/wp-json\/wp\/v2\/product"}],"about":[{"href":"https:\/\/www.domkraftpro.com\/index.php\/wp-json\/wp\/v2\/types\/product"}],"replies":[{"embeddable":true,"href":"https:\/\/www.domkraftpro.com\/index.php\/wp-json\/wp\/v2\/comments?post=16958"}],"wp:featuredmedia":[{"embeddable":true,"href":"https:\/\/www.domkraftpro.com\/index.php\/wp-json\/wp\/v2\/media\/17058"}],"wp:attachment":[{"href":"https:\/\/www.domkraftpro.com\/index.php\/wp-json\/wp\/v2\/media?parent=16958"}],"wp:term":[{"taxonomy":"product_brand","embeddable":true,"href":"https:\/\/www.domkraftpro.com\/index.php\/wp-json\/wp\/v2\/product_brand?post=16958"},{"taxonomy":"product_cat","embeddable":true,"href":"https:\/\/www.domkraftpro.com\/index.php\/wp-json\/wp\/v2\/product_cat?post=16958"},{"taxonomy":"product_tag","embeddable":true,"href":"https:\/\/www.domkraftpro.com\/index.php\/wp-json\/wp\/v2\/product_tag?post=16958"}],"curies":[{"name":"wp","href":"https:\/\/api.w.org\/{rel}","templated":true}]}}