{"id":16787,"date":"2026-04-27T04:41:04","date_gmt":"2026-04-27T04:41:04","guid":{"rendered":""},"modified":"2026-04-27T04:41:04","modified_gmt":"2026-04-27T04:41:04","slug":"akce-sit-proti-ptakum-2x20m-oko-18-mm-pe-0-2-mm-zelena-16787","status":"publish","type":"product","link":"https:\/\/www.domkraftpro.com\/index.php\/produkt\/akce-sit-proti-ptakum-2x20m-oko-18-mm-pe-0-2-mm-zelena-16787\/","title":{"rendered":"Akce S\u00ed\u0165 proti pt\u00e1k\u016fm\u00a0\u00b7\u00a02\u00d720m\u00a0\u00b7\u00a0oko 18 mm\u00a0\u00b7\u00a0PE 0,2 mm\u00a0\u00b7\u00a0zelen\u00e1"},"content":{"rendered":"<div class=\"basic-description\">\n<h3>Detailn\u00ed popis produktu<\/h3>\n<div>Ochrann\u00e1 s\u00ed\u0165 proti pt\u00e1k\u016fm 2\u00d720 m \u2013 lehk\u00e1, <span class=\"show-tooltip\" title=\"Zelen\u00e1 je barva, kter\u00e1 se nach\u00e1z\u00ed mezi modrou a \u017elutou v barevn\u00e9m spektru. Vlnov\u00e1 d\u00e9lka zelen\u00e9ho sv\u011btla se pohybuje mezi 520\u2013570 nm. Zelen\u00e1 je pova\u017eov\u00e1na za uklid\u0148uj\u00edc\u00ed a harmonizuj\u00edc\u00ed barvu, kter\u00e1 vyvol\u00e1v\u00e1 pocit rovnov\u00e1hy a sv\u011b\u017eesti.&amp;nbsp;Je to&amp;hellip;\">zelen\u00e1<\/span>, pro jemnou a \u0161etrnou ochranu<\/div>\n<div>Chra\u0148te svou \u00farodu p\u0159ed ne\u017e\u00e1douc\u00edm n\u00e1jezdem pt\u00e1k\u016f pomoc\u00ed ochrann\u00e9 s\u00edt\u011b.<\/div>\n<div>Tato lehk\u00e1 a jemn\u00e1 s\u00ed\u0165 s oky o velikosti 18 mm je ide\u00e1ln\u00ed pro ovocn\u00e9 <span class=\"show-tooltip\" title=\"Strom je vy\u0161\u0161\u00ed rostlina se vzp\u0159\u00edmen\u00fdm d\u0159evnat\u00fdm kmenem, kter\u00fd se v\u011btv\u00ed a m\u00e1 korunu tvo\u0159enou v\u011btvemi a listy.&amp;nbsp;&amp;nbsp;Botanick\u00fd popis:&amp;nbsp;Strom je vy\u0161\u0161\u00ed rostlina, kter\u00e1 m\u00e1 jednu hlavn\u00ed, vzp\u0159\u00edmenou \u010d\u00e1st zvanou kmen.&amp;nbsp;Z kmene vyr\u016fstaj\u00ed&amp;hellip;\">stromy<\/span>, <span class=\"show-tooltip\" title=\"Ke\u0159 je men\u0161\u00ed d\u0159evnat\u00e1 rostlina, kter\u00e1 m\u00e1 v\u00edce v\u011btv\u00ed ne\u017e strom a nem\u00e1 jedno hlavn\u00ed kmenov\u00e9 d\u0159evo.&amp;nbsp;&amp;nbsp;Botanick\u00fd popis:&amp;nbsp;Ke\u0159 je men\u0161\u00ed ne\u017e strom a m\u00e1 v\u00edce v\u011btv\u00ed rostouc\u00edch z jednoho bodu, \u010d\u00edm\u017e vytv\u00e1\u0159\u00ed hust\u0161\u00ed ke\u0159ovit\u00fd vzhled.&amp;nbsp;Na&amp;hellip;\">ke\u0159e<\/span> nebo vinnou r\u00e9vu. \u00da\u010dinn\u011b br\u00e1n\u00ed proniknut\u00ed ptactva.<\/div>\n<div>D\u00edky zelen\u00e9 barv\u011b p\u0159irozen\u011b splyne s okol\u00edm a nijak neru\u0161\u00ed vzhled va\u0161\u00ed zahrady.<\/div>\n<div>Snadn\u00e1 instalace \u2013 upevn\u011bn\u00ed pomoc\u00ed kol\u00edk\u016f nebo prov\u00e1zku.<\/div>\n<div>Vyrobena z tenk\u00e9ho, ale odoln\u00e9ho <span class=\"show-tooltip\" title=\"Polyethylen (PE) je termoplastick\u00fd polymer, kter\u00fd pat\u0159\u00ed mezi nej\u010dast\u011bji pou\u017e\u00edvan\u00e9 typy plast\u016f. Je zn\u00e1m\u00fd svou vysokou odolnost\u00ed, chemickou stabilitou a n\u00edzkou hmotnost\u00ed. Polyethylen je vyr\u00e1b\u011bn polymerac\u00ed etylenu, co\u017e je jednoduch\u00fd uhlovod\u00edk. Existuj\u00ed&amp;hellip;\">polyetylenu<\/span> (PE) poskytuje rostlin\u00e1m voln\u00fd p\u0159\u00edstup ke <span class=\"show-tooltip\" title=\"Sv\u011btlo je viditeln\u00e1 \u010d\u00e1st elektromagnetick\u00e9ho z\u00e1\u0159en\u00ed.&amp;nbsp;\u058d V elektromagnetick\u00e9m spektru se sv\u011btlo nach\u00e1z\u00ed mezi infra\u010derven\u00fdm a ultrafialov\u00fdm.\u058d Charakterizuje se r\u016fzn\u00fdmi vlastnostmi, v\u010detn\u011b vlnov\u00e9 d\u00e9lky, frekvence, intenzity a polarizace.\u058d&amp;hellip;\">sv\u011btlu<\/span> i vzduchu, ani\u017e by omezovala jejich r\u016fst.<\/div>\n<div>Rozm\u011br 2\u00d720 metr\u016f umo\u017e\u0148uje snadn\u00e9 pou\u017eit\u00ed pro jednotliv\u00e9 rostliny i men\u0161\u00ed skupiny.<\/div>\n<div>&nbsp;<\/div>\n<div>&nbsp;<\/div>\n<div><span class=\"show-tooltip\" title=\"D\u00e9lka&amp;nbsp;je jedna ze z\u00e1kladn\u00edch&amp;nbsp;fyzik\u00e1ln\u00edch veli\u010din. Pomoc\u00ed d\u00e9lky se vyjad\u0159uje vz\u00e1jemn\u00e1 poloha a rozprostran\u011bnost objekt\u016f v prostoru. D\u00e9lka jako fyzik\u00e1ln\u00ed veli\u010dina vych\u00e1z\u00ed z geometrick\u00e9ho pojmu&amp;nbsp;d\u00e9lky&amp;nbsp;jako&amp;nbsp;m\u00edry&amp;nbsp;ohrani\u010den\u00e9&amp;hellip;\">D\u00e9lka<\/span>: 20 m<\/div>\n<div>\u0160\u00ed\u0159ka: 2 m<\/div>\n<div>Velikost oka: 18 x 18 mm<\/div>\n<div><span class=\"show-tooltip\" title=\"S\u00edla je fyzik\u00e1ln\u00ed veli\u010dina, kter\u00e1 popisuje interakci mezi t\u011blesy nebo objekty. Je to vektorov\u00e1 veli\u010dina, co\u017e znamen\u00e1, \u017ee krom\u011b velikosti m\u00e1 tak\u00e9 sm\u011br a smysl (sm\u011br, kter\u00fdm s\u00edla p\u016fsob\u00ed). Jednotkou s\u00edly v mezin\u00e1rodn\u00edm syst\u00e9mu jednotek (SI) je newton&amp;hellip;\">S\u00edla<\/span> vl\u00e1kna: 0,2 mm<\/div>\n<div>Barva: zelen\u00e1<\/div>\n<\/p><\/div>\n","protected":false},"excerpt":{"rendered":"<p>Detailn\u00ed popis produktu Ochrann\u00e1 s\u00ed\u0165 proti pt\u00e1k\u016fm 2\u00d720 m \u2013 lehk\u00e1, zelen\u00e1, pro jemnou a \u0161etrnou ochranu Chra\u0148te svou \u00farodu p\u0159ed ne\u017e\u00e1douc\u00edm n\u00e1jezdem pt\u00e1k\u016f pomoc\u00ed ochrann\u00e9 s\u00edt\u011b. Tato lehk\u00e1 a jemn\u00e1 s\u00ed\u0165 s oky o velikosti 18 mm je ide\u00e1ln\u00ed pro ovocn\u00e9 stromy, ke\u0159e nebo vinnou r\u00e9vu. \u00da\u010dinn\u011b br\u00e1n\u00ed proniknut\u00ed ptactva. D\u00edky zelen\u00e9 barv\u011b p\u0159irozen\u011b [&hellip;]<\/p>\n","protected":false},"featured_media":16887,"comment_status":"open","ping_status":"open","template":"","meta":[],"product_brand":[],"product_cat":[58],"product_tag":[],"class_list":{"0":"post-16787","1":"product","2":"type-product","3":"status-publish","4":"has-post-thumbnail","6":"product_cat-dum-a-zahrada","8":"first","9":"instock","10":"sale","11":"shipping-taxable","12":"purchasable","13":"product-type-simple"},"yoast_head":"<!-- This site is optimized with the Yoast SEO plugin v26.8 - https:\/\/yoast.com\/product\/yoast-seo-wordpress\/ -->\n<title>Akce S\u00ed\u0165 proti pt\u00e1k\u016fm\u00a0\u00b7\u00a02\u00d720m\u00a0\u00b7\u00a0oko 18 mm\u00a0\u00b7\u00a0PE 0,2 mm\u00a0\u00b7\u00a0zelen\u00e1 -<\/title>\n<meta name=\"robots\" content=\"index, follow, max-snippet:-1, max-image-preview:large, max-video-preview:-1\" \/>\n<link rel=\"canonical\" href=\"https:\/\/www.domkraftpro.com\/index.php\/produkt\/akce-sit-proti-ptakum-2x20m-oko-18-mm-pe-0-2-mm-zelena-16787\/\" \/>\n<meta property=\"og:locale\" content=\"cs_CZ\" \/>\n<meta property=\"og:type\" content=\"article\" \/>\n<meta property=\"og:title\" content=\"Akce S\u00ed\u0165 proti pt\u00e1k\u016fm\u00a0\u00b7\u00a02\u00d720m\u00a0\u00b7\u00a0oko 18 mm\u00a0\u00b7\u00a0PE 0,2 mm\u00a0\u00b7\u00a0zelen\u00e1 -\" \/>\n<meta property=\"og:description\" content=\"Detailn\u00ed popis produktu Ochrann\u00e1 s\u00ed\u0165 proti pt\u00e1k\u016fm 2\u00d720 m \u2013 lehk\u00e1, zelen\u00e1, pro jemnou a \u0161etrnou ochranu Chra\u0148te svou \u00farodu p\u0159ed ne\u017e\u00e1douc\u00edm n\u00e1jezdem pt\u00e1k\u016f pomoc\u00ed ochrann\u00e9 s\u00edt\u011b. Tato lehk\u00e1 a jemn\u00e1 s\u00ed\u0165 s oky o velikosti 18 mm je ide\u00e1ln\u00ed pro ovocn\u00e9 stromy, ke\u0159e nebo vinnou r\u00e9vu. \u00da\u010dinn\u011b br\u00e1n\u00ed proniknut\u00ed ptactva. D\u00edky zelen\u00e9 barv\u011b p\u0159irozen\u011b [&hellip;]\" \/>\n<meta property=\"og:url\" content=\"https:\/\/www.domkraftpro.com\/index.php\/produkt\/akce-sit-proti-ptakum-2x20m-oko-18-mm-pe-0-2-mm-zelena-16787\/\" \/>\n<meta property=\"og:image\" content=\"https:\/\/www.domkraftpro.com\/wp-content\/uploads\/2026\/SK0007894-CZ20260425-092522-0-1777080324-121015_rewrite-77550-2212940.webp\" \/>\n\t<meta property=\"og:image:width\" content=\"1000\" \/>\n\t<meta property=\"og:image:height\" content=\"750\" \/>\n\t<meta property=\"og:image:type\" content=\"image\/webp\" \/>\n<meta name=\"twitter:card\" content=\"summary_large_image\" \/>\n<meta name=\"twitter:label1\" content=\"Odhadovan\u00e1 doba \u010dten\u00ed\" \/>\n\t<meta name=\"twitter:data1\" content=\"1 minuta\" \/>\n<script type=\"application\/ld+json\" class=\"yoast-schema-graph\">{\"@context\":\"https:\/\/schema.org\",\"@graph\":[{\"@type\":\"WebPage\",\"@id\":\"https:\/\/www.domkraftpro.com\/index.php\/produkt\/akce-sit-proti-ptakum-2x20m-oko-18-mm-pe-0-2-mm-zelena-16787\/\",\"url\":\"https:\/\/www.domkraftpro.com\/index.php\/produkt\/akce-sit-proti-ptakum-2x20m-oko-18-mm-pe-0-2-mm-zelena-16787\/\",\"name\":\"Akce S\u00ed\u0165 proti pt\u00e1k\u016fm\u00a0\u00b7\u00a02\u00d720m\u00a0\u00b7\u00a0oko 18 mm\u00a0\u00b7\u00a0PE 0,2 mm\u00a0\u00b7\u00a0zelen\u00e1 -\",\"isPartOf\":{\"@id\":\"https:\/\/www.domkraftpro.com\/#website\"},\"primaryImageOfPage\":{\"@id\":\"https:\/\/www.domkraftpro.com\/index.php\/produkt\/akce-sit-proti-ptakum-2x20m-oko-18-mm-pe-0-2-mm-zelena-16787\/#primaryimage\"},\"image\":{\"@id\":\"https:\/\/www.domkraftpro.com\/index.php\/produkt\/akce-sit-proti-ptakum-2x20m-oko-18-mm-pe-0-2-mm-zelena-16787\/#primaryimage\"},\"thumbnailUrl\":\"https:\/\/www.domkraftpro.com\/wp-content\/uploads\/2026\/SK0007894-CZ20260425-092522-0-1777080324-121015_rewrite-77550-2212940.webp\",\"datePublished\":\"2026-04-27T04:41:04+00:00\",\"breadcrumb\":{\"@id\":\"https:\/\/www.domkraftpro.com\/index.php\/produkt\/akce-sit-proti-ptakum-2x20m-oko-18-mm-pe-0-2-mm-zelena-16787\/#breadcrumb\"},\"inLanguage\":\"cs\",\"potentialAction\":[{\"@type\":\"ReadAction\",\"target\":[\"https:\/\/www.domkraftpro.com\/index.php\/produkt\/akce-sit-proti-ptakum-2x20m-oko-18-mm-pe-0-2-mm-zelena-16787\/\"]}]},{\"@type\":\"ImageObject\",\"inLanguage\":\"cs\",\"@id\":\"https:\/\/www.domkraftpro.com\/index.php\/produkt\/akce-sit-proti-ptakum-2x20m-oko-18-mm-pe-0-2-mm-zelena-16787\/#primaryimage\",\"url\":\"https:\/\/www.domkraftpro.com\/wp-content\/uploads\/2026\/SK0007894-CZ20260425-092522-0-1777080324-121015_rewrite-77550-2212940.webp\",\"contentUrl\":\"https:\/\/www.domkraftpro.com\/wp-content\/uploads\/2026\/SK0007894-CZ20260425-092522-0-1777080324-121015_rewrite-77550-2212940.webp\",\"width\":1000,\"height\":750},{\"@type\":\"BreadcrumbList\",\"@id\":\"https:\/\/www.domkraftpro.com\/index.php\/produkt\/akce-sit-proti-ptakum-2x20m-oko-18-mm-pe-0-2-mm-zelena-16787\/#breadcrumb\",\"itemListElement\":[{\"@type\":\"ListItem\",\"position\":1,\"name\":\"Home\",\"item\":\"https:\/\/www.domkraftpro.com\/\"},{\"@type\":\"ListItem\",\"position\":2,\"name\":\"Products\",\"item\":\"https:\/\/www.domkraftpro.com\/index.php\/products\/\"},{\"@type\":\"ListItem\",\"position\":3,\"name\":\"Akce S\u00ed\u0165 proti pt\u00e1k\u016fm\u00a0\u00b7\u00a02\u00d720m\u00a0\u00b7\u00a0oko 18 mm\u00a0\u00b7\u00a0PE 0,2 mm\u00a0\u00b7\u00a0zelen\u00e1\"}]},{\"@type\":\"WebSite\",\"@id\":\"https:\/\/www.domkraftpro.com\/#website\",\"url\":\"https:\/\/www.domkraftpro.com\/\",\"name\":\"\",\"description\":\"\",\"potentialAction\":[{\"@type\":\"SearchAction\",\"target\":{\"@type\":\"EntryPoint\",\"urlTemplate\":\"https:\/\/www.domkraftpro.com\/?s={search_term_string}\"},\"query-input\":{\"@type\":\"PropertyValueSpecification\",\"valueRequired\":true,\"valueName\":\"search_term_string\"}}],\"inLanguage\":\"cs\"}]}<\/script>\n<!-- \/ Yoast SEO plugin. -->","yoast_head_json":{"title":"Akce S\u00ed\u0165 proti pt\u00e1k\u016fm\u00a0\u00b7\u00a02\u00d720m\u00a0\u00b7\u00a0oko 18 mm\u00a0\u00b7\u00a0PE 0,2 mm\u00a0\u00b7\u00a0zelen\u00e1 -","robots":{"index":"index","follow":"follow","max-snippet":"max-snippet:-1","max-image-preview":"max-image-preview:large","max-video-preview":"max-video-preview:-1"},"canonical":"https:\/\/www.domkraftpro.com\/index.php\/produkt\/akce-sit-proti-ptakum-2x20m-oko-18-mm-pe-0-2-mm-zelena-16787\/","og_locale":"cs_CZ","og_type":"article","og_title":"Akce S\u00ed\u0165 proti pt\u00e1k\u016fm\u00a0\u00b7\u00a02\u00d720m\u00a0\u00b7\u00a0oko 18 mm\u00a0\u00b7\u00a0PE 0,2 mm\u00a0\u00b7\u00a0zelen\u00e1 -","og_description":"Detailn\u00ed popis produktu Ochrann\u00e1 s\u00ed\u0165 proti pt\u00e1k\u016fm 2\u00d720 m \u2013 lehk\u00e1, zelen\u00e1, pro jemnou a \u0161etrnou ochranu Chra\u0148te svou \u00farodu p\u0159ed ne\u017e\u00e1douc\u00edm n\u00e1jezdem pt\u00e1k\u016f pomoc\u00ed ochrann\u00e9 s\u00edt\u011b. Tato lehk\u00e1 a jemn\u00e1 s\u00ed\u0165 s oky o velikosti 18 mm je ide\u00e1ln\u00ed pro ovocn\u00e9 stromy, ke\u0159e nebo vinnou r\u00e9vu. \u00da\u010dinn\u011b br\u00e1n\u00ed proniknut\u00ed ptactva. D\u00edky zelen\u00e9 barv\u011b p\u0159irozen\u011b [&hellip;]","og_url":"https:\/\/www.domkraftpro.com\/index.php\/produkt\/akce-sit-proti-ptakum-2x20m-oko-18-mm-pe-0-2-mm-zelena-16787\/","og_image":[{"width":1000,"height":750,"url":"https:\/\/www.domkraftpro.com\/wp-content\/uploads\/2026\/SK0007894-CZ20260425-092522-0-1777080324-121015_rewrite-77550-2212940.webp","type":"image\/webp"}],"twitter_card":"summary_large_image","twitter_misc":{"Odhadovan\u00e1 doba \u010dten\u00ed":"1 minuta"},"schema":{"@context":"https:\/\/schema.org","@graph":[{"@type":"WebPage","@id":"https:\/\/www.domkraftpro.com\/index.php\/produkt\/akce-sit-proti-ptakum-2x20m-oko-18-mm-pe-0-2-mm-zelena-16787\/","url":"https:\/\/www.domkraftpro.com\/index.php\/produkt\/akce-sit-proti-ptakum-2x20m-oko-18-mm-pe-0-2-mm-zelena-16787\/","name":"Akce S\u00ed\u0165 proti pt\u00e1k\u016fm\u00a0\u00b7\u00a02\u00d720m\u00a0\u00b7\u00a0oko 18 mm\u00a0\u00b7\u00a0PE 0,2 mm\u00a0\u00b7\u00a0zelen\u00e1 -","isPartOf":{"@id":"https:\/\/www.domkraftpro.com\/#website"},"primaryImageOfPage":{"@id":"https:\/\/www.domkraftpro.com\/index.php\/produkt\/akce-sit-proti-ptakum-2x20m-oko-18-mm-pe-0-2-mm-zelena-16787\/#primaryimage"},"image":{"@id":"https:\/\/www.domkraftpro.com\/index.php\/produkt\/akce-sit-proti-ptakum-2x20m-oko-18-mm-pe-0-2-mm-zelena-16787\/#primaryimage"},"thumbnailUrl":"https:\/\/www.domkraftpro.com\/wp-content\/uploads\/2026\/SK0007894-CZ20260425-092522-0-1777080324-121015_rewrite-77550-2212940.webp","datePublished":"2026-04-27T04:41:04+00:00","breadcrumb":{"@id":"https:\/\/www.domkraftpro.com\/index.php\/produkt\/akce-sit-proti-ptakum-2x20m-oko-18-mm-pe-0-2-mm-zelena-16787\/#breadcrumb"},"inLanguage":"cs","potentialAction":[{"@type":"ReadAction","target":["https:\/\/www.domkraftpro.com\/index.php\/produkt\/akce-sit-proti-ptakum-2x20m-oko-18-mm-pe-0-2-mm-zelena-16787\/"]}]},{"@type":"ImageObject","inLanguage":"cs","@id":"https:\/\/www.domkraftpro.com\/index.php\/produkt\/akce-sit-proti-ptakum-2x20m-oko-18-mm-pe-0-2-mm-zelena-16787\/#primaryimage","url":"https:\/\/www.domkraftpro.com\/wp-content\/uploads\/2026\/SK0007894-CZ20260425-092522-0-1777080324-121015_rewrite-77550-2212940.webp","contentUrl":"https:\/\/www.domkraftpro.com\/wp-content\/uploads\/2026\/SK0007894-CZ20260425-092522-0-1777080324-121015_rewrite-77550-2212940.webp","width":1000,"height":750},{"@type":"BreadcrumbList","@id":"https:\/\/www.domkraftpro.com\/index.php\/produkt\/akce-sit-proti-ptakum-2x20m-oko-18-mm-pe-0-2-mm-zelena-16787\/#breadcrumb","itemListElement":[{"@type":"ListItem","position":1,"name":"Home","item":"https:\/\/www.domkraftpro.com\/"},{"@type":"ListItem","position":2,"name":"Products","item":"https:\/\/www.domkraftpro.com\/index.php\/products\/"},{"@type":"ListItem","position":3,"name":"Akce S\u00ed\u0165 proti pt\u00e1k\u016fm\u00a0\u00b7\u00a02\u00d720m\u00a0\u00b7\u00a0oko 18 mm\u00a0\u00b7\u00a0PE 0,2 mm\u00a0\u00b7\u00a0zelen\u00e1"}]},{"@type":"WebSite","@id":"https:\/\/www.domkraftpro.com\/#website","url":"https:\/\/www.domkraftpro.com\/","name":"","description":"","potentialAction":[{"@type":"SearchAction","target":{"@type":"EntryPoint","urlTemplate":"https:\/\/www.domkraftpro.com\/?s={search_term_string}"},"query-input":{"@type":"PropertyValueSpecification","valueRequired":true,"valueName":"search_term_string"}}],"inLanguage":"cs"}]}},"_links":{"self":[{"href":"https:\/\/www.domkraftpro.com\/index.php\/wp-json\/wp\/v2\/product\/16787","targetHints":{"allow":["GET"]}}],"collection":[{"href":"https:\/\/www.domkraftpro.com\/index.php\/wp-json\/wp\/v2\/product"}],"about":[{"href":"https:\/\/www.domkraftpro.com\/index.php\/wp-json\/wp\/v2\/types\/product"}],"replies":[{"embeddable":true,"href":"https:\/\/www.domkraftpro.com\/index.php\/wp-json\/wp\/v2\/comments?post=16787"}],"wp:featuredmedia":[{"embeddable":true,"href":"https:\/\/www.domkraftpro.com\/index.php\/wp-json\/wp\/v2\/media\/16887"}],"wp:attachment":[{"href":"https:\/\/www.domkraftpro.com\/index.php\/wp-json\/wp\/v2\/media?parent=16787"}],"wp:term":[{"taxonomy":"product_brand","embeddable":true,"href":"https:\/\/www.domkraftpro.com\/index.php\/wp-json\/wp\/v2\/product_brand?post=16787"},{"taxonomy":"product_cat","embeddable":true,"href":"https:\/\/www.domkraftpro.com\/index.php\/wp-json\/wp\/v2\/product_cat?post=16787"},{"taxonomy":"product_tag","embeddable":true,"href":"https:\/\/www.domkraftpro.com\/index.php\/wp-json\/wp\/v2\/product_tag?post=16787"}],"curies":[{"name":"wp","href":"https:\/\/api.w.org\/{rel}","templated":true}]}}