{"id":16304,"date":"2026-04-27T04:41:03","date_gmt":"2026-04-27T04:41:03","guid":{"rendered":""},"modified":"2026-04-27T04:41:03","modified_gmt":"2026-04-27T04:41:03","slug":"znackovy-zaves-kloubovy-navarovaci-s-ploskou-100mm-bal-2ks-element-shop-cz-16304","status":"publish","type":"product","link":"https:\/\/www.domkraftpro.com\/index.php\/produkt\/znackovy-zaves-kloubovy-navarovaci-s-ploskou-100mm-bal-2ks-element-shop-cz-16304\/","title":{"rendered":"Zna\u010dkov\u00fd Z\u00e1v\u011bs kloubov\u00fd nava\u0159ovac\u00ed, s plo\u0161kou, 100mm, bal. 2ks | element-shop.cz"},"content":{"rendered":"<div class=\"basic-description\">\n<h3>Detailn\u00ed popis produktu<\/h3>\n<p>                                    <span class=\"show-tooltip\" title=\"Ocel je slitina \u017eeleza s mal\u00fdm obsahem uhl\u00edku a dal\u0161\u00edmi p\u0159\u00edm\u011bsemi. Je to jeden z nejb\u011b\u017en\u011bji pou\u017e\u00edvan\u00fdch materi\u00e1l\u016f v pr\u016fmyslu a&amp;nbsp;stavebnictv\u00ed d\u00edky sv\u00fdm vlastnostem, kter\u00e9 zahrnuj\u00ed pevnost, tv\u00e1rnost a odolnost.&amp;nbsp;Z\u00e1kladn\u00ed slo\u017ekou&amp;hellip;\">Ocelov\u00fd<\/span> pant &#8211; kloubov\u00fd z\u00e1v\u011bs s plo\u0161kou na p\u0159iva\u0159en\u00ed. Pant ur\u010den\u00fd na p\u0159\u00edm\u00e9 nava\u0159en\u00ed na ocelov\u00e9 konstukce. Tento pant je mo\u017en\u00e9 pou\u017e\u00edt s ob\u011bma plochami na jednu stranu, nebo ka\u017edou jinam.Celkov\u00fd rozm\u011br: 120 x 29 mmRozm\u011br ramen (bez kloubu): 14 x 48 mm<span class=\"show-tooltip\" title=\"Pr\u016fm\u011br kruhu a kru\u017enice je d\u00e9lka \u00fase\u010dky, kter\u00e1 proch\u00e1z\u00ed st\u0159edem kruhu a spojuje dva body na jeho obvodu. Zkr\u00e1cen\u011b se pr\u016fm\u011br kruhu ozna\u010duje symbolem &quot;d&quot;.Vztah mezi pr\u016fm\u011brem kruhu a jeho polom\u011brem &quot;r&quot; je n\u00e1sleduj\u00edc\u00ed: d = 2 * rKde &quot;d&quot; je&amp;hellip;\">Pr\u016fm\u011br<\/span> kloubu: 10 mm<span class=\"show-tooltip\" title=\"S\u00edla je fyzik\u00e1ln\u00ed veli\u010dina, kter\u00e1 popisuje interakci mezi t\u011blesy nebo objekty. Je to vektorov\u00e1 veli\u010dina, co\u017e znamen\u00e1, \u017ee krom\u011b velikosti m\u00e1 tak\u00e9 sm\u011br a smysl (sm\u011br, kter\u00fdm s\u00edla p\u016fsob\u00ed). Jednotkou s\u00edly v mezin\u00e1rodn\u00edm syst\u00e9mu jednotek (SI) je newton&amp;hellip;\">S\u00edla<\/span> plechu: 3 mmMateri\u00e1l: ocelov\u00fd plechPovrchov\u00e1 \u00faprava: -Po\u010det d\u011br: -Pr\u016fm\u011br d\u011br: &#8211;                            <\/div>\n","protected":false},"excerpt":{"rendered":"<p>Detailn\u00ed popis produktu Ocelov\u00fd pant &#8211; kloubov\u00fd z\u00e1v\u011bs s plo\u0161kou na p\u0159iva\u0159en\u00ed. Pant ur\u010den\u00fd na p\u0159\u00edm\u00e9 nava\u0159en\u00ed na ocelov\u00e9 konstukce. Tento pant je mo\u017en\u00e9 pou\u017e\u00edt s ob\u011bma plochami na jednu stranu, nebo ka\u017edou jinam.Celkov\u00fd rozm\u011br: 120 x 29 mmRozm\u011br ramen (bez kloubu): 14 x 48 mmPr\u016fm\u011br kloubu: 10 mmS\u00edla plechu: 3 mmMateri\u00e1l: ocelov\u00fd plechPovrchov\u00e1 \u00faprava: [&hellip;]<\/p>\n","protected":false},"featured_media":16404,"comment_status":"open","ping_status":"open","template":"","meta":[],"product_brand":[],"product_cat":[44],"product_tag":[],"class_list":{"0":"post-16304","1":"product","2":"type-product","3":"status-publish","4":"has-post-thumbnail","6":"product_cat-stavba","8":"first","9":"instock","10":"sale","11":"shipping-taxable","12":"purchasable","13":"product-type-simple"},"yoast_head":"<!-- This site is optimized with the Yoast SEO plugin v26.8 - https:\/\/yoast.com\/product\/yoast-seo-wordpress\/ -->\n<title>Zna\u010dkov\u00fd Z\u00e1v\u011bs kloubov\u00fd nava\u0159ovac\u00ed, s plo\u0161kou, 100mm, bal. 2ks | element-shop.cz -<\/title>\n<meta name=\"robots\" content=\"index, follow, max-snippet:-1, max-image-preview:large, max-video-preview:-1\" \/>\n<link rel=\"canonical\" href=\"https:\/\/www.domkraftpro.com\/index.php\/produkt\/znackovy-zaves-kloubovy-navarovaci-s-ploskou-100mm-bal-2ks-element-shop-cz-16304\/\" \/>\n<meta property=\"og:locale\" content=\"cs_CZ\" \/>\n<meta property=\"og:type\" content=\"article\" \/>\n<meta property=\"og:title\" content=\"Zna\u010dkov\u00fd Z\u00e1v\u011bs kloubov\u00fd nava\u0159ovac\u00ed, s plo\u0161kou, 100mm, bal. 2ks | element-shop.cz -\" \/>\n<meta property=\"og:description\" content=\"Detailn\u00ed popis produktu Ocelov\u00fd pant &#8211; kloubov\u00fd z\u00e1v\u011bs s plo\u0161kou na p\u0159iva\u0159en\u00ed. Pant ur\u010den\u00fd na p\u0159\u00edm\u00e9 nava\u0159en\u00ed na ocelov\u00e9 konstukce. Tento pant je mo\u017en\u00e9 pou\u017e\u00edt s ob\u011bma plochami na jednu stranu, nebo ka\u017edou jinam.Celkov\u00fd rozm\u011br: 120 x 29 mmRozm\u011br ramen (bez kloubu): 14 x 48 mmPr\u016fm\u011br kloubu: 10 mmS\u00edla plechu: 3 mmMateri\u00e1l: ocelov\u00fd plechPovrchov\u00e1 \u00faprava: [&hellip;]\" \/>\n<meta property=\"og:url\" content=\"https:\/\/www.domkraftpro.com\/index.php\/produkt\/znackovy-zaves-kloubovy-navarovaci-s-ploskou-100mm-bal-2ks-element-shop-cz-16304\/\" \/>\n<meta property=\"og:image\" content=\"https:\/\/www.domkraftpro.com\/wp-content\/uploads\/2026\/SK0007610-CZ20260425-092522-0-1777080324-119818_rewrite-176057-221781b.webp\" \/>\n\t<meta property=\"og:image:width\" content=\"1000\" \/>\n\t<meta property=\"og:image:height\" content=\"750\" \/>\n\t<meta property=\"og:image:type\" content=\"image\/webp\" \/>\n<meta name=\"twitter:card\" content=\"summary_large_image\" \/>\n<script type=\"application\/ld+json\" class=\"yoast-schema-graph\">{\"@context\":\"https:\/\/schema.org\",\"@graph\":[{\"@type\":\"WebPage\",\"@id\":\"https:\/\/www.domkraftpro.com\/index.php\/produkt\/znackovy-zaves-kloubovy-navarovaci-s-ploskou-100mm-bal-2ks-element-shop-cz-16304\/\",\"url\":\"https:\/\/www.domkraftpro.com\/index.php\/produkt\/znackovy-zaves-kloubovy-navarovaci-s-ploskou-100mm-bal-2ks-element-shop-cz-16304\/\",\"name\":\"Zna\u010dkov\u00fd Z\u00e1v\u011bs kloubov\u00fd nava\u0159ovac\u00ed, s plo\u0161kou, 100mm, bal. 2ks | element-shop.cz -\",\"isPartOf\":{\"@id\":\"https:\/\/www.domkraftpro.com\/#website\"},\"primaryImageOfPage\":{\"@id\":\"https:\/\/www.domkraftpro.com\/index.php\/produkt\/znackovy-zaves-kloubovy-navarovaci-s-ploskou-100mm-bal-2ks-element-shop-cz-16304\/#primaryimage\"},\"image\":{\"@id\":\"https:\/\/www.domkraftpro.com\/index.php\/produkt\/znackovy-zaves-kloubovy-navarovaci-s-ploskou-100mm-bal-2ks-element-shop-cz-16304\/#primaryimage\"},\"thumbnailUrl\":\"https:\/\/www.domkraftpro.com\/wp-content\/uploads\/2026\/SK0007610-CZ20260425-092522-0-1777080324-119818_rewrite-176057-221781b.webp\",\"datePublished\":\"2026-04-27T04:41:03+00:00\",\"breadcrumb\":{\"@id\":\"https:\/\/www.domkraftpro.com\/index.php\/produkt\/znackovy-zaves-kloubovy-navarovaci-s-ploskou-100mm-bal-2ks-element-shop-cz-16304\/#breadcrumb\"},\"inLanguage\":\"cs\",\"potentialAction\":[{\"@type\":\"ReadAction\",\"target\":[\"https:\/\/www.domkraftpro.com\/index.php\/produkt\/znackovy-zaves-kloubovy-navarovaci-s-ploskou-100mm-bal-2ks-element-shop-cz-16304\/\"]}]},{\"@type\":\"ImageObject\",\"inLanguage\":\"cs\",\"@id\":\"https:\/\/www.domkraftpro.com\/index.php\/produkt\/znackovy-zaves-kloubovy-navarovaci-s-ploskou-100mm-bal-2ks-element-shop-cz-16304\/#primaryimage\",\"url\":\"https:\/\/www.domkraftpro.com\/wp-content\/uploads\/2026\/SK0007610-CZ20260425-092522-0-1777080324-119818_rewrite-176057-221781b.webp\",\"contentUrl\":\"https:\/\/www.domkraftpro.com\/wp-content\/uploads\/2026\/SK0007610-CZ20260425-092522-0-1777080324-119818_rewrite-176057-221781b.webp\",\"width\":1000,\"height\":750},{\"@type\":\"BreadcrumbList\",\"@id\":\"https:\/\/www.domkraftpro.com\/index.php\/produkt\/znackovy-zaves-kloubovy-navarovaci-s-ploskou-100mm-bal-2ks-element-shop-cz-16304\/#breadcrumb\",\"itemListElement\":[{\"@type\":\"ListItem\",\"position\":1,\"name\":\"Home\",\"item\":\"https:\/\/www.domkraftpro.com\/\"},{\"@type\":\"ListItem\",\"position\":2,\"name\":\"Products\",\"item\":\"https:\/\/www.domkraftpro.com\/index.php\/products\/\"},{\"@type\":\"ListItem\",\"position\":3,\"name\":\"Zna\u010dkov\u00fd Z\u00e1v\u011bs kloubov\u00fd nava\u0159ovac\u00ed, s plo\u0161kou, 100mm, bal. 2ks | element-shop.cz\"}]},{\"@type\":\"WebSite\",\"@id\":\"https:\/\/www.domkraftpro.com\/#website\",\"url\":\"https:\/\/www.domkraftpro.com\/\",\"name\":\"\",\"description\":\"\",\"potentialAction\":[{\"@type\":\"SearchAction\",\"target\":{\"@type\":\"EntryPoint\",\"urlTemplate\":\"https:\/\/www.domkraftpro.com\/?s={search_term_string}\"},\"query-input\":{\"@type\":\"PropertyValueSpecification\",\"valueRequired\":true,\"valueName\":\"search_term_string\"}}],\"inLanguage\":\"cs\"}]}<\/script>\n<!-- \/ Yoast SEO plugin. -->","yoast_head_json":{"title":"Zna\u010dkov\u00fd Z\u00e1v\u011bs kloubov\u00fd nava\u0159ovac\u00ed, s plo\u0161kou, 100mm, bal. 2ks | element-shop.cz -","robots":{"index":"index","follow":"follow","max-snippet":"max-snippet:-1","max-image-preview":"max-image-preview:large","max-video-preview":"max-video-preview:-1"},"canonical":"https:\/\/www.domkraftpro.com\/index.php\/produkt\/znackovy-zaves-kloubovy-navarovaci-s-ploskou-100mm-bal-2ks-element-shop-cz-16304\/","og_locale":"cs_CZ","og_type":"article","og_title":"Zna\u010dkov\u00fd Z\u00e1v\u011bs kloubov\u00fd nava\u0159ovac\u00ed, s plo\u0161kou, 100mm, bal. 2ks | element-shop.cz -","og_description":"Detailn\u00ed popis produktu Ocelov\u00fd pant &#8211; kloubov\u00fd z\u00e1v\u011bs s plo\u0161kou na p\u0159iva\u0159en\u00ed. Pant ur\u010den\u00fd na p\u0159\u00edm\u00e9 nava\u0159en\u00ed na ocelov\u00e9 konstukce. Tento pant je mo\u017en\u00e9 pou\u017e\u00edt s ob\u011bma plochami na jednu stranu, nebo ka\u017edou jinam.Celkov\u00fd rozm\u011br: 120 x 29 mmRozm\u011br ramen (bez kloubu): 14 x 48 mmPr\u016fm\u011br kloubu: 10 mmS\u00edla plechu: 3 mmMateri\u00e1l: ocelov\u00fd plechPovrchov\u00e1 \u00faprava: [&hellip;]","og_url":"https:\/\/www.domkraftpro.com\/index.php\/produkt\/znackovy-zaves-kloubovy-navarovaci-s-ploskou-100mm-bal-2ks-element-shop-cz-16304\/","og_image":[{"width":1000,"height":750,"url":"https:\/\/www.domkraftpro.com\/wp-content\/uploads\/2026\/SK0007610-CZ20260425-092522-0-1777080324-119818_rewrite-176057-221781b.webp","type":"image\/webp"}],"twitter_card":"summary_large_image","schema":{"@context":"https:\/\/schema.org","@graph":[{"@type":"WebPage","@id":"https:\/\/www.domkraftpro.com\/index.php\/produkt\/znackovy-zaves-kloubovy-navarovaci-s-ploskou-100mm-bal-2ks-element-shop-cz-16304\/","url":"https:\/\/www.domkraftpro.com\/index.php\/produkt\/znackovy-zaves-kloubovy-navarovaci-s-ploskou-100mm-bal-2ks-element-shop-cz-16304\/","name":"Zna\u010dkov\u00fd Z\u00e1v\u011bs kloubov\u00fd nava\u0159ovac\u00ed, s plo\u0161kou, 100mm, bal. 2ks | element-shop.cz -","isPartOf":{"@id":"https:\/\/www.domkraftpro.com\/#website"},"primaryImageOfPage":{"@id":"https:\/\/www.domkraftpro.com\/index.php\/produkt\/znackovy-zaves-kloubovy-navarovaci-s-ploskou-100mm-bal-2ks-element-shop-cz-16304\/#primaryimage"},"image":{"@id":"https:\/\/www.domkraftpro.com\/index.php\/produkt\/znackovy-zaves-kloubovy-navarovaci-s-ploskou-100mm-bal-2ks-element-shop-cz-16304\/#primaryimage"},"thumbnailUrl":"https:\/\/www.domkraftpro.com\/wp-content\/uploads\/2026\/SK0007610-CZ20260425-092522-0-1777080324-119818_rewrite-176057-221781b.webp","datePublished":"2026-04-27T04:41:03+00:00","breadcrumb":{"@id":"https:\/\/www.domkraftpro.com\/index.php\/produkt\/znackovy-zaves-kloubovy-navarovaci-s-ploskou-100mm-bal-2ks-element-shop-cz-16304\/#breadcrumb"},"inLanguage":"cs","potentialAction":[{"@type":"ReadAction","target":["https:\/\/www.domkraftpro.com\/index.php\/produkt\/znackovy-zaves-kloubovy-navarovaci-s-ploskou-100mm-bal-2ks-element-shop-cz-16304\/"]}]},{"@type":"ImageObject","inLanguage":"cs","@id":"https:\/\/www.domkraftpro.com\/index.php\/produkt\/znackovy-zaves-kloubovy-navarovaci-s-ploskou-100mm-bal-2ks-element-shop-cz-16304\/#primaryimage","url":"https:\/\/www.domkraftpro.com\/wp-content\/uploads\/2026\/SK0007610-CZ20260425-092522-0-1777080324-119818_rewrite-176057-221781b.webp","contentUrl":"https:\/\/www.domkraftpro.com\/wp-content\/uploads\/2026\/SK0007610-CZ20260425-092522-0-1777080324-119818_rewrite-176057-221781b.webp","width":1000,"height":750},{"@type":"BreadcrumbList","@id":"https:\/\/www.domkraftpro.com\/index.php\/produkt\/znackovy-zaves-kloubovy-navarovaci-s-ploskou-100mm-bal-2ks-element-shop-cz-16304\/#breadcrumb","itemListElement":[{"@type":"ListItem","position":1,"name":"Home","item":"https:\/\/www.domkraftpro.com\/"},{"@type":"ListItem","position":2,"name":"Products","item":"https:\/\/www.domkraftpro.com\/index.php\/products\/"},{"@type":"ListItem","position":3,"name":"Zna\u010dkov\u00fd Z\u00e1v\u011bs kloubov\u00fd nava\u0159ovac\u00ed, s plo\u0161kou, 100mm, bal. 2ks | element-shop.cz"}]},{"@type":"WebSite","@id":"https:\/\/www.domkraftpro.com\/#website","url":"https:\/\/www.domkraftpro.com\/","name":"","description":"","potentialAction":[{"@type":"SearchAction","target":{"@type":"EntryPoint","urlTemplate":"https:\/\/www.domkraftpro.com\/?s={search_term_string}"},"query-input":{"@type":"PropertyValueSpecification","valueRequired":true,"valueName":"search_term_string"}}],"inLanguage":"cs"}]}},"_links":{"self":[{"href":"https:\/\/www.domkraftpro.com\/index.php\/wp-json\/wp\/v2\/product\/16304","targetHints":{"allow":["GET"]}}],"collection":[{"href":"https:\/\/www.domkraftpro.com\/index.php\/wp-json\/wp\/v2\/product"}],"about":[{"href":"https:\/\/www.domkraftpro.com\/index.php\/wp-json\/wp\/v2\/types\/product"}],"replies":[{"embeddable":true,"href":"https:\/\/www.domkraftpro.com\/index.php\/wp-json\/wp\/v2\/comments?post=16304"}],"wp:featuredmedia":[{"embeddable":true,"href":"https:\/\/www.domkraftpro.com\/index.php\/wp-json\/wp\/v2\/media\/16404"}],"wp:attachment":[{"href":"https:\/\/www.domkraftpro.com\/index.php\/wp-json\/wp\/v2\/media?parent=16304"}],"wp:term":[{"taxonomy":"product_brand","embeddable":true,"href":"https:\/\/www.domkraftpro.com\/index.php\/wp-json\/wp\/v2\/product_brand?post=16304"},{"taxonomy":"product_cat","embeddable":true,"href":"https:\/\/www.domkraftpro.com\/index.php\/wp-json\/wp\/v2\/product_cat?post=16304"},{"taxonomy":"product_tag","embeddable":true,"href":"https:\/\/www.domkraftpro.com\/index.php\/wp-json\/wp\/v2\/product_tag?post=16304"}],"curies":[{"name":"wp","href":"https:\/\/api.w.org\/{rel}","templated":true}]}}