{"id":15108,"date":"2026-04-27T04:41:00","date_gmt":"2026-04-27T04:41:00","guid":{"rendered":""},"modified":"2026-04-27T04:41:00","modified_gmt":"2026-04-27T04:41:00","slug":"dupli-color-r-magnetic-paint-magneticka-barva-seda-500-ml-autenticky-15108","status":"publish","type":"product","link":"https:\/\/www.domkraftpro.com\/index.php\/produkt\/dupli-color-r-magnetic-paint-magneticka-barva-seda-500-ml-autenticky-15108\/","title":{"rendered":"DUPLI-COLOR\u00ae MAGNETIC PAINT magnetick\u00e1 barva, \u0161ed\u00e1, 500 ml Autentick\u00fd"},"content":{"rendered":"<div class=\"basic-description\">\n<h3>Detailn\u00ed popis produktu<\/h3>\n<h1><strong>DUPLI-COLOR\u00ae MAGNETIC PAINT Magnetick\u00e1 barva<\/strong><\/h1>\n<div><span style=\"font-size: 12pt;\"><b>V<\/b><strong>odou \u0159editeln\u00e1 barva ur\u010den\u00e1 pro vnit\u0159n\u00ed pou\u017eit\u00ed. Tato barva obsahuje <span class=\"show-tooltip\" title=\"\u017delezo je chemick\u00fd prvek s atomov\u00fdm \u010d\u00edslem 26 a chemick\u00fdm symbolem Fe (z latinsk\u00e9ho ferrum). Je to jedna z nejroz\u0161\u00ed\u0159en\u011bj\u0161\u00edch kovov\u00fdch prvk\u016f na Zemi a hraje kl\u00ed\u010dovou roli v mnoha aspektech lidsk\u00e9ho \u017eivota a pr\u016fmyslu.N\u011bkter\u00e9 z\u00e1kladn\u00ed&amp;hellip;\">\u017eelezn\u00e9<\/span> <span class=\"show-tooltip\" title=\"Pigment (barvivo) je anorganick\u00e1 substance, obvykle zalo\u017een\u00e1 na oxidov\u00fdch slou\u010denin\u00e1ch kov\u016f, pou\u017e\u00edvan\u00e1 pro \u00fa\u010dely v\u00fdtvarn\u00e9ho um\u011bn\u00ed, zejm\u00e9na v oblasti mal\u00ed\u0159stv\u00ed. Existuje p\u0159ibli\u017en\u011b 16 kategori\u00ed anorganick\u00fdch barevn\u00fdch l\u00e1tek, odvozen\u00fdch od prvku, kter\u00fd&amp;hellip;\">pigmenty<\/span>, kter\u00e9 umo\u017e\u0148uj\u00ed p\u0159ipevnit na malbu magnety. <\/strong><\/span><\/div>\n<div>&nbsp;<\/div>\n<div><strong>S mnoha vyu\u017eit\u00edmi v nejr\u016fzn\u011bj\u0161\u00edch oblastech, jako jsou \u0161kolky, \u0161koly, kancel\u00e1\u0159e, d\u011btsk\u00e9 pokoje a dal\u0161\u00ed, p\u0159in\u00e1\u0161\u00ed tento produkt inovativn\u00ed \u0159e\u0161en\u00ed pro organizaci a prezentaci.<\/strong><\/div>\n<div>&nbsp;<\/div>\n<div><strong>Magnetick\u00e9 vlastnosti:<\/strong> Obsahuje \u017eelezn\u00e9 pigmenty, kter\u00e9 umo\u017e\u0148uj\u00ed p\u0159ipevn\u011bn\u00ed magnet\u016f na povrch.<\/div>\n<div><strong><span class=\"show-tooltip\" title=\"Voda,&amp;nbsp;chemick\u00fdm vzorcem&amp;nbsp;H2O,&amp;nbsp;systematick\u00fd n\u00e1zev&amp;nbsp;oxidan, je&amp;nbsp;chemick\u00e1 slou\u010denina&amp;nbsp;vod\u00edku&amp;nbsp;a&amp;nbsp;kysl\u00edku. Spolu se&amp;nbsp;vzduchem, resp.&amp;nbsp;zemskou atmosf\u00e9rou, tvo\u0159\u00ed z\u00e1kladn\u00ed podm\u00ednky pro&amp;hellip;\">Vodou<\/span> \u0159editeln\u00e1:<\/strong> Snadn\u00e1 aplikace a \u010di\u0161t\u011bn\u00ed <span class=\"show-tooltip\" title=\"N\u00e1stroj&amp;nbsp;je pracovn\u00ed prost\u0159edek, pom\u016fcka k zpracov\u00e1n\u00ed n\u011b\u010deho (pracovn\u00ed n\u00e1stroj, \u0159emeslnick\u00fd n\u00e1stroj, chirurgick\u00fd n\u00e1stroj aj.), p\u0159\u00edp. v\u00fdrobn\u00ed pom\u016fcka slou\u017e\u00edc\u00ed p\u0159i ru\u010dn\u00edm nebo strojn\u00edm obr\u00e1b\u011bn\u00ed ke zm\u011bn\u011b velikosti nebo tvaru opracov\u00e1van\u00e9ho&amp;hellip;\">n\u00e1stroj\u016f<\/span> vodou.<\/div>\n<div><strong>Univerz\u00e1ln\u00ed pou\u017eit\u00ed:<\/strong> Ide\u00e1ln\u00ed pro interi\u00e9rov\u00e9 prost\u0159ed\u00ed v r\u016fzn\u00fdch oblastech.<\/div>\n<div><strong><span class=\"show-tooltip\" title=\"Kompatibilita ozna\u010duje schopnost dvou nebo v\u00edce prvk\u016f, syst\u00e9m\u016f nebo za\u0159\u00edzen\u00ed pracovat spolu bezkonfliktn\u011b nebo vz\u00e1jemn\u011b se dopl\u0148ovat. V kontextu technologi\u00ed nebo za\u0159\u00edzen\u00ed to znamen\u00e1, \u017ee jsou schopny spolupracovat a vz\u00e1jemn\u011b&amp;hellip;\">Kompatibilita<\/span> s dal\u0161\u00edmi povrchy:<\/strong> Po aplikaci lze p\u0159et\u0159\u00edt <span class=\"show-tooltip\" title=\"Disperze je pojem, kter\u00fd m\u016f\u017ee m\u00edt r\u016fzn\u00e9 v\u00fdznamy v z\u00e1vislosti na kontextu, ve kter\u00e9m je pou\u017e\u00edv\u00e1n:V chemii a fyzice:Disperze jako rozpt\u00fdlen\u00ed \u010d\u00e1stic: Tento term\u00edn se pou\u017e\u00edv\u00e1 k popisu stavu, kdy jsou \u010d\u00e1stice jedn\u00e9 l\u00e1tky rozpt\u00fdleny v jin\u00e9 l\u00e1tce. M\u016f\u017ee&amp;hellip;\">disperzn\u00ed<\/span> barvou, p\u0159etapetovat tenkou tapetou nebo p\u0159est\u0159\u00edkat <span class=\"show-tooltip\" title=\"Sprej je za\u0159\u00edzen\u00ed nebo produkt, kter\u00fd umo\u017e\u0148uje rozpra\u0161ov\u00e1n\u00ed kapaliny nebo suspenze do vzduchu ve form\u011b jemn\u00e9 mlhy.Spreje jsou praktick\u00fdm a efektivn\u00edm zp\u016fsobem, jak aplikovat r\u016fzn\u00e9 l\u00e1tky v mnoha odv\u011btv\u00edch, a jejich design a technologie se neust\u00e1le&amp;hellip;\">sprejem<\/span>, p\u0159i\u010dem\u017e magnetick\u00e9 vlastnosti z\u016fstanou zachov\u00e1ny.<\/div>\n<div>&nbsp;<\/div>\n<div><strong>Barva:<\/strong> Sv\u011btle <span class=\"show-tooltip\" title=\"\u0160ed\u00e1 je neutr\u00e1ln\u00ed barva, kter\u00e1 vznik\u00e1 kombinac\u00ed \u010dern\u00e9 a b\u00edl\u00e9. Je to barva, kter\u00e1 se nach\u00e1z\u00ed mezi \u010dernou a b\u00edlou na spektru viditeln\u00e9ho sv\u011btla, co\u017e j\u00ed d\u00e1v\u00e1 vlastnost tlumenosti a vyv\u00e1\u017eenosti. \u0160ed\u00e1 je zn\u00e1m\u00e1 svou eleganc\u00ed, neutr\u00e1lnost\u00ed a schopnost\u00ed&amp;hellip;\">\u0161ed\u00e1<\/span><\/div>\n<div><strong>Vydatnost:<\/strong> 1 litr je dosta\u010duj\u00edc\u00ed p\u0159ibli\u017en\u011b pro 2 &#8211; 3 m\u00b2 (2 n\u00e1t\u011bry), v z\u00e1vislosti na konzistenci, barv\u011b podkladu a tlou\u0161\u0165ce n\u00e1t\u011bru.<\/div>\n<div>&nbsp;<\/div>\n<div><strong>Pokyny pro pou\u017eit\u00ed<\/strong><\/div>\n<div>&nbsp;<\/div>\n<div>\u058d P\u0159ipravte a vy\u010dist\u011bte povrch, na kter\u00fd chcete aplikovat barvu.<\/div>\n<div>\u058d D\u016fkladn\u011b prom\u00edchejte barvu p\u0159ed pou\u017eit\u00edm.<\/div>\n<div>\u058d Aplikujte barvu rovnom\u011brn\u011b a v dostate\u010dn\u00e9 tlou\u0161\u0165ce na po\u017eadovan\u00fd povrch.<\/div>\n<div>\u058d Po vyschnut\u00ed lze p\u0159et\u0159\u00edt disperzn\u00ed barvou, p\u0159etapetovat nebo p\u0159est\u0159\u00edkat sprejem.<\/div>\n<div>&nbsp;<\/div>\n<div><strong>Velikost balen\u00ed:<\/strong> 500 ml<\/div>\n<div>&nbsp;<\/div>\n<div><\/div>\n<\/p><\/div>\n","protected":false},"excerpt":{"rendered":"<p>Detailn\u00ed popis produktu DUPLI-COLOR\u00ae MAGNETIC PAINT Magnetick\u00e1 barva Vodou \u0159editeln\u00e1 barva ur\u010den\u00e1 pro vnit\u0159n\u00ed pou\u017eit\u00ed. Tato barva obsahuje \u017eelezn\u00e9 pigmenty, kter\u00e9 umo\u017e\u0148uj\u00ed p\u0159ipevnit na malbu magnety. &nbsp; S mnoha vyu\u017eit\u00edmi v nejr\u016fzn\u011bj\u0161\u00edch oblastech, jako jsou \u0161kolky, \u0161koly, kancel\u00e1\u0159e, d\u011btsk\u00e9 pokoje a dal\u0161\u00ed, p\u0159in\u00e1\u0161\u00ed tento produkt inovativn\u00ed \u0159e\u0161en\u00ed pro organizaci a prezentaci. &nbsp; Magnetick\u00e9 vlastnosti: Obsahuje [&hellip;]<\/p>\n","protected":false},"featured_media":15208,"comment_status":"open","ping_status":"open","template":"","meta":[],"product_brand":[],"product_cat":[62],"product_tag":[],"class_list":{"0":"post-15108","1":"product","2":"type-product","3":"status-publish","4":"has-post-thumbnail","6":"product_cat-barvy-amp-laky","8":"first","9":"instock","10":"sale","11":"shipping-taxable","12":"purchasable","13":"product-type-simple"},"yoast_head":"<!-- This site is optimized with the Yoast SEO plugin v26.8 - https:\/\/yoast.com\/product\/yoast-seo-wordpress\/ -->\n<title>DUPLI-COLOR\u00ae MAGNETIC PAINT magnetick\u00e1 barva, \u0161ed\u00e1, 500 ml Autentick\u00fd -<\/title>\n<meta name=\"robots\" content=\"index, follow, max-snippet:-1, max-image-preview:large, max-video-preview:-1\" \/>\n<link rel=\"canonical\" href=\"https:\/\/www.domkraftpro.com\/index.php\/produkt\/dupli-color-r-magnetic-paint-magneticka-barva-seda-500-ml-autenticky-15108\/\" \/>\n<meta property=\"og:locale\" content=\"cs_CZ\" \/>\n<meta property=\"og:type\" content=\"article\" \/>\n<meta property=\"og:title\" content=\"DUPLI-COLOR\u00ae MAGNETIC PAINT magnetick\u00e1 barva, \u0161ed\u00e1, 500 ml Autentick\u00fd -\" \/>\n<meta property=\"og:description\" content=\"Detailn\u00ed popis produktu DUPLI-COLOR\u00ae MAGNETIC PAINT Magnetick\u00e1 barva Vodou \u0159editeln\u00e1 barva ur\u010den\u00e1 pro vnit\u0159n\u00ed pou\u017eit\u00ed. Tato barva obsahuje \u017eelezn\u00e9 pigmenty, kter\u00e9 umo\u017e\u0148uj\u00ed p\u0159ipevnit na malbu magnety. &nbsp; S mnoha vyu\u017eit\u00edmi v nejr\u016fzn\u011bj\u0161\u00edch oblastech, jako jsou \u0161kolky, \u0161koly, kancel\u00e1\u0159e, d\u011btsk\u00e9 pokoje a dal\u0161\u00ed, p\u0159in\u00e1\u0161\u00ed tento produkt inovativn\u00ed \u0159e\u0161en\u00ed pro organizaci a prezentaci. &nbsp; Magnetick\u00e9 vlastnosti: Obsahuje [&hellip;]\" \/>\n<meta property=\"og:url\" content=\"https:\/\/www.domkraftpro.com\/index.php\/produkt\/dupli-color-r-magnetic-paint-magneticka-barva-seda-500-ml-autenticky-15108\/\" \/>\n<meta property=\"og:image\" content=\"https:\/\/www.domkraftpro.com\/wp-content\/uploads\/2026\/SK0007013-CZ20260425-092522-0-1777080324-115884_dupli-magnetic-paint.webp\" \/>\n\t<meta property=\"og:image:width\" content=\"1000\" \/>\n\t<meta property=\"og:image:height\" content=\"750\" \/>\n\t<meta property=\"og:image:type\" content=\"image\/webp\" \/>\n<meta name=\"twitter:card\" content=\"summary_large_image\" \/>\n<meta name=\"twitter:label1\" content=\"Odhadovan\u00e1 doba \u010dten\u00ed\" \/>\n\t<meta name=\"twitter:data1\" content=\"1 minuta\" \/>\n<script type=\"application\/ld+json\" class=\"yoast-schema-graph\">{\"@context\":\"https:\/\/schema.org\",\"@graph\":[{\"@type\":\"WebPage\",\"@id\":\"https:\/\/www.domkraftpro.com\/index.php\/produkt\/dupli-color-r-magnetic-paint-magneticka-barva-seda-500-ml-autenticky-15108\/\",\"url\":\"https:\/\/www.domkraftpro.com\/index.php\/produkt\/dupli-color-r-magnetic-paint-magneticka-barva-seda-500-ml-autenticky-15108\/\",\"name\":\"DUPLI-COLOR\u00ae MAGNETIC PAINT magnetick\u00e1 barva, \u0161ed\u00e1, 500 ml Autentick\u00fd -\",\"isPartOf\":{\"@id\":\"https:\/\/www.domkraftpro.com\/#website\"},\"primaryImageOfPage\":{\"@id\":\"https:\/\/www.domkraftpro.com\/index.php\/produkt\/dupli-color-r-magnetic-paint-magneticka-barva-seda-500-ml-autenticky-15108\/#primaryimage\"},\"image\":{\"@id\":\"https:\/\/www.domkraftpro.com\/index.php\/produkt\/dupli-color-r-magnetic-paint-magneticka-barva-seda-500-ml-autenticky-15108\/#primaryimage\"},\"thumbnailUrl\":\"https:\/\/www.domkraftpro.com\/wp-content\/uploads\/2026\/SK0007013-CZ20260425-092522-0-1777080324-115884_dupli-magnetic-paint.webp\",\"datePublished\":\"2026-04-27T04:41:00+00:00\",\"breadcrumb\":{\"@id\":\"https:\/\/www.domkraftpro.com\/index.php\/produkt\/dupli-color-r-magnetic-paint-magneticka-barva-seda-500-ml-autenticky-15108\/#breadcrumb\"},\"inLanguage\":\"cs\",\"potentialAction\":[{\"@type\":\"ReadAction\",\"target\":[\"https:\/\/www.domkraftpro.com\/index.php\/produkt\/dupli-color-r-magnetic-paint-magneticka-barva-seda-500-ml-autenticky-15108\/\"]}]},{\"@type\":\"ImageObject\",\"inLanguage\":\"cs\",\"@id\":\"https:\/\/www.domkraftpro.com\/index.php\/produkt\/dupli-color-r-magnetic-paint-magneticka-barva-seda-500-ml-autenticky-15108\/#primaryimage\",\"url\":\"https:\/\/www.domkraftpro.com\/wp-content\/uploads\/2026\/SK0007013-CZ20260425-092522-0-1777080324-115884_dupli-magnetic-paint.webp\",\"contentUrl\":\"https:\/\/www.domkraftpro.com\/wp-content\/uploads\/2026\/SK0007013-CZ20260425-092522-0-1777080324-115884_dupli-magnetic-paint.webp\",\"width\":1000,\"height\":750},{\"@type\":\"BreadcrumbList\",\"@id\":\"https:\/\/www.domkraftpro.com\/index.php\/produkt\/dupli-color-r-magnetic-paint-magneticka-barva-seda-500-ml-autenticky-15108\/#breadcrumb\",\"itemListElement\":[{\"@type\":\"ListItem\",\"position\":1,\"name\":\"Home\",\"item\":\"https:\/\/www.domkraftpro.com\/\"},{\"@type\":\"ListItem\",\"position\":2,\"name\":\"Products\",\"item\":\"https:\/\/www.domkraftpro.com\/index.php\/products\/\"},{\"@type\":\"ListItem\",\"position\":3,\"name\":\"DUPLI-COLOR\u00ae MAGNETIC PAINT magnetick\u00e1 barva, \u0161ed\u00e1, 500 ml Autentick\u00fd\"}]},{\"@type\":\"WebSite\",\"@id\":\"https:\/\/www.domkraftpro.com\/#website\",\"url\":\"https:\/\/www.domkraftpro.com\/\",\"name\":\"\",\"description\":\"\",\"potentialAction\":[{\"@type\":\"SearchAction\",\"target\":{\"@type\":\"EntryPoint\",\"urlTemplate\":\"https:\/\/www.domkraftpro.com\/?s={search_term_string}\"},\"query-input\":{\"@type\":\"PropertyValueSpecification\",\"valueRequired\":true,\"valueName\":\"search_term_string\"}}],\"inLanguage\":\"cs\"}]}<\/script>\n<!-- \/ Yoast SEO plugin. -->","yoast_head_json":{"title":"DUPLI-COLOR\u00ae MAGNETIC PAINT magnetick\u00e1 barva, \u0161ed\u00e1, 500 ml Autentick\u00fd -","robots":{"index":"index","follow":"follow","max-snippet":"max-snippet:-1","max-image-preview":"max-image-preview:large","max-video-preview":"max-video-preview:-1"},"canonical":"https:\/\/www.domkraftpro.com\/index.php\/produkt\/dupli-color-r-magnetic-paint-magneticka-barva-seda-500-ml-autenticky-15108\/","og_locale":"cs_CZ","og_type":"article","og_title":"DUPLI-COLOR\u00ae MAGNETIC PAINT magnetick\u00e1 barva, \u0161ed\u00e1, 500 ml Autentick\u00fd -","og_description":"Detailn\u00ed popis produktu DUPLI-COLOR\u00ae MAGNETIC PAINT Magnetick\u00e1 barva Vodou \u0159editeln\u00e1 barva ur\u010den\u00e1 pro vnit\u0159n\u00ed pou\u017eit\u00ed. Tato barva obsahuje \u017eelezn\u00e9 pigmenty, kter\u00e9 umo\u017e\u0148uj\u00ed p\u0159ipevnit na malbu magnety. &nbsp; S mnoha vyu\u017eit\u00edmi v nejr\u016fzn\u011bj\u0161\u00edch oblastech, jako jsou \u0161kolky, \u0161koly, kancel\u00e1\u0159e, d\u011btsk\u00e9 pokoje a dal\u0161\u00ed, p\u0159in\u00e1\u0161\u00ed tento produkt inovativn\u00ed \u0159e\u0161en\u00ed pro organizaci a prezentaci. &nbsp; Magnetick\u00e9 vlastnosti: Obsahuje [&hellip;]","og_url":"https:\/\/www.domkraftpro.com\/index.php\/produkt\/dupli-color-r-magnetic-paint-magneticka-barva-seda-500-ml-autenticky-15108\/","og_image":[{"width":1000,"height":750,"url":"https:\/\/www.domkraftpro.com\/wp-content\/uploads\/2026\/SK0007013-CZ20260425-092522-0-1777080324-115884_dupli-magnetic-paint.webp","type":"image\/webp"}],"twitter_card":"summary_large_image","twitter_misc":{"Odhadovan\u00e1 doba \u010dten\u00ed":"1 minuta"},"schema":{"@context":"https:\/\/schema.org","@graph":[{"@type":"WebPage","@id":"https:\/\/www.domkraftpro.com\/index.php\/produkt\/dupli-color-r-magnetic-paint-magneticka-barva-seda-500-ml-autenticky-15108\/","url":"https:\/\/www.domkraftpro.com\/index.php\/produkt\/dupli-color-r-magnetic-paint-magneticka-barva-seda-500-ml-autenticky-15108\/","name":"DUPLI-COLOR\u00ae MAGNETIC PAINT magnetick\u00e1 barva, \u0161ed\u00e1, 500 ml Autentick\u00fd -","isPartOf":{"@id":"https:\/\/www.domkraftpro.com\/#website"},"primaryImageOfPage":{"@id":"https:\/\/www.domkraftpro.com\/index.php\/produkt\/dupli-color-r-magnetic-paint-magneticka-barva-seda-500-ml-autenticky-15108\/#primaryimage"},"image":{"@id":"https:\/\/www.domkraftpro.com\/index.php\/produkt\/dupli-color-r-magnetic-paint-magneticka-barva-seda-500-ml-autenticky-15108\/#primaryimage"},"thumbnailUrl":"https:\/\/www.domkraftpro.com\/wp-content\/uploads\/2026\/SK0007013-CZ20260425-092522-0-1777080324-115884_dupli-magnetic-paint.webp","datePublished":"2026-04-27T04:41:00+00:00","breadcrumb":{"@id":"https:\/\/www.domkraftpro.com\/index.php\/produkt\/dupli-color-r-magnetic-paint-magneticka-barva-seda-500-ml-autenticky-15108\/#breadcrumb"},"inLanguage":"cs","potentialAction":[{"@type":"ReadAction","target":["https:\/\/www.domkraftpro.com\/index.php\/produkt\/dupli-color-r-magnetic-paint-magneticka-barva-seda-500-ml-autenticky-15108\/"]}]},{"@type":"ImageObject","inLanguage":"cs","@id":"https:\/\/www.domkraftpro.com\/index.php\/produkt\/dupli-color-r-magnetic-paint-magneticka-barva-seda-500-ml-autenticky-15108\/#primaryimage","url":"https:\/\/www.domkraftpro.com\/wp-content\/uploads\/2026\/SK0007013-CZ20260425-092522-0-1777080324-115884_dupli-magnetic-paint.webp","contentUrl":"https:\/\/www.domkraftpro.com\/wp-content\/uploads\/2026\/SK0007013-CZ20260425-092522-0-1777080324-115884_dupli-magnetic-paint.webp","width":1000,"height":750},{"@type":"BreadcrumbList","@id":"https:\/\/www.domkraftpro.com\/index.php\/produkt\/dupli-color-r-magnetic-paint-magneticka-barva-seda-500-ml-autenticky-15108\/#breadcrumb","itemListElement":[{"@type":"ListItem","position":1,"name":"Home","item":"https:\/\/www.domkraftpro.com\/"},{"@type":"ListItem","position":2,"name":"Products","item":"https:\/\/www.domkraftpro.com\/index.php\/products\/"},{"@type":"ListItem","position":3,"name":"DUPLI-COLOR\u00ae MAGNETIC PAINT magnetick\u00e1 barva, \u0161ed\u00e1, 500 ml Autentick\u00fd"}]},{"@type":"WebSite","@id":"https:\/\/www.domkraftpro.com\/#website","url":"https:\/\/www.domkraftpro.com\/","name":"","description":"","potentialAction":[{"@type":"SearchAction","target":{"@type":"EntryPoint","urlTemplate":"https:\/\/www.domkraftpro.com\/?s={search_term_string}"},"query-input":{"@type":"PropertyValueSpecification","valueRequired":true,"valueName":"search_term_string"}}],"inLanguage":"cs"}]}},"_links":{"self":[{"href":"https:\/\/www.domkraftpro.com\/index.php\/wp-json\/wp\/v2\/product\/15108","targetHints":{"allow":["GET"]}}],"collection":[{"href":"https:\/\/www.domkraftpro.com\/index.php\/wp-json\/wp\/v2\/product"}],"about":[{"href":"https:\/\/www.domkraftpro.com\/index.php\/wp-json\/wp\/v2\/types\/product"}],"replies":[{"embeddable":true,"href":"https:\/\/www.domkraftpro.com\/index.php\/wp-json\/wp\/v2\/comments?post=15108"}],"wp:featuredmedia":[{"embeddable":true,"href":"https:\/\/www.domkraftpro.com\/index.php\/wp-json\/wp\/v2\/media\/15208"}],"wp:attachment":[{"href":"https:\/\/www.domkraftpro.com\/index.php\/wp-json\/wp\/v2\/media?parent=15108"}],"wp:term":[{"taxonomy":"product_brand","embeddable":true,"href":"https:\/\/www.domkraftpro.com\/index.php\/wp-json\/wp\/v2\/product_brand?post=15108"},{"taxonomy":"product_cat","embeddable":true,"href":"https:\/\/www.domkraftpro.com\/index.php\/wp-json\/wp\/v2\/product_cat?post=15108"},{"taxonomy":"product_tag","embeddable":true,"href":"https:\/\/www.domkraftpro.com\/index.php\/wp-json\/wp\/v2\/product_tag?post=15108"}],"curies":[{"name":"wp","href":"https:\/\/api.w.org\/{rel}","templated":true}]}}