{"id":15107,"date":"2026-04-27T04:41:00","date_gmt":"2026-04-27T04:41:00","guid":{"rendered":""},"modified":"2026-04-27T04:41:00","modified_gmt":"2026-04-27T04:41:00","slug":"motip-r-cistic-kontaktu-sprej-500-ml-pouze-dnes-15107","status":"publish","type":"product","link":"https:\/\/www.domkraftpro.com\/index.php\/produkt\/motip-r-cistic-kontaktu-sprej-500-ml-pouze-dnes-15107\/","title":{"rendered":"MOTIP\u00ae \u010cisti\u010d kontakt\u016f, sprej 500 ml Pouze Dnes"},"content":{"rendered":"<div class=\"basic-description\">\n<h3>Detailn\u00ed popis produktu<\/h3>\n<h1><strong>MOTIP\u00ae \u010cisti\u010d kontakt\u016f<\/strong>&nbsp;<\/h1>\n<div><span style=\"font-size: 12pt;\"><strong><span>Tento specializovan\u00fd \u010disti\u010d nab\u00edz\u00ed \u0161irok\u00e9 vyu\u017eit\u00ed od bateri\u00ed po sm\u011b\u0161ovac\u00ed panely a sp\u00edna\u010de. <\/span><\/strong><\/span><\/div>\n<div><span style=\"font-size: 12pt;\"><strong><span>S nevodiv\u00fdm slo\u017een\u00edm a siln\u00fdm tryskov\u00fdm <span class=\"show-tooltip\" title=\"Sprej je za\u0159\u00edzen\u00ed nebo produkt, kter\u00fd umo\u017e\u0148uje rozpra\u0161ov\u00e1n\u00ed kapaliny nebo suspenze do vzduchu ve form\u011b jemn\u00e9 mlhy.Spreje jsou praktick\u00fdm a efektivn\u00edm zp\u016fsobem, jak aplikovat r\u016fzn\u00e9 l\u00e1tky v mnoha odv\u011btv\u00edch, a jejich design a technologie se neust\u00e1le&amp;hellip;\">sprejem<\/span> je ide\u00e1ln\u00ed volbou pro r\u016fzn\u00e9 aplikace v automobilov\u00e9m pr\u016fmyslu.<\/span><\/strong><\/span><\/div>\n<div>&nbsp;<\/div>\n<div><strong>Vysok\u00e1 rozpustnost:<\/strong> \u00da\u010dinn\u011b odstra\u0148uje ne\u010distoty a kontaminaci.<\/div>\n<div><strong><span class=\"show-tooltip\" title=\"V\u00fdkon je fyzik\u00e1ln\u00ed veli\u010dina, kter\u00e1 vyjad\u0159uje, jak rychle nebo efektivn\u011b se pr\u00e1ce prov\u00e1d\u00ed nebo jak rychle se p\u0159emis\u0165uje energie. Jedn\u00e1 se o skal\u00e1rn\u00ed veli\u010dinu, co\u017e znamen\u00e1, \u017ee m\u00e1 pouze velikost, nikoli sm\u011br. Z\u00e1kladn\u00ed jednotkou v\u00fdkonu v mezin\u00e1rodn\u00edm&amp;hellip;\">V\u00fdkonn\u00fd<\/span> tryskov\u00fd sprej:<\/strong> Poskytuje <span class=\"show-tooltip\" title=\"S\u00edla je fyzik\u00e1ln\u00ed veli\u010dina, kter\u00e1 popisuje interakci mezi t\u011blesy nebo objekty. Je to vektorov\u00e1 veli\u010dina, co\u017e znamen\u00e1, \u017ee krom\u011b velikosti m\u00e1 tak\u00e9 sm\u011br a smysl (sm\u011br, kter\u00fdm s\u00edla p\u016fsob\u00ed). Jednotkou s\u00edly v mezin\u00e1rodn\u00edm syst\u00e9mu jednotek (SI) je newton&amp;hellip;\">siln\u00fd<\/span> a rovnom\u011brn\u00fd v\u00fdst\u0159ik pro efektivn\u00ed \u010di\u0161t\u011bn\u00ed.<\/div>\n<div><strong>Nezanech\u00e1v\u00e1 \u017e\u00e1dn\u00e9 zbytky:<\/strong> Zaru\u010duje \u010dist\u00fd povrch bez ne\u017e\u00e1douc\u00edch zbytk\u016f.<\/div>\n<div><strong>Nevodiv\u00e9 a nekorozivn\u00ed:<\/strong> Bezpe\u010dn\u00e9 pou\u017eit\u00ed na elektrick\u00fdch komponentech bez rizika po\u0161kozen\u00ed.<\/div>\n<div><strong>360\u00b0 ventil:<\/strong> Umo\u017e\u0148uje aplikaci v r\u016fzn\u00fdch poloh\u00e1ch pro snadnou manipulaci.<\/div>\n<div>&nbsp;<\/div>\n<div><strong>Pou\u017eit\u00ed<\/strong><\/div>\n<div>&nbsp;<\/div>\n<div>\u058d P\u0159ed pou\u017eit\u00edm <span class=\"show-tooltip\" title=\"Aerosol je jemn\u00e1 disperze kapaliny nebo pevn\u00fdch \u010d\u00e1stic ve vzduchu nebo jin\u00e9m plynu.Tato disperze vytv\u00e1\u0159\u00ed stabiln\u00ed \u010d\u00e1sticov\u00fd oblak nebo mlhu.Aerosoly mohou b\u00fdt slo\u017eeny z tekutin, jako jsou barvy, laky, \u010di\u0161t\u011bn\u00ed nebo dezinfek\u010dn\u00ed prost\u0159edky, a tak\u00e9 z&amp;hellip;\">aerosol<\/span> prot\u0159epejte.<\/div>\n<div>\u058d P\u0159ed o\u0161et\u0159en\u00edm vypn\u011bte elektrick\u00e9 instalace.<\/div>\n<div>\u058d St\u0159\u00edkejte \u010d\u00e1sti, kter\u00e9 maj\u00ed b\u00fdt o\u0161et\u0159eny, dokud kontaminace nezmiz\u00ed.<\/div>\n<div>\u058d Kontaminovan\u00fd \u010disti\u010d kontakt\u016f by m\u011bl b\u00fdt pova\u017eov\u00e1n za chemick\u00fd odpad.<\/div>\n<div>\u058d Elektrickou instalaci zap\u00ednejte a\u017e po odpa\u0159en\u00ed <span class=\"show-tooltip\" title=\"Rozpou\u0161t\u011bdlo je l\u00e1tka, obvykle kapalina, schopn\u00e1 rozpou\u0161t\u011bt nebo dispergovat jinou l\u00e1tku, kter\u00e1 se naz\u00fdv\u00e1 rozpou\u0161t\u011bn\u00e1 l\u00e1tka. Tento proces je zn\u00e1m\u00fd jako rozpou\u0161t\u011bn\u00ed. Rozpou\u0161t\u011bdla jsou \u010dasto pou\u017e\u00edv\u00e1na v chemii, pr\u016fmyslu, lakovn\u00e1ch, farmacii a dal\u0161\u00edch&amp;hellip;\">rozpou\u0161t\u011bdla<\/span> (minim\u00e1ln\u011b 15 minut).<\/div>\n<div>&nbsp;<\/div>\n<div><strong>Velikosti balen\u00ed:&nbsp;<\/strong>500 ml sprej<\/div>\n<\/p><\/div>\n","protected":false},"excerpt":{"rendered":"<p>Detailn\u00ed popis produktu MOTIP\u00ae \u010cisti\u010d kontakt\u016f&nbsp; Tento specializovan\u00fd \u010disti\u010d nab\u00edz\u00ed \u0161irok\u00e9 vyu\u017eit\u00ed od bateri\u00ed po sm\u011b\u0161ovac\u00ed panely a sp\u00edna\u010de. S nevodiv\u00fdm slo\u017een\u00edm a siln\u00fdm tryskov\u00fdm sprejem je ide\u00e1ln\u00ed volbou pro r\u016fzn\u00e9 aplikace v automobilov\u00e9m pr\u016fmyslu. &nbsp; Vysok\u00e1 rozpustnost: \u00da\u010dinn\u011b odstra\u0148uje ne\u010distoty a kontaminaci. V\u00fdkonn\u00fd tryskov\u00fd sprej: Poskytuje siln\u00fd a rovnom\u011brn\u00fd v\u00fdst\u0159ik pro efektivn\u00ed \u010di\u0161t\u011bn\u00ed. Nezanech\u00e1v\u00e1 [&hellip;]<\/p>\n","protected":false},"featured_media":15207,"comment_status":"open","ping_status":"open","template":"","meta":[],"product_brand":[],"product_cat":[63],"product_tag":[],"class_list":{"0":"post-15107","1":"product","2":"type-product","3":"status-publish","4":"has-post-thumbnail","6":"product_cat-automotive","8":"first","9":"instock","10":"sale","11":"shipping-taxable","12":"purchasable","13":"product-type-simple"},"yoast_head":"<!-- This site is optimized with the Yoast SEO plugin v26.8 - https:\/\/yoast.com\/product\/yoast-seo-wordpress\/ -->\n<title>MOTIP\u00ae \u010cisti\u010d kontakt\u016f, sprej 500 ml Pouze Dnes -<\/title>\n<meta name=\"robots\" content=\"index, follow, max-snippet:-1, max-image-preview:large, max-video-preview:-1\" \/>\n<link rel=\"canonical\" href=\"https:\/\/www.domkraftpro.com\/index.php\/produkt\/motip-r-cistic-kontaktu-sprej-500-ml-pouze-dnes-15107\/\" \/>\n<meta property=\"og:locale\" content=\"cs_CZ\" \/>\n<meta property=\"og:type\" content=\"article\" \/>\n<meta property=\"og:title\" content=\"MOTIP\u00ae \u010cisti\u010d kontakt\u016f, sprej 500 ml Pouze Dnes -\" \/>\n<meta property=\"og:description\" content=\"Detailn\u00ed popis produktu MOTIP\u00ae \u010cisti\u010d kontakt\u016f&nbsp; Tento specializovan\u00fd \u010disti\u010d nab\u00edz\u00ed \u0161irok\u00e9 vyu\u017eit\u00ed od bateri\u00ed po sm\u011b\u0161ovac\u00ed panely a sp\u00edna\u010de. S nevodiv\u00fdm slo\u017een\u00edm a siln\u00fdm tryskov\u00fdm sprejem je ide\u00e1ln\u00ed volbou pro r\u016fzn\u00e9 aplikace v automobilov\u00e9m pr\u016fmyslu. &nbsp; Vysok\u00e1 rozpustnost: \u00da\u010dinn\u011b odstra\u0148uje ne\u010distoty a kontaminaci. V\u00fdkonn\u00fd tryskov\u00fd sprej: Poskytuje siln\u00fd a rovnom\u011brn\u00fd v\u00fdst\u0159ik pro efektivn\u00ed \u010di\u0161t\u011bn\u00ed. Nezanech\u00e1v\u00e1 [&hellip;]\" \/>\n<meta property=\"og:url\" content=\"https:\/\/www.domkraftpro.com\/index.php\/produkt\/motip-r-cistic-kontaktu-sprej-500-ml-pouze-dnes-15107\/\" \/>\n<meta property=\"og:image\" content=\"https:\/\/www.domkraftpro.com\/wp-content\/uploads\/2026\/SK0007012-CZ20260425-092522-0-1777080324-115881_motip-contact-cleaner.webp\" \/>\n\t<meta property=\"og:image:width\" content=\"1000\" \/>\n\t<meta property=\"og:image:height\" content=\"750\" \/>\n\t<meta property=\"og:image:type\" content=\"image\/webp\" \/>\n<meta name=\"twitter:card\" content=\"summary_large_image\" \/>\n<meta name=\"twitter:label1\" content=\"Odhadovan\u00e1 doba \u010dten\u00ed\" \/>\n\t<meta name=\"twitter:data1\" content=\"1 minuta\" \/>\n<script type=\"application\/ld+json\" class=\"yoast-schema-graph\">{\"@context\":\"https:\/\/schema.org\",\"@graph\":[{\"@type\":\"WebPage\",\"@id\":\"https:\/\/www.domkraftpro.com\/index.php\/produkt\/motip-r-cistic-kontaktu-sprej-500-ml-pouze-dnes-15107\/\",\"url\":\"https:\/\/www.domkraftpro.com\/index.php\/produkt\/motip-r-cistic-kontaktu-sprej-500-ml-pouze-dnes-15107\/\",\"name\":\"MOTIP\u00ae \u010cisti\u010d kontakt\u016f, sprej 500 ml Pouze Dnes -\",\"isPartOf\":{\"@id\":\"https:\/\/www.domkraftpro.com\/#website\"},\"primaryImageOfPage\":{\"@id\":\"https:\/\/www.domkraftpro.com\/index.php\/produkt\/motip-r-cistic-kontaktu-sprej-500-ml-pouze-dnes-15107\/#primaryimage\"},\"image\":{\"@id\":\"https:\/\/www.domkraftpro.com\/index.php\/produkt\/motip-r-cistic-kontaktu-sprej-500-ml-pouze-dnes-15107\/#primaryimage\"},\"thumbnailUrl\":\"https:\/\/www.domkraftpro.com\/wp-content\/uploads\/2026\/SK0007012-CZ20260425-092522-0-1777080324-115881_motip-contact-cleaner.webp\",\"datePublished\":\"2026-04-27T04:41:00+00:00\",\"breadcrumb\":{\"@id\":\"https:\/\/www.domkraftpro.com\/index.php\/produkt\/motip-r-cistic-kontaktu-sprej-500-ml-pouze-dnes-15107\/#breadcrumb\"},\"inLanguage\":\"cs\",\"potentialAction\":[{\"@type\":\"ReadAction\",\"target\":[\"https:\/\/www.domkraftpro.com\/index.php\/produkt\/motip-r-cistic-kontaktu-sprej-500-ml-pouze-dnes-15107\/\"]}]},{\"@type\":\"ImageObject\",\"inLanguage\":\"cs\",\"@id\":\"https:\/\/www.domkraftpro.com\/index.php\/produkt\/motip-r-cistic-kontaktu-sprej-500-ml-pouze-dnes-15107\/#primaryimage\",\"url\":\"https:\/\/www.domkraftpro.com\/wp-content\/uploads\/2026\/SK0007012-CZ20260425-092522-0-1777080324-115881_motip-contact-cleaner.webp\",\"contentUrl\":\"https:\/\/www.domkraftpro.com\/wp-content\/uploads\/2026\/SK0007012-CZ20260425-092522-0-1777080324-115881_motip-contact-cleaner.webp\",\"width\":1000,\"height\":750},{\"@type\":\"BreadcrumbList\",\"@id\":\"https:\/\/www.domkraftpro.com\/index.php\/produkt\/motip-r-cistic-kontaktu-sprej-500-ml-pouze-dnes-15107\/#breadcrumb\",\"itemListElement\":[{\"@type\":\"ListItem\",\"position\":1,\"name\":\"Home\",\"item\":\"https:\/\/www.domkraftpro.com\/\"},{\"@type\":\"ListItem\",\"position\":2,\"name\":\"Products\",\"item\":\"https:\/\/www.domkraftpro.com\/index.php\/products\/\"},{\"@type\":\"ListItem\",\"position\":3,\"name\":\"MOTIP\u00ae \u010cisti\u010d kontakt\u016f, sprej 500 ml Pouze Dnes\"}]},{\"@type\":\"WebSite\",\"@id\":\"https:\/\/www.domkraftpro.com\/#website\",\"url\":\"https:\/\/www.domkraftpro.com\/\",\"name\":\"\",\"description\":\"\",\"potentialAction\":[{\"@type\":\"SearchAction\",\"target\":{\"@type\":\"EntryPoint\",\"urlTemplate\":\"https:\/\/www.domkraftpro.com\/?s={search_term_string}\"},\"query-input\":{\"@type\":\"PropertyValueSpecification\",\"valueRequired\":true,\"valueName\":\"search_term_string\"}}],\"inLanguage\":\"cs\"}]}<\/script>\n<!-- \/ Yoast SEO plugin. -->","yoast_head_json":{"title":"MOTIP\u00ae \u010cisti\u010d kontakt\u016f, sprej 500 ml Pouze Dnes -","robots":{"index":"index","follow":"follow","max-snippet":"max-snippet:-1","max-image-preview":"max-image-preview:large","max-video-preview":"max-video-preview:-1"},"canonical":"https:\/\/www.domkraftpro.com\/index.php\/produkt\/motip-r-cistic-kontaktu-sprej-500-ml-pouze-dnes-15107\/","og_locale":"cs_CZ","og_type":"article","og_title":"MOTIP\u00ae \u010cisti\u010d kontakt\u016f, sprej 500 ml Pouze Dnes -","og_description":"Detailn\u00ed popis produktu MOTIP\u00ae \u010cisti\u010d kontakt\u016f&nbsp; Tento specializovan\u00fd \u010disti\u010d nab\u00edz\u00ed \u0161irok\u00e9 vyu\u017eit\u00ed od bateri\u00ed po sm\u011b\u0161ovac\u00ed panely a sp\u00edna\u010de. S nevodiv\u00fdm slo\u017een\u00edm a siln\u00fdm tryskov\u00fdm sprejem je ide\u00e1ln\u00ed volbou pro r\u016fzn\u00e9 aplikace v automobilov\u00e9m pr\u016fmyslu. &nbsp; Vysok\u00e1 rozpustnost: \u00da\u010dinn\u011b odstra\u0148uje ne\u010distoty a kontaminaci. V\u00fdkonn\u00fd tryskov\u00fd sprej: Poskytuje siln\u00fd a rovnom\u011brn\u00fd v\u00fdst\u0159ik pro efektivn\u00ed \u010di\u0161t\u011bn\u00ed. Nezanech\u00e1v\u00e1 [&hellip;]","og_url":"https:\/\/www.domkraftpro.com\/index.php\/produkt\/motip-r-cistic-kontaktu-sprej-500-ml-pouze-dnes-15107\/","og_image":[{"width":1000,"height":750,"url":"https:\/\/www.domkraftpro.com\/wp-content\/uploads\/2026\/SK0007012-CZ20260425-092522-0-1777080324-115881_motip-contact-cleaner.webp","type":"image\/webp"}],"twitter_card":"summary_large_image","twitter_misc":{"Odhadovan\u00e1 doba \u010dten\u00ed":"1 minuta"},"schema":{"@context":"https:\/\/schema.org","@graph":[{"@type":"WebPage","@id":"https:\/\/www.domkraftpro.com\/index.php\/produkt\/motip-r-cistic-kontaktu-sprej-500-ml-pouze-dnes-15107\/","url":"https:\/\/www.domkraftpro.com\/index.php\/produkt\/motip-r-cistic-kontaktu-sprej-500-ml-pouze-dnes-15107\/","name":"MOTIP\u00ae \u010cisti\u010d kontakt\u016f, sprej 500 ml Pouze Dnes -","isPartOf":{"@id":"https:\/\/www.domkraftpro.com\/#website"},"primaryImageOfPage":{"@id":"https:\/\/www.domkraftpro.com\/index.php\/produkt\/motip-r-cistic-kontaktu-sprej-500-ml-pouze-dnes-15107\/#primaryimage"},"image":{"@id":"https:\/\/www.domkraftpro.com\/index.php\/produkt\/motip-r-cistic-kontaktu-sprej-500-ml-pouze-dnes-15107\/#primaryimage"},"thumbnailUrl":"https:\/\/www.domkraftpro.com\/wp-content\/uploads\/2026\/SK0007012-CZ20260425-092522-0-1777080324-115881_motip-contact-cleaner.webp","datePublished":"2026-04-27T04:41:00+00:00","breadcrumb":{"@id":"https:\/\/www.domkraftpro.com\/index.php\/produkt\/motip-r-cistic-kontaktu-sprej-500-ml-pouze-dnes-15107\/#breadcrumb"},"inLanguage":"cs","potentialAction":[{"@type":"ReadAction","target":["https:\/\/www.domkraftpro.com\/index.php\/produkt\/motip-r-cistic-kontaktu-sprej-500-ml-pouze-dnes-15107\/"]}]},{"@type":"ImageObject","inLanguage":"cs","@id":"https:\/\/www.domkraftpro.com\/index.php\/produkt\/motip-r-cistic-kontaktu-sprej-500-ml-pouze-dnes-15107\/#primaryimage","url":"https:\/\/www.domkraftpro.com\/wp-content\/uploads\/2026\/SK0007012-CZ20260425-092522-0-1777080324-115881_motip-contact-cleaner.webp","contentUrl":"https:\/\/www.domkraftpro.com\/wp-content\/uploads\/2026\/SK0007012-CZ20260425-092522-0-1777080324-115881_motip-contact-cleaner.webp","width":1000,"height":750},{"@type":"BreadcrumbList","@id":"https:\/\/www.domkraftpro.com\/index.php\/produkt\/motip-r-cistic-kontaktu-sprej-500-ml-pouze-dnes-15107\/#breadcrumb","itemListElement":[{"@type":"ListItem","position":1,"name":"Home","item":"https:\/\/www.domkraftpro.com\/"},{"@type":"ListItem","position":2,"name":"Products","item":"https:\/\/www.domkraftpro.com\/index.php\/products\/"},{"@type":"ListItem","position":3,"name":"MOTIP\u00ae \u010cisti\u010d kontakt\u016f, sprej 500 ml Pouze Dnes"}]},{"@type":"WebSite","@id":"https:\/\/www.domkraftpro.com\/#website","url":"https:\/\/www.domkraftpro.com\/","name":"","description":"","potentialAction":[{"@type":"SearchAction","target":{"@type":"EntryPoint","urlTemplate":"https:\/\/www.domkraftpro.com\/?s={search_term_string}"},"query-input":{"@type":"PropertyValueSpecification","valueRequired":true,"valueName":"search_term_string"}}],"inLanguage":"cs"}]}},"_links":{"self":[{"href":"https:\/\/www.domkraftpro.com\/index.php\/wp-json\/wp\/v2\/product\/15107","targetHints":{"allow":["GET"]}}],"collection":[{"href":"https:\/\/www.domkraftpro.com\/index.php\/wp-json\/wp\/v2\/product"}],"about":[{"href":"https:\/\/www.domkraftpro.com\/index.php\/wp-json\/wp\/v2\/types\/product"}],"replies":[{"embeddable":true,"href":"https:\/\/www.domkraftpro.com\/index.php\/wp-json\/wp\/v2\/comments?post=15107"}],"wp:featuredmedia":[{"embeddable":true,"href":"https:\/\/www.domkraftpro.com\/index.php\/wp-json\/wp\/v2\/media\/15207"}],"wp:attachment":[{"href":"https:\/\/www.domkraftpro.com\/index.php\/wp-json\/wp\/v2\/media?parent=15107"}],"wp:term":[{"taxonomy":"product_brand","embeddable":true,"href":"https:\/\/www.domkraftpro.com\/index.php\/wp-json\/wp\/v2\/product_brand?post=15107"},{"taxonomy":"product_cat","embeddable":true,"href":"https:\/\/www.domkraftpro.com\/index.php\/wp-json\/wp\/v2\/product_cat?post=15107"},{"taxonomy":"product_tag","embeddable":true,"href":"https:\/\/www.domkraftpro.com\/index.php\/wp-json\/wp\/v2\/product_tag?post=15107"}],"curies":[{"name":"wp","href":"https:\/\/api.w.org\/{rel}","templated":true}]}}